[INFO] fetching crate kettle 0.2.2...
[INFO] testing kettle-0.2.2 against beta-2021-08-01 for beta-1.55-1
[INFO] extracting crate kettle 0.2.2 into /workspace/builds/worker-5/source
[INFO] validating manifest of crates.io crate kettle 0.2.2 on toolchain beta-2021-08-01
[INFO] running `Command { std: "/workspace/cargo-home/bin/cargo" "+beta-2021-08-01" "metadata" "--manifest-path" "Cargo.toml" "--no-deps", kill_on_drop: false }`
[INFO] started tweaking crates.io crate kettle 0.2.2
[INFO] finished tweaking crates.io crate kettle 0.2.2
[INFO] tweaked toml for crates.io crate kettle 0.2.2 written to /workspace/builds/worker-5/source/Cargo.toml
[INFO] running `Command { std: "/workspace/cargo-home/bin/cargo" "+beta-2021-08-01" "generate-lockfile" "--manifest-path" "Cargo.toml" "-Zno-index-update", kill_on_drop: false }`
[INFO] running `Command { std: "/workspace/cargo-home/bin/cargo" "+beta-2021-08-01" "fetch" "--manifest-path" "Cargo.toml", kill_on_drop: false }`
[INFO] [stderr]  Downloading crates ...
[INFO] [stderr]   Downloaded dlv-list v0.2.3
[INFO] [stderr]   Downloaded rust-ini v0.15.3
[INFO] [stderr]   Downloaded dirs v3.0.2
[INFO] [stderr]   Downloaded ordered-multimap v0.2.4
[INFO] [stderr]   Downloaded hashbrown v0.7.2
[INFO] running `Command { std: "docker" "create" "-v" "/var/lib/crater-agent-workspace/builds/worker-5/target:/opt/rustwide/target:rw,Z" "-v" "/var/lib/crater-agent-workspace/builds/worker-5/source:/opt/rustwide/workdir:ro,Z" "-v" "/var/lib/crater-agent-workspace/cargo-home:/opt/rustwide/cargo-home:ro,Z" "-v" "/var/lib/crater-agent-workspace/rustup-home:/opt/rustwide/rustup-home:ro,Z" "-e" "SOURCE_DIR=/opt/rustwide/workdir" "-e" "CARGO_TARGET_DIR=/opt/rustwide/target" "-e" "CARGO_HOME=/opt/rustwide/cargo-home" "-e" "RUSTUP_HOME=/opt/rustwide/rustup-home" "-w" "/opt/rustwide/workdir" "-m" "1610612736" "--user" "0:0" "--network" "none" "ghcr.io/rust-lang/crates-build-env/linux@sha256:34b6a614d2c27851fe6cbf88fbd1137609cefab8b10d0615aaeb6fd47975d74e" "/opt/rustwide/cargo-home/bin/cargo" "+beta-2021-08-01" "metadata" "--no-deps" "--format-version=1", kill_on_drop: false }`
[INFO] [stdout] 0294fce88207820a637b468ae6e768d278cdae448356d727da0f9a104d5a7fec
[INFO] [stderr] WARNING: Your kernel does not support swap limit capabilities or the cgroup is not mounted. Memory limited without swap.
[INFO] running `Command { std: "docker" "start" "-a" "0294fce88207820a637b468ae6e768d278cdae448356d727da0f9a104d5a7fec", kill_on_drop: false }`
[INFO] running `Command { std: "docker" "inspect" "0294fce88207820a637b468ae6e768d278cdae448356d727da0f9a104d5a7fec", kill_on_drop: false }`
[INFO] running `Command { std: "docker" "rm" "-f" "0294fce88207820a637b468ae6e768d278cdae448356d727da0f9a104d5a7fec", kill_on_drop: false }`
[INFO] [stdout] 0294fce88207820a637b468ae6e768d278cdae448356d727da0f9a104d5a7fec
[INFO] running `Command { std: "docker" "create" "-v" "/var/lib/crater-agent-workspace/builds/worker-5/target:/opt/rustwide/target:rw,Z" "-v" "/var/lib/crater-agent-workspace/builds/worker-5/source:/opt/rustwide/workdir:ro,Z" "-v" "/var/lib/crater-agent-workspace/cargo-home:/opt/rustwide/cargo-home:ro,Z" "-v" "/var/lib/crater-agent-workspace/rustup-home:/opt/rustwide/rustup-home:ro,Z" "-e" "SOURCE_DIR=/opt/rustwide/workdir" "-e" "CARGO_TARGET_DIR=/opt/rustwide/target" "-e" "CARGO_INCREMENTAL=0" "-e" "RUST_BACKTRACE=full" "-e" "RUSTFLAGS=--cap-lints=warn" "-e" "CARGO_HOME=/opt/rustwide/cargo-home" "-e" "RUSTUP_HOME=/opt/rustwide/rustup-home" "-w" "/opt/rustwide/workdir" "-m" "1610612736" "--user" "0:0" "--network" "none" "ghcr.io/rust-lang/crates-build-env/linux@sha256:34b6a614d2c27851fe6cbf88fbd1137609cefab8b10d0615aaeb6fd47975d74e" "/opt/rustwide/cargo-home/bin/cargo" "+beta-2021-08-01" "build" "--frozen" "--message-format=json", kill_on_drop: false }`
[INFO] [stdout] d96516bebbbc96f2681d8a8da0cd627e96b9ed4429ca2c85bb059c3391a889b3
[INFO] [stderr] WARNING: Your kernel does not support swap limit capabilities or the cgroup is not mounted. Memory limited without swap.
[INFO] running `Command { std: "docker" "start" "-a" "d96516bebbbc96f2681d8a8da0cd627e96b9ed4429ca2c85bb059c3391a889b3", kill_on_drop: false }`
[INFO] [stderr]     Blocking waiting for file lock on package cache
[INFO] [stderr]     Blocking waiting for file lock on package cache
[INFO] [stderr]    Compiling hashbrown v0.7.2
[INFO] [stderr]    Compiling dirs v3.0.2
[INFO] [stderr]    Compiling dlv-list v0.2.3
[INFO] [stderr]    Compiling ordered-multimap v0.2.4
[INFO] [stderr]    Compiling rust-ini v0.15.3
[INFO] [stderr]    Compiling kettle v0.2.2 (/opt/rustwide/workdir)
[INFO] [stderr]     Finished dev [unoptimized + debuginfo] target(s) in 3.29s
[INFO] running `Command { std: "docker" "inspect" "d96516bebbbc96f2681d8a8da0cd627e96b9ed4429ca2c85bb059c3391a889b3", kill_on_drop: false }`
[INFO] running `Command { std: "docker" "rm" "-f" "d96516bebbbc96f2681d8a8da0cd627e96b9ed4429ca2c85bb059c3391a889b3", kill_on_drop: false }`
[INFO] [stdout] d96516bebbbc96f2681d8a8da0cd627e96b9ed4429ca2c85bb059c3391a889b3
[INFO] running `Command { std: "docker" "create" "-v" "/var/lib/crater-agent-workspace/builds/worker-5/target:/opt/rustwide/target:rw,Z" "-v" "/var/lib/crater-agent-workspace/builds/worker-5/source:/opt/rustwide/workdir:ro,Z" "-v" "/var/lib/crater-agent-workspace/cargo-home:/opt/rustwide/cargo-home:ro,Z" "-v" "/var/lib/crater-agent-workspace/rustup-home:/opt/rustwide/rustup-home:ro,Z" "-e" "SOURCE_DIR=/opt/rustwide/workdir" "-e" "CARGO_TARGET_DIR=/opt/rustwide/target" "-e" "CARGO_INCREMENTAL=0" "-e" "RUST_BACKTRACE=full" "-e" "RUSTFLAGS=--cap-lints=warn" "-e" "CARGO_HOME=/opt/rustwide/cargo-home" "-e" "RUSTUP_HOME=/opt/rustwide/rustup-home" "-w" "/opt/rustwide/workdir" "-m" "1610612736" "--user" "0:0" "--network" "none" "ghcr.io/rust-lang/crates-build-env/linux@sha256:34b6a614d2c27851fe6cbf88fbd1137609cefab8b10d0615aaeb6fd47975d74e" "/opt/rustwide/cargo-home/bin/cargo" "+beta-2021-08-01" "test" "--frozen" "--no-run" "--message-format=json", kill_on_drop: false }`
[INFO] [stdout] 17e3880920a5107189baddc0a7e5d15a27caab4cf0766d2e8e329ef6b87f728a
[INFO] [stderr] WARNING: Your kernel does not support swap limit capabilities or the cgroup is not mounted. Memory limited without swap.
[INFO] running `Command { std: "docker" "start" "-a" "17e3880920a5107189baddc0a7e5d15a27caab4cf0766d2e8e329ef6b87f728a", kill_on_drop: false }`
[INFO] [stderr]    Compiling kettle v0.2.2 (/opt/rustwide/workdir)
[INFO] [stderr]     Finished test [unoptimized + debuginfo] target(s) in 0.72s
[INFO] running `Command { std: "docker" "inspect" "17e3880920a5107189baddc0a7e5d15a27caab4cf0766d2e8e329ef6b87f728a", kill_on_drop: false }`
[INFO] running `Command { std: "docker" "rm" "-f" "17e3880920a5107189baddc0a7e5d15a27caab4cf0766d2e8e329ef6b87f728a", kill_on_drop: false }`
[INFO] [stdout] 17e3880920a5107189baddc0a7e5d15a27caab4cf0766d2e8e329ef6b87f728a
[INFO] running `Command { std: "docker" "create" "-v" "/var/lib/crater-agent-workspace/builds/worker-5/target:/opt/rustwide/target:rw,Z" "-v" "/var/lib/crater-agent-workspace/builds/worker-5/source:/opt/rustwide/workdir:ro,Z" "-v" "/var/lib/crater-agent-workspace/cargo-home:/opt/rustwide/cargo-home:ro,Z" "-v" "/var/lib/crater-agent-workspace/rustup-home:/opt/rustwide/rustup-home:ro,Z" "-e" "SOURCE_DIR=/opt/rustwide/workdir" "-e" "CARGO_TARGET_DIR=/opt/rustwide/target" "-e" "CARGO_INCREMENTAL=0" "-e" "RUST_BACKTRACE=full" "-e" "RUSTFLAGS=--cap-lints=warn" "-e" "CARGO_HOME=/opt/rustwide/cargo-home" "-e" "RUSTUP_HOME=/opt/rustwide/rustup-home" "-w" "/opt/rustwide/workdir" "-m" "1610612736" "--user" "0:0" "--network" "none" "ghcr.io/rust-lang/crates-build-env/linux@sha256:34b6a614d2c27851fe6cbf88fbd1137609cefab8b10d0615aaeb6fd47975d74e" "/opt/rustwide/cargo-home/bin/cargo" "+beta-2021-08-01" "test" "--frozen", kill_on_drop: false }`
[INFO] [stdout] 456978afec6b94720be9e306fb4be91b2d72f1e0ceed2ec2dd202b93ee098a8e
[INFO] [stderr] WARNING: Your kernel does not support swap limit capabilities or the cgroup is not mounted. Memory limited without swap.
[INFO] running `Command { std: "docker" "start" "-a" "456978afec6b94720be9e306fb4be91b2d72f1e0ceed2ec2dd202b93ee098a8e", kill_on_drop: false }`
[INFO] [stderr]     Finished test [unoptimized + debuginfo] target(s) in 0.04s
[INFO] [stderr]      Running unittests (/opt/rustwide/target/debug/deps/kettle-7a3eb3bb86a1ad15)
[INFO] [stdout] 
[INFO] [stdout] running 0 tests
[INFO] [stdout] 
[INFO] [stdout] test result: ok. 0 passed; 0 failed; 0 ignored; 0 measured; 0 filtered out; finished in 0.00s
[INFO] [stdout] 
[INFO] [stderr]    Doc-tests kettle
[INFO] [stdout] 
[INFO] [stdout] running 7 tests
[INFO] [stdout] test src/app.rs - app::App::data_dir (line 44) ... FAILED
[INFO] [stdout] test src/app.rs - app::App::preference_dir (line 62) ... FAILED
[INFO] [stdout] test src/app.rs - app::App::cache_dir (line 26) ... FAILED
[INFO] [stdout] test src/app.rs - app::App::config_dir (line 35) ... FAILED
[INFO] [stdout] test src/app.rs - app::app (line 77) ... FAILED
[INFO] [stdout] test src/app.rs - app::App::data_local_dir (line 53) ... FAILED
[INFO] [stdout] test src/lib.rs - (line 10) ... FAILED
[INFO] [stdout] 
[INFO] [stdout] failures:
[INFO] [stdout] 
[INFO] [stdout] ---- src/app.rs - app::App::data_dir (line 44) stdout ----
[INFO] [stdout] error[E0425]: cannot find value `APP` in this scope
[INFO] [stdout]  --> src/app.rs:45:16
[INFO] [stdout]   |
[INFO] [stdout] 3 | let data_dir = APP.data_dir();
[INFO] [stdout]   |                ^^^ not found in this scope
[INFO] [stdout] 
[INFO] [stdout] error: aborting due to previous error
[INFO] [stdout] 
[INFO] [stdout] For more information about this error, try `rustc --explain E0425`.
[INFO] [stdout] Couldn't compile the test.
[INFO] [stdout] ---- src/app.rs - app::App::preference_dir (line 62) stdout ----
[INFO] [stdout] error[E0425]: cannot find value `APP` in this scope
[INFO] [stdout]  --> src/app.rs:63:22
[INFO] [stdout]   |
[INFO] [stdout] 3 | let preference_dir = APP.preference_dir();
[INFO] [stdout]   |                      ^^^ not found in this scope
[INFO] [stdout] 
[INFO] [stdout] error: aborting due to previous error
[INFO] [stdout] 
[INFO] [stdout] For more information about this error, try `rustc --explain E0425`.
[INFO] [stdout] Couldn't compile the test.
[INFO] [stdout] ---- src/app.rs - app::App::cache_dir (line 26) stdout ----
[INFO] [stdout] error[E0425]: cannot find value `APP` in this scope
[INFO] [stdout]  --> src/app.rs:27:17
[INFO] [stdout]   |
[INFO] [stdout] 3 | let cache_dir = APP.cache_dir();
[INFO] [stdout]   |                 ^^^ not found in this scope
[INFO] [stdout] 
[INFO] [stdout] error: aborting due to previous error
[INFO] [stdout] 
[INFO] [stdout] For more information about this error, try `rustc --explain E0425`.
[INFO] [stdout] Couldn't compile the test.
[INFO] [stdout] ---- src/app.rs - app::App::config_dir (line 35) stdout ----
[INFO] [stdout] error[E0425]: cannot find value `APP` in this scope
[INFO] [stdout]  --> src/app.rs:36:18
[INFO] [stdout]   |
[INFO] [stdout] 3 | let config_dir = APP.config_dir();
[INFO] [stdout]   |                  ^^^ not found in this scope
[INFO] [stdout] 
[INFO] [stdout] error: aborting due to previous error
[INFO] [stdout] 
[INFO] [stdout] For more information about this error, try `rustc --explain E0425`.
[INFO] [stdout] Couldn't compile the test.
[INFO] [stdout] ---- src/app.rs - app::app (line 77) stdout ----
[INFO] [stdout] error: expected one of `.`, `;`, `?`, or an operator, found keyword `pub`
[INFO] [stdout]  --> src/app.rs:81:1
[INFO] [stdout]   |
[INFO] [stdout] 4 | pub(crate) const THIS_APP: kettle::App = kettle::app("this_APP", None)
[INFO] [stdout]   |                                                                       - expected one of `.`, `;`, `?`, or an operator
[INFO] [stdout] ...
[INFO] [stdout] 7 | pub(crate) const THIS_APP: kettle::App = kettle::app("this_APP", Some("config.ini")
[INFO] [stdout]   | ^^^ unexpected token
[INFO] [stdout] 
[INFO] [stdout] error: aborting due to previous error
[INFO] [stdout] 
[INFO] [stdout] Couldn't compile the test.
[INFO] [stdout] ---- src/app.rs - app::App::data_local_dir (line 53) stdout ----
[INFO] [stdout] error[E0425]: cannot find value `APP` in this scope
[INFO] [stdout]  --> src/app.rs:54:22
[INFO] [stdout]   |
[INFO] [stdout] 3 | let data_local_dir = APP.data_local_dir();
[INFO] [stdout]   |                      ^^^ not found in this scope
[INFO] [stdout] 
[INFO] [stdout] error: aborting due to previous error
[INFO] [stdout] 
[INFO] [stdout] For more information about this error, try `rustc --explain E0425`.
[INFO] [stdout] Couldn't compile the test.
[INFO] [stdout] ---- src/lib.rs - (line 10) stdout ----
[INFO] [stdout] error[E0283]: type annotations needed
[INFO] [stdout]   --> src/lib.rs:29:10
[INFO] [stdout]    |
[INFO] [stdout] 21 |         .set("view", None);
[INFO] [stdout]    |          ^^^ cannot infer type for type parameter `S` declared on the associated function `set`
[INFO] [stdout]    |
[INFO] [stdout]    = note: cannot satisfy `_: Into<String>`
[INFO] [stdout] 
[INFO] [stdout] error: aborting due to previous error
[INFO] [stdout] 
[INFO] [stdout] For more information about this error, try `rustc --explain E0283`.
[INFO] [stdout] Couldn't compile the test.
[INFO] [stdout] 
[INFO] [stdout] failures:
[INFO] [stdout]     src/app.rs - app::App::cache_dir (line 26)
[INFO] [stdout]     src/app.rs - app::App::config_dir (line 35)
[INFO] [stdout]     src/app.rs - app::App::data_dir (line 44)
[INFO] [stdout]     src/app.rs - app::App::data_local_dir (line 53)
[INFO] [stdout]     src/app.rs - app::App::preference_dir (line 62)
[INFO] [stdout]     src/app.rs - app::app (line 77)
[INFO] [stdout]     src/lib.rs - (line 10)
[INFO] [stdout] 
[INFO] [stdout] test result: FAILED. 0 passed; 7 failed; 0 ignored; 0 measured; 0 filtered out; finished in 0.27s
[INFO] [stdout] 
[INFO] [stderr] error: test failed, to rerun pass '--doc'
[INFO] running `Command { std: "docker" "inspect" "456978afec6b94720be9e306fb4be91b2d72f1e0ceed2ec2dd202b93ee098a8e", kill_on_drop: false }`
[INFO] running `Command { std: "docker" "rm" "-f" "456978afec6b94720be9e306fb4be91b2d72f1e0ceed2ec2dd202b93ee098a8e", kill_on_drop: false }`
[INFO] [stdout] 456978afec6b94720be9e306fb4be91b2d72f1e0ceed2ec2dd202b93ee098a8e
