[INFO] fetching crate kerbeiros 0.2.2...
[INFO] testing kerbeiros-0.2.2 against 1.54.0 for beta-1.55-1
[INFO] extracting crate kerbeiros 0.2.2 into /workspace/builds/worker-6/source
[INFO] validating manifest of crates.io crate kerbeiros 0.2.2 on toolchain 1.54.0
[INFO] running `Command { std: "/workspace/cargo-home/bin/cargo" "+1.54.0" "metadata" "--manifest-path" "Cargo.toml" "--no-deps", kill_on_drop: false }`
[INFO] started tweaking crates.io crate kerbeiros 0.2.2
[INFO] finished tweaking crates.io crate kerbeiros 0.2.2
[INFO] tweaked toml for crates.io crate kerbeiros 0.2.2 written to /workspace/builds/worker-6/source/Cargo.toml
[INFO] running `Command { std: "/workspace/cargo-home/bin/cargo" "+1.54.0" "generate-lockfile" "--manifest-path" "Cargo.toml" "-Zno-index-update", kill_on_drop: false }`
[INFO] running `Command { std: "/workspace/cargo-home/bin/cargo" "+1.54.0" "fetch" "--manifest-path" "Cargo.toml", kill_on_drop: false }`
[INFO] running `Command { std: "docker" "create" "-v" "/var/lib/crater-agent-workspace/builds/worker-6/target:/opt/rustwide/target:rw,Z" "-v" "/var/lib/crater-agent-workspace/builds/worker-6/source:/opt/rustwide/workdir:ro,Z" "-v" "/var/lib/crater-agent-workspace/cargo-home:/opt/rustwide/cargo-home:ro,Z" "-v" "/var/lib/crater-agent-workspace/rustup-home:/opt/rustwide/rustup-home:ro,Z" "-e" "SOURCE_DIR=/opt/rustwide/workdir" "-e" "CARGO_TARGET_DIR=/opt/rustwide/target" "-e" "CARGO_HOME=/opt/rustwide/cargo-home" "-e" "RUSTUP_HOME=/opt/rustwide/rustup-home" "-w" "/opt/rustwide/workdir" "-m" "1610612736" "--user" "0:0" "--network" "none" "ghcr.io/rust-lang/crates-build-env/linux@sha256:34b6a614d2c27851fe6cbf88fbd1137609cefab8b10d0615aaeb6fd47975d74e" "/opt/rustwide/cargo-home/bin/cargo" "+1.54.0" "metadata" "--no-deps" "--format-version=1", kill_on_drop: false }`
[INFO] [stdout] a0e343839d4cdf7dfae5969586caaffa5cb2802610354063ce27f0f42059a225
[INFO] [stderr] WARNING: Your kernel does not support swap limit capabilities or the cgroup is not mounted. Memory limited without swap.
[INFO] running `Command { std: "docker" "start" "-a" "a0e343839d4cdf7dfae5969586caaffa5cb2802610354063ce27f0f42059a225", kill_on_drop: false }`
[INFO] running `Command { std: "docker" "inspect" "a0e343839d4cdf7dfae5969586caaffa5cb2802610354063ce27f0f42059a225", kill_on_drop: false }`
[INFO] running `Command { std: "docker" "rm" "-f" "a0e343839d4cdf7dfae5969586caaffa5cb2802610354063ce27f0f42059a225", kill_on_drop: false }`
[INFO] [stdout] a0e343839d4cdf7dfae5969586caaffa5cb2802610354063ce27f0f42059a225
[INFO] running `Command { std: "docker" "create" "-v" "/var/lib/crater-agent-workspace/builds/worker-6/target:/opt/rustwide/target:rw,Z" "-v" "/var/lib/crater-agent-workspace/builds/worker-6/source:/opt/rustwide/workdir:ro,Z" "-v" "/var/lib/crater-agent-workspace/cargo-home:/opt/rustwide/cargo-home:ro,Z" "-v" "/var/lib/crater-agent-workspace/rustup-home:/opt/rustwide/rustup-home:ro,Z" "-e" "SOURCE_DIR=/opt/rustwide/workdir" "-e" "CARGO_TARGET_DIR=/opt/rustwide/target" "-e" "CARGO_INCREMENTAL=0" "-e" "RUST_BACKTRACE=full" "-e" "RUSTFLAGS=--cap-lints=warn" "-e" "CARGO_HOME=/opt/rustwide/cargo-home" "-e" "RUSTUP_HOME=/opt/rustwide/rustup-home" "-w" "/opt/rustwide/workdir" "-m" "1610612736" "--user" "0:0" "--network" "none" "ghcr.io/rust-lang/crates-build-env/linux@sha256:34b6a614d2c27851fe6cbf88fbd1137609cefab8b10d0615aaeb6fd47975d74e" "/opt/rustwide/cargo-home/bin/cargo" "+1.54.0" "build" "--frozen" "--message-format=json", kill_on_drop: false }`
[INFO] [stdout] a8e898b3132e9ae4e8a4b5478a388f18487dda8356852d359afee0b9168088d9
[INFO] [stderr] WARNING: Your kernel does not support swap limit capabilities or the cgroup is not mounted. Memory limited without swap.
[INFO] running `Command { std: "docker" "start" "-a" "a8e898b3132e9ae4e8a4b5478a388f18487dda8356852d359afee0b9168088d9", kill_on_drop: false }`
[INFO] [stderr]    Compiling kerberos_constants v0.0.9
[INFO] [stderr]    Compiling ascii v0.9.3
[INFO] [stderr]    Compiling object v0.26.0
[INFO] [stderr]    Compiling num-integer v0.1.44
[INFO] [stderr]    Compiling num-complex v0.2.4
[INFO] [stderr]    Compiling block-buffer v0.7.3
[INFO] [stderr]    Compiling proc-macro-error v1.0.4
[INFO] [stderr]    Compiling dns-lookup v1.0.8
[INFO] [stderr]    Compiling md4 v0.8.0
[INFO] [stderr]    Compiling chrono v0.4.19
[INFO] [stderr]    Compiling num-bigint v0.2.6
[INFO] [stderr]    Compiling num-iter v0.1.42
[INFO] [stderr]    Compiling getset v0.1.1
[INFO] [stderr]    Compiling num-rational v0.2.4
[INFO] [stderr]    Compiling red_asn1 v0.3.5
[INFO] [stderr]    Compiling num v0.2.1
[INFO] [stderr]    Compiling backtrace v0.3.61
[INFO] [stderr]    Compiling failure v0.1.8
[INFO] [stderr]    Compiling kerberos_crypto v0.0.2
[INFO] [stderr]    Compiling red_asn1_derive v0.2.1
[INFO] [stderr]    Compiling kerberos_asn1 v0.2.1
[INFO] [stderr]    Compiling kerberos_asn1 v0.0.8
[INFO] [stderr]    Compiling kerberos_ccache v0.0.7
[INFO] [stderr]    Compiling kerbeiros v0.2.2 (/opt/rustwide/workdir)
[INFO] [stderr]     Finished dev [unoptimized + debuginfo] target(s) in 18.32s
[INFO] running `Command { std: "docker" "inspect" "a8e898b3132e9ae4e8a4b5478a388f18487dda8356852d359afee0b9168088d9", kill_on_drop: false }`
[INFO] running `Command { std: "docker" "rm" "-f" "a8e898b3132e9ae4e8a4b5478a388f18487dda8356852d359afee0b9168088d9", kill_on_drop: false }`
[INFO] [stdout] a8e898b3132e9ae4e8a4b5478a388f18487dda8356852d359afee0b9168088d9
[INFO] running `Command { std: "docker" "create" "-v" "/var/lib/crater-agent-workspace/builds/worker-6/target:/opt/rustwide/target:rw,Z" "-v" "/var/lib/crater-agent-workspace/builds/worker-6/source:/opt/rustwide/workdir:ro,Z" "-v" "/var/lib/crater-agent-workspace/cargo-home:/opt/rustwide/cargo-home:ro,Z" "-v" "/var/lib/crater-agent-workspace/rustup-home:/opt/rustwide/rustup-home:ro,Z" "-e" "SOURCE_DIR=/opt/rustwide/workdir" "-e" "CARGO_TARGET_DIR=/opt/rustwide/target" "-e" "CARGO_INCREMENTAL=0" "-e" "RUST_BACKTRACE=full" "-e" "RUSTFLAGS=--cap-lints=warn" "-e" "CARGO_HOME=/opt/rustwide/cargo-home" "-e" "RUSTUP_HOME=/opt/rustwide/rustup-home" "-w" "/opt/rustwide/workdir" "-m" "1610612736" "--user" "0:0" "--network" "none" "ghcr.io/rust-lang/crates-build-env/linux@sha256:34b6a614d2c27851fe6cbf88fbd1137609cefab8b10d0615aaeb6fd47975d74e" "/opt/rustwide/cargo-home/bin/cargo" "+1.54.0" "test" "--frozen" "--no-run" "--message-format=json", kill_on_drop: false }`
[INFO] [stdout] 3bd2c2a0cd805ab1a9dfd07fa5160fea1b484b921d74c842c4c5a29cad496974
[INFO] [stderr] WARNING: Your kernel does not support swap limit capabilities or the cgroup is not mounted. Memory limited without swap.
[INFO] running `Command { std: "docker" "start" "-a" "3bd2c2a0cd805ab1a9dfd07fa5160fea1b484b921d74c842c4c5a29cad496974", kill_on_drop: false }`
[INFO] [stderr]    Compiling kerbeiros v0.2.2 (/opt/rustwide/workdir)
[INFO] [stderr]     Finished test [unoptimized + debuginfo] target(s) in 4.64s
[INFO] running `Command { std: "docker" "inspect" "3bd2c2a0cd805ab1a9dfd07fa5160fea1b484b921d74c842c4c5a29cad496974", kill_on_drop: false }`
[INFO] running `Command { std: "docker" "rm" "-f" "3bd2c2a0cd805ab1a9dfd07fa5160fea1b484b921d74c842c4c5a29cad496974", kill_on_drop: false }`
[INFO] [stdout] 3bd2c2a0cd805ab1a9dfd07fa5160fea1b484b921d74c842c4c5a29cad496974
[INFO] running `Command { std: "docker" "create" "-v" "/var/lib/crater-agent-workspace/builds/worker-6/target:/opt/rustwide/target:rw,Z" "-v" "/var/lib/crater-agent-workspace/builds/worker-6/source:/opt/rustwide/workdir:ro,Z" "-v" "/var/lib/crater-agent-workspace/cargo-home:/opt/rustwide/cargo-home:ro,Z" "-v" "/var/lib/crater-agent-workspace/rustup-home:/opt/rustwide/rustup-home:ro,Z" "-e" "SOURCE_DIR=/opt/rustwide/workdir" "-e" "CARGO_TARGET_DIR=/opt/rustwide/target" "-e" "CARGO_INCREMENTAL=0" "-e" "RUST_BACKTRACE=full" "-e" "RUSTFLAGS=--cap-lints=warn" "-e" "CARGO_HOME=/opt/rustwide/cargo-home" "-e" "RUSTUP_HOME=/opt/rustwide/rustup-home" "-w" "/opt/rustwide/workdir" "-m" "1610612736" "--user" "0:0" "--network" "none" "ghcr.io/rust-lang/crates-build-env/linux@sha256:34b6a614d2c27851fe6cbf88fbd1137609cefab8b10d0615aaeb6fd47975d74e" "/opt/rustwide/cargo-home/bin/cargo" "+1.54.0" "test" "--frozen", kill_on_drop: false }`
[INFO] [stderr] WARNING: Your kernel does not support swap limit capabilities or the cgroup is not mounted. Memory limited without swap.
[INFO] [stdout] 7da8595a6869d43d73548041f76329a1e34a353ab9b0c9155b141f9198424867
[INFO] running `Command { std: "docker" "start" "-a" "7da8595a6869d43d73548041f76329a1e34a353ab9b0c9155b141f9198424867", kill_on_drop: false }`
[INFO] [stderr]     Finished test [unoptimized + debuginfo] target(s) in 0.07s
[INFO] [stderr]      Running unittests (/opt/rustwide/target/debug/deps/kerbeiros-1e39313315e5ac1d)
[INFO] [stdout] 
[INFO] [stdout] running 74 tests
[INFO] [stdout] test credentials::mappers::credential_krb_info::test::convert_to_krb_info ... ok
[INFO] [stdout] test error::tests::test_kerberos_error ... ok
[INFO] [stdout] test credentials::credential::test::convert_credential_to_ccache_credential ... ok
[INFO] [stdout] test key::test::hex_string_to_rc4_key ... ok
[INFO] [stdout] test credentials::mappers::credential_krb_info::test::decode_and_decrypt_enc_part_aes256_with_key ... ok
[INFO] [stdout] test key::test::hex_string_to_aes_256_key ... ok
[INFO] [stdout] test key::test::hex_string_to_aes_128_key ... ok
[INFO] [stdout] test credentials::mappers::credential_warehouse_krb_cred::test::credential_warehouse_to_krb_cred ... ok
[INFO] [stdout] test mappers::address_mapper::test::test_address_vector_to_host_addresses ... ok
[INFO] [stdout] test mappers::address_mapper::test::address_to_host_address_raw ... ok
[INFO] [stdout] test credentials::credential_warehouse::test::convert_credential_warehouse_to_ccache ... ok
[INFO] [stdout] test mappers::auth_data_mapper::test::auth_data_to_padata ... ok
[INFO] [stdout] test mappers::auth_data_mapper::test::method_data_to_auth_data_vector ... ok
[INFO] [stdout] test mappers::address_mapper::test::address_to_host_address ... ok
[INFO] [stdout] test mappers::address_mapper::test::host_address_to_address ... ok
[INFO] [stdout] test mappers::address_mapper::test::host_addresses_to_address_vector ... ok
[INFO] [stdout] test credentials::credential_warehouse::test::convert_ccache_to_credential_warehouse ... ok
[INFO] [stdout] test mappers::auth_data_mapper::test::padata_to_auth_data ... ok
[INFO] [stdout] test mappers::auth_data_mapper::test::test_auth_data_vector_to_method_data ... ok
[INFO] [stdout] test credentials::credential::test::test_convert_ccache_credential_to_credential ... ok
[INFO] [stdout] test mappers::octet_string_mapper::test::test_counted_octet_string_to_kerberos_string ... ok
[INFO] [stdout] test mappers::key_block_mapper::test::encryption_key_to_key_block ... ok
[INFO] [stdout] test mappers::key_block_mapper::test::test_key_block_to_encryption ... ok
[INFO] [stdout] test mappers::octet_string_mapper::test::test_kerberos_string_to_counted_octet_string ... ok
[INFO] [stdout] test mappers::principal_mapper::test::test_principal_to_realm_and_principal_name_multiple_names ... ok
[INFO] [stdout] test mappers::principal_mapper::test::realm_and_principal_name_to_principal ... ok
[INFO] [stdout] test mappers::ticket_flags_mapper::test::ticket_flags_to_tktflags ... ok
[INFO] [stdout] test mappers::ticket_flags_mapper::test::test_tktflags_to_ticket_flags ... ok
[INFO] [stdout] test mappers::times_mapper::test::test_times_to_authtime_endtime ... ok
[INFO] [stdout] test mappers::times_mapper::test::test_times_to_authtime_starttime_endtime_renew_till ... ok
[INFO] [stdout] test mappers::times_mapper::test::authtime_endtime_to_times ... ok
[INFO] [stdout] test mappers::times_mapper::test::authtime_starttime_endtime_renew_till_to_times ... ok
[INFO] [stdout] test messages::asreq::builder::test::as_req_with_only_supported_aes128_when_aes128_key_is_provided ... ok
[INFO] [stdout] test messages::asreq::builder::test::as_req_with_supported_rc4_and_aes_by_default ... ok
[INFO] [stdout] test mappers::principal_mapper::test::test_principal_to_realm_and_principal_name ... ok
[INFO] [stdout] test messages::asreq::builder::test::as_req_with_only_supported_rc4_when_rc4_key_is_provided ... ok
[INFO] [stdout] test messages::asreq::builder::test::as_req_with_only_supported_aes256_when_aes256_key_is_provided ... ok
[INFO] [stdout] test messages::asreq::options::test::set_etype ... ok
[INFO] [stdout] test messages::asreq::options::test::default_etypes ... ok
[INFO] [stdout] test messages::asreq::options::test::set_etypes ... ok
[INFO] [stdout] test messages::asreq::options::test::sorted_etypes_by_strength ... ok
[INFO] [stdout] test messages::asreq::timestamp_cipher::test::produce_encrypted_timestamp_with_aes128_key ... ok
[INFO] [stdout] test messages::asreq::timestamp_cipher::test::produce_encrypted_timestamp_with_aes128_key_without_specify_any_cipher ... ok
[INFO] [stdout] test messages::asreq::timestamp_cipher::test::produce_encrypted_timestamp_with_aes256_key ... ok
[INFO] [stdout] test messages::asreq::timestamp_cipher::test::produce_encrypted_timestamp_with_aes256_key_without_specify_any_cipher ... ok
[INFO] [stdout] test messages::asreq::options::test::default_kdc_options ... ok
[INFO] [stdout] test key::test::invalid_chars_hex_string_to_aes_128_key - should panic ... ok
[INFO] [stdout] test key::test::invalid_chars_hex_string_to_rc4_key - should panic ... ok
[INFO] [stdout] test key::test::invalid_length_hex_string_to_aes_256_key - should panic ... ok
[INFO] [stdout] test key::test::invalid_length_hex_string_to_rc4_key - should panic ... ok
[INFO] [stdout] test credentials::mappers::credential_krb_info::test::decode_and_decrypt_enc_part_aes256_with_key_of_aes128 - should panic ... FAILED
[INFO] [stdout] test key::test::invalid_chars_hex_string_to_aes_256_key - should panic ... ok
[INFO] [stdout] test messages::asreq::timestamp_cipher::test::produce_encrypted_timestamp_with_rc4_key_without_specify_any_cipher ... ok
[INFO] [stdout] test messages::asreq::timestamp_cipher::test::produce_encrypted_timestamp_with_password_setting_rc4_as_best_cipher ... ok
[INFO] [stdout] test messages::asreq::timestamp_cipher::test::produce_encrypted_timestamp_with_rc4_key ... ok
[INFO] [stdout] test key::test::invalid_length_hex_string_to_aes_128_key - should panic ... ok
[INFO] [stdout] test mappers::octet_string_mapper::test::test_counted_octet_string_to_kerberos_string_fail - should panic ... ok
[INFO] [stdout] test mappers::address_mapper::test::test_address_vector_to_host_addresses_panic - should panic ... ok
[INFO] [stdout] test transporter::tcp_transporter::tests::test_request_networks_error - should panic ... ok
[INFO] [stdout] test requesters::tgt_requester::test::request_tgt_without_user_key - should panic ... ok
[INFO] [stdout] test transporter::udp_transporter::tests::test_request_networks_error - should panic ... ok
[INFO] [stdout] test requesters::as_requester::test::receive_krb_error ... ok
[INFO] [stdout] test messages::asreq::options::test::error_setting_unsupported_etypes - should panic ... ok
[INFO] [stdout] test messages::asreq::timestamp_cipher::test::error_using_password_without_any_cipher_algorithm - should panic ... ok
[INFO] [stdout] test messages::asreq::options::test::error_setting_unsupported_etype - should panic ... ok
[INFO] [stdout] test mappers::principal_mapper::test::test_principal_to_realm_and_principal_name_panic - should panic ... ok
[INFO] [stdout] test requesters::as_requester::test::receive_as_rep ... ok
[INFO] [stdout] test requesters::tgt_requester::test::request_tgt_as_rep_for_user_without_pre_authentication_required ... ok
[INFO] [stdout] test messages::asreq::timestamp_cipher::test::produce_encrypted_timestamp_with_password_setting_aes128_as_best_cipher ... ok
[INFO] [stdout] test requesters::tgt_requester::test::request_tgt_receiving_krb_error - should panic ... ok
[INFO] [stdout] test credentials::mappers::credential_krb_info::test::decode_and_decrypt_enc_part_aes256_with_password ... ok
[INFO] [stdout] test requesters::tgt_requester::test::request_tgt_as_rep_without_pre_authentication_and_incorrect_password - should panic ... ok
[INFO] [stdout] test requesters::tgt_requester::test::request_tgt_as_rep ... ok
[INFO] [stderr] error: test failed, to rerun pass '--lib'
[INFO] [stdout] test messages::asreq::timestamp_cipher::test::produce_encrypted_timestamp_with_password_setting_aes256_as_best_cipher ... ok
[INFO] [stdout] 
[INFO] [stdout] failures:
[INFO] [stdout] 
[INFO] [stdout] ---- credentials::mappers::credential_krb_info::test::decode_and_decrypt_enc_part_aes256_with_key_of_aes128 stdout ----
[INFO] [stdout] thread 'credentials::mappers::credential_krb_info::test::decode_and_decrypt_enc_part_aes256_with_key_of_aes128' panicked at 'called `Result::unwrap()` on an `Err` value: CryptographyError(DecryptionError("Key etype = 17 doesn't match with message etype = 18"))', src/credentials/mappers/credential_krb_info.rs:366:14
[INFO] [stdout] stack backtrace:
[INFO] [stdout]    0:     0x555e9d801080 - std::backtrace_rs::backtrace::libunwind::trace::h34055254b57d8e79
[INFO] [stdout]                                at /rustc/a178d0322ce20e33eac124758e837cbd80a6f633/library/std/src/../../backtrace/src/backtrace/libunwind.rs:90:5
[INFO] [stdout]    1:     0x555e9d801080 - std::backtrace_rs::backtrace::trace_unsynchronized::h8f1e3fbd9afff6ec
[INFO] [stdout]                                at /rustc/a178d0322ce20e33eac124758e837cbd80a6f633/library/std/src/../../backtrace/src/backtrace/mod.rs:66:5
[INFO] [stdout]    2:     0x555e9d801080 - std::sys_common::backtrace::_print_fmt::h3a99a796b770c360
[INFO] [stdout]                                at /rustc/a178d0322ce20e33eac124758e837cbd80a6f633/library/std/src/sys_common/backtrace.rs:67:5
[INFO] [stdout]    3:     0x555e9d801080 - <std::sys_common::backtrace::_print::DisplayBacktrace as core::fmt::Display>::fmt::h32d1f94a80615d18
[INFO] [stdout]                                at /rustc/a178d0322ce20e33eac124758e837cbd80a6f633/library/std/src/sys_common/backtrace.rs:46:22
[INFO] [stdout]    4:     0x555e9d8249ac - core::fmt::write::h306731c068f7162c
[INFO] [stdout]                                at /rustc/a178d0322ce20e33eac124758e837cbd80a6f633/library/core/src/fmt/mod.rs:1110:17
[INFO] [stdout]    5:     0x555e9d7fc0e5 - std::io::Write::write_fmt::h87f19b0a2cd190bc
[INFO] [stdout]                                at /rustc/a178d0322ce20e33eac124758e837cbd80a6f633/library/std/src/io/mod.rs:1588:15
[INFO] [stdout]    6:     0x555e9d8031eb - std::sys_common::backtrace::_print::h5abaa2601a852287
[INFO] [stdout]                                at /rustc/a178d0322ce20e33eac124758e837cbd80a6f633/library/std/src/sys_common/backtrace.rs:49:5
[INFO] [stdout]    7:     0x555e9d8031eb - std::sys_common::backtrace::print::h8d81445442bb638f
[INFO] [stdout]                                at /rustc/a178d0322ce20e33eac124758e837cbd80a6f633/library/std/src/sys_common/backtrace.rs:36:9
[INFO] [stdout]    8:     0x555e9d8031eb - std::panicking::default_hook::{{closure}}::hcfe804496a9fa747
[INFO] [stdout]                                at /rustc/a178d0322ce20e33eac124758e837cbd80a6f633/library/std/src/panicking.rs:208:50
[INFO] [stdout]    9:     0x555e9d802cfc - std::panicking::default_hook::hbea8e3ccf2ba8901
[INFO] [stdout]                                at /rustc/a178d0322ce20e33eac124758e837cbd80a6f633/library/std/src/panicking.rs:222:9
[INFO] [stdout]   10:     0x555e9d8038b4 - std::panicking::rust_panic_with_hook::h7ee9e1a2d0f8975a
[INFO] [stdout]                                at /rustc/a178d0322ce20e33eac124758e837cbd80a6f633/library/std/src/panicking.rs:622:17
[INFO] [stdout]   11:     0x555e9d803397 - std::panicking::begin_panic_handler::{{closure}}::h8ab3b4491718b2c7
[INFO] [stdout]                                at /rustc/a178d0322ce20e33eac124758e837cbd80a6f633/library/std/src/panicking.rs:519:13
[INFO] [stdout]   12:     0x555e9d80157c - std::sys_common::backtrace::__rust_end_short_backtrace::hd489062ffa586a9f
[INFO] [stdout]                                at /rustc/a178d0322ce20e33eac124758e837cbd80a6f633/library/std/src/sys_common/backtrace.rs:141:18
[INFO] [stdout]   13:     0x555e9d8032f9 - rust_begin_unwind
[INFO] [stdout]                                at /rustc/a178d0322ce20e33eac124758e837cbd80a6f633/library/std/src/panicking.rs:515:5
[INFO] [stdout]   14:     0x555e9d6257b1 - core::panicking::panic_fmt::hca6330e3e14086b4
[INFO] [stdout]                                at /rustc/a178d0322ce20e33eac124758e837cbd80a6f633/library/core/src/panicking.rs:92:14
[INFO] [stdout]   15:     0x555e9d6258a3 - core::result::unwrap_failed::h6160d2b4bfbb0e87
[INFO] [stdout]                                at /rustc/a178d0322ce20e33eac124758e837cbd80a6f633/library/core/src/result.rs:1355:5
[INFO] [stdout]   16:     0x555e9d63c646 - core::result::Result<T,E>::unwrap::h70d86c8459f79f6a
[INFO] [stdout]                                at /rustc/a178d0322ce20e33eac124758e837cbd80a6f633/library/core/src/result.rs:1037:23
[INFO] [stdout]   17:     0x555e9d667398 - kerbeiros::credentials::mappers::credential_krb_info::test::decode_and_decrypt_enc_part_aes256_with_key_of_aes128::h26a473c77aa899e7
[INFO] [stdout]                                at /opt/rustwide/workdir/src/credentials/mappers/credential_krb_info.rs:359:13
[INFO] [stdout]   18:     0x555e9d6672ca - kerbeiros::credentials::mappers::credential_krb_info::test::decode_and_decrypt_enc_part_aes256_with_key_of_aes128::{{closure}}::hf0c90fd42e40f90e
[INFO] [stdout]                                at /opt/rustwide/workdir/src/credentials/mappers/credential_krb_info.rs:353:5
[INFO] [stdout]   19:     0x555e9d62ba5e - core::ops::function::FnOnce::call_once::hc2ec7eb5d606c584
[INFO] [stdout]                                at /rustc/a178d0322ce20e33eac124758e837cbd80a6f633/library/core/src/ops/function.rs:227:5
[INFO] [stdout]   20:     0x555e9d6b38a3 - core::ops::function::FnOnce::call_once::h152e7e439ff59e19
[INFO] [stdout]                                at /rustc/a178d0322ce20e33eac124758e837cbd80a6f633/library/core/src/ops/function.rs:227:5
[INFO] [stdout]   21:     0x555e9d6b38a3 - test::__rust_begin_short_backtrace::h0908f3b1fdbb72ab
[INFO] [stdout]                                at /rustc/a178d0322ce20e33eac124758e837cbd80a6f633/library/test/src/lib.rs:577:5
[INFO] [stdout]   22:     0x555e9d6b2360 - <alloc::boxed::Box<F,A> as core::ops::function::FnOnce<Args>>::call_once::hf6d2a51e5587546c
[INFO] [stdout]                                at /rustc/a178d0322ce20e33eac124758e837cbd80a6f633/library/alloc/src/boxed.rs:1575:9
[INFO] [stdout]   23:     0x555e9d6b2360 - <std::panic::AssertUnwindSafe<F> as core::ops::function::FnOnce<()>>::call_once::h8af660f3a89ef593
[INFO] [stdout]                                at /rustc/a178d0322ce20e33eac124758e837cbd80a6f633/library/std/src/panic.rs:347:9
[INFO] [stdout]   24:     0x555e9d6b2360 - std::panicking::try::do_call::hd36aef60f84b6d36
[INFO] [stdout]                                at /rustc/a178d0322ce20e33eac124758e837cbd80a6f633/library/std/src/panicking.rs:401:40
[INFO] [stdout]   25:     0x555e9d6b2360 - std::panicking::try::h9932b4480e69817c
[INFO] [stdout]                                at /rustc/a178d0322ce20e33eac124758e837cbd80a6f633/library/std/src/panicking.rs:365:19
[INFO] [stdout]   26:     0x555e9d6b2360 - std::panic::catch_unwind::h6aa177099cfff5f8
[INFO] [stdout]                                at /rustc/a178d0322ce20e33eac124758e837cbd80a6f633/library/std/src/panic.rs:434:14
[INFO] [stdout]   27:     0x555e9d6b2360 - test::run_test_in_process::h5884d6f2d99e20c3
[INFO] [stdout]                                at /rustc/a178d0322ce20e33eac124758e837cbd80a6f633/library/test/src/lib.rs:600:18
[INFO] [stdout]   28:     0x555e9d6b2360 - test::run_test::run_test_inner::{{closure}}::h6fdc58c6d5f5b6e3
[INFO] [stdout]                                at /rustc/a178d0322ce20e33eac124758e837cbd80a6f633/library/test/src/lib.rs:492:39
[INFO] [stdout]   29:     0x555e9d68ba12 - test::run_test::run_test_inner::{{closure}}::h408365d67a78ade8
[INFO] [stdout]                                at /rustc/a178d0322ce20e33eac124758e837cbd80a6f633/library/test/src/lib.rs:519:37
[INFO] [stdout]   30:     0x555e9d68ba12 - std::sys_common::backtrace::__rust_begin_short_backtrace::hb560b77c4f701523
[INFO] [stdout]                                at /rustc/a178d0322ce20e33eac124758e837cbd80a6f633/library/std/src/sys_common/backtrace.rs:125:18
[INFO] [stdout]   31:     0x555e9d68f5c8 - std::thread::Builder::spawn_unchecked::{{closure}}::{{closure}}::hf2e7831dad93c597
[INFO] [stdout]                                at /rustc/a178d0322ce20e33eac124758e837cbd80a6f633/library/std/src/thread/mod.rs:481:17
[INFO] [stdout]   32:     0x555e9d68f5c8 - <std::panic::AssertUnwindSafe<F> as core::ops::function::FnOnce<()>>::call_once::hd2e08783d8be4d02
[INFO] [stdout]                                at /rustc/a178d0322ce20e33eac124758e837cbd80a6f633/library/std/src/panic.rs:347:9
[INFO] [stdout]   33:     0x555e9d68f5c8 - std::panicking::try::do_call::h062597b7acfd6b82
[INFO] [stdout]                                at /rustc/a178d0322ce20e33eac124758e837cbd80a6f633/library/std/src/panicking.rs:401:40
[INFO] [stdout]   34:     0x555e9d68f5c8 - std::panicking::try::h0d7b79db04c14552
[INFO] [stdout]                                at /rustc/a178d0322ce20e33eac124758e837cbd80a6f633/library/std/src/panicking.rs:365:19
[INFO] [stdout]   35:     0x555e9d68f5c8 - std::panic::catch_unwind::hb01a0b5e7c8cd43b
[INFO] [stdout]                                at /rustc/a178d0322ce20e33eac124758e837cbd80a6f633/library/std/src/panic.rs:434:14
[INFO] [stdout]   36:     0x555e9d68f5c8 - std::thread::Builder::spawn_unchecked::{{closure}}::h5bde48cc887e0d1e
[INFO] [stdout]                                at /rustc/a178d0322ce20e33eac124758e837cbd80a6f633/library/std/src/thread/mod.rs:480:30
[INFO] [stdout]   37:     0x555e9d68f5c8 - core::ops::function::FnOnce::call_once{{vtable.shim}}::h745ea30807a29e55
[INFO] [stdout]                                at /rustc/a178d0322ce20e33eac124758e837cbd80a6f633/library/core/src/ops/function.rs:227:5
[INFO] [stdout]   38:     0x555e9d808b57 - <alloc::boxed::Box<F,A> as core::ops::function::FnOnce<Args>>::call_once::h7ece6cfefaff1005
[INFO] [stdout]                                at /rustc/a178d0322ce20e33eac124758e837cbd80a6f633/library/alloc/src/boxed.rs:1575:9
[INFO] [stdout]   39:     0x555e9d808b57 - <alloc::boxed::Box<F,A> as core::ops::function::FnOnce<Args>>::call_once::hb8b48e55c21f193e
[INFO] [stdout]                                at /rustc/a178d0322ce20e33eac124758e837cbd80a6f633/library/alloc/src/boxed.rs:1575:9
[INFO] [stdout]   40:     0x555e9d808b57 - std::sys::unix::thread::Thread::new::thread_start::h8c7c4450dba62914
[INFO] [stdout]                                at /rustc/a178d0322ce20e33eac124758e837cbd80a6f633/library/std/src/sys/unix/thread.rs:71:17
[INFO] [stdout]   41:     0x7f68fd9cd609 - start_thread
[INFO] [stdout]   42:     0x7f68fd79f293 - clone
[INFO] [stdout]   43:                0x0 - <unknown>
[INFO] [stdout] note: panic did not contain expected string
[INFO] [stdout]       panic message: `"called `Result::unwrap()` on an `Err` value: CryptographyError(DecryptionError(\"Key etype = 17 doesn't match with message etype = 18\"))"`,
[INFO] [stdout]  expected substring: `"Key etype = 17 doesn\\'t match with message etype = 18"`
[INFO] [stdout] 
[INFO] [stdout] failures:
[INFO] [stdout]     credentials::mappers::credential_krb_info::test::decode_and_decrypt_enc_part_aes256_with_key_of_aes128
[INFO] [stdout] 
[INFO] [stdout] test result: FAILED. 73 passed; 1 failed; 0 ignored; 0 measured; 0 filtered out; finished in 0.88s
[INFO] [stdout] 
[INFO] running `Command { std: "docker" "inspect" "7da8595a6869d43d73548041f76329a1e34a353ab9b0c9155b141f9198424867", kill_on_drop: false }`
[INFO] running `Command { std: "docker" "rm" "-f" "7da8595a6869d43d73548041f76329a1e34a353ab9b0c9155b141f9198424867", kill_on_drop: false }`
[INFO] [stdout] 7da8595a6869d43d73548041f76329a1e34a353ab9b0c9155b141f9198424867
