[INFO] fetching crate kai 0.7.0...
[INFO] testing kai-0.7.0 against 1.54.0 for beta-1.55-1
[INFO] extracting crate kai 0.7.0 into /workspace/builds/worker-6/source
[INFO] validating manifest of crates.io crate kai 0.7.0 on toolchain 1.54.0
[INFO] running `Command { std: "/workspace/cargo-home/bin/cargo" "+1.54.0" "metadata" "--manifest-path" "Cargo.toml" "--no-deps", kill_on_drop: false }`
[INFO] started tweaking crates.io crate kai 0.7.0
[INFO] finished tweaking crates.io crate kai 0.7.0
[INFO] tweaked toml for crates.io crate kai 0.7.0 written to /workspace/builds/worker-6/source/Cargo.toml
[INFO] running `Command { std: "/workspace/cargo-home/bin/cargo" "+1.54.0" "generate-lockfile" "--manifest-path" "Cargo.toml" "-Zno-index-update", kill_on_drop: false }`
[INFO] running `Command { std: "/workspace/cargo-home/bin/cargo" "+1.54.0" "fetch" "--manifest-path" "Cargo.toml", kill_on_drop: false }`
[INFO] running `Command { std: "docker" "create" "-v" "/var/lib/crater-agent-workspace/builds/worker-6/target:/opt/rustwide/target:rw,Z" "-v" "/var/lib/crater-agent-workspace/builds/worker-6/source:/opt/rustwide/workdir:ro,Z" "-v" "/var/lib/crater-agent-workspace/cargo-home:/opt/rustwide/cargo-home:ro,Z" "-v" "/var/lib/crater-agent-workspace/rustup-home:/opt/rustwide/rustup-home:ro,Z" "-e" "SOURCE_DIR=/opt/rustwide/workdir" "-e" "CARGO_TARGET_DIR=/opt/rustwide/target" "-e" "CARGO_HOME=/opt/rustwide/cargo-home" "-e" "RUSTUP_HOME=/opt/rustwide/rustup-home" "-w" "/opt/rustwide/workdir" "-m" "1610612736" "--user" "0:0" "--network" "none" "ghcr.io/rust-lang/crates-build-env/linux@sha256:34b6a614d2c27851fe6cbf88fbd1137609cefab8b10d0615aaeb6fd47975d74e" "/opt/rustwide/cargo-home/bin/cargo" "+1.54.0" "metadata" "--no-deps" "--format-version=1", kill_on_drop: false }`
[INFO] [stderr] WARNING: Your kernel does not support swap limit capabilities or the cgroup is not mounted. Memory limited without swap.
[INFO] [stdout] 720d07801a2b48fbdd1bf1d978f9c4cf06629cf6b76c354b0411cf9f6bd31ea7
[INFO] running `Command { std: "docker" "start" "-a" "720d07801a2b48fbdd1bf1d978f9c4cf06629cf6b76c354b0411cf9f6bd31ea7", kill_on_drop: false }`
[INFO] running `Command { std: "docker" "inspect" "720d07801a2b48fbdd1bf1d978f9c4cf06629cf6b76c354b0411cf9f6bd31ea7", kill_on_drop: false }`
[INFO] running `Command { std: "docker" "rm" "-f" "720d07801a2b48fbdd1bf1d978f9c4cf06629cf6b76c354b0411cf9f6bd31ea7", kill_on_drop: false }`
[INFO] [stdout] 720d07801a2b48fbdd1bf1d978f9c4cf06629cf6b76c354b0411cf9f6bd31ea7
[INFO] running `Command { std: "docker" "create" "-v" "/var/lib/crater-agent-workspace/builds/worker-6/target:/opt/rustwide/target:rw,Z" "-v" "/var/lib/crater-agent-workspace/builds/worker-6/source:/opt/rustwide/workdir:ro,Z" "-v" "/var/lib/crater-agent-workspace/cargo-home:/opt/rustwide/cargo-home:ro,Z" "-v" "/var/lib/crater-agent-workspace/rustup-home:/opt/rustwide/rustup-home:ro,Z" "-e" "SOURCE_DIR=/opt/rustwide/workdir" "-e" "CARGO_TARGET_DIR=/opt/rustwide/target" "-e" "CARGO_INCREMENTAL=0" "-e" "RUST_BACKTRACE=full" "-e" "RUSTFLAGS=--cap-lints=warn" "-e" "CARGO_HOME=/opt/rustwide/cargo-home" "-e" "RUSTUP_HOME=/opt/rustwide/rustup-home" "-w" "/opt/rustwide/workdir" "-m" "1610612736" "--user" "0:0" "--network" "none" "ghcr.io/rust-lang/crates-build-env/linux@sha256:34b6a614d2c27851fe6cbf88fbd1137609cefab8b10d0615aaeb6fd47975d74e" "/opt/rustwide/cargo-home/bin/cargo" "+1.54.0" "build" "--frozen" "--message-format=json", kill_on_drop: false }`
[INFO] [stderr] WARNING: Your kernel does not support swap limit capabilities or the cgroup is not mounted. Memory limited without swap.
[INFO] [stdout] 27b52cf76dc7dad19aca9949585710bc97e645598c68fc969d4f861eeec21836
[INFO] running `Command { std: "docker" "start" "-a" "27b52cf76dc7dad19aca9949585710bc97e645598c68fc969d4f861eeec21836", kill_on_drop: false }`
[INFO] [stderr]    Compiling kai v0.7.0 (/opt/rustwide/workdir)
[INFO] [stderr]     Finished dev [unoptimized + debuginfo] target(s) in 0.51s
[INFO] running `Command { std: "docker" "inspect" "27b52cf76dc7dad19aca9949585710bc97e645598c68fc969d4f861eeec21836", kill_on_drop: false }`
[INFO] running `Command { std: "docker" "rm" "-f" "27b52cf76dc7dad19aca9949585710bc97e645598c68fc969d4f861eeec21836", kill_on_drop: false }`
[INFO] [stdout] 27b52cf76dc7dad19aca9949585710bc97e645598c68fc969d4f861eeec21836
[INFO] running `Command { std: "docker" "create" "-v" "/var/lib/crater-agent-workspace/builds/worker-6/target:/opt/rustwide/target:rw,Z" "-v" "/var/lib/crater-agent-workspace/builds/worker-6/source:/opt/rustwide/workdir:ro,Z" "-v" "/var/lib/crater-agent-workspace/cargo-home:/opt/rustwide/cargo-home:ro,Z" "-v" "/var/lib/crater-agent-workspace/rustup-home:/opt/rustwide/rustup-home:ro,Z" "-e" "SOURCE_DIR=/opt/rustwide/workdir" "-e" "CARGO_TARGET_DIR=/opt/rustwide/target" "-e" "CARGO_INCREMENTAL=0" "-e" "RUST_BACKTRACE=full" "-e" "RUSTFLAGS=--cap-lints=warn" "-e" "CARGO_HOME=/opt/rustwide/cargo-home" "-e" "RUSTUP_HOME=/opt/rustwide/rustup-home" "-w" "/opt/rustwide/workdir" "-m" "1610612736" "--user" "0:0" "--network" "none" "ghcr.io/rust-lang/crates-build-env/linux@sha256:34b6a614d2c27851fe6cbf88fbd1137609cefab8b10d0615aaeb6fd47975d74e" "/opt/rustwide/cargo-home/bin/cargo" "+1.54.0" "test" "--frozen" "--no-run" "--message-format=json", kill_on_drop: false }`
[INFO] [stdout] 1fb451a06c51d46be4b365efc663c1fb5cfbd00c00381a98e6c2cdaa85ec7602
[INFO] [stderr] WARNING: Your kernel does not support swap limit capabilities or the cgroup is not mounted. Memory limited without swap.
[INFO] running `Command { std: "docker" "start" "-a" "1fb451a06c51d46be4b365efc663c1fb5cfbd00c00381a98e6c2cdaa85ec7602", kill_on_drop: false }`
[INFO] [stderr]    Compiling kai v0.7.0 (/opt/rustwide/workdir)
[INFO] [stderr]     Finished test [unoptimized + debuginfo] target(s) in 0.89s
[INFO] running `Command { std: "docker" "inspect" "1fb451a06c51d46be4b365efc663c1fb5cfbd00c00381a98e6c2cdaa85ec7602", kill_on_drop: false }`
[INFO] running `Command { std: "docker" "rm" "-f" "1fb451a06c51d46be4b365efc663c1fb5cfbd00c00381a98e6c2cdaa85ec7602", kill_on_drop: false }`
[INFO] [stdout] 1fb451a06c51d46be4b365efc663c1fb5cfbd00c00381a98e6c2cdaa85ec7602
[INFO] running `Command { std: "docker" "create" "-v" "/var/lib/crater-agent-workspace/builds/worker-6/target:/opt/rustwide/target:rw,Z" "-v" "/var/lib/crater-agent-workspace/builds/worker-6/source:/opt/rustwide/workdir:ro,Z" "-v" "/var/lib/crater-agent-workspace/cargo-home:/opt/rustwide/cargo-home:ro,Z" "-v" "/var/lib/crater-agent-workspace/rustup-home:/opt/rustwide/rustup-home:ro,Z" "-e" "SOURCE_DIR=/opt/rustwide/workdir" "-e" "CARGO_TARGET_DIR=/opt/rustwide/target" "-e" "CARGO_INCREMENTAL=0" "-e" "RUST_BACKTRACE=full" "-e" "RUSTFLAGS=--cap-lints=warn" "-e" "CARGO_HOME=/opt/rustwide/cargo-home" "-e" "RUSTUP_HOME=/opt/rustwide/rustup-home" "-w" "/opt/rustwide/workdir" "-m" "1610612736" "--user" "0:0" "--network" "none" "ghcr.io/rust-lang/crates-build-env/linux@sha256:34b6a614d2c27851fe6cbf88fbd1137609cefab8b10d0615aaeb6fd47975d74e" "/opt/rustwide/cargo-home/bin/cargo" "+1.54.0" "test" "--frozen", kill_on_drop: false }`
[INFO] [stdout] 4efc24ac4cb263a428004bb2a82fab1ed42366a36bf09e6cb04c62ee3fcb3c6b
[INFO] [stderr] WARNING: Your kernel does not support swap limit capabilities or the cgroup is not mounted. Memory limited without swap.
[INFO] running `Command { std: "docker" "start" "-a" "4efc24ac4cb263a428004bb2a82fab1ed42366a36bf09e6cb04c62ee3fcb3c6b", kill_on_drop: false }`
[INFO] [stdout] 
[INFO] [stderr]     Finished test [unoptimized + debuginfo] target(s) in 0.01s
[INFO] [stdout] running 0 tests
[INFO] [stderr]      Running unittests (/opt/rustwide/target/debug/deps/kai-1e2ef584a48b46b6)
[INFO] [stdout] 
[INFO] [stderr]    Doc-tests kai
[INFO] [stdout] test result: ok. 0 passed; 0 failed; 0 ignored; 0 measured; 0 filtered out; finished in 0.00s
[INFO] [stdout] 
[INFO] [stdout] 
[INFO] [stdout] running 15 tests
[INFO] [stdout] test src/lib.rs - cond_vec (line 536) ... ignored
[INFO] [stdout] test src/lib.rs - transparent_mod (line 51) ... ignored
[INFO] [stdout] test src/lib.rs - variant (line 105) ... ignored
[INFO] [stdout] test src/lib.rs - cond_vec (line 541) ... ok
[INFO] [stdout] test src/lib.rs - variant (line 110) ... ok
[INFO] [stdout] test src/lib.rs - promote_then (line 516) ... ok
[INFO] [stdout] test src/lib.rs - BoolMap (line 166) ... ok
[INFO] [stdout] test src/lib.rs - Bind (line 223) ... ok
[INFO] [stdout] test src/lib.rs - Bind (line 238) ... ok
[INFO] [stdout] test src/lib.rs - KaiIterator::chain_if (line 345) ... ok
[INFO] [stdout] test src/adapter.rs - adapter::Adapter (line 10) ... ok
[INFO] [stdout] test src/lib.rs - KaiIterator::chain_if_else (line 380) ... ok
[INFO] [stdout] test src/lib.rs - order (line 437) ... ok
[INFO] [stdout] test src/swap.rs - swap::Swap (line 8) ... ok
[INFO] [stdout] test src/thread.rs - thread (line 13) ... FAILED
[INFO] [stdout] 
[INFO] [stdout] failures:
[INFO] [stdout] 
[INFO] [stdout] ---- src/thread.rs - thread (line 13) stdout ----
[INFO] [stdout] Test executable failed (exit code 101).
[INFO] [stdout] 
[INFO] [stdout] stderr:
[INFO] [stdout] thread '<unnamed>' panicked at 'explicit panic', src/thread.rs:14:37
[INFO] [stdout] stack backtrace:
[INFO] [stdout]    0:     0x5609bf678dc0 - std::backtrace_rs::backtrace::libunwind::trace::h34055254b57d8e79
[INFO] [stdout]                                at /rustc/a178d0322ce20e33eac124758e837cbd80a6f633/library/std/src/../../backtrace/src/backtrace/libunwind.rs:90:5
[INFO] [stdout]    1:     0x5609bf678dc0 - std::backtrace_rs::backtrace::trace_unsynchronized::h8f1e3fbd9afff6ec
[INFO] [stdout]                                at /rustc/a178d0322ce20e33eac124758e837cbd80a6f633/library/std/src/../../backtrace/src/backtrace/mod.rs:66:5
[INFO] [stdout]    2:     0x5609bf678dc0 - std::sys_common::backtrace::_print_fmt::h3a99a796b770c360
[INFO] [stdout]                                at /rustc/a178d0322ce20e33eac124758e837cbd80a6f633/library/std/src/sys_common/backtrace.rs:67:5
[INFO] [stdout]    3:     0x5609bf678dc0 - <std::sys_common::backtrace::_print::DisplayBacktrace as core::fmt::Display>::fmt::h32d1f94a80615d18
[INFO] [stdout]                                at /rustc/a178d0322ce20e33eac124758e837cbd80a6f633/library/std/src/sys_common/backtrace.rs:46:22
[INFO] [stdout]    4:     0x5609bf692d5c - core::fmt::write::h306731c068f7162c
[INFO] [stdout]                                at /rustc/a178d0322ce20e33eac124758e837cbd80a6f633/library/core/src/fmt/mod.rs:1110:17
[INFO] [stdout]    5:     0x5609bf677815 - std::io::Write::write_fmt::hd2fa90334eee2a21
[INFO] [stdout]                                at /rustc/a178d0322ce20e33eac124758e837cbd80a6f633/library/std/src/io/mod.rs:1588:15
[INFO] [stdout]    6:     0x5609bf67acfb - std::sys_common::backtrace::_print::h5abaa2601a852287
[INFO] [stdout]                                at /rustc/a178d0322ce20e33eac124758e837cbd80a6f633/library/std/src/sys_common/backtrace.rs:49:5
[INFO] [stdout]    7:     0x5609bf67acfb - std::sys_common::backtrace::print::h8d81445442bb638f
[INFO] [stdout]                 thread '               at main/rustc/a178d0322ce20e33eac124758e837cbd80a6f633/library/std/src/sys_common/backtrace.rs' panicked at ':assertion failed: handle.status().panicked()36', :9src/thread.rs
[INFO] [stdout] : 17 : 18
[INFO] [stdout] :     0x5609bf67acfb - std::panicking::default_hook::{{closure}}::hcfe804496a9fa747
[INFO] [stdout]                                at /rustc/a178d0322ce20e33eac124758e837cbd80a6f633/library/std/src/panicking.rs:208:50
[INFO] [stdout]    9:     0x5609bf67a7d1 - std::panicking::default_hook::hbea8e3ccf2ba8901
[INFO] [stdout]                                at /rustc/a178d0322ce20e33eac124758e837cbd80a6f633/library/std/src/panicking.rs:225:9
[INFO] [stdout]   10:     0x5609bf67b3c4 - std::panicking::rust_panic_with_hook::h7ee9e1a2d0f8975a
[INFO] [stdout]                                at /rustc/a178d0322ce20e33eac124758e837cbd80a6f633/library/std/src/panicking.rs:622:17
[INFO] [stdout]   11:     0x5609bf66620f - std::panicking::begin_panic::{{closure}}::h8bc667c36f69bf64
[INFO] [stdout]   12:     0x5609bf6643f5 - std::sys_common::backtrace::__rust_end_short_backtrace::h812c153f70723d7c
[INFO] [stdout]   13:     0x5609bf666158 - std::panicking::begin_panic::hd4411b11e3bc8cd7
[INFO] [stdout]   14:     0x5609bf66ab59 - rust_out::main::_doctest_main_src_thread_rs_13_0::{{closure}}::h0291c0806f6e8c86
[INFO] [stdout]   15:     0x5609bf66654b - std::panicking::try::do_call::h2bb19f8fb0525f1b
[INFO] [stdout]   16:     0x5609bf66ab8d - __rust_try
[INFO] [stdout]   17:     0x5609bf66645c - std::panicking::try::hb000fec6159ec72f
[INFO] [stdout]   18:     0x5609bf6649e9 - std::panic::catch_unwind::h4d0757151bb2572b
[INFO] [stdout]   19:     0x5609bf663f51 - kai::thread::spawn_smart::{{closure}}::h9038bf39774c08fb
[INFO] [stdout]   20:     0x5609bf664429 - std::sys_common::backtrace::__rust_begin_short_backtrace::h2d797ee3ebd8f4e8
[INFO] [stdout]   21:     0x5609bf665ff9 - std::thread::Builder::spawn_unchecked::{{closure}}::{{closure}}::hb9b3e729b27c0e4c
[INFO] [stdout]   22:     0x5609bf6636d9 - <std::panic::AssertUnwindSafe<F> as core::ops::function::FnOnce<()>>::call_once::hb66f061c402af22f
[INFO] [stdout]   23:     0x5609bf6665ed - std::panicking::try::do_call::ha4195f3492ca8788
[INFO] [stdout]   24:     0x5609bf66ab8d - __rust_try
[INFO] [stdout]   25:     0x5609bf6662df - std::panicking::try::h2baf2be7f3f41c77
[INFO] [stdout]   26:     0x5609bf664a3d - std::panic::catch_unwind::hd4c58eb375d22849
[INFO] [stdout]   27:     0x5609bf665b23 - std::thread::Builder::spawn_unchecked::{{closure}}::h3b7ec3f8868e9bb9
[INFO] [stdout]   28:     0x5609bf666bb6 - core::ops::function::FnOnce::call_once{{vtable.shim}}::h16d888c14747fbfe
[INFO] [stdout]   29:     0x5609bf67d627 - <alloc::boxed::Box<F,A> as core::ops::function::FnOnce<Args>>::call_once::h7ece6cfefaff1005
[INFO] [stdout]                                at /rustc/a178d0322ce20e33eac124758e837cbd80a6f633/library/alloc/src/boxed.rs:1575:9
[INFO] [stdout]   30:     0x5609bf67d627 - <alloc::boxed::Box<F,A> as core::ops::function::FnOnce<Args>>::call_once::hb8b48e55c21f193e
[INFO] [stdout]                                at /rustc/a178d0322ce20e33eac124758e837cbd80a6f633/library/alloc/src/boxed.rs:1575:9
[INFO] [stdout]   31:     0x5609bf67d627 - std::sys::unix::thread::Thread::new::thread_start::h8c7c4450dba62914
[INFO] [stdout]                                at /rustc/a178d0322ce20e33eac124758e837cbd80a6f633/library/std/src/sys/unix/thread.rs:71:17
[INFO] [stdout]   32:     0x7f1dab5a1609 - start_thread
[INFO] [stdout]   33:     0x7f1dab4c2293 - clone
[INFO] [stdout]   34:                0x0 - <unknown>
[INFO] [stdout] stack backtrace:
[INFO] [stdout]    0:     0x5609bf678dc0 - std::backtrace_rs::backtrace::libunwind::trace::h34055254b57d8e79
[INFO] [stdout]                                at /rustc/a178d0322ce20e33eac124758e837cbd80a6f633/library/std/src/../../backtrace/src/backtrace/libunwind.rs:90:5
[INFO] [stdout]    1:     0x5609bf678dc0 - std::backtrace_rs::backtrace::trace_unsynchronized::h8f1e3fbd9afff6ec
[INFO] [stdout]                                at /rustc/a178d0322ce20e33eac124758e837cbd80a6f633/library/std/src/../../backtrace/src/backtrace/mod.rs:66:5
[INFO] [stdout]    2:     0x5609bf678dc0 - std::sys_common::backtrace::_print_fmt::h3a99a796b770c360
[INFO] [stdout]                                at /rustc/a178d0322ce20e33eac124758e837cbd80a6f633/library/std/src/sys_common/backtrace.rs:67:5
[INFO] [stdout]    3:     0x5609bf678dc0 - <std::sys_common::backtrace::_print::DisplayBacktrace as core::fmt::Display>::fmt::h32d1f94a80615d18
[INFO] [stdout]                                at /rustc/a178d0322ce20e33eac124758e837cbd80a6f633/library/std/src/sys_common/backtrace.rs:46:22
[INFO] [stdout]    4:     0x5609bf692d5c - core::fmt::write::h306731c068f7162c
[INFO] [stdout]                                at /rustc/a178d0322ce20e33eac124758e837cbd80a6f633/library/core/src/fmt/mod.rs:1110:17
[INFO] [stdout]    5:     0x5609bf677815 - std::io::Write::write_fmt::hd2fa90334eee2a21
[INFO] [stdout]                                at /rustc/a178d0322ce20e33eac124758e837cbd80a6f633/library/std/src/io/mod.rs:1588:15
[INFO] [stdout]    6:     0x5609bf67acfb - std::sys_common::backtrace::_print::h5abaa2601a852287
[INFO] [stdout]                                at /rustc/a178d0322ce20e33eac124758e837cbd80a6f633/library/std/src/sys_common/backtrace.rs:49:5
[INFO] [stdout]    7:     0x5609bf67acfb - std::sys_common::backtrace::print::h8d81445442bb638f
[INFO] [stdout]                                at /rustc/a178d0322ce20e33eac124758e837cbd80a6f633/library/std/src/sys_common/backtrace.rs:36:9
[INFO] [stdout]    8:     0x5609bf67acfb - std::panicking::default_hook::{{closure}}::hcfe804496a9fa747
[INFO] [stdout]                                at /rustc/a178d0322ce20e33eac124758e837cbd80a6f633/library/std/src/panicking.rs:208:50
[INFO] [stdout]    9:     0x5609bf67a7d1 - std::panicking::default_hook::hbea8e3ccf2ba8901
[INFO] [stdout]                                at /rustc/a178d0322ce20e33eac124758e837cbd80a6f633/library/std/src/panicking.rs:225:9
[INFO] [stdout]   10:     0x5609bf67b3c4 - std::panicking::rust_panic_with_hook::h7ee9e1a2d0f8975a
[INFO] [stdout]                                at /rustc/a178d0322ce20e33eac124758e837cbd80a6f633/library/std/src/panicking.rs:622:17
[INFO] [stdout]   11:     0x5609bf67ae77 - std::panicking::begin_panic_handler::{{closure}}::h8ab3b4491718b2c7
[INFO] [stdout]                                at /rustc/a178d0322ce20e33eac124758e837cbd80a6f633/library/std/src/panicking.rs:517:13
[INFO] [stdout]   12:     0x5609bf6792bc - std::sys_common::backtrace::__rust_end_short_backtrace::hd489062ffa586a9f
[INFO] [stdout]                                at /rustc/a178d0322ce20e33eac124758e837cbd80a6f633/library/std/src/sys_common/backtrace.rs:141:18
[INFO] [stdout]   13:     0x5609bf67ae09 - rust_begin_unwind
[INFO] [stdout]                                at /rustc/a178d0322ce20e33eac124758e837cbd80a6f633/library/std/src/panicking.rs:515:5
[INFO] [stdout]   14:     0x5609bf662e91 - core::panicking::panic_fmt::hca6330e3e14086b4
[INFO] [stdout]                                at /rustc/a178d0322ce20e33eac124758e837cbd80a6f633/library/core/src/panicking.rs:92:14
[INFO] [stdout]   15:     0x5609bf662ddd - core::panicking::panic::h1a48d878ff3dcd40
[INFO] [stdout]                                at /rustc/a178d0322ce20e33eac124758e837cbd80a6f633/library/core/src/panicking.rs:50:5
[INFO] [stdout]   16:     0x5609bf66aadf - rust_out::main::_doctest_main_src_thread_rs_13_0::h41477f000f025db6
[INFO] [stdout]   17:     0x5609bf66a916 - rust_out::main::h2a38bb51b9580a7d
[INFO] [stdout]   18:     0x5609bf666c63 - core::ops::function::FnOnce::call_once::hb73b95e6982fd3f0
[INFO] [stdout]   19:     0x5609bf6644e9 - std::sys_common::backtrace::__rust_begin_short_backtrace::h8371d112165838d3
[INFO] [stdout]   20:     0x5609bf664559 - std::rt::lang_start::{{closure}}::h783adf50233ec5ec
[INFO] [stdout]   21:     0x5609bf67b8c9 - core::ops::function::impls::<impl core::ops::function::FnOnce<A> for &F>::call_once::h2aabc384aab89b7b
[INFO] [stdout]                                at /rustc/a178d0322ce20e33eac124758e837cbd80a6f633/library/core/src/ops/function.rs:259:13
[INFO] [stdout]   22:     0x5609bf67b8c9 - std::panicking::try::do_call::hc5fcacb7a85fc7b1
[INFO] [stdout]                                at /rustc/a178d0322ce20e33eac124758e837cbd80a6f633/library/std/src/panicking.rs:401:40
[INFO] [stdout]   23:     0x5609bf67b8c9 - std::panicking::try::hb5d9603af3abbe3a
[INFO] [stdout]                                at /rustc/a178d0322ce20e33eac124758e837cbd80a6f633/library/std/src/panicking.rs:365:19
[INFO] [stdout]   24:     0x5609bf67b8c9 - std::panic::catch_unwind::h98fe6ac3925e64b4
[INFO] [stdout]                                at /rustc/a178d0322ce20e33eac124758e837cbd80a6f633/library/std/src/panic.rs:434:14
[INFO] [stdout]   25:     0x5609bf67b8c9 - std::rt::lang_start_internal::h22ac7383c516f93e
[INFO] [stdout]                                at /rustc/a178d0322ce20e33eac124758e837cbd80a6f633/library/std/src/rt.rs:34:21
[INFO] [stdout]   26:     0x5609bf664541 - std::rt::lang_start::h11b9716471e37ff8
[INFO] [stdout]   27:     0x5609bf66abc3 - main
[INFO] [stdout]   28:     0x7f1dab3c70b3 - __libc_start_main
[INFO] [stdout]   29:     0x5609bf6635ee - _start
[INFO] [stdout]   30:                0x0 - <unknown>
[INFO] [stdout] 
[INFO] [stdout] 
[INFO] [stdout] 
[INFO] [stdout] failures:
[INFO] [stdout]     src/thread.rs - thread (line 13)
[INFO] [stdout] 
[INFO] [stdout] test result: FAILED. 11 passed; 1 failed; 3 ignored; 0 measured; 0 filtered out; finished in 1.75s
[INFO] [stdout] 
[INFO] [stderr] error: test failed, to rerun pass '--doc'
[INFO] running `Command { std: "docker" "inspect" "4efc24ac4cb263a428004bb2a82fab1ed42366a36bf09e6cb04c62ee3fcb3c6b", kill_on_drop: false }`
[INFO] running `Command { std: "docker" "rm" "-f" "4efc24ac4cb263a428004bb2a82fab1ed42366a36bf09e6cb04c62ee3fcb3c6b", kill_on_drop: false }`
[INFO] [stdout] 4efc24ac4cb263a428004bb2a82fab1ed42366a36bf09e6cb04c62ee3fcb3c6b
