[INFO] fetching crate jvc 0.1.18...
[INFO] testing jvc-0.1.18 against beta-2021-08-01 for beta-1.55-1
[INFO] extracting crate jvc 0.1.18 into /workspace/builds/worker-7/source
[INFO] validating manifest of crates.io crate jvc 0.1.18 on toolchain beta-2021-08-01
[INFO] running `Command { std: "/workspace/cargo-home/bin/cargo" "+beta-2021-08-01" "metadata" "--manifest-path" "Cargo.toml" "--no-deps", kill_on_drop: false }`
[INFO] started tweaking crates.io crate jvc 0.1.18
[INFO] finished tweaking crates.io crate jvc 0.1.18
[INFO] tweaked toml for crates.io crate jvc 0.1.18 written to /workspace/builds/worker-7/source/Cargo.toml
[INFO] crate crates.io crate jvc 0.1.18 already has a lockfile, it will not be regenerated
[INFO] running `Command { std: "/workspace/cargo-home/bin/cargo" "+beta-2021-08-01" "fetch" "--manifest-path" "Cargo.toml", kill_on_drop: false }`
[INFO] [stderr]  Downloading crates ...
[INFO] [stderr]   Downloaded console v0.14.0
[INFO] [stderr]   Downloaded terminal_size v0.1.15
[INFO] [stderr]   Downloaded symlink v0.1.0
[INFO] [stderr]   Downloaded bytes v1.0.0
[INFO] [stderr]   Downloaded tokio-stream v0.1.1
[INFO] [stderr]   Downloaded tokio-util v0.6.0
[INFO] [stderr]   Downloaded tar v0.4.32
[INFO] [stderr]   Downloaded zip v0.5.9
[INFO] running `Command { std: "docker" "create" "-v" "/var/lib/crater-agent-workspace/builds/worker-7/target:/opt/rustwide/target:rw,Z" "-v" "/var/lib/crater-agent-workspace/builds/worker-7/source:/opt/rustwide/workdir:ro,Z" "-v" "/var/lib/crater-agent-workspace/cargo-home:/opt/rustwide/cargo-home:ro,Z" "-v" "/var/lib/crater-agent-workspace/rustup-home:/opt/rustwide/rustup-home:ro,Z" "-e" "SOURCE_DIR=/opt/rustwide/workdir" "-e" "CARGO_TARGET_DIR=/opt/rustwide/target" "-e" "CARGO_HOME=/opt/rustwide/cargo-home" "-e" "RUSTUP_HOME=/opt/rustwide/rustup-home" "-w" "/opt/rustwide/workdir" "-m" "1610612736" "--user" "0:0" "--network" "none" "ghcr.io/rust-lang/crates-build-env/linux@sha256:34b6a614d2c27851fe6cbf88fbd1137609cefab8b10d0615aaeb6fd47975d74e" "/opt/rustwide/cargo-home/bin/cargo" "+beta-2021-08-01" "metadata" "--no-deps" "--format-version=1", kill_on_drop: false }`
[INFO] [stdout] ce78c0813978da0e2eea46f79ad24a29a6ae3261ab14cb50801eb24e8d3d8378
[INFO] [stderr] WARNING: Your kernel does not support swap limit capabilities or the cgroup is not mounted. Memory limited without swap.
[INFO] running `Command { std: "docker" "start" "-a" "ce78c0813978da0e2eea46f79ad24a29a6ae3261ab14cb50801eb24e8d3d8378", kill_on_drop: false }`
[INFO] running `Command { std: "docker" "inspect" "ce78c0813978da0e2eea46f79ad24a29a6ae3261ab14cb50801eb24e8d3d8378", kill_on_drop: false }`
[INFO] running `Command { std: "docker" "rm" "-f" "ce78c0813978da0e2eea46f79ad24a29a6ae3261ab14cb50801eb24e8d3d8378", kill_on_drop: false }`
[INFO] [stdout] ce78c0813978da0e2eea46f79ad24a29a6ae3261ab14cb50801eb24e8d3d8378
[INFO] running `Command { std: "docker" "create" "-v" "/var/lib/crater-agent-workspace/builds/worker-7/target:/opt/rustwide/target:rw,Z" "-v" "/var/lib/crater-agent-workspace/builds/worker-7/source:/opt/rustwide/workdir:ro,Z" "-v" "/var/lib/crater-agent-workspace/cargo-home:/opt/rustwide/cargo-home:ro,Z" "-v" "/var/lib/crater-agent-workspace/rustup-home:/opt/rustwide/rustup-home:ro,Z" "-e" "SOURCE_DIR=/opt/rustwide/workdir" "-e" "CARGO_TARGET_DIR=/opt/rustwide/target" "-e" "CARGO_INCREMENTAL=0" "-e" "RUST_BACKTRACE=full" "-e" "RUSTFLAGS=--cap-lints=warn" "-e" "CARGO_HOME=/opt/rustwide/cargo-home" "-e" "RUSTUP_HOME=/opt/rustwide/rustup-home" "-w" "/opt/rustwide/workdir" "-m" "1610612736" "--user" "0:0" "--network" "none" "ghcr.io/rust-lang/crates-build-env/linux@sha256:34b6a614d2c27851fe6cbf88fbd1137609cefab8b10d0615aaeb6fd47975d74e" "/opt/rustwide/cargo-home/bin/cargo" "+beta-2021-08-01" "build" "--frozen" "--message-format=json", kill_on_drop: false }`
[INFO] [stderr] WARNING: Your kernel does not support swap limit capabilities or the cgroup is not mounted. Memory limited without swap.
[INFO] [stdout] a54003bf451bd9c8a900ed3f8744f34cb9b52fb1294c24d4c4ff3a879b518941
[INFO] running `Command { std: "docker" "start" "-a" "a54003bf451bd9c8a900ed3f8744f34cb9b52fb1294c24d4c4ff3a879b518941", kill_on_drop: false }`
[INFO] [stderr]    Compiling syn v1.0.60
[INFO] [stderr]    Compiling symlink v0.1.0
[INFO] [stderr]    Compiling tokio v1.2.0
[INFO] [stderr]    Compiling http-body v0.4.0
[INFO] [stderr]    Compiling mio v0.7.7
[INFO] [stderr]    Compiling openssl-sys v0.9.60
[INFO] [stderr]    Compiling terminal_size v0.1.15
[INFO] [stderr]    Compiling xattr v0.2.2
[INFO] [stderr]    Compiling dirs-sys v0.3.5
[INFO] [stderr]    Compiling rand v0.4.6
[INFO] [stderr]    Compiling filetime v0.2.13
[INFO] [stderr]    Compiling bzip2-sys v0.1.9+1.0.8
[INFO] [stderr]    Compiling flate2 v1.0.14
[INFO] [stderr]    Compiling clap v2.33.3
[INFO] [stderr]    Compiling colored v2.0.0
[INFO] [stderr]    Compiling env_logger v0.8.2
[INFO] [stderr]    Compiling console v0.14.0
[INFO] [stderr]    Compiling bzip2 v0.3.3
[INFO] [stderr]    Compiling dirs v3.0.1
[INFO] [stderr]    Compiling tar v0.4.32
[INFO] [stderr]    Compiling openssl v0.10.32
[INFO] [stderr]    Compiling indicatif v0.15.0
[INFO] [stderr]    Compiling tempdir v0.3.7
[INFO] [stderr]    Compiling native-tls v0.2.7
[INFO] [stderr]    Compiling proc-macro-error v1.0.4
[INFO] [stderr]    Compiling tokio-macros v1.1.0
[INFO] [stderr]    Compiling pin-project-internal v0.4.27
[INFO] [stderr]    Compiling pin-project-internal v1.0.2
[INFO] [stderr]    Compiling serde_derive v1.0.123
[INFO] [stderr]    Compiling thiserror-impl v1.0.23
[INFO] [stderr]    Compiling structopt-derive v0.4.14
[INFO] [stderr]    Compiling async-trait v0.1.42
[INFO] [stderr]    Compiling thiserror v1.0.23
[INFO] [stderr]    Compiling zip v0.5.9
[INFO] [stderr]    Compiling pin-project v1.0.2
[INFO] [stderr]    Compiling structopt v0.3.21
[INFO] [stderr]    Compiling futures-util v0.3.8
[INFO] [stderr]    Compiling pin-project v0.4.27
[INFO] [stderr]    Compiling tracing-futures v0.2.4
[INFO] [stderr]    Compiling tokio-stream v0.1.1
[INFO] [stderr]    Compiling tokio-native-tls v0.3.0
[INFO] [stderr]    Compiling serde v1.0.123
[INFO] [stderr]    Compiling tokio-util v0.6.0
[INFO] [stderr]    Compiling h2 v0.3.0
[INFO] [stderr]    Compiling serde_urlencoded v0.7.0
[INFO] [stderr]    Compiling serde_json v1.0.62
[INFO] [stderr]    Compiling chrono v0.4.19
[INFO] [stderr]    Compiling hyper v0.14.2
[INFO] [stderr]    Compiling hyper-tls v0.5.0
[INFO] [stderr]    Compiling reqwest v0.11.0
[INFO] [stderr]    Compiling jvc v0.1.18 (/opt/rustwide/workdir)
[INFO] [stderr]     Finished dev [unoptimized + debuginfo] target(s) in 55.37s
[INFO] running `Command { std: "docker" "inspect" "a54003bf451bd9c8a900ed3f8744f34cb9b52fb1294c24d4c4ff3a879b518941", kill_on_drop: false }`
[INFO] running `Command { std: "docker" "rm" "-f" "a54003bf451bd9c8a900ed3f8744f34cb9b52fb1294c24d4c4ff3a879b518941", kill_on_drop: false }`
[INFO] [stdout] a54003bf451bd9c8a900ed3f8744f34cb9b52fb1294c24d4c4ff3a879b518941
[INFO] running `Command { std: "docker" "create" "-v" "/var/lib/crater-agent-workspace/builds/worker-7/target:/opt/rustwide/target:rw,Z" "-v" "/var/lib/crater-agent-workspace/builds/worker-7/source:/opt/rustwide/workdir:ro,Z" "-v" "/var/lib/crater-agent-workspace/cargo-home:/opt/rustwide/cargo-home:ro,Z" "-v" "/var/lib/crater-agent-workspace/rustup-home:/opt/rustwide/rustup-home:ro,Z" "-e" "SOURCE_DIR=/opt/rustwide/workdir" "-e" "CARGO_TARGET_DIR=/opt/rustwide/target" "-e" "CARGO_INCREMENTAL=0" "-e" "RUST_BACKTRACE=full" "-e" "RUSTFLAGS=--cap-lints=warn" "-e" "CARGO_HOME=/opt/rustwide/cargo-home" "-e" "RUSTUP_HOME=/opt/rustwide/rustup-home" "-w" "/opt/rustwide/workdir" "-m" "1610612736" "--user" "0:0" "--network" "none" "ghcr.io/rust-lang/crates-build-env/linux@sha256:34b6a614d2c27851fe6cbf88fbd1137609cefab8b10d0615aaeb6fd47975d74e" "/opt/rustwide/cargo-home/bin/cargo" "+beta-2021-08-01" "test" "--frozen" "--no-run" "--message-format=json", kill_on_drop: false }`
[INFO] [stderr] WARNING: Your kernel does not support swap limit capabilities or the cgroup is not mounted. Memory limited without swap.
[INFO] [stdout] ea0c0a7a5eb6c3d0b17bb8119aaf934f53d29fbc9d2f5b74a5e181f5b107f53a
[INFO] running `Command { std: "docker" "start" "-a" "ea0c0a7a5eb6c3d0b17bb8119aaf934f53d29fbc9d2f5b74a5e181f5b107f53a", kill_on_drop: false }`
[INFO] [stderr]    Compiling cargo-husky v1.5.0
[INFO] [stderr]    Compiling jvc v0.1.18 (/opt/rustwide/workdir)
[INFO] [stderr]     Finished test [unoptimized + debuginfo] target(s) in 9.11s
[INFO] running `Command { std: "docker" "inspect" "ea0c0a7a5eb6c3d0b17bb8119aaf934f53d29fbc9d2f5b74a5e181f5b107f53a", kill_on_drop: false }`
[INFO] running `Command { std: "docker" "rm" "-f" "ea0c0a7a5eb6c3d0b17bb8119aaf934f53d29fbc9d2f5b74a5e181f5b107f53a", kill_on_drop: false }`
[INFO] [stdout] ea0c0a7a5eb6c3d0b17bb8119aaf934f53d29fbc9d2f5b74a5e181f5b107f53a
[INFO] running `Command { std: "docker" "create" "-v" "/var/lib/crater-agent-workspace/builds/worker-7/target:/opt/rustwide/target:rw,Z" "-v" "/var/lib/crater-agent-workspace/builds/worker-7/source:/opt/rustwide/workdir:ro,Z" "-v" "/var/lib/crater-agent-workspace/cargo-home:/opt/rustwide/cargo-home:ro,Z" "-v" "/var/lib/crater-agent-workspace/rustup-home:/opt/rustwide/rustup-home:ro,Z" "-e" "SOURCE_DIR=/opt/rustwide/workdir" "-e" "CARGO_TARGET_DIR=/opt/rustwide/target" "-e" "CARGO_INCREMENTAL=0" "-e" "RUST_BACKTRACE=full" "-e" "RUSTFLAGS=--cap-lints=warn" "-e" "CARGO_HOME=/opt/rustwide/cargo-home" "-e" "RUSTUP_HOME=/opt/rustwide/rustup-home" "-w" "/opt/rustwide/workdir" "-m" "1610612736" "--user" "0:0" "--network" "none" "ghcr.io/rust-lang/crates-build-env/linux@sha256:34b6a614d2c27851fe6cbf88fbd1137609cefab8b10d0615aaeb6fd47975d74e" "/opt/rustwide/cargo-home/bin/cargo" "+beta-2021-08-01" "test" "--frozen", kill_on_drop: false }`
[INFO] [stderr] WARNING: Your kernel does not support swap limit capabilities or the cgroup is not mounted. Memory limited without swap.
[INFO] [stdout] da9f05ac90721a33db9e81516e75813eca818646057eadbd69b6dc79f2a9ff6e
[INFO] running `Command { std: "docker" "start" "-a" "da9f05ac90721a33db9e81516e75813eca818646057eadbd69b6dc79f2a9ff6e", kill_on_drop: false }`
[INFO] [stderr]     Finished test [unoptimized + debuginfo] target(s) in 0.13s
[INFO] [stderr]      Running unittests (/opt/rustwide/target/debug/deps/jvc-0f6d4fafa5e95150)
[INFO] [stdout] 
[INFO] [stdout] running 19 tests
[INFO] [stdout] test client::azul_client::tests::test_url_all_version_creation ... ok
[INFO] [stdout] test client::azul_client::tests::test_url_creation ... ok
[INFO] [stdout] test client::package_client::tests::get_client_should_return_correct_value ... ok
[INFO] [stdout] test config::tests::download_dir_should_contain_downloads ... ok
[INFO] [stdout] test config::tests::create_all_dir_if_missing_should_work ... ok
[INFO] [stdout] test client::package_client::tests::get_base_url_should_work_for_azul ... ok
[INFO] [stdout] test version::tests::should_create_version_without_lts_from_disk ... ok
[INFO] [stdout] test version::tests::should_extract_major_version_as_number ... ok
[INFO] [stdout] test config::tests::create_new_client_for_azul_should_be_ok ... ok
[INFO] [stdout] test shell::shell::tests::available_shells_should_be_parsable_from_string ... ok
[INFO] [stdout] test version::tests::should_create_version_from_disk ... ok
[INFO] [stdout] test config::tests::create_new_client_for_adoptopenjdk_should_be_ok ... ok
[INFO] [stdout] test config::tests::aliases_dir_should_be_ok ... ok
[INFO] [stdout] test client::package_client::tests::get_base_url_should_work_for_adoptopenjdk ... ok
[INFO] [stdout] test version::tests::version_should_display_main_version ... ok
[INFO] [stdout] test commands::remove::tests::test_remove_execution_for_big_version ... ok
[INFO] [stdout] test client::package_client::tests::get_all_versions_should_work_for_adoptopenjdk ... FAILED
[INFO] [stdout] test client::package_client::tests::get_all_versions_should_work_for_azul ... FAILED
[INFO] [stdout] test shell::detect::unix::tests::test_get_proc_info ... ok
[INFO] [stdout] 
[INFO] [stdout] failures:
[INFO] [stdout] 
[INFO] [stdout] ---- client::package_client::tests::get_all_versions_should_work_for_adoptopenjdk stdout ----
[INFO] [stdout] thread 'client::package_client::tests::get_all_versions_should_work_for_adoptopenjdk' panicked at 'assertion failed: versions.is_ok()', src/client/package_client.rs:67:9
[INFO] [stdout] stack backtrace:
[INFO] [stdout]    0:     0x55f9068bbcb0 - std::backtrace_rs::backtrace::libunwind::trace::hff4d1766e93f64f1
[INFO] [stdout]                                at /rustc/53fd98ca776cb875bc9e5514f56b52eb74f9e7a9/library/std/src/../../backtrace/src/backtrace/libunwind.rs:90:5
[INFO] [stdout]    1:     0x55f9068bbcb0 - std::backtrace_rs::backtrace::trace_unsynchronized::h56bbc8eb78770bcb
[INFO] [stdout]                                at /rustc/53fd98ca776cb875bc9e5514f56b52eb74f9e7a9/library/std/src/../../backtrace/src/backtrace/mod.rs:66:5
[INFO] [stdout]    2:     0x55f9068bbcb0 - std::sys_common::backtrace::_print_fmt::h5c8e75464faca780
[INFO] [stdout]                                at /rustc/53fd98ca776cb875bc9e5514f56b52eb74f9e7a9/library/std/src/sys_common/backtrace.rs:67:5
[INFO] [stdout]    3:     0x55f9068bbcb0 - <std::sys_common::backtrace::_print::DisplayBacktrace as core::fmt::Display>::fmt::h48b88277def8b362
[INFO] [stdout]                                at /rustc/53fd98ca776cb875bc9e5514f56b52eb74f9e7a9/library/std/src/sys_common/backtrace.rs:46:22
[INFO] [stdout]    4:     0x55f9068e117c - core::fmt::write::h3381b3176fe2b3d3
[INFO] [stdout]                                at /rustc/53fd98ca776cb875bc9e5514f56b52eb74f9e7a9/library/core/src/fmt/mod.rs:1115:17
[INFO] [stdout]    5:     0x55f9068b54c5 - std::io::Write::write_fmt::h5f34a676f60246b5
[INFO] [stdout]                                at /rustc/53fd98ca776cb875bc9e5514f56b52eb74f9e7a9/library/std/src/io/mod.rs:1665:15
[INFO] [stdout]    6:     0x55f9068be2fb - std::sys_common::backtrace::_print::ha537687d6c17dd0d
[INFO] [stdout]                                at /rustc/53fd98ca776cb875bc9e5514f56b52eb74f9e7a9/library/std/src/sys_common/backtrace.rs:49:5
[INFO] [stdout]    7:     0x55f9068be2fb - std::sys_common::backtrace::print::h61376ae57d131d72
[INFO] [stdout]                                at /rustc/53fd98ca776cb875bc9e5514f56b52eb74f9e7a9/library/std/src/sys_common/backtrace.rs:36:9
[INFO] [stdout]    8:     0x55f9068be2fb - std::panicking::default_hook::{{closure}}::h0f7208c0b9644a54
[INFO] [stdout]                                at /rustc/53fd98ca776cb875bc9e5514f56b52eb74f9e7a9/library/std/src/panicking.rs:208:50
[INFO] [stdout]    9:     0x55f9068bde0c - std::panicking::default_hook::hdac7fc06578c14ce
[INFO] [stdout]                                at /rustc/53fd98ca776cb875bc9e5514f56b52eb74f9e7a9/library/std/src/panicking.rs:222:9
[INFO] [stdout]   10:     0x55f9068be9c4 - std::panicking::rust_panic_with_hook::h72b21c283da3d1ef
[INFO] [stdout]                                at /rustc/53fd98ca776cb875bc9e5514f56b52eb74f9e7a9/library/std/src/panicking.rs:622:17
[INFO] [stdout]   11:     0x55f9068be477 - std::panicking::begin_panic_handler::{{closure}}::he5778f1729cff84a
[INFO] [stdout]                                at /rustc/53fd98ca776cb875bc9e5514f56b52eb74f9e7a9/library/std/src/panicking.rs:517:13
[INFO] [stdout]   12:     0x55f9068bc18c - std::sys_common::backtrace::__rust_end_short_backtrace::h2d11ca8b453b4b1d
[INFO] [stdout]                                at /rustc/53fd98ca776cb875bc9e5514f56b52eb74f9e7a9/library/std/src/sys_common/backtrace.rs:141:18
[INFO] [stdout]   13:     0x55f9068be409 - rust_begin_unwind
[INFO] [stdout]                                at /rustc/53fd98ca776cb875bc9e5514f56b52eb74f9e7a9/library/std/src/panicking.rs:515:5
[INFO] [stdout]   14:     0x55f90620caa1 - core::panicking::panic_fmt::hf9de31d4acbce4db
[INFO] [stdout]                                at /rustc/53fd98ca776cb875bc9e5514f56b52eb74f9e7a9/library/core/src/panicking.rs:92:14
[INFO] [stdout]   15:     0x55f90620c9ed - core::panicking::panic::h8a6bc58a21c6c095
[INFO] [stdout]                                at /rustc/53fd98ca776cb875bc9e5514f56b52eb74f9e7a9/library/core/src/panicking.rs:50:5
[INFO] [stdout]   16:     0x55f906250785 - jvc::client::package_client::tests::get_all_versions_should_work_for_adoptopenjdk::{{closure}}::habd0937bc0cdf184
[INFO] [stdout]                                at /opt/rustwide/workdir/src/client/package_client.rs:67:9
[INFO] [stdout]   17:     0x55f90628290b - <core::future::from_generator::GenFuture<T> as core::future::future::Future>::poll::h9aab1409cdd83487
[INFO] [stdout]                                at /rustc/53fd98ca776cb875bc9e5514f56b52eb74f9e7a9/library/core/src/future/mod.rs:80:19
[INFO] [stdout]   18:     0x55f906297ccf - <core::pin::Pin<P> as core::future::future::Future>::poll::h360fc85c73ade12e
[INFO] [stdout]                                at /rustc/53fd98ca776cb875bc9e5514f56b52eb74f9e7a9/library/core/src/future/future.rs:119:9
[INFO] [stdout]   19:     0x55f90627f200 - tokio::runtime::basic_scheduler::Inner<P>::block_on::{{closure}}::{{closure}}::h9e74598bd4918268
[INFO] [stdout]                                at /opt/rustwide/cargo-home/registry/src/github.com-1ecc6299db9ec823/tokio-1.2.0/src/runtime/basic_scheduler.rs:184:58
[INFO] [stdout]   20:     0x55f906290a0c - tokio::coop::with_budget::{{closure}}::h33679f1c67a4f619
[INFO] [stdout]                                at /opt/rustwide/cargo-home/registry/src/github.com-1ecc6299db9ec823/tokio-1.2.0/src/coop.rs:121:9
[INFO] [stdout]   21:     0x55f90627c281 - std::thread::local::LocalKey<T>::try_with::h469626128038d6f8
[INFO] [stdout]                                at /rustc/53fd98ca776cb875bc9e5514f56b52eb74f9e7a9/library/std/src/thread/local.rs:399:16
[INFO] [stdout]   22:     0x55f90627bbdd - std::thread::local::LocalKey<T>::with::h5acb1e784f70e757
[INFO] [stdout]                                at /rustc/53fd98ca776cb875bc9e5514f56b52eb74f9e7a9/library/std/src/thread/local.rs:375:9
[INFO] [stdout]   23:     0x55f90627e9b4 - tokio::coop::with_budget::h2d009bfc9c20154d
[INFO] [stdout]                                at /opt/rustwide/cargo-home/registry/src/github.com-1ecc6299db9ec823/tokio-1.2.0/src/coop.rs:114:5
[INFO] [stdout]   24:     0x55f90627e9b4 - tokio::coop::budget::hbbcba43596477386
[INFO] [stdout]                                at /opt/rustwide/cargo-home/registry/src/github.com-1ecc6299db9ec823/tokio-1.2.0/src/coop.rs:98:5
[INFO] [stdout]   25:     0x55f90627e9b4 - tokio::runtime::basic_scheduler::Inner<P>::block_on::{{closure}}::hf91e561e354941e7
[INFO] [stdout]                                at /opt/rustwide/cargo-home/registry/src/github.com-1ecc6299db9ec823/tokio-1.2.0/src/runtime/basic_scheduler.rs:184:35
[INFO] [stdout]   26:     0x55f906280fd1 - tokio::runtime::basic_scheduler::enter::{{closure}}::hd255500eb5539e81
[INFO] [stdout]                                at /opt/rustwide/cargo-home/registry/src/github.com-1ecc6299db9ec823/tokio-1.2.0/src/runtime/basic_scheduler.rs:266:29
[INFO] [stdout]   27:     0x55f90624491d - tokio::macros::scoped_tls::ScopedKey<T>::set::h888595e21f3fa7d6
[INFO] [stdout]                                at /opt/rustwide/cargo-home/registry/src/github.com-1ecc6299db9ec823/tokio-1.2.0/src/macros/scoped_tls.rs:61:9
[INFO] [stdout]   28:     0x55f9062807ec - tokio::runtime::basic_scheduler::enter::h24e5856b3e2eae79
[INFO] [stdout]                                at /opt/rustwide/cargo-home/registry/src/github.com-1ecc6299db9ec823/tokio-1.2.0/src/runtime/basic_scheduler.rs:266:5
[INFO] [stdout]   29:     0x55f90627d63b - tokio::runtime::basic_scheduler::Inner<P>::block_on::h6ddbfbfb37ad839c
[INFO] [stdout]                                at /opt/rustwide/cargo-home/registry/src/github.com-1ecc6299db9ec823/tokio-1.2.0/src/runtime/basic_scheduler.rs:176:9
[INFO] [stdout]   30:     0x55f90627f484 - tokio::runtime::basic_scheduler::InnerGuard<P>::block_on::h2d16babb76cfc7ad
[INFO] [stdout]                                at /opt/rustwide/cargo-home/registry/src/github.com-1ecc6299db9ec823/tokio-1.2.0/src/runtime/basic_scheduler.rs:405:9
[INFO] [stdout]   31:     0x55f90627fb0c - tokio::runtime::basic_scheduler::BasicScheduler<P>::block_on::h88faabce149b421d
[INFO] [stdout]                                at /opt/rustwide/cargo-home/registry/src/github.com-1ecc6299db9ec823/tokio-1.2.0/src/runtime/basic_scheduler.rs:136:24
[INFO] [stdout]   32:     0x55f9062932dd - tokio::runtime::Runtime::block_on::h60f4a662d7377633
[INFO] [stdout]                                at /opt/rustwide/cargo-home/registry/src/github.com-1ecc6299db9ec823/tokio-1.2.0/src/runtime/mod.rs:450:46
[INFO] [stdout]   33:     0x55f90625040a - jvc::client::package_client::tests::get_all_versions_should_work_for_adoptopenjdk::haf3ddae0c75085cb
[INFO] [stdout]                                at /opt/rustwide/workdir/src/client/package_client.rs:63:5
[INFO] [stdout]   34:     0x55f90625033a - jvc::client::package_client::tests::get_all_versions_should_work_for_adoptopenjdk::{{closure}}::h80288321b4a22741
[INFO] [stdout]                                at /opt/rustwide/workdir/src/client/package_client.rs:63:5
[INFO] [stdout]   35:     0x55f90624669e - core::ops::function::FnOnce::call_once::h7ae504826ae06d8d
[INFO] [stdout]                                at /rustc/53fd98ca776cb875bc9e5514f56b52eb74f9e7a9/library/core/src/ops/function.rs:227:5
[INFO] [stdout]   36:     0x55f9062d24c3 - core::ops::function::FnOnce::call_once::hbb52c4519d3137b0
[INFO] [stdout]                                at /rustc/53fd98ca776cb875bc9e5514f56b52eb74f9e7a9/library/core/src/ops/function.rs:227:5
[INFO] [stdout]   37:     0x55f9062d24c3 - test::__rust_begin_short_backtrace::h86fe3a2a5a5121af
[INFO] [stdout]                                at /rustc/53fd98ca776cb875bc9e5514f56b52eb74f9e7a9/library/test/src/lib.rs:578:5
[INFO] [stdout]   38:     0x55f9062d0f78 - <alloc::boxed::Box<F,A> as core::ops::function::FnOnce<Args>>::call_once::hfd956bc3d57399be
[INFO] [stdout]                                at /rustc/53fd98ca776cb875bc9e5514f56b52eb74f9e7a9/library/alloc/src/boxed.rs:1572:9
[INFO] [stdout]   39:     0x55f9062d0f78 - <std::panic::AssertUnwindSafe<F> as core::ops::function::FnOnce<()>>::call_once::h40dc93e0ddb5938a
[INFO] [stdout]                                at /rustc/53fd98ca776cb875bc9e5514f56b52eb74f9e7a9/library/std/src/panic.rs:347:9
[INFO] [stdout]   40:     0x55f9062d0f78 - std::panicking::try::do_call::h90d07750cb47c562
[INFO] [stdout]                                at /rustc/53fd98ca776cb875bc9e5514f56b52eb74f9e7a9/library/std/src/panicking.rs:401:40
[INFO] [stdout]   41:     0x55f9062d0f78 - std::panicking::try::h063c84733ad2a629
[INFO] [stdout]                                at /rustc/53fd98ca776cb875bc9e5514f56b52eb74f9e7a9/library/std/src/panicking.rs:365:19
[INFO] [stdout]   42:     0x55f9062d0f78 - std::panic::catch_unwind::h0c464836a84e7c08
[INFO] [stdout]                                at /rustc/53fd98ca776cb875bc9e5514f56b52eb74f9e7a9/library/std/src/panic.rs:434:14
[INFO] [stdout]   43:     0x55f9062d0f78 - test::run_test_in_process::h5cb06ef620b157fc
[INFO] [stdout]                                at /rustc/53fd98ca776cb875bc9e5514f56b52eb74f9e7a9/library/test/src/lib.rs:601:18
[INFO] [stdout]   44:     0x55f9062d0f78 - test::run_test::run_test_inner::{{closure}}::h76f677f4b93f9828
[INFO] [stdout]                                at /rustc/53fd98ca776cb875bc9e5514f56b52eb74f9e7a9/library/test/src/lib.rs:493:39
[INFO] [stdout]   45:     0x55f90629f70d - test::run_test::run_test_inner::{{closure}}::h366d01fe04f4d67a
[INFO] [stdout]                                at /rustc/53fd98ca776cb875bc9e5514f56b52eb74f9e7a9/library/test/src/lib.rs:520:37
[INFO] [stdout]   46:     0x55f90629f70d - std::sys_common::backtrace::__rust_begin_short_backtrace::h7dfa0de4eb395af2
[INFO] [stdout]                                at /rustc/53fd98ca776cb875bc9e5514f56b52eb74f9e7a9/library/std/src/sys_common/backtrace.rs:125:18
[INFO] [stdout]   47:     0x55f9062a3ed8 - std::thread::Builder::spawn_unchecked::{{closure}}::{{closure}}::hf0a74bb58798037f
[INFO] [stdout]                                at /rustc/53fd98ca776cb875bc9e5514f56b52eb74f9e7a9/library/std/src/thread/mod.rs:476:17
[INFO] [stdout]   48:     0x55f9062a3ed8 - <std::panic::AssertUnwindSafe<F> as core::ops::function::FnOnce<()>>::call_once::hb024e854818586ac
[INFO] [stdout]                                at /rustc/53fd98ca776cb875bc9e5514f56b52eb74f9e7a9/library/std/src/panic.rs:347:9
[INFO] [stdout]   49:     0x55f9062a3ed8 - std::panicking::try::do_call::hb2dd9f1d0d48e41d
[INFO] [stdout]                                at /rustc/53fd98ca776cb875bc9e5514f56b52eb74f9e7a9/library/std/src/panicking.rs:401:40
[INFO] [stdout]   50:     0x55f9062a3ed8 - std::panicking::try::h4717ae7bac8b2bf3
[INFO] [stdout]                                at /rustc/53fd98ca776cb875bc9e5514f56b52eb74f9e7a9/library/std/src/panicking.rs:365:19
[INFO] [stdout]   51:     0x55f9062a3ed8 - std::panic::catch_unwind::h0dc8a061326ce8d8
[INFO] [stdout]                                at /rustc/53fd98ca776cb875bc9e5514f56b52eb74f9e7a9/library/std/src/panic.rs:434:14
[INFO] [stdout]   52:     0x55f9062a3ed8 - std::thread::Builder::spawn_unchecked::{{closure}}::haa369e2d6fd00aa1
[INFO] [stdout]                                at /rustc/53fd98ca776cb875bc9e5514f56b52eb74f9e7a9/library/std/src/thread/mod.rs:475:30
[INFO] [stdout]   53:     0x55f9062a3ed8 - core::ops::function::FnOnce::call_once{{vtable.shim}}::h36dcf3de8b056f17
[INFO] [stdout]                                at /rustc/53fd98ca776cb875bc9e5514f56b52eb74f9e7a9/library/core/src/ops/function.rs:227:5
[INFO] [stdout]   54:     0x55f9068c4ba7 - <alloc::boxed::Box<F,A> as core::ops::function::FnOnce<Args>>::call_once::h65c29e4642be2358
[INFO] [stdout]                                at /rustc/53fd98ca776cb875bc9e5514f56b52eb74f9e7a9/library/alloc/src/boxed.rs:1572:9
[INFO] [stdout]   55:     0x55f9068c4ba7 - <alloc::boxed::Box<F,A> as core::ops::function::FnOnce<Args>>::call_once::hd0f8f7fbbd9fffbf
[INFO] [stdout]                                at /rustc/53fd98ca776cb875bc9e5514f56b52eb74f9e7a9/library/alloc/src/boxed.rs:1572:9
[INFO] [stdout]   56:     0x55f9068c4ba7 - std::sys::unix::thread::Thread::new::thread_start::h2fd22fee3ca77b65
[INFO] [stdout]                                at /rustc/53fd98ca776cb875bc9e5514f56b52eb74f9e7a9/library/std/src/sys/unix/thread.rs:74:17
[INFO] [stdout]   57:     0x7f3477ad1609 - start_thread
[INFO] [stdout]   58:     0x7f34778a1293 - clone
[INFO] [stdout]   59:                0x0 - <unknown>
[INFO] [stdout] 
[INFO] [stdout] ---- client::package_client::tests::get_all_versions_should_work_for_azul stdout ----
[INFO] [stdout] thread 'client::package_client::tests::get_all_versions_should_work_for_azul' panicked at 'assertion failed: versions.is_ok()', src/client/package_client.rs:61:9
[INFO] [stdout] stack backtrace:
[INFO] [stdout]    0:     0x55f9068bbcb0 - std::backtrace_rs::backtrace::libunwind::trace::hff4d1766e93f64f1
[INFO] [stdout]                                at /rustc/53fd98ca776cb875bc9e5514f56b52eb74f9e7a9/library/std/src/../../backtrace/src/backtrace/libunwind.rs:90:5
[INFO] [stdout]    1:     0x55f9068bbcb0 - std::backtrace_rs::backtrace::trace_unsynchronized::h56bbc8eb78770bcb
[INFO] [stdout]                                at /rustc/53fd98ca776cb875bc9e5514f56b52eb74f9e7a9/library/std/src/../../backtrace/src/backtrace/mod.rs:66:5
[INFO] [stdout]    2:     0x55f9068bbcb0 - std::sys_common::backtrace::_print_fmt::h5c8e75464faca780
[INFO] [stdout]                                at /rustc/53fd98ca776cb875bc9e5514f56b52eb74f9e7a9/library/std/src/sys_common/backtrace.rs:67:5
[INFO] [stdout]    3:     0x55f9068bbcb0 - <std::sys_common::backtrace::_print::DisplayBacktrace as core::fmt::Display>::fmt::h48b88277def8b362
[INFO] [stdout]                                at /rustc/53fd98ca776cb875bc9e5514f56b52eb74f9e7a9/library/std/src/sys_common/backtrace.rs:46:22
[INFO] [stdout]    4:     0x55f9068e117c - core::fmt::write::h3381b3176fe2b3d3
[INFO] [stdout]                                at /rustc/53fd98ca776cb875bc9e5514f56b52eb74f9e7a9/library/core/src/fmt/mod.rs:1115:17
[INFO] [stdout]    5:     0x55f9068b54c5 - std::io::Write::write_fmt::h5f34a676f60246b5
[INFO] [stdout]                                at /rustc/53fd98ca776cb875bc9e5514f56b52eb74f9e7a9/library/std/src/io/mod.rs:1665:15
[INFO] [stdout]    6:     0x55f9068be2fb - std::sys_common::backtrace::_print::ha537687d6c17dd0d
[INFO] [stdout]                                at /rustc/53fd98ca776cb875bc9e5514f56b52eb74f9e7a9/library/std/src/sys_common/backtrace.rs:49:5
[INFO] [stdout]    7:     0x55f9068be2fb - std::sys_common::backtrace::print::h61376ae57d131d72
[INFO] [stdout]                                at /rustc/53fd98ca776cb875bc9e5514f56b52eb74f9e7a9/library/std/src/sys_common/backtrace.rs:36:9
[INFO] [stdout]    8:     0x55f9068be2fb - std::panicking::default_hook::{{closure}}::h0f7208c0b9644a54
[INFO] [stdout]                                at /rustc/53fd98ca776cb875bc9e5514f56b52eb74f9e7a9/library/std/src/panicking.rs:208:50
[INFO] [stdout]    9:     0x55f9068bde0c - std::panicking::default_hook::hdac7fc06578c14ce
[INFO] [stdout]                                at /rustc/53fd98ca776cb875bc9e5514f56b52eb74f9e7a9/library/std/src/panicking.rs:222:9
[INFO] [stdout]   10:     0x55f9068be9c4 - std::panicking::rust_panic_with_hook::h72b21c283da3d1ef
[INFO] [stdout]                                at /rustc/53fd98ca776cb875bc9e5514f56b52eb74f9e7a9/library/std/src/panicking.rs:622:17
[INFO] [stdout]   11:     0x55f9068be477 - std::panicking::begin_panic_handler::{{closure}}::he5778f1729cff84a
[INFO] [stdout]                                at /rustc/53fd98ca776cb875bc9e5514f56b52eb74f9e7a9/library/std/src/panicking.rs:517:13
[INFO] [stdout]   12:     0x55f9068bc18c - std::sys_common::backtrace::__rust_end_short_backtrace::h2d11ca8b453b4b1d
[INFO] [stdout]                                at /rustc/53fd98ca776cb875bc9e5514f56b52eb74f9e7a9/library/std/src/sys_common/backtrace.rs:141:18
[INFO] [stdout]   13:     0x55f9068be409 - rust_begin_unwind
[INFO] [stdout]                                at /rustc/53fd98ca776cb875bc9e5514f56b52eb74f9e7a9/library/std/src/panicking.rs:515:5
[INFO] [stdout]   14:     0x55f90620caa1 - core::panicking::panic_fmt::hf9de31d4acbce4db
[INFO] [stdout]                                at /rustc/53fd98ca776cb875bc9e5514f56b52eb74f9e7a9/library/core/src/panicking.rs:92:14
[INFO] [stdout]   15:     0x55f90620c9ed - core::panicking::panic::h8a6bc58a21c6c095
[INFO] [stdout]                                at /rustc/53fd98ca776cb875bc9e5514f56b52eb74f9e7a9/library/core/src/panicking.rs:50:5
[INFO] [stdout]   16:     0x55f9062502f5 - jvc::client::package_client::tests::get_all_versions_should_work_for_azul::{{closure}}::h9092686c03b564de
[INFO] [stdout]                                at /opt/rustwide/workdir/src/client/package_client.rs:61:9
[INFO] [stdout]   17:     0x55f906282dcb - <core::future::from_generator::GenFuture<T> as core::future::future::Future>::poll::hb95b2d219f9282fa
[INFO] [stdout]                                at /rustc/53fd98ca776cb875bc9e5514f56b52eb74f9e7a9/library/core/src/future/mod.rs:80:19
[INFO] [stdout]   18:     0x55f906297dbf - <core::pin::Pin<P> as core::future::future::Future>::poll::hc1ce5f1229300087
[INFO] [stdout]                                at /rustc/53fd98ca776cb875bc9e5514f56b52eb74f9e7a9/library/core/src/future/future.rs:119:9
[INFO] [stdout]   19:     0x55f90627f290 - tokio::runtime::basic_scheduler::Inner<P>::block_on::{{closure}}::{{closure}}::hd03800a9a6a51848
[INFO] [stdout]                                at /opt/rustwide/cargo-home/registry/src/github.com-1ecc6299db9ec823/tokio-1.2.0/src/runtime/basic_scheduler.rs:184:58
[INFO] [stdout]   20:     0x55f9062908dc - tokio::coop::with_budget::{{closure}}::h1c9cd159dd93ac1b
[INFO] [stdout]                                at /opt/rustwide/cargo-home/registry/src/github.com-1ecc6299db9ec823/tokio-1.2.0/src/coop.rs:121:9
[INFO] [stdout]   21:     0x55f90627c3b1 - std::thread::local::LocalKey<T>::try_with::h56d615210e5616de
[INFO] [stdout]                                at /rustc/53fd98ca776cb875bc9e5514f56b52eb74f9e7a9/library/std/src/thread/local.rs:399:16
[INFO] [stdout]   22:     0x55f90627ba5d - std::thread::local::LocalKey<T>::with::h199866f70c217784
[INFO] [stdout]                                at /rustc/53fd98ca776cb875bc9e5514f56b52eb74f9e7a9/library/std/src/thread/local.rs:375:9
[INFO] [stdout]   23:     0x55f90627d924 - tokio::coop::with_budget::h54b6d67b5d0c1131
[INFO] [stdout]                                at /opt/rustwide/cargo-home/registry/src/github.com-1ecc6299db9ec823/tokio-1.2.0/src/coop.rs:114:5
[INFO] [stdout]   24:     0x55f90627d924 - tokio::coop::budget::h62ef3bf7c12d5de4
[INFO] [stdout]                                at /opt/rustwide/cargo-home/registry/src/github.com-1ecc6299db9ec823/tokio-1.2.0/src/coop.rs:98:5
[INFO] [stdout]   25:     0x55f90627d924 - tokio::runtime::basic_scheduler::Inner<P>::block_on::{{closure}}::h28507ad00a9a6450
[INFO] [stdout]                                at /opt/rustwide/cargo-home/registry/src/github.com-1ecc6299db9ec823/tokio-1.2.0/src/runtime/basic_scheduler.rs:184:35
[INFO] [stdout]   26:     0x55f906280f51 - tokio::runtime::basic_scheduler::enter::{{closure}}::h993af8d1bc79d788
[INFO] [stdout]                                at /opt/rustwide/cargo-home/registry/src/github.com-1ecc6299db9ec823/tokio-1.2.0/src/runtime/basic_scheduler.rs:266:29
[INFO] [stdout]   27:     0x55f90624482d - tokio::macros::scoped_tls::ScopedKey<T>::set::h2e5fe535821e51aa
[INFO] [stdout]                                at /opt/rustwide/cargo-home/registry/src/github.com-1ecc6299db9ec823/tokio-1.2.0/src/macros/scoped_tls.rs:61:9
[INFO] [stdout]   28:     0x55f906280b5c - tokio::runtime::basic_scheduler::enter::ha5c2a6c98d60bf5e
[INFO] [stdout]                                at /opt/rustwide/cargo-home/registry/src/github.com-1ecc6299db9ec823/tokio-1.2.0/src/runtime/basic_scheduler.rs:266:5
[INFO] [stdout]   29:     0x55f90627d61b - tokio::runtime::basic_scheduler::Inner<P>::block_on::h4ec11c4fb5171ce5
[INFO] [stdout]                                at /opt/rustwide/cargo-home/registry/src/github.com-1ecc6299db9ec823/tokio-1.2.0/src/runtime/basic_scheduler.rs:176:9
[INFO] [stdout]   30:     0x55f90627f354 - tokio::runtime::basic_scheduler::InnerGuard<P>::block_on::h20c3a72df2b2387e
[INFO] [stdout]                                at /opt/rustwide/cargo-home/registry/src/github.com-1ecc6299db9ec823/tokio-1.2.0/src/runtime/basic_scheduler.rs:405:9
[INFO] [stdout]   31:     0x55f90627f78c - tokio::runtime::basic_scheduler::BasicScheduler<P>::block_on::h57a558c8e552bbbe
[INFO] [stdout]                                at /opt/rustwide/cargo-home/registry/src/github.com-1ecc6299db9ec823/tokio-1.2.0/src/runtime/basic_scheduler.rs:136:24
[INFO] [stdout]   32:     0x55f9062933dd - tokio::runtime::Runtime::block_on::h6b54115155cdb26c
[INFO] [stdout]                                at /opt/rustwide/cargo-home/registry/src/github.com-1ecc6299db9ec823/tokio-1.2.0/src/runtime/mod.rs:450:46
[INFO] [stdout]   33:     0x55f90624ff7a - jvc::client::package_client::tests::get_all_versions_should_work_for_azul::h4e6b8583504bb275
[INFO] [stdout]                                at /opt/rustwide/workdir/src/client/package_client.rs:57:5
[INFO] [stdout]   34:     0x55f90624feaa - jvc::client::package_client::tests::get_all_versions_should_work_for_azul::{{closure}}::h870d32278b9c1eae
[INFO] [stdout]                                at /opt/rustwide/workdir/src/client/package_client.rs:57:5
[INFO] [stdout]   35:     0x55f90624650e - core::ops::function::FnOnce::call_once::h45ec7cefd8c2ab2f
[INFO] [stdout]                                at /rustc/53fd98ca776cb875bc9e5514f56b52eb74f9e7a9/library/core/src/ops/function.rs:227:5
[INFO] [stdout]   36:     0x55f9062d24c3 - core::ops::function::FnOnce::call_once::hbb52c4519d3137b0
[INFO] [stdout]                                at /rustc/53fd98ca776cb875bc9e5514f56b52eb74f9e7a9/library/core/src/ops/function.rs:227:5
[INFO] [stdout]   37:     0x55f9062d24c3 - test::__rust_begin_short_backtrace::h86fe3a2a5a5121af
[INFO] [stdout]                                at /rustc/53fd98ca776cb875bc9e5514f56b52eb74f9e7a9/library/test/src/lib.rs:578:5
[INFO] [stdout]   38:     0x55f9062d0f78 - <alloc::boxed::Box<F,A> as core::ops::function::FnOnce<Args>>::call_once::hfd956bc3d57399be
[INFO] [stdout]                                at /rustc/53fd98ca776cb875bc9e5514f56b52eb74f9e7a9/library/alloc/src/boxed.rs:1572:9
[INFO] [stdout]   39:     0x55f9062d0f78 - <std::panic::AssertUnwindSafe<F> as core::ops::function::FnOnce<()>>::call_once::h40dc93e0ddb5938a
[INFO] [stdout]                                at /rustc/53fd98ca776cb875bc9e5514f56b52eb74f9e7a9/library/std/src/panic.rs:347:9
[INFO] [stdout]   40:     0x55f9062d0f78 - std::panicking::try::do_call::h90d07750cb47c562
[INFO] [stdout]                                at /rustc/53fd98ca776cb875bc9e5514f56b52eb74f9e7a9/library/std/src/panicking.rs:401:40
[INFO] [stdout]   41:     0x55f9062d0f78 - std::panicking::try::h063c84733ad2a629
[INFO] [stdout]                                at /rustc/53fd98ca776cb875bc9e5514f56b52eb74f9e7a9/library/std/src/panicking.rs:365:19
[INFO] [stdout]   42:     0x55f9062d0f78 - std::panic::catch_unwind::h0c464836a84e7c08
[INFO] [stdout]                                at /rustc/53fd98ca776cb875bc9e5514f56b52eb74f9e7a9/library/std/src/panic.rs:434:14
[INFO] [stdout]   43:     0x55f9062d0f78 - test::run_test_in_process::h5cb06ef620b157fc
[INFO] [stdout]                                at /rustc/53fd98ca776cb875bc9e5514f56b52eb74f9e7a9/library/test/src/lib.rs:601:18
[INFO] [stdout]   44:     0x55f9062d0f78 - test::run_test::run_test_inner::{{closure}}::h76f677f4b93f9828
[INFO] [stdout]                                at /rustc/53fd98ca776cb875bc9e5514f56b52eb74f9e7a9/library/test/src/lib.rs:493:39
[INFO] [stdout]   45:     0x55f90629f70d - test::run_test::run_test_inner::{{closure}}::h366d01fe04f4d67a
[INFO] [stdout]                                at /rustc/53fd98ca776cb875bc9e5514f56b52eb74f9e7a9/library/test/src/lib.rs:520:37
[INFO] [stdout]   46:     0x55f90629f70d - std::sys_common::backtrace::__rust_begin_short_backtrace::h7dfa0de4eb395af2
[INFO] [stdout]                                at /rustc/53fd98ca776cb875bc9e5514f56b52eb74f9e7a9/library/std/src/sys_common/backtrace.rs:125:18
[INFO] [stdout]   47:     0x55f9062a3ed8 - std::thread::Builder::spawn_unchecked::{{closure}}::{{closure}}::hf0a74bb58798037f
[INFO] [stdout]                                at /rustc/53fd98ca776cb875bc9e5514f56b52eb74f9e7a9/library/std/src/thread/mod.rs:476:17
[INFO] [stdout]   48:     0x55f9062a3ed8 - <std::panic::AssertUnwindSafe<F> as core::ops::function::FnOnce<()>>::call_once::hb024e854818586ac
[INFO] [stdout]                                at /rustc/53fd98ca776cb875bc9e5514f56b52eb74f9e7a9/library/std/src/panic.rs:347:9
[INFO] [stdout]   49:     0x55f9062a3ed8 - std::panicking::try::do_call::hb2dd9f1d0d48e41d
[INFO] [stdout]                                at /rustc/53fd98ca776cb875bc9e5514f56b52eb74f9e7a9/library/std/src/panicking.rs:401:40
[INFO] [stdout]   50:     0x55f9062a3ed8 - std::panicking::try::h4717ae7bac8b2bf3
[INFO] [stdout]                                at /rustc/53fd98ca776cb875bc9e5514f56b52eb74f9e7a9/library/std/src/panicking.rs:365:19
[INFO] [stdout]   51:     0x55f9062a3ed8 - std::panic::catch_unwind::h0dc8a061326ce8d8
[INFO] [stdout]                                at /rustc/53fd98ca776cb875bc9e5514f56b52eb74f9e7a9/library/std/src/panic.rs:434:14
[INFO] [stdout]   52:     0x55f9062a3ed8 - std::thread::Builder::spawn_unchecked::{{closure}}::haa369e2d6fd00aa1
[INFO] [stdout]                                at /rustc/53fd98ca776cb875bc9e5514f56b52eb74f9e7a9/library/std/src/thread/mod.rs:475:30
[INFO] [stdout]   53:     0x55f9062a3ed8 - core::ops::function::FnOnce::call_once{{vtable.shim}}::h36dcf3de8b056f17
[INFO] [stdout]                                at /rustc/53fd98ca776cb875bc9e5514f56b52eb74f9e7a9/library/core/src/ops/function.rs:227:5
[INFO] [stdout]   54:     0x55f9068c4ba7 - <alloc::boxed::Box<F,A> as core::ops::function::FnOnce<Args>>::call_once::h65c29e4642be2358
[INFO] [stdout]                                at /rustc/53fd98ca776cb875bc9e5514f56b52eb74f9e7a9/library/alloc/src/boxed.rs:1572:9
[INFO] [stdout]   55:     0x55f9068c4ba7 - <alloc::boxed::Box<F,A> as core::ops::function::FnOnce<Args>>::call_once::hd0f8f7fbbd9fffbf
[INFO] [stdout]                                at /rustc/53fd98ca776cb875bc9e5514f56b52eb74f9e7a9/library/alloc/src/boxed.rs:1572:9
[INFO] [stdout]   56:     0x55f9068c4ba7 - std::sys::unix::thread::Thread::new::thread_start::h2fd22fee3ca77b65
[INFO] [stdout]                                at /rustc/53fd98ca776cb875bc9e5514f56b52eb74f9e7a9/library/std/src/sys/unix/thread.rs:74:17
[INFO] [stdout]   57:     0x7f3477ad1609 - start_thread
[INFO] [stdout]   58:     0x7f34778a1293 - clone
[INFO] [stdout]   59:                0x0 - <unknown>
[INFO] [stdout] 
[INFO] [stdout] 
[INFO] [stdout] failures:
[INFO] [stdout]     client::package_client::tests::get_all_versions_should_work_for_adoptopenjdk
[INFO] [stdout]     client::package_client::tests::get_all_versions_should_work_for_azul
[INFO] [stdout] 
[INFO] [stdout] test result: FAILED. 17 passed; 2 failed; 0 ignored; 0 measured; 0 filtered out; finished in 0.07s
[INFO] [stdout] 
[INFO] [stderr] error: test failed, to rerun pass '--bin jvc'
[INFO] running `Command { std: "docker" "inspect" "da9f05ac90721a33db9e81516e75813eca818646057eadbd69b6dc79f2a9ff6e", kill_on_drop: false }`
[INFO] running `Command { std: "docker" "rm" "-f" "da9f05ac90721a33db9e81516e75813eca818646057eadbd69b6dc79f2a9ff6e", kill_on_drop: false }`
[INFO] [stdout] da9f05ac90721a33db9e81516e75813eca818646057eadbd69b6dc79f2a9ff6e
