[INFO] fetching crate julia-set 0.1.0...
[INFO] testing julia-set-0.1.0 against 1.54.0 for beta-1.55-1
[INFO] extracting crate julia-set 0.1.0 into /workspace/builds/worker-3/source
[INFO] validating manifest of crates.io crate julia-set 0.1.0 on toolchain 1.54.0
[INFO] running `Command { std: "/workspace/cargo-home/bin/cargo" "+1.54.0" "metadata" "--manifest-path" "Cargo.toml" "--no-deps", kill_on_drop: false }`
[INFO] started tweaking crates.io crate julia-set 0.1.0
[INFO] removed 0 missing examples
[INFO] removed 0 missing tests
[INFO] finished tweaking crates.io crate julia-set 0.1.0
[INFO] tweaked toml for crates.io crate julia-set 0.1.0 written to /workspace/builds/worker-3/source/Cargo.toml
[INFO] crate crates.io crate julia-set 0.1.0 already has a lockfile, it will not be regenerated
[INFO] running `Command { std: "/workspace/cargo-home/bin/cargo" "+1.54.0" "fetch" "--manifest-path" "Cargo.toml", kill_on_drop: false }`
[INFO] running `Command { std: "docker" "create" "-v" "/var/lib/crater-agent-workspace/builds/worker-3/target:/opt/rustwide/target:rw,Z" "-v" "/var/lib/crater-agent-workspace/builds/worker-3/source:/opt/rustwide/workdir:ro,Z" "-v" "/var/lib/crater-agent-workspace/cargo-home:/opt/rustwide/cargo-home:ro,Z" "-v" "/var/lib/crater-agent-workspace/rustup-home:/opt/rustwide/rustup-home:ro,Z" "-e" "SOURCE_DIR=/opt/rustwide/workdir" "-e" "CARGO_TARGET_DIR=/opt/rustwide/target" "-e" "CARGO_HOME=/opt/rustwide/cargo-home" "-e" "RUSTUP_HOME=/opt/rustwide/rustup-home" "-w" "/opt/rustwide/workdir" "-m" "1610612736" "--user" "0:0" "--network" "none" "ghcr.io/rust-lang/crates-build-env/linux@sha256:34b6a614d2c27851fe6cbf88fbd1137609cefab8b10d0615aaeb6fd47975d74e" "/opt/rustwide/cargo-home/bin/cargo" "+1.54.0" "metadata" "--no-deps" "--format-version=1", kill_on_drop: false }`
[INFO] [stderr] WARNING: Your kernel does not support swap limit capabilities or the cgroup is not mounted. Memory limited without swap.
[INFO] [stdout] bfb9534a71bc8a6b6aed2690590e3f9d69c297d2fbc94651f20597160c57fc90
[INFO] running `Command { std: "docker" "start" "-a" "bfb9534a71bc8a6b6aed2690590e3f9d69c297d2fbc94651f20597160c57fc90", kill_on_drop: false }`
[INFO] running `Command { std: "docker" "inspect" "bfb9534a71bc8a6b6aed2690590e3f9d69c297d2fbc94651f20597160c57fc90", kill_on_drop: false }`
[INFO] running `Command { std: "docker" "rm" "-f" "bfb9534a71bc8a6b6aed2690590e3f9d69c297d2fbc94651f20597160c57fc90", kill_on_drop: false }`
[INFO] [stdout] bfb9534a71bc8a6b6aed2690590e3f9d69c297d2fbc94651f20597160c57fc90
[INFO] running `Command { std: "docker" "create" "-v" "/var/lib/crater-agent-workspace/builds/worker-3/target:/opt/rustwide/target:rw,Z" "-v" "/var/lib/crater-agent-workspace/builds/worker-3/source:/opt/rustwide/workdir:ro,Z" "-v" "/var/lib/crater-agent-workspace/cargo-home:/opt/rustwide/cargo-home:ro,Z" "-v" "/var/lib/crater-agent-workspace/rustup-home:/opt/rustwide/rustup-home:ro,Z" "-e" "SOURCE_DIR=/opt/rustwide/workdir" "-e" "CARGO_TARGET_DIR=/opt/rustwide/target" "-e" "CARGO_INCREMENTAL=0" "-e" "RUST_BACKTRACE=full" "-e" "RUSTFLAGS=--cap-lints=warn" "-e" "CARGO_HOME=/opt/rustwide/cargo-home" "-e" "RUSTUP_HOME=/opt/rustwide/rustup-home" "-w" "/opt/rustwide/workdir" "-m" "1610612736" "--user" "0:0" "--network" "none" "ghcr.io/rust-lang/crates-build-env/linux@sha256:34b6a614d2c27851fe6cbf88fbd1137609cefab8b10d0615aaeb6fd47975d74e" "/opt/rustwide/cargo-home/bin/cargo" "+1.54.0" "build" "--frozen" "--message-format=json", kill_on_drop: false }`
[INFO] [stdout] d9b677cedcb57d1bb8e2aab8d2d61a8b4b36cf4c1702b7b08e5147bd56fa6571
[INFO] [stderr] WARNING: Your kernel does not support swap limit capabilities or the cgroup is not mounted. Memory limited without swap.
[INFO] running `Command { std: "docker" "start" "-a" "d9b677cedcb57d1bb8e2aab8d2d61a8b4b36cf4c1702b7b08e5147bd56fa6571", kill_on_drop: false }`
[INFO] [stderr]    Compiling proc-macro2 v1.0.24
[INFO] [stderr]    Compiling byteorder v1.4.2
[INFO] [stderr]    Compiling syn v1.0.58
[INFO] [stderr]    Compiling anyhow v1.0.37
[INFO] [stderr]    Compiling julia-set v0.1.0 (/opt/rustwide/workdir)
[INFO] [stderr]    Compiling num-complex v0.3.1
[INFO] [stderr]    Compiling deflate v0.8.6
[INFO] [stderr]    Compiling jpeg-decoder v0.1.20
[INFO] [stderr]    Compiling png v0.16.8
[INFO] [stderr]    Compiling quote v1.0.8
[INFO] [stderr]    Compiling image v0.23.12
[INFO] [stderr]    Compiling thiserror-impl v1.0.23
[INFO] [stderr]    Compiling thiserror v1.0.23
[INFO] [stderr]     Finished dev [unoptimized + debuginfo] target(s) in 16.30s
[INFO] running `Command { std: "docker" "inspect" "d9b677cedcb57d1bb8e2aab8d2d61a8b4b36cf4c1702b7b08e5147bd56fa6571", kill_on_drop: false }`
[INFO] running `Command { std: "docker" "rm" "-f" "d9b677cedcb57d1bb8e2aab8d2d61a8b4b36cf4c1702b7b08e5147bd56fa6571", kill_on_drop: false }`
[INFO] [stdout] d9b677cedcb57d1bb8e2aab8d2d61a8b4b36cf4c1702b7b08e5147bd56fa6571
[INFO] running `Command { std: "docker" "create" "-v" "/var/lib/crater-agent-workspace/builds/worker-3/target:/opt/rustwide/target:rw,Z" "-v" "/var/lib/crater-agent-workspace/builds/worker-3/source:/opt/rustwide/workdir:ro,Z" "-v" "/var/lib/crater-agent-workspace/cargo-home:/opt/rustwide/cargo-home:ro,Z" "-v" "/var/lib/crater-agent-workspace/rustup-home:/opt/rustwide/rustup-home:ro,Z" "-e" "SOURCE_DIR=/opt/rustwide/workdir" "-e" "CARGO_TARGET_DIR=/opt/rustwide/target" "-e" "CARGO_INCREMENTAL=0" "-e" "RUST_BACKTRACE=full" "-e" "RUSTFLAGS=--cap-lints=warn" "-e" "CARGO_HOME=/opt/rustwide/cargo-home" "-e" "RUSTUP_HOME=/opt/rustwide/rustup-home" "-w" "/opt/rustwide/workdir" "-m" "1610612736" "--user" "0:0" "--network" "none" "ghcr.io/rust-lang/crates-build-env/linux@sha256:34b6a614d2c27851fe6cbf88fbd1137609cefab8b10d0615aaeb6fd47975d74e" "/opt/rustwide/cargo-home/bin/cargo" "+1.54.0" "test" "--frozen" "--no-run" "--message-format=json", kill_on_drop: false }`
[INFO] [stdout] 424a6f778963f7a762606a27efcf971f658a0758420f29a4816f91d1ae44b4f9
[INFO] [stderr] WARNING: Your kernel does not support swap limit capabilities or the cgroup is not mounted. Memory limited without swap.
[INFO] running `Command { std: "docker" "start" "-a" "424a6f778963f7a762606a27efcf971f658a0758420f29a4816f91d1ae44b4f9", kill_on_drop: false }`
[INFO] [stderr]    Compiling serde v1.0.118
[INFO] [stderr]    Compiling libc v0.2.82
[INFO] [stderr]    Compiling regex-syntax v0.6.22
[INFO] [stderr]    Compiling regex-automata v0.1.9
[INFO] [stderr]    Compiling julia-set v0.1.0 (/opt/rustwide/workdir)
[INFO] [stderr]    Compiling csv-core v0.1.10
[INFO] [stderr]    Compiling crossbeam-epoch v0.9.1
[INFO] [stderr]    Compiling proc-macro-error-attr v1.0.4
[INFO] [stderr]    Compiling pulldown-cmark v0.7.2
[INFO] [stderr]    Compiling plotters v0.2.15
[INFO] [stderr]    Compiling serde_derive v1.0.118
[INFO] [stderr]    Compiling crossbeam-deque v0.8.0
[INFO] [stderr]    Compiling proc-macro-error v1.0.4
[INFO] [stderr]    Compiling structopt-derive v0.4.14
[INFO] [stderr]    Compiling num_cpus v1.13.0
[INFO] [stderr]    Compiling atty v0.2.14
[INFO] [stderr]    Compiling clap v2.33.3
[INFO] [stderr]    Compiling rayon-core v1.9.0
[INFO] [stderr]    Compiling rayon v1.5.0
[INFO] [stderr]    Compiling regex v1.4.3
[INFO] [stderr]    Compiling bstr v0.2.14
[INFO] [stderr]    Compiling serde_json v1.0.61
[INFO] [stderr]    Compiling toml v0.5.8
[INFO] [stderr]    Compiling serde_cbor v0.11.1
[INFO] [stderr]    Compiling structopt v0.3.21
[INFO] [stderr]    Compiling csv v1.1.5
[INFO] [stderr]    Compiling version-sync v0.9.1
[INFO] [stderr]    Compiling tinytemplate v1.2.0
[INFO] [stderr]    Compiling criterion v0.3.3
[INFO] [stdout] warning: panic message is not a string literal
[INFO] [stdout]  --> tests/version_match.rs:5:5
[INFO] [stdout]   |
[INFO] [stdout] 5 |     assert_markdown_deps_updated!("README.md");
[INFO] [stdout]   |     ^^^^^^^^^^^^^^^^^^^^^^^^^^^^^^^^^^^^^^^^^^^
[INFO] [stdout]   |
[INFO] [stdout]   = note: `#[warn(non_fmt_panic)]` on by default
[INFO] [stdout]   = note: this is no longer accepted in Rust 2021
[INFO] [stdout]   = note: this warning originates in the macro `assert_markdown_deps_updated` (in Nightly builds, run with -Z macro-backtrace for more info)
[INFO] [stdout] 
[INFO] [stdout] 
[INFO] [stdout] warning: panic message is not a string literal
[INFO] [stdout]   --> tests/version_match.rs:10:5
[INFO] [stdout]    |
[INFO] [stdout] 10 |     assert_html_root_url_updated!("src/lib.rs");
[INFO] [stdout]    |     ^^^^^^^^^^^^^^^^^^^^^^^^^^^^^^^^^^^^^^^^^^^^
[INFO] [stdout]    |
[INFO] [stdout]    = note: this is no longer accepted in Rust 2021
[INFO] [stdout]    = note: this warning originates in the macro `assert_html_root_url_updated` (in Nightly builds, run with -Z macro-backtrace for more info)
[INFO] [stdout] 
[INFO] [stdout] 
[INFO] [stdout] warning: 2 warnings emitted
[INFO] [stdout] 
[INFO] [stdout] 
[INFO] [stderr]     Finished test [unoptimized + debuginfo] target(s) in 32.66s
[INFO] running `Command { std: "docker" "inspect" "424a6f778963f7a762606a27efcf971f658a0758420f29a4816f91d1ae44b4f9", kill_on_drop: false }`
[INFO] running `Command { std: "docker" "rm" "-f" "424a6f778963f7a762606a27efcf971f658a0758420f29a4816f91d1ae44b4f9", kill_on_drop: false }`
[INFO] [stdout] 424a6f778963f7a762606a27efcf971f658a0758420f29a4816f91d1ae44b4f9
[INFO] running `Command { std: "docker" "create" "-v" "/var/lib/crater-agent-workspace/builds/worker-3/target:/opt/rustwide/target:rw,Z" "-v" "/var/lib/crater-agent-workspace/builds/worker-3/source:/opt/rustwide/workdir:ro,Z" "-v" "/var/lib/crater-agent-workspace/cargo-home:/opt/rustwide/cargo-home:ro,Z" "-v" "/var/lib/crater-agent-workspace/rustup-home:/opt/rustwide/rustup-home:ro,Z" "-e" "SOURCE_DIR=/opt/rustwide/workdir" "-e" "CARGO_TARGET_DIR=/opt/rustwide/target" "-e" "CARGO_INCREMENTAL=0" "-e" "RUST_BACKTRACE=full" "-e" "RUSTFLAGS=--cap-lints=warn" "-e" "CARGO_HOME=/opt/rustwide/cargo-home" "-e" "RUSTUP_HOME=/opt/rustwide/rustup-home" "-w" "/opt/rustwide/workdir" "-m" "1610612736" "--user" "0:0" "--network" "none" "ghcr.io/rust-lang/crates-build-env/linux@sha256:34b6a614d2c27851fe6cbf88fbd1137609cefab8b10d0615aaeb6fd47975d74e" "/opt/rustwide/cargo-home/bin/cargo" "+1.54.0" "test" "--frozen", kill_on_drop: false }`
[INFO] [stdout] d3bc9878d14172cad5a9e5641c1755118ffafdb6c258d0544f55894eb952a22e
[INFO] [stderr] WARNING: Your kernel does not support swap limit capabilities or the cgroup is not mounted. Memory limited without swap.
[INFO] running `Command { std: "docker" "start" "-a" "d3bc9878d14172cad5a9e5641c1755118ffafdb6c258d0544f55894eb952a22e", kill_on_drop: false }`
[INFO] [stderr] warning: panic message is not a string literal
[INFO] [stderr]  --> tests/version_match.rs:5:5
[INFO] [stderr]   |
[INFO] [stderr] 5 |     assert_markdown_deps_updated!("README.md");
[INFO] [stderr]   |     ^^^^^^^^^^^^^^^^^^^^^^^^^^^^^^^^^^^^^^^^^^^
[INFO] [stderr]   |
[INFO] [stderr]   = note: `#[warn(non_fmt_panic)]` on by default
[INFO] [stderr]   = note: this is no longer accepted in Rust 2021
[INFO] [stderr]   = note: this warning originates in the macro `assert_markdown_deps_updated` (in Nightly builds, run with -Z macro-backtrace for more info)
[INFO] [stderr] 
[INFO] [stderr] warning: panic message is not a string literal
[INFO] [stderr]   --> tests/version_match.rs:10:5
[INFO] [stderr]    |
[INFO] [stderr] 10 |     assert_html_root_url_updated!("src/lib.rs");
[INFO] [stderr]    |     ^^^^^^^^^^^^^^^^^^^^^^^^^^^^^^^^^^^^^^^^^^^^
[INFO] [stderr]    |
[INFO] [stderr]    = note: this is no longer accepted in Rust 2021
[INFO] [stderr]    = note: this warning originates in the macro `assert_html_root_url_updated` (in Nightly builds, run with -Z macro-backtrace for more info)
[INFO] [stderr] 
[INFO] [stderr] warning: 2 warnings emitted
[INFO] [stderr] 
[INFO] [stderr]     Finished test [unoptimized + debuginfo] target(s) in 0.18s
[INFO] [stderr]      Running unittests (/opt/rustwide/target/debug/deps/julia_set-064ef9818d32dd30)
[INFO] [stdout] 
[INFO] [stdout] running 2 tests
[INFO] [stdout] test transform::tests::palette_basics ... ok
[INFO] [stdout] test transform::tests::simple_transform ... ok
[INFO] [stdout] 
[INFO] [stdout] test result: ok. 2 passed; 0 failed; 0 ignored; 0 measured; 0 filtered out; finished in 0.02s
[INFO] [stdout] 
[INFO] [stderr]      Running tests/version_match.rs (/opt/rustwide/target/debug/deps/version_match-4796bf7b91ec7738)
[INFO] [stdout] 
[INFO] [stdout] running 2 tests
[INFO] [stdout] test readme_is_in_sync ... ok
[INFO] [stdout] test html_root_url_is_in_sync ... ok
[INFO] [stdout] 
[INFO] [stdout] test result: ok. 2 passed; 0 failed; 0 ignored; 0 measured; 0 filtered out; finished in 0.05s
[INFO] [stdout] 
[INFO] [stderr]    Doc-tests julia-set
[INFO] [stdout] 
[INFO] [stdout] running 3 tests
[INFO] [stdout] test src/lib.rs - (line 63) ... FAILED
[INFO] [stdout] test src/lib.rs - (line 78) ... FAILED
[INFO] [stdout] test src/transform.rs - transform (line 13) ... ok
[INFO] [stdout] 
[INFO] [stdout] failures:
[INFO] [stdout] 
[INFO] [stdout] ---- src/lib.rs - (line 63) stdout ----
[INFO] [stdout] error[E0432]: unresolved import `julia_set::Cpu`
[INFO] [stdout]  --> src/lib.rs:64:26
[INFO] [stdout]   |
[INFO] [stdout] 3 | use julia_set::{Backend, Cpu, Params, Render};
[INFO] [stdout]   |                          ^^^ no `Cpu` in the root
[INFO] [stdout] 
[INFO] [stdout] error: aborting due to previous error
[INFO] [stdout] 
[INFO] [stdout] For more information about this error, try `rustc --explain E0432`.
[INFO] [stdout] Couldn't compile the test.
[INFO] [stdout] ---- src/lib.rs - (line 78) stdout ----
[INFO] [stdout] error[E0432]: unresolved imports `julia_set::Cpu`, `julia_set::Function`
[INFO] [stdout]  --> src/lib.rs:79:26
[INFO] [stdout]   |
[INFO] [stdout] 3 | use julia_set::{Backend, Cpu, Function, Params, Render};
[INFO] [stdout]   |                          ^^^  ^^^^^^^^ no `Function` in the root
[INFO] [stdout]   |                          |
[INFO] [stdout]   |                          no `Cpu` in the root
[INFO] [stdout] 
[INFO] [stdout] error: aborting due to previous error
[INFO] [stdout] 
[INFO] [stdout] For more information about this error, try `rustc --explain E0432`.
[INFO] [stdout] Couldn't compile the test.
[INFO] [stdout] 
[INFO] [stdout] failures:
[INFO] [stdout]     src/lib.rs - (line 63)
[INFO] [stdout]     src/lib.rs - (line 78)
[INFO] [stdout] 
[INFO] [stdout] test result: FAILED. 1 passed; 2 failed; 0 ignored; 0 measured; 0 filtered out; finished in 1.43s
[INFO] [stdout] 
[INFO] [stderr] error: test failed, to rerun pass '--doc'
[INFO] running `Command { std: "docker" "inspect" "d3bc9878d14172cad5a9e5641c1755118ffafdb6c258d0544f55894eb952a22e", kill_on_drop: false }`
[INFO] running `Command { std: "docker" "rm" "-f" "d3bc9878d14172cad5a9e5641c1755118ffafdb6c258d0544f55894eb952a22e", kill_on_drop: false }`
[INFO] [stdout] d3bc9878d14172cad5a9e5641c1755118ffafdb6c258d0544f55894eb952a22e
