[INFO] fetching crate jsonwebkey-convert 0.3.0...
[INFO] testing jsonwebkey-convert-0.3.0 against 1.54.0 for beta-1.55-1
[INFO] extracting crate jsonwebkey-convert 0.3.0 into /workspace/builds/worker-3/source
[INFO] validating manifest of crates.io crate jsonwebkey-convert 0.3.0 on toolchain 1.54.0
[INFO] running `Command { std: "/workspace/cargo-home/bin/cargo" "+1.54.0" "metadata" "--manifest-path" "Cargo.toml" "--no-deps", kill_on_drop: false }`
[INFO] started tweaking crates.io crate jsonwebkey-convert 0.3.0
[INFO] finished tweaking crates.io crate jsonwebkey-convert 0.3.0
[INFO] tweaked toml for crates.io crate jsonwebkey-convert 0.3.0 written to /workspace/builds/worker-3/source/Cargo.toml
[INFO] running `Command { std: "/workspace/cargo-home/bin/cargo" "+1.54.0" "generate-lockfile" "--manifest-path" "Cargo.toml" "-Zno-index-update", kill_on_drop: false }`
[INFO] [stderr]     Blocking waiting for file lock on package cache
[INFO] running `Command { std: "/workspace/cargo-home/bin/cargo" "+1.54.0" "fetch" "--manifest-path" "Cargo.toml", kill_on_drop: false }`
[INFO] [stderr]     Blocking waiting for file lock on package cache
[INFO] running `Command { std: "docker" "create" "-v" "/var/lib/crater-agent-workspace/builds/worker-3/target:/opt/rustwide/target:rw,Z" "-v" "/var/lib/crater-agent-workspace/builds/worker-3/source:/opt/rustwide/workdir:ro,Z" "-v" "/var/lib/crater-agent-workspace/cargo-home:/opt/rustwide/cargo-home:ro,Z" "-v" "/var/lib/crater-agent-workspace/rustup-home:/opt/rustwide/rustup-home:ro,Z" "-e" "SOURCE_DIR=/opt/rustwide/workdir" "-e" "CARGO_TARGET_DIR=/opt/rustwide/target" "-e" "CARGO_HOME=/opt/rustwide/cargo-home" "-e" "RUSTUP_HOME=/opt/rustwide/rustup-home" "-w" "/opt/rustwide/workdir" "-m" "1610612736" "--user" "0:0" "--network" "none" "ghcr.io/rust-lang/crates-build-env/linux@sha256:34b6a614d2c27851fe6cbf88fbd1137609cefab8b10d0615aaeb6fd47975d74e" "/opt/rustwide/cargo-home/bin/cargo" "+1.54.0" "metadata" "--no-deps" "--format-version=1", kill_on_drop: false }`
[INFO] [stderr] WARNING: Your kernel does not support swap limit capabilities or the cgroup is not mounted. Memory limited without swap.
[INFO] [stdout] c00d8e9591ae5236b1fba78a724e2cb85cc10dd41e8dc3d4997285643a310193
[INFO] running `Command { std: "docker" "start" "-a" "c00d8e9591ae5236b1fba78a724e2cb85cc10dd41e8dc3d4997285643a310193", kill_on_drop: false }`
[INFO] running `Command { std: "docker" "inspect" "c00d8e9591ae5236b1fba78a724e2cb85cc10dd41e8dc3d4997285643a310193", kill_on_drop: false }`
[INFO] running `Command { std: "docker" "rm" "-f" "c00d8e9591ae5236b1fba78a724e2cb85cc10dd41e8dc3d4997285643a310193", kill_on_drop: false }`
[INFO] [stdout] c00d8e9591ae5236b1fba78a724e2cb85cc10dd41e8dc3d4997285643a310193
[INFO] running `Command { std: "docker" "create" "-v" "/var/lib/crater-agent-workspace/builds/worker-3/target:/opt/rustwide/target:rw,Z" "-v" "/var/lib/crater-agent-workspace/builds/worker-3/source:/opt/rustwide/workdir:ro,Z" "-v" "/var/lib/crater-agent-workspace/cargo-home:/opt/rustwide/cargo-home:ro,Z" "-v" "/var/lib/crater-agent-workspace/rustup-home:/opt/rustwide/rustup-home:ro,Z" "-e" "SOURCE_DIR=/opt/rustwide/workdir" "-e" "CARGO_TARGET_DIR=/opt/rustwide/target" "-e" "CARGO_INCREMENTAL=0" "-e" "RUST_BACKTRACE=full" "-e" "RUSTFLAGS=--cap-lints=warn" "-e" "CARGO_HOME=/opt/rustwide/cargo-home" "-e" "RUSTUP_HOME=/opt/rustwide/rustup-home" "-w" "/opt/rustwide/workdir" "-m" "1610612736" "--user" "0:0" "--network" "none" "ghcr.io/rust-lang/crates-build-env/linux@sha256:34b6a614d2c27851fe6cbf88fbd1137609cefab8b10d0615aaeb6fd47975d74e" "/opt/rustwide/cargo-home/bin/cargo" "+1.54.0" "build" "--frozen" "--message-format=json", kill_on_drop: false }`
[INFO] [stderr] WARNING: Your kernel does not support swap limit capabilities or the cgroup is not mounted. Memory limited without swap.
[INFO] [stdout] a3565fcfb400c6dd75abb5c958a18e5e87bbb94f105870021f6dde9fead9edc9
[INFO] running `Command { std: "docker" "start" "-a" "a3565fcfb400c6dd75abb5c958a18e5e87bbb94f105870021f6dde9fead9edc9", kill_on_drop: false }`
[INFO] [stderr]    Compiling num-traits v0.2.14
[INFO] [stderr]    Compiling num-bigint v0.3.2
[INFO] [stderr]    Compiling num-integer v0.1.44
[INFO] [stderr]    Compiling jsonwebkey-convert v0.3.0 (/opt/rustwide/workdir)
[INFO] [stderr]     Finished dev [unoptimized + debuginfo] target(s) in 6.28s
[INFO] running `Command { std: "docker" "inspect" "a3565fcfb400c6dd75abb5c958a18e5e87bbb94f105870021f6dde9fead9edc9", kill_on_drop: false }`
[INFO] running `Command { std: "docker" "rm" "-f" "a3565fcfb400c6dd75abb5c958a18e5e87bbb94f105870021f6dde9fead9edc9", kill_on_drop: false }`
[INFO] [stdout] a3565fcfb400c6dd75abb5c958a18e5e87bbb94f105870021f6dde9fead9edc9
[INFO] running `Command { std: "docker" "create" "-v" "/var/lib/crater-agent-workspace/builds/worker-3/target:/opt/rustwide/target:rw,Z" "-v" "/var/lib/crater-agent-workspace/builds/worker-3/source:/opt/rustwide/workdir:ro,Z" "-v" "/var/lib/crater-agent-workspace/cargo-home:/opt/rustwide/cargo-home:ro,Z" "-v" "/var/lib/crater-agent-workspace/rustup-home:/opt/rustwide/rustup-home:ro,Z" "-e" "SOURCE_DIR=/opt/rustwide/workdir" "-e" "CARGO_TARGET_DIR=/opt/rustwide/target" "-e" "CARGO_INCREMENTAL=0" "-e" "RUST_BACKTRACE=full" "-e" "RUSTFLAGS=--cap-lints=warn" "-e" "CARGO_HOME=/opt/rustwide/cargo-home" "-e" "RUSTUP_HOME=/opt/rustwide/rustup-home" "-w" "/opt/rustwide/workdir" "-m" "1610612736" "--user" "0:0" "--network" "none" "ghcr.io/rust-lang/crates-build-env/linux@sha256:34b6a614d2c27851fe6cbf88fbd1137609cefab8b10d0615aaeb6fd47975d74e" "/opt/rustwide/cargo-home/bin/cargo" "+1.54.0" "test" "--frozen" "--no-run" "--message-format=json", kill_on_drop: false }`
[INFO] [stdout] ad05fdfce823f1f5962d92506579cb9d3b2032ffd0ae4e35c07d8f7d6cf967db
[INFO] [stderr] WARNING: Your kernel does not support swap limit capabilities or the cgroup is not mounted. Memory limited without swap.
[INFO] running `Command { std: "docker" "start" "-a" "ad05fdfce823f1f5962d92506579cb9d3b2032ffd0ae4e35c07d8f7d6cf967db", kill_on_drop: false }`
[INFO] [stderr]    Compiling jsonwebkey-convert v0.3.0 (/opt/rustwide/workdir)
[INFO] [stderr]     Finished test [unoptimized + debuginfo] target(s) in 2.66s
[INFO] running `Command { std: "docker" "inspect" "ad05fdfce823f1f5962d92506579cb9d3b2032ffd0ae4e35c07d8f7d6cf967db", kill_on_drop: false }`
[INFO] running `Command { std: "docker" "rm" "-f" "ad05fdfce823f1f5962d92506579cb9d3b2032ffd0ae4e35c07d8f7d6cf967db", kill_on_drop: false }`
[INFO] [stdout] ad05fdfce823f1f5962d92506579cb9d3b2032ffd0ae4e35c07d8f7d6cf967db
[INFO] running `Command { std: "docker" "create" "-v" "/var/lib/crater-agent-workspace/builds/worker-3/target:/opt/rustwide/target:rw,Z" "-v" "/var/lib/crater-agent-workspace/builds/worker-3/source:/opt/rustwide/workdir:ro,Z" "-v" "/var/lib/crater-agent-workspace/cargo-home:/opt/rustwide/cargo-home:ro,Z" "-v" "/var/lib/crater-agent-workspace/rustup-home:/opt/rustwide/rustup-home:ro,Z" "-e" "SOURCE_DIR=/opt/rustwide/workdir" "-e" "CARGO_TARGET_DIR=/opt/rustwide/target" "-e" "CARGO_INCREMENTAL=0" "-e" "RUST_BACKTRACE=full" "-e" "RUSTFLAGS=--cap-lints=warn" "-e" "CARGO_HOME=/opt/rustwide/cargo-home" "-e" "RUSTUP_HOME=/opt/rustwide/rustup-home" "-w" "/opt/rustwide/workdir" "-m" "1610612736" "--user" "0:0" "--network" "none" "ghcr.io/rust-lang/crates-build-env/linux@sha256:34b6a614d2c27851fe6cbf88fbd1137609cefab8b10d0615aaeb6fd47975d74e" "/opt/rustwide/cargo-home/bin/cargo" "+1.54.0" "test" "--frozen", kill_on_drop: false }`
[INFO] [stdout] bd00c3b98375e0a62b2de1c9063d3ac83d48dba35e435dcfe5d811a061e6f1a1
[INFO] [stderr] WARNING: Your kernel does not support swap limit capabilities or the cgroup is not mounted. Memory limited without swap.
[INFO] running `Command { std: "docker" "start" "-a" "bd00c3b98375e0a62b2de1c9063d3ac83d48dba35e435dcfe5d811a061e6f1a1", kill_on_drop: false }`
[INFO] [stderr]     Finished test [unoptimized + debuginfo] target(s) in 0.04s
[INFO] [stderr]      Running unittests (/opt/rustwide/target/debug/deps/jsonwebkey_convert-ebdcdaa345074e6f)
[INFO] [stdout] 
[INFO] [stdout] running 5 tests
[INFO] [stderr]    Doc-tests jsonwebkey-convert
[INFO] [stdout] test test::load_symmetric_keys ... ok
[INFO] [stdout] test test::load_rsa_pubkey2 ... ok
[INFO] [stdout] test test::load_public_keys ... ok
[INFO] [stdout] test test::load_private_keys ... ok
[INFO] [stdout] test test::load_rsa_pubkey1 ... ok
[INFO] [stdout] 
[INFO] [stdout] test result: ok. 5 passed; 0 failed; 0 ignored; 0 measured; 0 filtered out; finished in 0.00s
[INFO] [stdout] 
[INFO] [stdout] 
[INFO] [stdout] running 3 tests
[INFO] [stdout] test src/lib.rs - (line 36) ... FAILED
[INFO] [stdout] test src/lib.rs - (line 21) ... FAILED
[INFO] [stdout] test src/lib.rs - (line 6) ... ok
[INFO] [stdout] 
[INFO] [stdout] failures:
[INFO] [stdout] 
[INFO] [stdout] ---- src/lib.rs - (line 36) stdout ----
[INFO] [stdout] error[E0432]: unresolved import `jsonwebkey_convert::der`
[INFO] [stdout]  --> src/lib.rs:38:25
[INFO] [stdout]   |
[INFO] [stdout] 4 | use jsonwebkey_convert::der::ToPem;
[INFO] [stdout]   |                         ^^^ could not find `der` in `jsonwebkey_convert`
[INFO] [stdout] 
[INFO] [stdout] error[E0599]: no method named `to_pem` found for struct `jsonwebkey_convert::RSAPublicKey` in the current scope
[INFO] [stdout]  --> src/lib.rs:43:24
[INFO] [stdout]   |
[INFO] [stdout] 9 | let pem_data = rsa_jwk.to_pem()?;
[INFO] [stdout]   |                        ^^^^^^ method not found in `jsonwebkey_convert::RSAPublicKey`
[INFO] [stdout] 
[INFO] [stdout] error: aborting due to 2 previous errors
[INFO] [stdout] 
[INFO] [stdout] Some errors have detailed explanations: E0432, E0599.
[INFO] [stdout] For more information about an error, try `rustc --explain E0432`.
[INFO] [stdout] Couldn't compile the test.
[INFO] [stdout] ---- src/lib.rs - (line 21) stdout ----
[INFO] [stdout] error[E0432]: unresolved import `jsonwebkey_convert::der`
[INFO] [stdout]  --> src/lib.rs:23:25
[INFO] [stdout]   |
[INFO] [stdout] 4 | use jsonwebkey_convert::der::FromPem;
[INFO] [stdout]   |                         ^^^ could not find `der` in `jsonwebkey_convert`
[INFO] [stdout] 
[INFO] [stdout] error[E0599]: no function or associated item named `from_pem` found for struct `jsonwebkey_convert::RSAPublicKey` in the current scope
[INFO] [stdout]  --> src/lib.rs:27:29
[INFO] [stdout]   |
[INFO] [stdout] 8 | let rsa_jwk = RSAPublicKey::from_pem(pem_data)?;
[INFO] [stdout]   |                             ^^^^^^^^ function or associated item not found in `jsonwebkey_convert::RSAPublicKey`
[INFO] [stdout] 
[INFO] [stdout] error: aborting due to 2 previous errors
[INFO] [stdout] 
[INFO] [stdout] Some errors have detailed explanations: E0432, E0599.
[INFO] [stdout] For more information about an error, try `rustc --explain E0432`.
[INFO] [stdout] Couldn't compile the test.
[INFO] [stdout] 
[INFO] [stdout] failures:
[INFO] [stdout]     src/lib.rs - (line 21)
[INFO] [stdout]     src/lib.rs - (line 36)
[INFO] [stdout] 
[INFO] [stdout] test result: FAILED. 1 passed; 2 failed; 0 ignored; 0 measured; 0 filtered out; finished in 0.99s
[INFO] [stdout] 
[INFO] [stderr] error: test failed, to rerun pass '--doc'
[INFO] running `Command { std: "docker" "inspect" "bd00c3b98375e0a62b2de1c9063d3ac83d48dba35e435dcfe5d811a061e6f1a1", kill_on_drop: false }`
[INFO] running `Command { std: "docker" "rm" "-f" "bd00c3b98375e0a62b2de1c9063d3ac83d48dba35e435dcfe5d811a061e6f1a1", kill_on_drop: false }`
[INFO] [stdout] bd00c3b98375e0a62b2de1c9063d3ac83d48dba35e435dcfe5d811a061e6f1a1
