[INFO] fetching crate jsonlogic-rs 0.2.2...
[INFO] testing jsonlogic-rs-0.2.2 against beta-2021-08-01 for beta-1.55-1
[INFO] extracting crate jsonlogic-rs 0.2.2 into /workspace/builds/worker-0/source
[INFO] validating manifest of crates.io crate jsonlogic-rs 0.2.2 on toolchain beta-2021-08-01
[INFO] running `Command { std: "/workspace/cargo-home/bin/cargo" "+beta-2021-08-01" "metadata" "--manifest-path" "Cargo.toml" "--no-deps", kill_on_drop: false }`
[INFO] removed /workspace/builds/worker-0/source/.cargo/config
[INFO] started tweaking crates.io crate jsonlogic-rs 0.2.2
[INFO] finished tweaking crates.io crate jsonlogic-rs 0.2.2
[INFO] tweaked toml for crates.io crate jsonlogic-rs 0.2.2 written to /workspace/builds/worker-0/source/Cargo.toml
[INFO] crate crates.io crate jsonlogic-rs 0.2.2 already has a lockfile, it will not be regenerated
[INFO] running `Command { std: "/workspace/cargo-home/bin/cargo" "+beta-2021-08-01" "fetch" "--manifest-path" "Cargo.toml", kill_on_drop: false }`
[INFO] [stderr]  Downloading crates ...
[INFO] [stderr]   Downloaded hyper v0.13.9
[INFO] [stderr]   Downloaded thread_local v1.1.1
[INFO] [stderr]   Downloaded python3-sys v0.5.2
[INFO] [stderr]   Downloaded cpython v0.5.2
[INFO] [stderr]   Downloaded bumpalo v3.5.0
[INFO] running `Command { std: "docker" "create" "-v" "/var/lib/crater-agent-workspace/builds/worker-0/target:/opt/rustwide/target:rw,Z" "-v" "/var/lib/crater-agent-workspace/builds/worker-0/source:/opt/rustwide/workdir:ro,Z" "-v" "/var/lib/crater-agent-workspace/cargo-home:/opt/rustwide/cargo-home:ro,Z" "-v" "/var/lib/crater-agent-workspace/rustup-home:/opt/rustwide/rustup-home:ro,Z" "-e" "SOURCE_DIR=/opt/rustwide/workdir" "-e" "CARGO_TARGET_DIR=/opt/rustwide/target" "-e" "CARGO_HOME=/opt/rustwide/cargo-home" "-e" "RUSTUP_HOME=/opt/rustwide/rustup-home" "-w" "/opt/rustwide/workdir" "-m" "1610612736" "--user" "0:0" "--network" "none" "ghcr.io/rust-lang/crates-build-env/linux@sha256:34b6a614d2c27851fe6cbf88fbd1137609cefab8b10d0615aaeb6fd47975d74e" "/opt/rustwide/cargo-home/bin/cargo" "+beta-2021-08-01" "metadata" "--no-deps" "--format-version=1", kill_on_drop: false }`
[INFO] [stderr] WARNING: Your kernel does not support swap limit capabilities or the cgroup is not mounted. Memory limited without swap.
[INFO] [stdout] 2b93a34297a723a2dcc5dfdff77438f85b9bc14cd7cd41cae56e583320314fb1
[INFO] running `Command { std: "docker" "start" "-a" "2b93a34297a723a2dcc5dfdff77438f85b9bc14cd7cd41cae56e583320314fb1", kill_on_drop: false }`
[INFO] running `Command { std: "docker" "inspect" "2b93a34297a723a2dcc5dfdff77438f85b9bc14cd7cd41cae56e583320314fb1", kill_on_drop: false }`
[INFO] running `Command { std: "docker" "rm" "-f" "2b93a34297a723a2dcc5dfdff77438f85b9bc14cd7cd41cae56e583320314fb1", kill_on_drop: false }`
[INFO] [stdout] 2b93a34297a723a2dcc5dfdff77438f85b9bc14cd7cd41cae56e583320314fb1
[INFO] running `Command { std: "docker" "create" "-v" "/var/lib/crater-agent-workspace/builds/worker-0/target:/opt/rustwide/target:rw,Z" "-v" "/var/lib/crater-agent-workspace/builds/worker-0/source:/opt/rustwide/workdir:ro,Z" "-v" "/var/lib/crater-agent-workspace/cargo-home:/opt/rustwide/cargo-home:ro,Z" "-v" "/var/lib/crater-agent-workspace/rustup-home:/opt/rustwide/rustup-home:ro,Z" "-e" "SOURCE_DIR=/opt/rustwide/workdir" "-e" "CARGO_TARGET_DIR=/opt/rustwide/target" "-e" "CARGO_INCREMENTAL=0" "-e" "RUST_BACKTRACE=full" "-e" "RUSTFLAGS=--cap-lints=warn" "-e" "CARGO_HOME=/opt/rustwide/cargo-home" "-e" "RUSTUP_HOME=/opt/rustwide/rustup-home" "-w" "/opt/rustwide/workdir" "-m" "1610612736" "--user" "0:0" "--network" "none" "ghcr.io/rust-lang/crates-build-env/linux@sha256:34b6a614d2c27851fe6cbf88fbd1137609cefab8b10d0615aaeb6fd47975d74e" "/opt/rustwide/cargo-home/bin/cargo" "+beta-2021-08-01" "build" "--frozen" "--message-format=json", kill_on_drop: false }`
[INFO] [stdout] 8b548512cc787ad37850034d526db2e19d8cb30bc726da5e2bee96cafa2a589b
[INFO] [stderr] WARNING: Your kernel does not support swap limit capabilities or the cgroup is not mounted. Memory limited without swap.
[INFO] running `Command { std: "docker" "start" "-a" "8b548512cc787ad37850034d526db2e19d8cb30bc726da5e2bee96cafa2a589b", kill_on_drop: false }`
[INFO] [stderr]    Compiling syn v1.0.58
[INFO] [stderr]    Compiling serde v1.0.120
[INFO] [stderr]    Compiling getrandom v0.1.16
[INFO] [stderr]    Compiling rand_core v0.5.1
[INFO] [stderr]    Compiling rand_chacha v0.2.2
[INFO] [stderr]    Compiling rand_pcg v0.2.1
[INFO] [stderr]    Compiling rand v0.7.3
[INFO] [stderr]    Compiling phf_generator v0.8.0
[INFO] [stderr]    Compiling serde_json v1.0.61
[INFO] [stderr]    Compiling phf_macros v0.8.0
[INFO] [stderr]    Compiling thiserror-impl v1.0.23
[INFO] [stderr]    Compiling phf v0.8.0
[INFO] [stderr]    Compiling thiserror v1.0.23
[INFO] [stderr]    Compiling jsonlogic-rs v0.2.2 (/opt/rustwide/workdir)
[INFO] [stderr]     Finished dev [unoptimized + debuginfo] target(s) in 12.98s
[INFO] running `Command { std: "docker" "inspect" "8b548512cc787ad37850034d526db2e19d8cb30bc726da5e2bee96cafa2a589b", kill_on_drop: false }`
[INFO] running `Command { std: "docker" "rm" "-f" "8b548512cc787ad37850034d526db2e19d8cb30bc726da5e2bee96cafa2a589b", kill_on_drop: false }`
[INFO] [stdout] 8b548512cc787ad37850034d526db2e19d8cb30bc726da5e2bee96cafa2a589b
[INFO] running `Command { std: "docker" "create" "-v" "/var/lib/crater-agent-workspace/builds/worker-0/target:/opt/rustwide/target:rw,Z" "-v" "/var/lib/crater-agent-workspace/builds/worker-0/source:/opt/rustwide/workdir:ro,Z" "-v" "/var/lib/crater-agent-workspace/cargo-home:/opt/rustwide/cargo-home:ro,Z" "-v" "/var/lib/crater-agent-workspace/rustup-home:/opt/rustwide/rustup-home:ro,Z" "-e" "SOURCE_DIR=/opt/rustwide/workdir" "-e" "CARGO_TARGET_DIR=/opt/rustwide/target" "-e" "CARGO_INCREMENTAL=0" "-e" "RUST_BACKTRACE=full" "-e" "RUSTFLAGS=--cap-lints=warn" "-e" "CARGO_HOME=/opt/rustwide/cargo-home" "-e" "RUSTUP_HOME=/opt/rustwide/rustup-home" "-w" "/opt/rustwide/workdir" "-m" "1610612736" "--user" "0:0" "--network" "none" "ghcr.io/rust-lang/crates-build-env/linux@sha256:34b6a614d2c27851fe6cbf88fbd1137609cefab8b10d0615aaeb6fd47975d74e" "/opt/rustwide/cargo-home/bin/cargo" "+beta-2021-08-01" "test" "--frozen" "--no-run" "--message-format=json", kill_on_drop: false }`
[INFO] [stdout] 39b99a92adb047dbdbf34a990dc9e59d08b1455c491a5a68e9cd56f108ccc1a6
[INFO] [stderr] WARNING: Your kernel does not support swap limit capabilities or the cgroup is not mounted. Memory limited without swap.
[INFO] running `Command { std: "docker" "start" "-a" "39b99a92adb047dbdbf34a990dc9e59d08b1455c491a5a68e9cd56f108ccc1a6", kill_on_drop: false }`
[INFO] [stderr]     Blocking waiting for file lock on package cache
[INFO] [stderr]    Compiling openssl v0.10.32
[INFO] [stderr]    Compiling openssl-sys v0.9.60
[INFO] [stderr]    Compiling futures-channel v0.3.12
[INFO] [stderr]    Compiling futures-task v0.3.12
[INFO] [stderr]    Compiling http-body v0.3.1
[INFO] [stderr]    Compiling iovec v0.1.4
[INFO] [stderr]    Compiling net2 v0.2.37
[INFO] [stderr]    Compiling num_cpus v1.13.0
[INFO] [stderr]    Compiling tracing v0.1.22
[INFO] [stderr]    Compiling want v0.3.0
[INFO] [stderr]    Compiling serde_urlencoded v0.7.0
[INFO] [stderr]    Compiling pin-project-internal v0.4.27
[INFO] [stderr]    Compiling pin-project-internal v1.0.4
[INFO] [stderr]    Compiling futures-util v0.3.12
[INFO] [stderr]    Compiling mio v0.6.23
[INFO] [stderr]    Compiling native-tls v0.2.7
[INFO] [stderr]    Compiling tokio v0.2.24
[INFO] [stderr]    Compiling pin-project v1.0.4
[INFO] [stderr]    Compiling pin-project v0.4.27
[INFO] [stderr]    Compiling tracing-futures v0.2.4
[INFO] [stderr]    Compiling tokio-util v0.3.1
[INFO] [stderr]    Compiling tokio-tls v0.3.1
[INFO] [stderr]    Compiling h2 v0.2.7
[INFO] [stderr]    Compiling hyper v0.13.9
[INFO] [stderr]    Compiling hyper-tls v0.4.3
[INFO] [stderr]    Compiling reqwest v0.10.10
[INFO] [stderr]    Compiling jsonlogic-rs v0.2.2 (/opt/rustwide/workdir)
[INFO] [stdout] warning: panic message is not a string literal
[INFO] [stdout]    --> src/js_op.rs:911:51
[INFO] [stdout]     |
[INFO] [stdout] 911 |             assert!(abstract_eq(&first, &second), true);
[INFO] [stdout]     |                                                   ^^^^
[INFO] [stdout]     |
[INFO] [stdout]     = note: `#[warn(non_fmt_panics)]` on by default
[INFO] [stdout]     = note: this usage of panic!() is deprecated; it will be a hard error in Rust 2021
[INFO] [stdout]     = note: for more information, see <https://doc.rust-lang.org/nightly/edition-guide/rust-2021/panic-macro-consistency.html>
[INFO] [stdout] help: add a "{}" format string to Display the message
[INFO] [stdout]     |
[INFO] [stdout] 911 |             assert!(abstract_eq(&first, &second), "{}", true);
[INFO] [stdout]     |                                                   ^^^^^
[INFO] [stdout] 
[INFO] [stdout] 
[INFO] [stdout] warning: 1 warning emitted
[INFO] [stdout] 
[INFO] [stdout] 
[INFO] [stderr]     Finished test [unoptimized + debuginfo] target(s) in 32.02s
[INFO] running `Command { std: "docker" "inspect" "39b99a92adb047dbdbf34a990dc9e59d08b1455c491a5a68e9cd56f108ccc1a6", kill_on_drop: false }`
[INFO] running `Command { std: "docker" "rm" "-f" "39b99a92adb047dbdbf34a990dc9e59d08b1455c491a5a68e9cd56f108ccc1a6", kill_on_drop: false }`
[INFO] [stdout] 39b99a92adb047dbdbf34a990dc9e59d08b1455c491a5a68e9cd56f108ccc1a6
[INFO] running `Command { std: "docker" "create" "-v" "/var/lib/crater-agent-workspace/builds/worker-0/target:/opt/rustwide/target:rw,Z" "-v" "/var/lib/crater-agent-workspace/builds/worker-0/source:/opt/rustwide/workdir:ro,Z" "-v" "/var/lib/crater-agent-workspace/cargo-home:/opt/rustwide/cargo-home:ro,Z" "-v" "/var/lib/crater-agent-workspace/rustup-home:/opt/rustwide/rustup-home:ro,Z" "-e" "SOURCE_DIR=/opt/rustwide/workdir" "-e" "CARGO_TARGET_DIR=/opt/rustwide/target" "-e" "CARGO_INCREMENTAL=0" "-e" "RUST_BACKTRACE=full" "-e" "RUSTFLAGS=--cap-lints=warn" "-e" "CARGO_HOME=/opt/rustwide/cargo-home" "-e" "RUSTUP_HOME=/opt/rustwide/rustup-home" "-w" "/opt/rustwide/workdir" "-m" "1610612736" "--user" "0:0" "--network" "none" "ghcr.io/rust-lang/crates-build-env/linux@sha256:34b6a614d2c27851fe6cbf88fbd1137609cefab8b10d0615aaeb6fd47975d74e" "/opt/rustwide/cargo-home/bin/cargo" "+beta-2021-08-01" "test" "--frozen", kill_on_drop: false }`
[INFO] [stdout] f8cfa8e09ade20ed048830b4dff3be9e7316376a63fcd78a21c6616712b310c2
[INFO] [stderr] WARNING: Your kernel does not support swap limit capabilities or the cgroup is not mounted. Memory limited without swap.
[INFO] running `Command { std: "docker" "start" "-a" "f8cfa8e09ade20ed048830b4dff3be9e7316376a63fcd78a21c6616712b310c2", kill_on_drop: false }`
[INFO] [stderr] warning: panic message is not a string literal
[INFO] [stderr]    --> src/js_op.rs:911:51
[INFO] [stderr]     |
[INFO] [stderr] 911 |             assert!(abstract_eq(&first, &second), true);
[INFO] [stderr]     |                                                   ^^^^
[INFO] [stderr]     |
[INFO] [stderr]     = note: `#[warn(non_fmt_panics)]` on by default
[INFO] [stderr]     = note: this usage of panic!() is deprecated; it will be a hard error in Rust 2021
[INFO] [stderr]     = note: for more information, see <https://doc.rust-lang.org/nightly/edition-guide/rust-2021/panic-macro-consistency.html>
[INFO] [stderr] help: add a "{}" format string to Display the message
[INFO] [stderr]     |
[INFO] [stderr] 911 |             assert!(abstract_eq(&first, &second), "{}", true);
[INFO] [stderr]     |                                                   ^^^^^
[INFO] [stderr] 
[INFO] [stderr] warning: `jsonlogic-rs` (lib test) generated 1 warning
[INFO] [stderr]     Finished test [unoptimized + debuginfo] target(s) in 0.12s
[INFO] [stdout] 
[INFO] [stderr]      Running unittests (/opt/rustwide/target/debug/deps/jsonlogic_rs-092f7a704e84b574)
[INFO] [stdout] running 72 tests
[INFO] [stdout] test js_op::abstract_operations::test_abstract_ne ... ok
[INFO] [stdout] test js_op::abstract_operations::test_abstract_eq ... ok
[INFO] [stdout] test js_op::abstract_operations::test_abstract_lt ... ok
[INFO] [stdout] test js_op::abstract_operations::test_gt_values_are_gte ... ok
[INFO] [stdout] test js_op::abstract_operations::test_abstract_plus ... ok
[INFO] [stdout] test js_op::abstract_operations::test_lt_values_are_lte ... ok
[INFO] [stdout] test js_op::abstract_operations::test_eq_values_are_not_gt ... ok
[INFO] [stdout] test js_op::abstract_operations::test_eq_values_are_not_lt ... ok
[INFO] [stdout] test js_op::abstract_operations::test_abstract_gt ... ok
[INFO] [stdout] test js_op::abstract_operations::test_eq_values_are_gte ... ok
[INFO] [stdout] test js_op::abstract_operations::test_eq_values_are_lte ... ok
[INFO] [stdout] test js_op::abstract_operations::test_gt_values_are_ne ... ok
[INFO] [stdout] test js_op::abstract_operations::test_eq_values_are_not_ne ... ok
[INFO] [stdout] test js_op::abstract_operations::test_to_string_null ... ok
[INFO] [stdout] test js_op::abstract_operations::test_to_string_obj ... ok
[INFO] [stdout] test js_op::test_abstract_max::test_abstract_max ... ok
[INFO] [stdout] test js_op::test_abstract_minus::test_abstract_minus ... ok
[INFO] [stdout] test js_op::test_abstract_min::test_abstract_min ... ok
[INFO] [stdout] test js_op::abstract_operations::test_gt_values_are_not_eq ... ok
[INFO] [stdout] test js_op::abstract_operations::test_lt_values_are_not_gt ... ok
[INFO] [stdout] test js_op::abstract_operations::test_lt_values_are_ne ... ok
[INFO] [stdout] test js_op::abstract_operations::test_lt_values_are_not_eq ... ok
[INFO] [stdout] test js_op::test_strict::test_strict_eq ... ok
[INFO] [stdout] test js_op::abstract_operations::test_to_string_bool ... ok
[INFO] [stdout] test js_op::test_parse_float::test_parse_float ... ok
[INFO] [stdout] test js_op::test_strict::test_strict_eq_same_obj ... ok
[INFO] [stdout] test js_op::abstract_operations::test_lt_values_are_not_gte ... ok
[INFO] [stdout] test js_op::abstract_operations::test_to_string_array ... ok
[INFO] [stdout] test js_op::abstract_operations::test_to_string_number ... ok
[INFO] [stdout] test js_op::abstract_operations::test_gt_values_are_not_lt ... ok
[INFO] [stdout] test js_op::abstract_operations::test_gt_values_are_not_lte ... ok
[INFO] [stdout] test js_op::abstract_operations::test_incomparable ... ok
[INFO] [stdout] test js_op::test_strict::test_strict_ne ... ok
[INFO] [stdout] test js_op::test_strict::test_strict_ne_same_obj ... ok
[INFO] [stdout] test jsonlogic_tests::test_div_op ... ok
[INFO] [stdout] test jsonlogic_tests::test_filter_op ... ok
[INFO] [stdout] test jsonlogic_tests::test_lte_op ... ok
[INFO] [stdout] test jsonlogic_tests::test_lt_op ... ok
[INFO] [stdout] test jsonlogic_tests::test_log_op ... ok
[INFO] [stdout] test jsonlogic_tests::test_bang_op ... ok
[INFO] [stdout] test jsonlogic_tests::test_abstract_ne_op ... ok
[INFO] [stdout] test jsonlogic_tests::test_map_op ... ok
[INFO] [stdout] test jsonlogic_tests::test_cat_op ... ok
[INFO] [stdout] test jsonlogic_tests::test_if_op ... ok
[INFO] [stdout] test jsonlogic_tests::test_and_op ... ok
[INFO] [stdout] test jsonlogic_tests::test_in_op ... ok
[INFO] [stdout] test jsonlogic_tests::test_gte_op ... ok
[INFO] [stdout] test jsonlogic_tests::test_gt_op ... ok
[INFO] [stdout] test jsonlogic_tests::test_abstract_eq_op ... ok
[INFO] [stdout] test jsonlogic_tests::test_max_op ... ok
[INFO] [stdout] test jsonlogic_tests::test_min_op ... ok
[INFO] [stdout] test jsonlogic_tests::test_bang_bang_op ... ok
[INFO] [stdout] test jsonlogic_tests::test_mul_op ... ok
[INFO] [stdout] test jsonlogic_tests::test_missing_data_op ... ok
[INFO] [stdout] test jsonlogic_tests::test_minus_op ... ok
[INFO] [stdout] test jsonlogic_tests::test_missing_some_data_op ... ok
[INFO] [stdout] test jsonlogic_tests::test_merge_op ... ok
[INFO] [stdout] test jsonlogic_tests::test_mod_op ... ok
[INFO] [stdout] test jsonlogic_tests::test_none_op ... ok
[INFO] [stdout] test jsonlogic_tests::test_no_op ... ok
[INFO] [stdout] test op::test_operators::test_operator_map_symbols ... ok
[INFO] [stdout] test op::logic::test_truthy::test_truthy ... ok
[INFO] [stdout] test jsonlogic_tests::test_or_op ... ok
[INFO] [stdout] test jsonlogic_tests::test_some_op ... ok
[INFO] [stdout] test jsonlogic_tests::test_plus_op ... ok
[INFO] [stdout] test jsonlogic_tests::test_all_op ... ok
[INFO] [stdout] test jsonlogic_tests::test_strict_eq_op ... ok
[INFO] [stdout] test jsonlogic_tests::test_strict_ne_op ... ok
[INFO] [stdout] test op::test_operators::test_lazy_operator_map_symbols ... ok
[INFO] [stdout] test jsonlogic_tests::test_var_data_op ... ok
[INFO] [stdout] test jsonlogic_tests::test_substr_op ... ok
[INFO] [stdout] test jsonlogic_tests::test_reduce_op ... ok
[INFO] [stdout] 
[INFO] [stdout] test result: ok. 72 passed; 0 failed; 0 ignored; 0 measured; 0 filtered out; finished in 0.06s
[INFO] [stdout] 
[INFO] [stderr]      Running tests/test_lib.rs (/opt/rustwide/target/debug/deps/test_lib-44ab066cf4785383)
[INFO] [stdout] 
[INFO] [stdout] running 2 tests
[INFO] [stdout] test run_cases ... ok
[INFO] [stdout] test check_test_file ... FAILED
[INFO] [stdout] 
[INFO] [stdout] failures:
[INFO] [stdout] 
[INFO] [stdout] ---- check_test_file stdout ----
[INFO] [stdout] thread 'check_test_file' panicked at 'called `Result::unwrap()` on an `Err` value: reqwest::Error { kind: Request, url: Url { scheme: "http", host: Some(Domain("jsonlogic.com")), port: None, path: "/tests.json", query: None, fragment: None }, source: hyper::Error(Connect, ConnectError("dns error", Custom { kind: Uncategorized, error: "failed to lookup address information: Temporary failure in name resolution" })) }', tests/test_lib.rs:54:53
[INFO] [stdout] stack backtrace:
[INFO] [stdout]    0:     0x562f3cdbba10 - std::backtrace_rs::backtrace::libunwind::trace::hff4d1766e93f64f1
[INFO] [stdout]                                at /rustc/53fd98ca776cb875bc9e5514f56b52eb74f9e7a9/library/std/src/../../backtrace/src/backtrace/libunwind.rs:90:5
[INFO] [stdout]    1:     0x562f3cdbba10 - std::backtrace_rs::backtrace::trace_unsynchronized::h56bbc8eb78770bcb
[INFO] [stdout]                                at /rustc/53fd98ca776cb875bc9e5514f56b52eb74f9e7a9/library/std/src/../../backtrace/src/backtrace/mod.rs:66:5
[INFO] [stdout]    2:     0x562f3cdbba10 - std::sys_common::backtrace::_print_fmt::h5c8e75464faca780
[INFO] [stdout]                                at /rustc/53fd98ca776cb875bc9e5514f56b52eb74f9e7a9/library/std/src/sys_common/backtrace.rs:67:5
[INFO] [stdout]    3:     0x562f3cdbba10 - <std::sys_common::backtrace::_print::DisplayBacktrace as core::fmt::Display>::fmt::h48b88277def8b362
[INFO] [stdout]                                at /rustc/53fd98ca776cb875bc9e5514f56b52eb74f9e7a9/library/std/src/sys_common/backtrace.rs:46:22
[INFO] [stdout]    4:     0x562f3cddff4c - core::fmt::write::h3381b3176fe2b3d3
[INFO] [stdout]                                at /rustc/53fd98ca776cb875bc9e5514f56b52eb74f9e7a9/library/core/src/fmt/mod.rs:1115:17
[INFO] [stdout]    5:     0x562f3cdb5475 - std::io::Write::write_fmt::h5f34a676f60246b5
[INFO] [stdout]                                at /rustc/53fd98ca776cb875bc9e5514f56b52eb74f9e7a9/library/std/src/io/mod.rs:1665:15
[INFO] [stdout]    6:     0x562f3cdbdbfb - std::sys_common::backtrace::_print::ha537687d6c17dd0d
[INFO] [stdout]                                at /rustc/53fd98ca776cb875bc9e5514f56b52eb74f9e7a9/library/std/src/sys_common/backtrace.rs:49:5
[INFO] [stdout]    7:     0x562f3cdbdbfb - std::sys_common::backtrace::print::h61376ae57d131d72
[INFO] [stdout]                                at /rustc/53fd98ca776cb875bc9e5514f56b52eb74f9e7a9/library/std/src/sys_common/backtrace.rs:36:9
[INFO] [stdout]    8:     0x562f3cdbdbfb - std::panicking::default_hook::{{closure}}::h0f7208c0b9644a54
[INFO] [stdout]                                at /rustc/53fd98ca776cb875bc9e5514f56b52eb74f9e7a9/library/std/src/panicking.rs:208:50
[INFO] [stdout]    9:     0x562f3cdbd70c - std::panicking::default_hook::hdac7fc06578c14ce
[INFO] [stdout]                                at /rustc/53fd98ca776cb875bc9e5514f56b52eb74f9e7a9/library/std/src/panicking.rs:222:9
[INFO] [stdout]   10:     0x562f3cdbe2c4 - std::panicking::rust_panic_with_hook::h72b21c283da3d1ef
[INFO] [stdout]                                at /rustc/53fd98ca776cb875bc9e5514f56b52eb74f9e7a9/library/std/src/panicking.rs:622:17
[INFO] [stdout]   11:     0x562f3cdbdda7 - std::panicking::begin_panic_handler::{{closure}}::he5778f1729cff84a
[INFO] [stdout]                                at /rustc/53fd98ca776cb875bc9e5514f56b52eb74f9e7a9/library/std/src/panicking.rs:519:13
[INFO] [stdout]   12:     0x562f3cdbbeec - std::sys_common::backtrace::__rust_end_short_backtrace::h2d11ca8b453b4b1d
[INFO] [stdout]                                at /rustc/53fd98ca776cb875bc9e5514f56b52eb74f9e7a9/library/std/src/sys_common/backtrace.rs:141:18
[INFO] [stdout]   13:     0x562f3cdbdd09 - rust_begin_unwind
[INFO] [stdout]                                at /rustc/53fd98ca776cb875bc9e5514f56b52eb74f9e7a9/library/std/src/panicking.rs:515:5
[INFO] [stdout]   14:     0x562f3c801a91 - core::panicking::panic_fmt::hf9de31d4acbce4db
[INFO] [stdout]                                at /rustc/53fd98ca776cb875bc9e5514f56b52eb74f9e7a9/library/core/src/panicking.rs:92:14
[INFO] [stdout]   15:     0x562f3c801b83 - core::result::unwrap_failed::ha0c84e81219e5878
[INFO] [stdout]                                at /rustc/53fd98ca776cb875bc9e5514f56b52eb74f9e7a9/library/core/src/result.rs:1599:5
[INFO] [stdout]   16:     0x562f3c807e5b - core::result::Result<T,E>::unwrap::h662986323d9d7999
[INFO] [stdout]                                at /rustc/53fd98ca776cb875bc9e5514f56b52eb74f9e7a9/library/core/src/result.rs:1281:23
[INFO] [stdout]   17:     0x562f3c806e49 - test_lib::check_test_file::h43fcfeb7d4581f7a
[INFO] [stdout]                                at /opt/rustwide/workdir/tests/test_lib.rs:54:20
[INFO] [stdout]   18:     0x562f3c806dfa - test_lib::check_test_file::{{closure}}::h3e6c6628d4e76f4a
[INFO] [stdout]                                at /opt/rustwide/workdir/tests/test_lib.rs:53:1
[INFO] [stdout]   19:     0x562f3c8092ae - core::ops::function::FnOnce::call_once::h2fe3f150b66eb067
[INFO] [stdout]                                at /rustc/53fd98ca776cb875bc9e5514f56b52eb74f9e7a9/library/core/src/ops/function.rs:227:5
[INFO] [stdout]   20:     0x562f3c83c8f3 - core::ops::function::FnOnce::call_once::hbb52c4519d3137b0
[INFO] [stdout]                                at /rustc/53fd98ca776cb875bc9e5514f56b52eb74f9e7a9/library/core/src/ops/function.rs:227:5
[INFO] [stdout]   21:     0x562f3c83c8f3 - test::__rust_begin_short_backtrace::h86fe3a2a5a5121af
[INFO] [stdout]                                at /rustc/53fd98ca776cb875bc9e5514f56b52eb74f9e7a9/library/test/src/lib.rs:578:5
[INFO] [stdout]   22:     0x562f3c83b3a8 - <alloc::boxed::Box<F,A> as core::ops::function::FnOnce<Args>>::call_once::hfd956bc3d57399be
[INFO] [stdout]                                at /rustc/53fd98ca776cb875bc9e5514f56b52eb74f9e7a9/library/alloc/src/boxed.rs:1572:9
[INFO] [stdout]   23:     0x562f3c83b3a8 - <std::panic::AssertUnwindSafe<F> as core::ops::function::FnOnce<()>>::call_once::h40dc93e0ddb5938a
[INFO] [stdout]                                at /rustc/53fd98ca776cb875bc9e5514f56b52eb74f9e7a9/library/std/src/panic.rs:347:9
[INFO] [stdout]   24:     0x562f3c83b3a8 - std::panicking::try::do_call::h90d07750cb47c562
[INFO] [stdout]                                at /rustc/53fd98ca776cb875bc9e5514f56b52eb74f9e7a9/library/std/src/panicking.rs:401:40
[INFO] [stdout]   25:     0x562f3c83b3a8 - std::panicking::try::h063c84733ad2a629
[INFO] [stdout]                                at /rustc/53fd98ca776cb875bc9e5514f56b52eb74f9e7a9/library/std/src/panicking.rs:365:19
[INFO] [stdout]   26:     0x562f3c83b3a8 - std::panic::catch_unwind::h0c464836a84e7c08
[INFO] [stdout]                                at /rustc/53fd98ca776cb875bc9e5514f56b52eb74f9e7a9/library/std/src/panic.rs:434:14
[INFO] [stdout]   27:     0x562f3c83b3a8 - test::run_test_in_process::h5cb06ef620b157fc
[INFO] [stdout]                                at /rustc/53fd98ca776cb875bc9e5514f56b52eb74f9e7a9/library/test/src/lib.rs:601:18
[INFO] [stdout]   28:     0x562f3c83b3a8 - test::run_test::run_test_inner::{{closure}}::h76f677f4b93f9828
[INFO] [stdout]                                at /rustc/53fd98ca776cb875bc9e5514f56b52eb74f9e7a9/library/test/src/lib.rs:493:39
[INFO] [stdout]   29:     0x562f3c809b3d - test::run_test::run_test_inner::{{closure}}::h366d01fe04f4d67a
[INFO] [stdout]                                at /rustc/53fd98ca776cb875bc9e5514f56b52eb74f9e7a9/library/test/src/lib.rs:520:37
[INFO] [stdout]   30:     0x562f3c809b3d - std::sys_common::backtrace::__rust_begin_short_backtrace::h7dfa0de4eb395af2
[INFO] [stdout]                                at /rustc/53fd98ca776cb875bc9e5514f56b52eb74f9e7a9/library/std/src/sys_common/backtrace.rs:125:18
[INFO] [stdout]   31:     0x562f3c80e308 - std::thread::Builder::spawn_unchecked::{{closure}}::{{closure}}::hf0a74bb58798037f
[INFO] [stdout]                                at /rustc/53fd98ca776cb875bc9e5514f56b52eb74f9e7a9/library/std/src/thread/mod.rs:476:17
[INFO] [stdout]   32:     0x562f3c80e308 - <std::panic::AssertUnwindSafe<F> as core::ops::function::FnOnce<()>>::call_once::hb024e854818586ac
[INFO] [stdout]                                at /rustc/53fd98ca776cb875bc9e5514f56b52eb74f9e7a9/library/std/src/panic.rs:347:9
[INFO] [stdout]   33:     0x562f3c80e308 - std::panicking::try::do_call::hb2dd9f1d0d48e41d
[INFO] [stdout]                                at /rustc/53fd98ca776cb875bc9e5514f56b52eb74f9e7a9/library/std/src/panicking.rs:401:40
[INFO] [stdout]   34:     0x562f3c80e308 - std::panicking::try::h4717ae7bac8b2bf3
[INFO] [stdout]                                at /rustc/53fd98ca776cb875bc9e5514f56b52eb74f9e7a9/library/std/src/panicking.rs:365:19
[INFO] [stdout]   35:     0x562f3c80e308 - std::panic::catch_unwind::h0dc8a061326ce8d8
[INFO] [stdout]                                at /rustc/53fd98ca776cb875bc9e5514f56b52eb74f9e7a9/library/std/src/panic.rs:434:14
[INFO] [stdout]   36:     0x562f3c80e308 - std::thread::Builder::spawn_unchecked::{{closure}}::haa369e2d6fd00aa1
[INFO] [stdout]                                at /rustc/53fd98ca776cb875bc9e5514f56b52eb74f9e7a9/library/std/src/thread/mod.rs:475:30
[INFO] [stdout]   37:     0x562f3c80e308 - core::ops::function::FnOnce::call_once{{vtable.shim}}::h36dcf3de8b056f17
[INFO] [stdout]                                at /rustc/53fd98ca776cb875bc9e5514f56b52eb74f9e7a9/library/core/src/ops/function.rs:227:5
[INFO] [stdout]   38:     0x562f3cdc3737 - <alloc::boxed::Box<F,A> as core::ops::function::FnOnce<Args>>::call_once::h65c29e4642be2358
[INFO] [stdout]                                at /rustc/53fd98ca776cb875bc9e5514f56b52eb74f9e7a9/library/alloc/src/boxed.rs:1572:9
[INFO] [stdout]   39:     0x562f3cdc3737 - <alloc::boxed::Box<F,A> as core::ops::function::FnOnce<Args>>::call_once::hd0f8f7fbbd9fffbf
[INFO] [stdout]                                at /rustc/53fd98ca776cb875bc9e5514f56b52eb74f9e7a9/library/alloc/src/boxed.rs:1572:9
[INFO] [stdout]   40:     0x562f3cdc3737 - std::sys::unix::thread::Thread::new::thread_start::h2fd22fee3ca77b65
[INFO] [stdout]                                at /rustc/53fd98ca776cb875bc9e5514f56b52eb74f9e7a9/library/std/src/sys/unix/thread.rs:74:17
[INFO] [stdout]   41:     0x7fa707d0f609 - start_thread
[INFO] [stdout]   42:     0x7fa707adf293 - clone
[INFO] [stdout]   43:                0x0 - <unknown>
[INFO] [stdout] 
[INFO] [stdout] 
[INFO] [stdout] failures:
[INFO] [stdout]     check_test_file
[INFO] [stdout] 
[INFO] [stdout] test result: FAILED. 1 passed; 1 failed; 0 ignored; 0 measured; 0 filtered out; finished in 0.04s
[INFO] [stdout] 
[INFO] [stderr] error: test failed, to rerun pass '--test test_lib'
[INFO] running `Command { std: "docker" "inspect" "f8cfa8e09ade20ed048830b4dff3be9e7316376a63fcd78a21c6616712b310c2", kill_on_drop: false }`
[INFO] running `Command { std: "docker" "rm" "-f" "f8cfa8e09ade20ed048830b4dff3be9e7316376a63fcd78a21c6616712b310c2", kill_on_drop: false }`
[INFO] [stdout] f8cfa8e09ade20ed048830b4dff3be9e7316376a63fcd78a21c6616712b310c2
