[INFO] fetching crate jsonlang 0.1.0...
[INFO] testing jsonlang-0.1.0 against 1.54.0 for beta-1.55-1
[INFO] extracting crate jsonlang 0.1.0 into /workspace/builds/worker-7/source
[INFO] validating manifest of crates.io crate jsonlang 0.1.0 on toolchain 1.54.0
[INFO] running `Command { std: "/workspace/cargo-home/bin/cargo" "+1.54.0" "metadata" "--manifest-path" "Cargo.toml" "--no-deps", kill_on_drop: false }`
[INFO] started tweaking crates.io crate jsonlang 0.1.0
[INFO] finished tweaking crates.io crate jsonlang 0.1.0
[INFO] tweaked toml for crates.io crate jsonlang 0.1.0 written to /workspace/builds/worker-7/source/Cargo.toml
[INFO] running `Command { std: "/workspace/cargo-home/bin/cargo" "+1.54.0" "generate-lockfile" "--manifest-path" "Cargo.toml" "-Zno-index-update", kill_on_drop: false }`
[INFO] running `Command { std: "/workspace/cargo-home/bin/cargo" "+1.54.0" "fetch" "--manifest-path" "Cargo.toml", kill_on_drop: false }`
[INFO] running `Command { std: "docker" "create" "-v" "/var/lib/crater-agent-workspace/builds/worker-7/target:/opt/rustwide/target:rw,Z" "-v" "/var/lib/crater-agent-workspace/builds/worker-7/source:/opt/rustwide/workdir:ro,Z" "-v" "/var/lib/crater-agent-workspace/cargo-home:/opt/rustwide/cargo-home:ro,Z" "-v" "/var/lib/crater-agent-workspace/rustup-home:/opt/rustwide/rustup-home:ro,Z" "-e" "SOURCE_DIR=/opt/rustwide/workdir" "-e" "CARGO_TARGET_DIR=/opt/rustwide/target" "-e" "CARGO_HOME=/opt/rustwide/cargo-home" "-e" "RUSTUP_HOME=/opt/rustwide/rustup-home" "-w" "/opt/rustwide/workdir" "-m" "1610612736" "--user" "0:0" "--network" "none" "ghcr.io/rust-lang/crates-build-env/linux@sha256:34b6a614d2c27851fe6cbf88fbd1137609cefab8b10d0615aaeb6fd47975d74e" "/opt/rustwide/cargo-home/bin/cargo" "+1.54.0" "metadata" "--no-deps" "--format-version=1", kill_on_drop: false }`
[INFO] [stdout] cad780bd68a8f7b09b5adf0b1632357e18eccb779a8b227616db0d4fd6681f2b
[INFO] [stderr] WARNING: Your kernel does not support swap limit capabilities or the cgroup is not mounted. Memory limited without swap.
[INFO] running `Command { std: "docker" "start" "-a" "cad780bd68a8f7b09b5adf0b1632357e18eccb779a8b227616db0d4fd6681f2b", kill_on_drop: false }`
[INFO] running `Command { std: "docker" "inspect" "cad780bd68a8f7b09b5adf0b1632357e18eccb779a8b227616db0d4fd6681f2b", kill_on_drop: false }`
[INFO] running `Command { std: "docker" "rm" "-f" "cad780bd68a8f7b09b5adf0b1632357e18eccb779a8b227616db0d4fd6681f2b", kill_on_drop: false }`
[INFO] [stdout] cad780bd68a8f7b09b5adf0b1632357e18eccb779a8b227616db0d4fd6681f2b
[INFO] running `Command { std: "docker" "create" "-v" "/var/lib/crater-agent-workspace/builds/worker-7/target:/opt/rustwide/target:rw,Z" "-v" "/var/lib/crater-agent-workspace/builds/worker-7/source:/opt/rustwide/workdir:ro,Z" "-v" "/var/lib/crater-agent-workspace/cargo-home:/opt/rustwide/cargo-home:ro,Z" "-v" "/var/lib/crater-agent-workspace/rustup-home:/opt/rustwide/rustup-home:ro,Z" "-e" "SOURCE_DIR=/opt/rustwide/workdir" "-e" "CARGO_TARGET_DIR=/opt/rustwide/target" "-e" "CARGO_INCREMENTAL=0" "-e" "RUST_BACKTRACE=full" "-e" "RUSTFLAGS=--cap-lints=warn" "-e" "CARGO_HOME=/opt/rustwide/cargo-home" "-e" "RUSTUP_HOME=/opt/rustwide/rustup-home" "-w" "/opt/rustwide/workdir" "-m" "1610612736" "--user" "0:0" "--network" "none" "ghcr.io/rust-lang/crates-build-env/linux@sha256:34b6a614d2c27851fe6cbf88fbd1137609cefab8b10d0615aaeb6fd47975d74e" "/opt/rustwide/cargo-home/bin/cargo" "+1.54.0" "build" "--frozen" "--message-format=json", kill_on_drop: false }`
[INFO] [stdout] bcae482b7e32cb3cb2838df04cc3797a8e8dbe33fb061afa3ba2f25a7b261624
[INFO] [stderr] WARNING: Your kernel does not support swap limit capabilities or the cgroup is not mounted. Memory limited without swap.
[INFO] running `Command { std: "docker" "start" "-a" "bcae482b7e32cb3cb2838df04cc3797a8e8dbe33fb061afa3ba2f25a7b261624", kill_on_drop: false }`
[INFO] [stderr]    Compiling errno v0.1.8
[INFO] [stderr]    Compiling semver-parser v0.6.2
[INFO] [stderr]    Compiling semver v0.4.1
[INFO] [stderr]    Compiling jsonlang v0.1.0 (/opt/rustwide/workdir)
[INFO] [stdout] warning: use of deprecated associated function `std::error::Error::description`: use the Display impl or to_string()
[INFO] [stdout]   --> src/error.rs:64:39
[INFO] [stdout]    |
[INFO] [stdout] 64 |             Error::IO(ref err) => err.description(),
[INFO] [stdout]    |                                       ^^^^^^^^^^^
[INFO] [stdout]    |
[INFO] [stdout]    = note: `#[warn(deprecated)]` on by default
[INFO] [stdout] 
[INFO] [stdout] 
[INFO] [stdout] warning: 1 warning emitted
[INFO] [stdout] 
[INFO] [stdout] 
[INFO] [stderr]     Finished dev [unoptimized + debuginfo] target(s) in 2.02s
[INFO] running `Command { std: "docker" "inspect" "bcae482b7e32cb3cb2838df04cc3797a8e8dbe33fb061afa3ba2f25a7b261624", kill_on_drop: false }`
[INFO] running `Command { std: "docker" "rm" "-f" "bcae482b7e32cb3cb2838df04cc3797a8e8dbe33fb061afa3ba2f25a7b261624", kill_on_drop: false }`
[INFO] [stdout] bcae482b7e32cb3cb2838df04cc3797a8e8dbe33fb061afa3ba2f25a7b261624
[INFO] running `Command { std: "docker" "create" "-v" "/var/lib/crater-agent-workspace/builds/worker-7/target:/opt/rustwide/target:rw,Z" "-v" "/var/lib/crater-agent-workspace/builds/worker-7/source:/opt/rustwide/workdir:ro,Z" "-v" "/var/lib/crater-agent-workspace/cargo-home:/opt/rustwide/cargo-home:ro,Z" "-v" "/var/lib/crater-agent-workspace/rustup-home:/opt/rustwide/rustup-home:ro,Z" "-e" "SOURCE_DIR=/opt/rustwide/workdir" "-e" "CARGO_TARGET_DIR=/opt/rustwide/target" "-e" "CARGO_INCREMENTAL=0" "-e" "RUST_BACKTRACE=full" "-e" "RUSTFLAGS=--cap-lints=warn" "-e" "CARGO_HOME=/opt/rustwide/cargo-home" "-e" "RUSTUP_HOME=/opt/rustwide/rustup-home" "-w" "/opt/rustwide/workdir" "-m" "1610612736" "--user" "0:0" "--network" "none" "ghcr.io/rust-lang/crates-build-env/linux@sha256:34b6a614d2c27851fe6cbf88fbd1137609cefab8b10d0615aaeb6fd47975d74e" "/opt/rustwide/cargo-home/bin/cargo" "+1.54.0" "test" "--frozen" "--no-run" "--message-format=json", kill_on_drop: false }`
[INFO] [stderr] WARNING: Your kernel does not support swap limit capabilities or the cgroup is not mounted. Memory limited without swap.
[INFO] [stdout] 32b3ad5a7c926cc215b202aad2f40097af5ba9bc7cea2508e4371c2ef18cf992
[INFO] running `Command { std: "docker" "start" "-a" "32b3ad5a7c926cc215b202aad2f40097af5ba9bc7cea2508e4371c2ef18cf992", kill_on_drop: false }`
[INFO] [stderr]    Compiling jsonlang v0.1.0 (/opt/rustwide/workdir)
[INFO] [stdout] warning: use of deprecated associated function `std::error::Error::description`: use the Display impl or to_string()
[INFO] [stdout]   --> src/error.rs:64:39
[INFO] [stdout]    |
[INFO] [stdout] 64 |             Error::IO(ref err) => err.description(),
[INFO] [stdout]    |                                       ^^^^^^^^^^^
[INFO] [stdout]    |
[INFO] [stdout]    = note: `#[warn(deprecated)]` on by default
[INFO] [stdout] 
[INFO] [stdout] 
[INFO] [stdout] warning: 1 warning emitted
[INFO] [stdout] 
[INFO] [stdout] 
[INFO] [stdout] warning: use of deprecated associated function `std::error::Error::description`: use the Display impl or to_string()
[INFO] [stdout]   --> src/error.rs:64:39
[INFO] [stdout]    |
[INFO] [stdout] 64 |             Error::IO(ref err) => err.description(),
[INFO] [stdout]    |                                       ^^^^^^^^^^^
[INFO] [stdout]    |
[INFO] [stdout]    = note: `#[warn(deprecated)]` on by default
[INFO] [stdout] 
[INFO] [stdout] 
[INFO] [stdout] warning: 1 warning emitted
[INFO] [stdout] 
[INFO] [stdout] 
[INFO] [stderr]     Finished test [unoptimized + debuginfo] target(s) in 0.73s
[INFO] running `Command { std: "docker" "inspect" "32b3ad5a7c926cc215b202aad2f40097af5ba9bc7cea2508e4371c2ef18cf992", kill_on_drop: false }`
[INFO] running `Command { std: "docker" "rm" "-f" "32b3ad5a7c926cc215b202aad2f40097af5ba9bc7cea2508e4371c2ef18cf992", kill_on_drop: false }`
[INFO] [stdout] 32b3ad5a7c926cc215b202aad2f40097af5ba9bc7cea2508e4371c2ef18cf992
[INFO] running `Command { std: "docker" "create" "-v" "/var/lib/crater-agent-workspace/builds/worker-7/target:/opt/rustwide/target:rw,Z" "-v" "/var/lib/crater-agent-workspace/builds/worker-7/source:/opt/rustwide/workdir:ro,Z" "-v" "/var/lib/crater-agent-workspace/cargo-home:/opt/rustwide/cargo-home:ro,Z" "-v" "/var/lib/crater-agent-workspace/rustup-home:/opt/rustwide/rustup-home:ro,Z" "-e" "SOURCE_DIR=/opt/rustwide/workdir" "-e" "CARGO_TARGET_DIR=/opt/rustwide/target" "-e" "CARGO_INCREMENTAL=0" "-e" "RUST_BACKTRACE=full" "-e" "RUSTFLAGS=--cap-lints=warn" "-e" "CARGO_HOME=/opt/rustwide/cargo-home" "-e" "RUSTUP_HOME=/opt/rustwide/rustup-home" "-w" "/opt/rustwide/workdir" "-m" "1610612736" "--user" "0:0" "--network" "none" "ghcr.io/rust-lang/crates-build-env/linux@sha256:34b6a614d2c27851fe6cbf88fbd1137609cefab8b10d0615aaeb6fd47975d74e" "/opt/rustwide/cargo-home/bin/cargo" "+1.54.0" "test" "--frozen", kill_on_drop: false }`
[INFO] [stderr] WARNING: Your kernel does not support swap limit capabilities or the cgroup is not mounted. Memory limited without swap.
[INFO] [stdout] 3457b952eb2aac122fd0f5e184af9df3594a4916a19cbc838de729729879b40c
[INFO] running `Command { std: "docker" "start" "-a" "3457b952eb2aac122fd0f5e184af9df3594a4916a19cbc838de729729879b40c", kill_on_drop: false }`
[INFO] [stderr] warning: use of deprecated associated function `std::error::Error::description`: use the Display impl or to_string()
[INFO] [stderr]   --> src/error.rs:64:39
[INFO] [stderr]    |
[INFO] [stderr] 64 |             Error::IO(ref err) => err.description(),
[INFO] [stderr]    |                                       ^^^^^^^^^^^
[INFO] [stderr]    |
[INFO] [stderr]    = note: `#[warn(deprecated)]` on by default
[INFO] [stderr] 
[INFO] [stderr] warning: 1 warning emitted
[INFO] [stderr] 
[INFO] [stderr] warning: use of deprecated associated function `std::error::Error::description`: use the Display impl or to_string()
[INFO] [stderr]   --> src/error.rs:64:39
[INFO] [stderr]    |
[INFO] [stderr] 64 |             Error::IO(ref err) => err.description(),
[INFO] [stderr]    |                                       ^^^^^^^^^^^
[INFO] [stderr]    |
[INFO] [stderr]    = note: `#[warn(deprecated)]` on by default
[INFO] [stderr] 
[INFO] [stderr] warning: 1 warning emitted
[INFO] [stderr] 
[INFO] [stderr]     Finished test [unoptimized + debuginfo] target(s) in 0.02s
[INFO] [stderr]      Running unittests (/opt/rustwide/target/debug/deps/jsonlang-b696e62a4969f259)
[INFO] [stdout] 
[INFO] [stdout] running 0 tests
[INFO] [stdout] 
[INFO] [stdout] test result: ok. 0 passed; 0 failed; 0 ignored; 0 measured; 0 filtered out; finished in 0.00s
[INFO] [stdout] 
[INFO] [stderr]    Doc-tests jsonlang
[INFO] [stdout] 
[INFO] [stdout] running 4 tests
[INFO] [stdout] test src/macros.rs - repeat_blue (line 70) ... FAILED
[INFO] [stdout] test src/macros.rs - repeat_yellow (line 54) ... FAILED
[INFO] [stdout] test src/macros.rs - repeat (line 22) ... FAILED
[INFO] [stdout] test src/macros.rs - repeat_red (line 38) ... FAILED
[INFO] [stdout] 
[INFO] [stdout] failures:
[INFO] [stdout] 
[INFO] [stdout] ---- src/macros.rs - repeat_blue (line 70) stdout ----
[INFO] [stdout] error: cannot find macro `repeat_blue` in this scope
[INFO] [stdout]  --> src/macros.rs:71:1
[INFO] [stdout]   |
[INFO] [stdout] 3 | repeat_blue!("=", 80);
[INFO] [stdout]   | ^^^^^^^^^^^
[INFO] [stdout] 
[INFO] [stdout] error: aborting due to previous error
[INFO] [stdout] 
[INFO] [stdout] Couldn't compile the test.
[INFO] [stdout] ---- src/macros.rs - repeat_yellow (line 54) stdout ----
[INFO] [stdout] error: cannot find macro `repeat_yellow` in this scope
[INFO] [stdout]  --> src/macros.rs:55:1
[INFO] [stdout]   |
[INFO] [stdout] 3 | repeat_yellow!("=", 80);
[INFO] [stdout]   | ^^^^^^^^^^^^^
[INFO] [stdout] 
[INFO] [stdout] error: aborting due to previous error
[INFO] [stdout] 
[INFO] [stdout] Couldn't compile the test.
[INFO] [stdout] ---- src/macros.rs - repeat (line 22) stdout ----
[INFO] [stdout] error: cannot find macro `sep` in this scope
[INFO] [stdout]  --> src/macros.rs:23:1
[INFO] [stdout]   |
[INFO] [stdout] 3 | sep!("=", 80);
[INFO] [stdout]   | ^^^
[INFO] [stdout] 
[INFO] [stdout] error: aborting due to previous error
[INFO] [stdout] 
[INFO] [stdout] Couldn't compile the test.
[INFO] [stdout] ---- src/macros.rs - repeat_red (line 38) stdout ----
[INFO] [stdout] error: cannot find macro `repeat_red` in this scope
[INFO] [stdout]  --> src/macros.rs:39:1
[INFO] [stdout]   |
[INFO] [stdout] 3 | repeat_red!("=", 80);
[INFO] [stdout]   | ^^^^^^^^^^
[INFO] [stdout] 
[INFO] [stdout] error: aborting due to previous error
[INFO] [stdout] 
[INFO] [stdout] Couldn't compile the test.
[INFO] [stdout] 
[INFO] [stdout] failures:
[INFO] [stdout]     src/macros.rs - repeat (line 22)
[INFO] [stdout]     src/macros.rs - repeat_blue (line 70)
[INFO] [stdout]     src/macros.rs - repeat_red (line 38)
[INFO] [stdout]     src/macros.rs - repeat_yellow (line 54)
[INFO] [stdout] 
[INFO] [stdout] test result: FAILED. 0 passed; 4 failed; 0 ignored; 0 measured; 0 filtered out; finished in 0.23s
[INFO] [stdout] 
[INFO] [stderr] error: test failed, to rerun pass '--doc'
[INFO] running `Command { std: "docker" "inspect" "3457b952eb2aac122fd0f5e184af9df3594a4916a19cbc838de729729879b40c", kill_on_drop: false }`
[INFO] running `Command { std: "docker" "rm" "-f" "3457b952eb2aac122fd0f5e184af9df3594a4916a19cbc838de729729879b40c", kill_on_drop: false }`
[INFO] [stdout] 3457b952eb2aac122fd0f5e184af9df3594a4916a19cbc838de729729879b40c
