[INFO] fetching crate jrdb 0.0.2...
[INFO] testing jrdb-0.0.2 against 1.54.0 for beta-1.55-1
[INFO] extracting crate jrdb 0.0.2 into /workspace/builds/worker-2/source
[INFO] validating manifest of crates.io crate jrdb 0.0.2 on toolchain 1.54.0
[INFO] running `Command { std: "/workspace/cargo-home/bin/cargo" "+1.54.0" "metadata" "--manifest-path" "Cargo.toml" "--no-deps", kill_on_drop: false }`
[INFO] started tweaking crates.io crate jrdb 0.0.2
[INFO] finished tweaking crates.io crate jrdb 0.0.2
[INFO] tweaked toml for crates.io crate jrdb 0.0.2 written to /workspace/builds/worker-2/source/Cargo.toml
[INFO] crate crates.io crate jrdb 0.0.2 already has a lockfile, it will not be regenerated
[INFO] running `Command { std: "/workspace/cargo-home/bin/cargo" "+1.54.0" "fetch" "--manifest-path" "Cargo.toml", kill_on_drop: false }`
[INFO] running `Command { std: "docker" "create" "-v" "/var/lib/crater-agent-workspace/builds/worker-2/target:/opt/rustwide/target:rw,Z" "-v" "/var/lib/crater-agent-workspace/builds/worker-2/source:/opt/rustwide/workdir:ro,Z" "-v" "/var/lib/crater-agent-workspace/cargo-home:/opt/rustwide/cargo-home:ro,Z" "-v" "/var/lib/crater-agent-workspace/rustup-home:/opt/rustwide/rustup-home:ro,Z" "-e" "SOURCE_DIR=/opt/rustwide/workdir" "-e" "CARGO_TARGET_DIR=/opt/rustwide/target" "-e" "CARGO_HOME=/opt/rustwide/cargo-home" "-e" "RUSTUP_HOME=/opt/rustwide/rustup-home" "-w" "/opt/rustwide/workdir" "-m" "1610612736" "--user" "0:0" "--network" "none" "ghcr.io/rust-lang/crates-build-env/linux@sha256:34b6a614d2c27851fe6cbf88fbd1137609cefab8b10d0615aaeb6fd47975d74e" "/opt/rustwide/cargo-home/bin/cargo" "+1.54.0" "metadata" "--no-deps" "--format-version=1", kill_on_drop: false }`
[INFO] [stderr] WARNING: Your kernel does not support swap limit capabilities or the cgroup is not mounted. Memory limited without swap.
[INFO] [stdout] 84f3c7323e80b318db087d5d4786553cfd6a717dbe94ea5148994029a1e17c69
[INFO] running `Command { std: "docker" "start" "-a" "84f3c7323e80b318db087d5d4786553cfd6a717dbe94ea5148994029a1e17c69", kill_on_drop: false }`
[INFO] running `Command { std: "docker" "inspect" "84f3c7323e80b318db087d5d4786553cfd6a717dbe94ea5148994029a1e17c69", kill_on_drop: false }`
[INFO] running `Command { std: "docker" "rm" "-f" "84f3c7323e80b318db087d5d4786553cfd6a717dbe94ea5148994029a1e17c69", kill_on_drop: false }`
[INFO] [stdout] 84f3c7323e80b318db087d5d4786553cfd6a717dbe94ea5148994029a1e17c69
[INFO] running `Command { std: "docker" "create" "-v" "/var/lib/crater-agent-workspace/builds/worker-2/target:/opt/rustwide/target:rw,Z" "-v" "/var/lib/crater-agent-workspace/builds/worker-2/source:/opt/rustwide/workdir:ro,Z" "-v" "/var/lib/crater-agent-workspace/cargo-home:/opt/rustwide/cargo-home:ro,Z" "-v" "/var/lib/crater-agent-workspace/rustup-home:/opt/rustwide/rustup-home:ro,Z" "-e" "SOURCE_DIR=/opt/rustwide/workdir" "-e" "CARGO_TARGET_DIR=/opt/rustwide/target" "-e" "CARGO_INCREMENTAL=0" "-e" "RUST_BACKTRACE=full" "-e" "RUSTFLAGS=--cap-lints=warn" "-e" "CARGO_HOME=/opt/rustwide/cargo-home" "-e" "RUSTUP_HOME=/opt/rustwide/rustup-home" "-w" "/opt/rustwide/workdir" "-m" "1610612736" "--user" "0:0" "--network" "none" "ghcr.io/rust-lang/crates-build-env/linux@sha256:34b6a614d2c27851fe6cbf88fbd1137609cefab8b10d0615aaeb6fd47975d74e" "/opt/rustwide/cargo-home/bin/cargo" "+1.54.0" "build" "--frozen" "--message-format=json", kill_on_drop: false }`
[INFO] [stderr] WARNING: Your kernel does not support swap limit capabilities or the cgroup is not mounted. Memory limited without swap.
[INFO] [stdout] cc00160682f8c3da9c9a9f13410de23bf175c4f6bfd08520775f4dcec1483c89
[INFO] running `Command { std: "docker" "start" "-a" "cc00160682f8c3da9c9a9f13410de23bf175c4f6bfd08520775f4dcec1483c89", kill_on_drop: false }`
[INFO] [stderr]    Compiling jrdb v0.0.2 (/opt/rustwide/workdir)
[INFO] [stderr]     Finished dev [unoptimized + debuginfo] target(s) in 1.28s
[INFO] running `Command { std: "docker" "inspect" "cc00160682f8c3da9c9a9f13410de23bf175c4f6bfd08520775f4dcec1483c89", kill_on_drop: false }`
[INFO] running `Command { std: "docker" "rm" "-f" "cc00160682f8c3da9c9a9f13410de23bf175c4f6bfd08520775f4dcec1483c89", kill_on_drop: false }`
[INFO] [stdout] cc00160682f8c3da9c9a9f13410de23bf175c4f6bfd08520775f4dcec1483c89
[INFO] running `Command { std: "docker" "create" "-v" "/var/lib/crater-agent-workspace/builds/worker-2/target:/opt/rustwide/target:rw,Z" "-v" "/var/lib/crater-agent-workspace/builds/worker-2/source:/opt/rustwide/workdir:ro,Z" "-v" "/var/lib/crater-agent-workspace/cargo-home:/opt/rustwide/cargo-home:ro,Z" "-v" "/var/lib/crater-agent-workspace/rustup-home:/opt/rustwide/rustup-home:ro,Z" "-e" "SOURCE_DIR=/opt/rustwide/workdir" "-e" "CARGO_TARGET_DIR=/opt/rustwide/target" "-e" "CARGO_INCREMENTAL=0" "-e" "RUST_BACKTRACE=full" "-e" "RUSTFLAGS=--cap-lints=warn" "-e" "CARGO_HOME=/opt/rustwide/cargo-home" "-e" "RUSTUP_HOME=/opt/rustwide/rustup-home" "-w" "/opt/rustwide/workdir" "-m" "1610612736" "--user" "0:0" "--network" "none" "ghcr.io/rust-lang/crates-build-env/linux@sha256:34b6a614d2c27851fe6cbf88fbd1137609cefab8b10d0615aaeb6fd47975d74e" "/opt/rustwide/cargo-home/bin/cargo" "+1.54.0" "test" "--frozen" "--no-run" "--message-format=json", kill_on_drop: false }`
[INFO] [stdout] 7ee145ce241f297b5278c454ddab2720f2851382ed508a0e38394cecebdd54aa
[INFO] [stderr] WARNING: Your kernel does not support swap limit capabilities or the cgroup is not mounted. Memory limited without swap.
[INFO] running `Command { std: "docker" "start" "-a" "7ee145ce241f297b5278c454ddab2720f2851382ed508a0e38394cecebdd54aa", kill_on_drop: false }`
[INFO] [stderr]    Compiling jrdb v0.0.2 (/opt/rustwide/workdir)
[INFO] [stderr]     Finished test [unoptimized + debuginfo] target(s) in 0.68s
[INFO] running `Command { std: "docker" "inspect" "7ee145ce241f297b5278c454ddab2720f2851382ed508a0e38394cecebdd54aa", kill_on_drop: false }`
[INFO] running `Command { std: "docker" "rm" "-f" "7ee145ce241f297b5278c454ddab2720f2851382ed508a0e38394cecebdd54aa", kill_on_drop: false }`
[INFO] [stdout] 7ee145ce241f297b5278c454ddab2720f2851382ed508a0e38394cecebdd54aa
[INFO] running `Command { std: "docker" "create" "-v" "/var/lib/crater-agent-workspace/builds/worker-2/target:/opt/rustwide/target:rw,Z" "-v" "/var/lib/crater-agent-workspace/builds/worker-2/source:/opt/rustwide/workdir:ro,Z" "-v" "/var/lib/crater-agent-workspace/cargo-home:/opt/rustwide/cargo-home:ro,Z" "-v" "/var/lib/crater-agent-workspace/rustup-home:/opt/rustwide/rustup-home:ro,Z" "-e" "SOURCE_DIR=/opt/rustwide/workdir" "-e" "CARGO_TARGET_DIR=/opt/rustwide/target" "-e" "CARGO_INCREMENTAL=0" "-e" "RUST_BACKTRACE=full" "-e" "RUSTFLAGS=--cap-lints=warn" "-e" "CARGO_HOME=/opt/rustwide/cargo-home" "-e" "RUSTUP_HOME=/opt/rustwide/rustup-home" "-w" "/opt/rustwide/workdir" "-m" "1610612736" "--user" "0:0" "--network" "none" "ghcr.io/rust-lang/crates-build-env/linux@sha256:34b6a614d2c27851fe6cbf88fbd1137609cefab8b10d0615aaeb6fd47975d74e" "/opt/rustwide/cargo-home/bin/cargo" "+1.54.0" "test" "--frozen", kill_on_drop: false }`
[INFO] [stderr] WARNING: Your kernel does not support swap limit capabilities or the cgroup is not mounted. Memory limited without swap.
[INFO] [stdout] f20d4c519333a249de11bd439954ce5df554033f75e08bf65b041b08af69593b
[INFO] running `Command { std: "docker" "start" "-a" "f20d4c519333a249de11bd439954ce5df554033f75e08bf65b041b08af69593b", kill_on_drop: false }`
[INFO] [stdout] 
[INFO] [stderr]     Finished test [unoptimized + debuginfo] target(s) in 0.08s
[INFO] [stdout] running 0 tests
[INFO] [stderr]      Running unittests (/opt/rustwide/target/debug/deps/jrdb-a9c6343fd270c335)
[INFO] [stdout] 
[INFO] [stdout] test result: ok. 0 passed; 0 failed; 0 ignored; 0 measured; 0 filtered out; finished in 0.00s
[INFO] [stdout] 
[INFO] [stderr]      Running unittests (/opt/rustwide/target/debug/deps/example-7551b9d3faa75304)
[INFO] [stdout] 
[INFO] [stdout] running 0 tests
[INFO] [stdout] 
[INFO] [stdout] test result: ok. 0 passed; 0 failed; 0 ignored; 0 measured; 0 filtered out; finished in 0.00s
[INFO] [stdout] 
[INFO] [stderr]    Doc-tests jrdb
[INFO] [stdout] 
[INFO] [stdout] running 7 tests
[INFO] [stdout] test src/jrdb/lib.rs - Database::delete (line 268) ... FAILED
[INFO] [stdout] test src/jrdb/lib.rs - Database::condition (line 309) ... FAILED
[INFO] [stdout] test src/jrdb/lib.rs - Database::select (line 187) ... FAILED
[INFO] [stdout] test src/jrdb/lib.rs - Database::update (line 223) ... FAILED
[INFO] [stdout] test src/jrdb/lib.rs - Database::insert (line 156) ... FAILED
[INFO] [stdout] test src/jrdb/lib.rs - Database::execute (line 116) ... FAILED
[INFO] [stdout] test src/jrdb/lib.rs - Database::from (line 69) ... FAILED
[INFO] [stdout] 
[INFO] [stdout] failures:
[INFO] [stdout] 
[INFO] [stdout] ---- src/jrdb/lib.rs - Database::delete (line 268) stdout ----
[INFO] [stdout] error[E0596]: cannot borrow `db` as mutable, as it is not declared as mutable
[INFO] [stdout]   --> src/jrdb/lib.rs:282:3
[INFO] [stdout]    |
[INFO] [stdout] 7  |   let db:Database = Database::from("main");
[INFO] [stdout]    |       -- help: consider changing this to be mutable: `mut db`
[INFO] [stdout] ...
[INFO] [stdout] 16 |   db.insert("users", doc).execute();
[INFO] [stdout]    |   ^^ cannot borrow as mutable
[INFO] [stdout] 
[INFO] [stdout] error[E0596]: cannot borrow `db` as mutable, as it is not declared as mutable
[INFO] [stdout]   --> src/jrdb/lib.rs:285:34
[INFO] [stdout]    |
[INFO] [stdout] 7  |   let db:Database = Database::from("main");
[INFO] [stdout]    |       -- help: consider changing this to be mutable: `mut db`
[INFO] [stdout] ...
[INFO] [stdout] 19 |   let collection: JrCollection = db.select("users").execute();
[INFO] [stdout]    |                                  ^^ cannot borrow as mutable
[INFO] [stdout] 
[INFO] [stdout] error[E0596]: cannot borrow `db` as mutable, as it is not declared as mutable
[INFO] [stdout]   --> src/jrdb/lib.rs:289:3
[INFO] [stdout]    |
[INFO] [stdout] 7  |   let db:Database = Database::from("main");
[INFO] [stdout]    |       -- help: consider changing this to be mutable: `mut db`
[INFO] [stdout] ...
[INFO] [stdout] 23 |   db.delete("users").execute();
[INFO] [stdout]    |   ^^ cannot borrow as mutable
[INFO] [stdout] 
[INFO] [stdout] error[E0596]: cannot borrow `db` as mutable, as it is not declared as mutable
[INFO] [stdout]   --> src/jrdb/lib.rs:291:34
[INFO] [stdout]    |
[INFO] [stdout] 7  |   let db:Database = Database::from("main");
[INFO] [stdout]    |       -- help: consider changing this to be mutable: `mut db`
[INFO] [stdout] ...
[INFO] [stdout] 25 |   let collection: JrCollection = db.select("users").execute();
[INFO] [stdout]    |                                  ^^ cannot borrow as mutable
[INFO] [stdout] 
[INFO] [stdout] error: aborting due to 4 previous errors
[INFO] [stdout] 
[INFO] [stdout] For more information about this error, try `rustc --explain E0596`.
[INFO] [stdout] Couldn't compile the test.
[INFO] [stdout] ---- src/jrdb/lib.rs - Database::condition (line 309) stdout ----
[INFO] [stdout] error[E0596]: cannot borrow `db` as mutable, as it is not declared as mutable
[INFO] [stdout]   --> src/jrdb/lib.rs:324:3
[INFO] [stdout]    |
[INFO] [stdout] 8  |   let db:Database = Database::from("main");
[INFO] [stdout]    |       -- help: consider changing this to be mutable: `mut db`
[INFO] [stdout] ...
[INFO] [stdout] 17 |   db.insert("users", doc).execute();
[INFO] [stdout]    |   ^^ cannot borrow as mutable
[INFO] [stdout] 
[INFO] [stdout] error[E0596]: cannot borrow `db` as mutable, as it is not declared as mutable
[INFO] [stdout]   --> src/jrdb/lib.rs:328:5
[INFO] [stdout]    |
[INFO] [stdout] 8  |   let db:Database = Database::from("main");
[INFO] [stdout]    |       -- help: consider changing this to be mutable: `mut db`
[INFO] [stdout] ...
[INFO] [stdout] 21 |     db.select("users")
[INFO] [stdout]    |     ^^ cannot borrow as mutable
[INFO] [stdout] 
[INFO] [stdout] error[E0596]: cannot borrow `db` as mutable, as it is not declared as mutable
[INFO] [stdout]   --> src/jrdb/lib.rs:337:5
[INFO] [stdout]    |
[INFO] [stdout] 8  |   let db:Database = Database::from("main");
[INFO] [stdout]    |       -- help: consider changing this to be mutable: `mut db`
[INFO] [stdout] ...
[INFO] [stdout] 30 |     db.select("users")
[INFO] [stdout]    |     ^^ cannot borrow as mutable
[INFO] [stdout] 
[INFO] [stdout] error: aborting due to 3 previous errors
[INFO] [stdout] 
[INFO] [stdout] For more information about this error, try `rustc --explain E0596`.
[INFO] [stdout] Couldn't compile the test.
[INFO] [stdout] ---- src/jrdb/lib.rs - Database::select (line 187) stdout ----
[INFO] [stdout] error[E0596]: cannot borrow `db` as mutable, as it is not declared as mutable
[INFO] [stdout]   --> src/jrdb/lib.rs:201:3
[INFO] [stdout]    |
[INFO] [stdout] 7  |   let db:Database = Database::from("main");
[INFO] [stdout]    |       -- help: consider changing this to be mutable: `mut db`
[INFO] [stdout] ...
[INFO] [stdout] 16 |   db.insert("users", doc).execute();
[INFO] [stdout]    |   ^^ cannot borrow as mutable
[INFO] [stdout] 
[INFO] [stdout] error[E0596]: cannot borrow `db` as mutable, as it is not declared as mutable
[INFO] [stdout]   --> src/jrdb/lib.rs:204:34
[INFO] [stdout]    |
[INFO] [stdout] 7  |   let db:Database = Database::from("main");
[INFO] [stdout]    |       -- help: consider changing this to be mutable: `mut db`
[INFO] [stdout] ...
[INFO] [stdout] 19 |   let collection: JrCollection = db.select("users").execute();
[INFO] [stdout]    |                                  ^^ cannot borrow as mutable
[INFO] [stdout] 
[INFO] [stdout] error: aborting due to 2 previous errors
[INFO] [stdout] 
[INFO] [stdout] For more information about this error, try `rustc --explain E0596`.
[INFO] [stdout] Couldn't compile the test.
[INFO] [stdout] ---- src/jrdb/lib.rs - Database::update (line 223) stdout ----
[INFO] [stdout] error[E0596]: cannot borrow `db` as mutable, as it is not declared as mutable
[INFO] [stdout]   --> src/jrdb/lib.rs:237:3
[INFO] [stdout]    |
[INFO] [stdout] 7  |   let db:Database = Database::from("main");
[INFO] [stdout]    |       -- help: consider changing this to be mutable: `mut db`
[INFO] [stdout] ...
[INFO] [stdout] 16 |   db.insert("users", doc).execute();
[INFO] [stdout]    |   ^^ cannot borrow as mutable
[INFO] [stdout] 
[INFO] [stdout] error[E0596]: cannot borrow `db` as mutable, as it is not declared as mutable
[INFO] [stdout]   --> src/jrdb/lib.rs:240:34
[INFO] [stdout]    |
[INFO] [stdout] 7  |   let db:Database = Database::from("main");
[INFO] [stdout]    |       -- help: consider changing this to be mutable: `mut db`
[INFO] [stdout] ...
[INFO] [stdout] 19 |   let collection: JrCollection = db.select("users").execute();
[INFO] [stdout]    |                                  ^^ cannot borrow as mutable
[INFO] [stdout] 
[INFO] [stdout] error[E0596]: cannot borrow `db` as mutable, as it is not declared as mutable
[INFO] [stdout]   --> src/jrdb/lib.rs:248:3
[INFO] [stdout]    |
[INFO] [stdout] 7  |   let db:Database = Database::from("main");
[INFO] [stdout]    |       -- help: consider changing this to be mutable: `mut db`
[INFO] [stdout] ...
[INFO] [stdout] 27 |   db.update("users", updated_doc).execute();
[INFO] [stdout]    |   ^^ cannot borrow as mutable
[INFO] [stdout] 
[INFO] [stdout] error[E0596]: cannot borrow `db` as mutable, as it is not declared as mutable
[INFO] [stdout]   --> src/jrdb/lib.rs:250:34
[INFO] [stdout]    |
[INFO] [stdout] 7  |   let db:Database = Database::from("main");
[INFO] [stdout]    |       -- help: consider changing this to be mutable: `mut db`
[INFO] [stdout] ...
[INFO] [stdout] 29 |   let collection: JrCollection = db.select("users").execute();
[INFO] [stdout]    |                                  ^^ cannot borrow as mutable
[INFO] [stdout] 
[INFO] [stdout] error: aborting due to 4 previous errors
[INFO] [stdout] 
[INFO] [stdout] For more information about this error, try `rustc --explain E0596`.
[INFO] [stdout] Couldn't compile the test.
[INFO] [stdout] ---- src/jrdb/lib.rs - Database::insert (line 156) stdout ----
[INFO] [stdout] error[E0599]: no method named `add_value` found for struct `jrdb::jrdb_type::JrDocument` in the current scope
[INFO] [stdout]    --> src/jrdb/lib.rs:165:7
[INFO] [stdout]     |
[INFO] [stdout] 11  |   doc.add_value("name", String::from("Joel"));
[INFO] [stdout]     |       ^^^^^^^^^ method not found in `jrdb::jrdb_type::JrDocument`
[INFO] [stdout]     | 
[INFO] [stdout]    ::: /opt/rustwide/workdir/src/jrdb/jrdb_type.rs:179:6
[INFO] [stdout]     |
[INFO] [stdout] 179 |   fn add_value(&mut self, key:&str, item: T);
[INFO] [stdout]     |      --------- the method is available for `jrdb::jrdb_type::JrDocument` here
[INFO] [stdout]     |
[INFO] [stdout]     = help: items from traits can only be used if the trait is in scope
[INFO] [stdout] help: the following trait is implemented but not in scope; perhaps add a `use` for it:
[INFO] [stdout]     |
[INFO] [stdout] 3   | use crate::jrdb::jrdb_type::AddGetValue;
[INFO] [stdout]     |
[INFO] [stdout] 
[INFO] [stdout] error[E0599]: no method named `add_value` found for struct `jrdb::jrdb_type::JrDocument` in the current scope
[INFO] [stdout]    --> src/jrdb/lib.rs:166:7
[INFO] [stdout]     |
[INFO] [stdout] 12  |   doc.add_value("pass", String::from("ILoveErd"));
[INFO] [stdout]     |       ^^^^^^^^^ method not found in `jrdb::jrdb_type::JrDocument`
[INFO] [stdout]     | 
[INFO] [stdout]    ::: /opt/rustwide/workdir/src/jrdb/jrdb_type.rs:179:6
[INFO] [stdout]     |
[INFO] [stdout] 179 |   fn add_value(&mut self, key:&str, item: T);
[INFO] [stdout]     |      --------- the method is available for `jrdb::jrdb_type::JrDocument` here
[INFO] [stdout]     |
[INFO] [stdout]     = help: items from traits can only be used if the trait is in scope
[INFO] [stdout] help: the following trait is implemented but not in scope; perhaps add a `use` for it:
[INFO] [stdout]     |
[INFO] [stdout] 3   | use crate::jrdb::jrdb_type::AddGetValue;
[INFO] [stdout]     |
[INFO] [stdout] 
[INFO] [stdout] error[E0599]: no method named `add_value` found for struct `jrdb::jrdb_type::JrDocument` in the current scope
[INFO] [stdout]    --> src/jrdb/lib.rs:167:7
[INFO] [stdout]     |
[INFO] [stdout] 13  |   doc.add_value("age", 30);
[INFO] [stdout]     |       ^^^^^^^^^ method not found in `jrdb::jrdb_type::JrDocument`
[INFO] [stdout]     | 
[INFO] [stdout]    ::: /opt/rustwide/workdir/src/jrdb/jrdb_type.rs:179:6
[INFO] [stdout]     |
[INFO] [stdout] 179 |   fn add_value(&mut self, key:&str, item: T);
[INFO] [stdout]     |      --------- the method is available for `jrdb::jrdb_type::JrDocument` here
[INFO] [stdout]     |
[INFO] [stdout]     = help: items from traits can only be used if the trait is in scope
[INFO] [stdout] help: the following trait is implemented but not in scope; perhaps add a `use` for it:
[INFO] [stdout]     |
[INFO] [stdout] 3   | use crate::jrdb::jrdb_type::AddGetValue;
[INFO] [stdout]     |
[INFO] [stdout] 
[INFO] [stdout] error: aborting due to 3 previous errors
[INFO] [stdout] 
[INFO] [stdout] For more information about this error, try `rustc --explain E0599`.
[INFO] [stdout] Couldn't compile the test.
[INFO] [stdout] ---- src/jrdb/lib.rs - Database::execute (line 116) stdout ----
[INFO] [stdout] error[E0599]: no method named `add_value` found for struct `jrdb::jrdb_type::JrDocument` in the current scope
[INFO] [stdout]    --> src/jrdb/lib.rs:125:7
[INFO] [stdout]     |
[INFO] [stdout] 11  |   doc.add_value("name", String::from("Joel"));
[INFO] [stdout]     |       ^^^^^^^^^ method not found in `jrdb::jrdb_type::JrDocument`
[INFO] [stdout]     | 
[INFO] [stdout]    ::: /opt/rustwide/workdir/src/jrdb/jrdb_type.rs:179:6
[INFO] [stdout]     |
[INFO] [stdout] 179 |   fn add_value(&mut self, key:&str, item: T);
[INFO] [stdout]     |      --------- the method is available for `jrdb::jrdb_type::JrDocument` here
[INFO] [stdout]     |
[INFO] [stdout]     = help: items from traits can only be used if the trait is in scope
[INFO] [stdout] help: the following trait is implemented but not in scope; perhaps add a `use` for it:
[INFO] [stdout]     |
[INFO] [stdout] 3   | use crate::jrdb::jrdb_type::AddGetValue;
[INFO] [stdout]     |
[INFO] [stdout] 
[INFO] [stdout] error[E0599]: no method named `add_value` found for struct `jrdb::jrdb_type::JrDocument` in the current scope
[INFO] [stdout]    --> src/jrdb/lib.rs:126:7
[INFO] [stdout]     |
[INFO] [stdout] 12  |   doc.add_value("pass", String::from("ILoveErd"));
[INFO] [stdout]     |       ^^^^^^^^^ method not found in `jrdb::jrdb_type::JrDocument`
[INFO] [stdout]     | 
[INFO] [stdout]    ::: /opt/rustwide/workdir/src/jrdb/jrdb_type.rs:179:6
[INFO] [stdout]     |
[INFO] [stdout] 179 |   fn add_value(&mut self, key:&str, item: T);
[INFO] [stdout]     |      --------- the method is available for `jrdb::jrdb_type::JrDocument` here
[INFO] [stdout]     |
[INFO] [stdout]     = help: items from traits can only be used if the trait is in scope
[INFO] [stdout] help: the following trait is implemented but not in scope; perhaps add a `use` for it:
[INFO] [stdout]     |
[INFO] [stdout] 3   | use crate::jrdb::jrdb_type::AddGetValue;
[INFO] [stdout]     |
[INFO] [stdout] 
[INFO] [stdout] error[E0599]: no method named `add_value` found for struct `jrdb::jrdb_type::JrDocument` in the current scope
[INFO] [stdout]    --> src/jrdb/lib.rs:127:7
[INFO] [stdout]     |
[INFO] [stdout] 13  |   doc.add_value("age", 30);
[INFO] [stdout]     |       ^^^^^^^^^ method not found in `jrdb::jrdb_type::JrDocument`
[INFO] [stdout]     | 
[INFO] [stdout]    ::: /opt/rustwide/workdir/src/jrdb/jrdb_type.rs:179:6
[INFO] [stdout]     |
[INFO] [stdout] 179 |   fn add_value(&mut self, key:&str, item: T);
[INFO] [stdout]     |      --------- the method is available for `jrdb::jrdb_type::JrDocument` here
[INFO] [stdout]     |
[INFO] [stdout]     = help: items from traits can only be used if the trait is in scope
[INFO] [stdout] help: the following trait is implemented but not in scope; perhaps add a `use` for it:
[INFO] [stdout]     |
[INFO] [stdout] 3   | use crate::jrdb::jrdb_type::AddGetValue;
[INFO] [stdout]     |
[INFO] [stdout] 
[INFO] [stdout] error: aborting due to 3 previous errors
[INFO] [stdout] 
[INFO] [stdout] For more information about this error, try `rustc --explain E0599`.
[INFO] [stdout] Couldn't compile the test.
[INFO] [stdout] ---- src/jrdb/lib.rs - Database::from (line 69) stdout ----
[INFO] [stdout] Test executable failed (exit code 101).
[INFO] [stdout] 
[INFO] [stdout] stderr:
[INFO] [stdout] thread 'main' panicked at 'called `Result::unwrap()` on an `Err` value: Os { code: 30, kind: Other, message: "Read-only file system" }', src/jrdb/lib.rs:98:46
[INFO] [stdout] stack backtrace:
[INFO] [stdout]    0:     0x5635addf69a0 - std::backtrace_rs::backtrace::libunwind::trace::h34055254b57d8e79
[INFO] [stdout]                                at /rustc/a178d0322ce20e33eac124758e837cbd80a6f633/library/std/src/../../backtrace/src/backtrace/libunwind.rs:90:5
[INFO] [stdout]    1:     0x5635addf69a0 - std::backtrace_rs::backtrace::trace_unsynchronized::h8f1e3fbd9afff6ec
[INFO] [stdout]                                at /rustc/a178d0322ce20e33eac124758e837cbd80a6f633/library/std/src/../../backtrace/src/backtrace/mod.rs:66:5
[INFO] [stdout]    2:     0x5635addf69a0 - std::sys_common::backtrace::_print_fmt::h3a99a796b770c360
[INFO] [stdout]                                at /rustc/a178d0322ce20e33eac124758e837cbd80a6f633/library/std/src/sys_common/backtrace.rs:67:5
[INFO] [stdout]    3:     0x5635addf69a0 - <std::sys_common::backtrace::_print::DisplayBacktrace as core::fmt::Display>::fmt::h32d1f94a80615d18
[INFO] [stdout]                                at /rustc/a178d0322ce20e33eac124758e837cbd80a6f633/library/std/src/sys_common/backtrace.rs:46:22
[INFO] [stdout]    4:     0x5635ade104fc - core::fmt::write::h306731c068f7162c
[INFO] [stdout]                                at /rustc/a178d0322ce20e33eac124758e837cbd80a6f633/library/core/src/fmt/mod.rs:1110:17
[INFO] [stdout]    5:     0x5635addf53a5 - std::io::Write::write_fmt::hd2fa90334eee2a21
[INFO] [stdout]                                at /rustc/a178d0322ce20e33eac124758e837cbd80a6f633/library/std/src/io/mod.rs:1588:15
[INFO] [stdout]    6:     0x5635addf85cb - std::sys_common::backtrace::_print::h5abaa2601a852287
[INFO] [stdout]                                at /rustc/a178d0322ce20e33eac124758e837cbd80a6f633/library/std/src/sys_common/backtrace.rs:49:5
[INFO] [stdout]    7:     0x5635addf85cb - std::sys_common::backtrace::print::h8d81445442bb638f
[INFO] [stdout]                                at /rustc/a178d0322ce20e33eac124758e837cbd80a6f633/library/std/src/sys_common/backtrace.rs:36:9
[INFO] [stdout]    8:     0x5635addf85cb - std::panicking::default_hook::{{closure}}::hcfe804496a9fa747
[INFO] [stdout]                                at /rustc/a178d0322ce20e33eac124758e837cbd80a6f633/library/std/src/panicking.rs:208:50
[INFO] [stdout]    9:     0x5635addf80a1 - std::panicking::default_hook::hbea8e3ccf2ba8901
[INFO] [stdout]                                at /rustc/a178d0322ce20e33eac124758e837cbd80a6f633/library/std/src/panicking.rs:225:9
[INFO] [stdout]   10:     0x5635addf8c94 - std::panicking::rust_panic_with_hook::h7ee9e1a2d0f8975a
[INFO] [stdout]                                at /rustc/a178d0322ce20e33eac124758e837cbd80a6f633/library/std/src/panicking.rs:622:17
[INFO] [stdout]   11:     0x5635addf8777 - std::panicking::begin_panic_handler::{{closure}}::h8ab3b4491718b2c7
[INFO] [stdout]                                at /rustc/a178d0322ce20e33eac124758e837cbd80a6f633/library/std/src/panicking.rs:519:13
[INFO] [stdout]   12:     0x5635addf6e9c - std::sys_common::backtrace::__rust_end_short_backtrace::hd489062ffa586a9f
[INFO] [stdout]                                at /rustc/a178d0322ce20e33eac124758e837cbd80a6f633/library/std/src/sys_common/backtrace.rs:141:18
[INFO] [stdout]   13:     0x5635addf86d9 - rust_begin_unwind
[INFO] [stdout]                                at /rustc/a178d0322ce20e33eac124758e837cbd80a6f633/library/std/src/panicking.rs:515:5
[INFO] [stdout]   14:     0x5635adddee31 - core::panicking::panic_fmt::hca6330e3e14086b4
[INFO] [stdout]                                at /rustc/a178d0322ce20e33eac124758e837cbd80a6f633/library/core/src/panicking.rs:92:14
[INFO] [stdout]   15:     0x5635adddeec3 - core::result::unwrap_failed::h6160d2b4bfbb0e87
[INFO] [stdout]                                at /rustc/a178d0322ce20e33eac124758e837cbd80a6f633/library/core/src/result.rs:1355:5
[INFO] [stdout]   16:     0x5635adde0b7e - core::result::Result<T,E>::unwrap::ha123ffda1667f8f2
[INFO] [stdout]                                at /rustc/a178d0322ce20e33eac124758e837cbd80a6f633/library/core/src/result.rs:1037:23
[INFO] [stdout]   17:     0x5635adde45f1 - jrdb::Database::from::h6f25db7f7af68e8f
[INFO] [stdout]                                at /opt/rustwide/workdir/src/jrdb/lib.rs:95:25
[INFO] [stdout]   18:     0x5635adddf89b - rust_out::main::h2a38bb51b9580a7d
[INFO] [stdout]   19:     0x5635adddf763 - core::ops::function::FnOnce::call_once::hb73b95e6982fd3f0
[INFO] [stdout]   20:     0x5635adddf659 - std::sys_common::backtrace::__rust_begin_short_backtrace::h8371d112165838d3
[INFO] [stdout]   21:     0x5635adddf6c9 - std::rt::lang_start::{{closure}}::h783adf50233ec5ec
[INFO] [stdout]   22:     0x5635addf9199 - core::ops::function::impls::<impl core::ops::function::FnOnce<A> for &F>::call_once::h2aabc384aab89b7b
[INFO] [stdout]                                at /rustc/a178d0322ce20e33eac124758e837cbd80a6f633/library/core/src/ops/function.rs:259:13
[INFO] [stdout]   23:     0x5635addf9199 - std::panicking::try::do_call::hc5fcacb7a85fc7b1
[INFO] [stdout]                                at /rustc/a178d0322ce20e33eac124758e837cbd80a6f633/library/std/src/panicking.rs:401:40
[INFO] [stdout]   24:     0x5635addf9199 - std::panicking::try::hb5d9603af3abbe3a
[INFO] [stdout]                                at /rustc/a178d0322ce20e33eac124758e837cbd80a6f633/library/std/src/panicking.rs:365:19
[INFO] [stdout]   25:     0x5635addf9199 - std::panic::catch_unwind::h98fe6ac3925e64b4
[INFO] [stdout]                                at /rustc/a178d0322ce20e33eac124758e837cbd80a6f633/library/std/src/panic.rs:434:14
[INFO] [stdout]   26:     0x5635addf9199 - std::rt::lang_start_internal::h22ac7383c516f93e
[INFO] [stdout]                                at /rustc/a178d0322ce20e33eac124758e837cbd80a6f633/library/std/src/rt.rs:34:21
[INFO] [stdout]   27:     0x5635adddf6b1 - std::rt::lang_start::h11b9716471e37ff8
[INFO] [stdout]   28:     0x5635adddf8c3 - main
[INFO] [stdout]   29:     0x7f4a471840b3 - __libc_start_main
[INFO] [stdout]   30:     0x5635adddf58e - _start
[INFO] [stdout]   31:                0x0 - <unknown>
[INFO] [stdout] 
[INFO] [stdout] 
[INFO] [stdout] 
[INFO] [stdout] failures:
[INFO] [stdout]     src/jrdb/lib.rs - Database::condition (line 309)
[INFO] [stdout]     src/jrdb/lib.rs - Database::delete (line 268)
[INFO] [stdout]     src/jrdb/lib.rs - Database::execute (line 116)
[INFO] [stdout]     src/jrdb/lib.rs - Database::from (line 69)
[INFO] [stdout]     src/jrdb/lib.rs - Database::insert (line 156)
[INFO] [stdout]     src/jrdb/lib.rs - Database::select (line 187)
[INFO] [stdout]     src/jrdb/lib.rs - Database::update (line 223)
[INFO] [stdout] 
[INFO] [stdout] test result: FAILED. 0 passed; 7 failed; 0 ignored; 0 measured; 0 filtered out; finished in 0.56s
[INFO] [stdout] 
[INFO] [stderr] error: test failed, to rerun pass '--doc'
[INFO] running `Command { std: "docker" "inspect" "f20d4c519333a249de11bd439954ce5df554033f75e08bf65b041b08af69593b", kill_on_drop: false }`
[INFO] running `Command { std: "docker" "rm" "-f" "f20d4c519333a249de11bd439954ce5df554033f75e08bf65b041b08af69593b", kill_on_drop: false }`
[INFO] [stdout] f20d4c519333a249de11bd439954ce5df554033f75e08bf65b041b08af69593b
