[INFO] fetching crate joyent-tokio-zookeeper 0.1.3...
[INFO] testing joyent-tokio-zookeeper-0.1.3 against 1.54.0 for beta-1.55-1
[INFO] extracting crate joyent-tokio-zookeeper 0.1.3 into /workspace/builds/worker-7/source
[INFO] validating manifest of crates.io crate joyent-tokio-zookeeper 0.1.3 on toolchain 1.54.0
[INFO] running `Command { std: "/workspace/cargo-home/bin/cargo" "+1.54.0" "metadata" "--manifest-path" "Cargo.toml" "--no-deps", kill_on_drop: false }`
[INFO] started tweaking crates.io crate joyent-tokio-zookeeper 0.1.3
[INFO] finished tweaking crates.io crate joyent-tokio-zookeeper 0.1.3
[INFO] tweaked toml for crates.io crate joyent-tokio-zookeeper 0.1.3 written to /workspace/builds/worker-7/source/Cargo.toml
[INFO] running `Command { std: "/workspace/cargo-home/bin/cargo" "+1.54.0" "generate-lockfile" "--manifest-path" "Cargo.toml" "-Zno-index-update", kill_on_drop: false }`
[INFO] running `Command { std: "/workspace/cargo-home/bin/cargo" "+1.54.0" "fetch" "--manifest-path" "Cargo.toml", kill_on_drop: false }`
[INFO] running `Command { std: "docker" "create" "-v" "/var/lib/crater-agent-workspace/builds/worker-7/target:/opt/rustwide/target:rw,Z" "-v" "/var/lib/crater-agent-workspace/builds/worker-7/source:/opt/rustwide/workdir:ro,Z" "-v" "/var/lib/crater-agent-workspace/cargo-home:/opt/rustwide/cargo-home:ro,Z" "-v" "/var/lib/crater-agent-workspace/rustup-home:/opt/rustwide/rustup-home:ro,Z" "-e" "SOURCE_DIR=/opt/rustwide/workdir" "-e" "CARGO_TARGET_DIR=/opt/rustwide/target" "-e" "CARGO_HOME=/opt/rustwide/cargo-home" "-e" "RUSTUP_HOME=/opt/rustwide/rustup-home" "-w" "/opt/rustwide/workdir" "-m" "1610612736" "--user" "0:0" "--network" "none" "ghcr.io/rust-lang/crates-build-env/linux@sha256:34b6a614d2c27851fe6cbf88fbd1137609cefab8b10d0615aaeb6fd47975d74e" "/opt/rustwide/cargo-home/bin/cargo" "+1.54.0" "metadata" "--no-deps" "--format-version=1", kill_on_drop: false }`
[INFO] [stdout] 920ee228729d34145b199f935fbed515b575f7ff3396e7f397c04f1d372c9be5
[INFO] [stderr] WARNING: Your kernel does not support swap limit capabilities or the cgroup is not mounted. Memory limited without swap.
[INFO] running `Command { std: "docker" "start" "-a" "920ee228729d34145b199f935fbed515b575f7ff3396e7f397c04f1d372c9be5", kill_on_drop: false }`
[INFO] running `Command { std: "docker" "inspect" "920ee228729d34145b199f935fbed515b575f7ff3396e7f397c04f1d372c9be5", kill_on_drop: false }`
[INFO] running `Command { std: "docker" "rm" "-f" "920ee228729d34145b199f935fbed515b575f7ff3396e7f397c04f1d372c9be5", kill_on_drop: false }`
[INFO] [stdout] 920ee228729d34145b199f935fbed515b575f7ff3396e7f397c04f1d372c9be5
[INFO] running `Command { std: "docker" "create" "-v" "/var/lib/crater-agent-workspace/builds/worker-7/target:/opt/rustwide/target:rw,Z" "-v" "/var/lib/crater-agent-workspace/builds/worker-7/source:/opt/rustwide/workdir:ro,Z" "-v" "/var/lib/crater-agent-workspace/cargo-home:/opt/rustwide/cargo-home:ro,Z" "-v" "/var/lib/crater-agent-workspace/rustup-home:/opt/rustwide/rustup-home:ro,Z" "-e" "SOURCE_DIR=/opt/rustwide/workdir" "-e" "CARGO_TARGET_DIR=/opt/rustwide/target" "-e" "CARGO_INCREMENTAL=0" "-e" "RUST_BACKTRACE=full" "-e" "RUSTFLAGS=--cap-lints=warn" "-e" "CARGO_HOME=/opt/rustwide/cargo-home" "-e" "RUSTUP_HOME=/opt/rustwide/rustup-home" "-w" "/opt/rustwide/workdir" "-m" "1610612736" "--user" "0:0" "--network" "none" "ghcr.io/rust-lang/crates-build-env/linux@sha256:34b6a614d2c27851fe6cbf88fbd1137609cefab8b10d0615aaeb6fd47975d74e" "/opt/rustwide/cargo-home/bin/cargo" "+1.54.0" "build" "--frozen" "--message-format=json", kill_on_drop: false }`
[INFO] [stdout] b0d5a70c95595bcd059ce8a80abb938ad818061a07fa13692adb20d905a6e9ff
[INFO] [stderr] WARNING: Your kernel does not support swap limit capabilities or the cgroup is not mounted. Memory limited without swap.
[INFO] running `Command { std: "docker" "start" "-a" "b0d5a70c95595bcd059ce8a80abb938ad818061a07fa13692adb20d905a6e9ff", kill_on_drop: false }`
[INFO] [stderr]    Compiling tokio-codec v0.1.2
[INFO] [stderr]    Compiling tokio-reactor v0.1.12
[INFO] [stderr]    Compiling tokio-fs v0.1.7
[INFO] [stderr]    Compiling tokio-uds v0.2.7
[INFO] [stderr]    Compiling tokio-udp v0.1.6
[INFO] [stderr]    Compiling tokio-tcp v0.1.4
[INFO] [stderr]    Compiling tokio v0.1.22
[INFO] [stderr]    Compiling joyent-tokio-zookeeper v0.1.3 (/opt/rustwide/workdir)
[INFO] [stdout] warning: trait objects without an explicit `dyn` are deprecated
[INFO] [stdout]   --> src/proto/packetizer.rs:78:22
[INFO] [stdout]    |
[INFO] [stdout] 78 |     Reconnecting(Box<Future<Item = ActivePacketizer<S>, Error = failure::Error> + Send + 'static>),
[INFO] [stdout]    |                      ^^^^^^^^^^^^^^^^^^^^^^^^^^^^^^^^^^^^^^^^^^^^^^^^^^^^^^^^^^^^^^^^^^^^^^^^^^^ help: use `dyn`: `dyn Future<Item = ActivePacketizer<S>, Error = failure::Error> + Send + 'static`
[INFO] [stdout]    |
[INFO] [stdout]    = note: `#[warn(bare_trait_objects)]` on by default
[INFO] [stdout]    = warning: this was previously accepted by the compiler but is being phased out; it will become a hard error in the 2021 edition!
[INFO] [stdout]    = note: for more information, see issue #80165 <https://github.com/rust-lang/rust/issues/80165>
[INFO] [stdout] 
[INFO] [stdout] 
[INFO] [stdout] warning: use of deprecated macro `try`: use the `?` operator instead
[INFO] [stdout]    --> src/proto/request.rs:154:9
[INFO] [stdout]     |
[INFO] [stdout] 154 |         try!(writer.write_u8(*self));
[INFO] [stdout]     |         ^^^
[INFO] [stdout]     |
[INFO] [stdout]     = note: `#[warn(deprecated)]` on by default
[INFO] [stdout] 
[INFO] [stdout] 
[INFO] [stdout] warning: use of deprecated macro `try`: use the `?` operator instead
[INFO] [stdout]    --> src/proto/request.rs:161:9
[INFO] [stdout]     |
[INFO] [stdout] 161 |         try!(writer.write_i32::<BigEndian>(self.len() as i32));
[INFO] [stdout]     |         ^^^
[INFO] [stdout] 
[INFO] [stdout] 
[INFO] [stdout] warning: use of deprecated macro `try`: use the `?` operator instead
[INFO] [stdout]    --> src/proto/request.rs:168:9
[INFO] [stdout]     |
[INFO] [stdout] 168 |         try!(writer.write_i32::<BigEndian>(self.len() as i32));
[INFO] [stdout]     |         ^^^
[INFO] [stdout] 
[INFO] [stdout] 
[INFO] [stdout] warning: use of deprecated macro `try`: use the `?` operator instead
[INFO] [stdout]   --> src/proto/response.rs:38:19
[INFO] [stdout]    |
[INFO] [stdout] 38 |         let len = try!(read.read_i32::<BigEndian>());
[INFO] [stdout]    |                   ^^^
[INFO] [stdout] 
[INFO] [stdout] 
[INFO] [stdout] warning: use of deprecated macro `try`: use the `?` operator instead
[INFO] [stdout]   --> src/proto/response.rs:41:24
[INFO] [stdout]    |
[INFO] [stdout] 41 |             items.push(try!(read.read_string()));
[INFO] [stdout]    |                        ^^^
[INFO] [stdout] 
[INFO] [stdout] 
[INFO] [stdout] warning: use of deprecated macro `try`: use the `?` operator instead
[INFO] [stdout]   --> src/proto/response.rs:50:20
[INFO] [stdout]    |
[INFO] [stdout] 50 |             czxid: try!(read.read_i64::<BigEndian>()),
[INFO] [stdout]    |                    ^^^
[INFO] [stdout] 
[INFO] [stdout] 
[INFO] [stdout] warning: use of deprecated macro `try`: use the `?` operator instead
[INFO] [stdout]   --> src/proto/response.rs:51:20
[INFO] [stdout]    |
[INFO] [stdout] 51 |             mzxid: try!(read.read_i64::<BigEndian>()),
[INFO] [stdout]    |                    ^^^
[INFO] [stdout] 
[INFO] [stdout] 
[INFO] [stdout] warning: use of deprecated macro `try`: use the `?` operator instead
[INFO] [stdout]   --> src/proto/response.rs:52:20
[INFO] [stdout]    |
[INFO] [stdout] 52 |             ctime: try!(read.read_i64::<BigEndian>()),
[INFO] [stdout]    |                    ^^^
[INFO] [stdout] 
[INFO] [stdout] 
[INFO] [stdout] warning: use of deprecated macro `try`: use the `?` operator instead
[INFO] [stdout]   --> src/proto/response.rs:53:20
[INFO] [stdout]    |
[INFO] [stdout] 53 |             mtime: try!(read.read_i64::<BigEndian>()),
[INFO] [stdout]    |                    ^^^
[INFO] [stdout] 
[INFO] [stdout] 
[INFO] [stdout] warning: use of deprecated macro `try`: use the `?` operator instead
[INFO] [stdout]   --> src/proto/response.rs:54:22
[INFO] [stdout]    |
[INFO] [stdout] 54 |             version: try!(read.read_i32::<BigEndian>()),
[INFO] [stdout]    |                      ^^^
[INFO] [stdout] 
[INFO] [stdout] 
[INFO] [stdout] warning: use of deprecated macro `try`: use the `?` operator instead
[INFO] [stdout]   --> src/proto/response.rs:55:23
[INFO] [stdout]    |
[INFO] [stdout] 55 |             cversion: try!(read.read_i32::<BigEndian>()),
[INFO] [stdout]    |                       ^^^
[INFO] [stdout] 
[INFO] [stdout] 
[INFO] [stdout] warning: use of deprecated macro `try`: use the `?` operator instead
[INFO] [stdout]   --> src/proto/response.rs:56:23
[INFO] [stdout]    |
[INFO] [stdout] 56 |             aversion: try!(read.read_i32::<BigEndian>()),
[INFO] [stdout]    |                       ^^^
[INFO] [stdout] 
[INFO] [stdout] 
[INFO] [stdout] warning: use of deprecated macro `try`: use the `?` operator instead
[INFO] [stdout]   --> src/proto/response.rs:57:30
[INFO] [stdout]    |
[INFO] [stdout] 57 |             ephemeral_owner: try!(read.read_i64::<BigEndian>()),
[INFO] [stdout]    |                              ^^^
[INFO] [stdout] 
[INFO] [stdout] 
[INFO] [stdout] warning: use of deprecated macro `try`: use the `?` operator instead
[INFO] [stdout]   --> src/proto/response.rs:58:26
[INFO] [stdout]    |
[INFO] [stdout] 58 |             data_length: try!(read.read_i32::<BigEndian>()),
[INFO] [stdout]    |                          ^^^
[INFO] [stdout] 
[INFO] [stdout] 
[INFO] [stdout] warning: use of deprecated macro `try`: use the `?` operator instead
[INFO] [stdout]   --> src/proto/response.rs:59:27
[INFO] [stdout]    |
[INFO] [stdout] 59 |             num_children: try!(read.read_i32::<BigEndian>()),
[INFO] [stdout]    |                           ^^^
[INFO] [stdout] 
[INFO] [stdout] 
[INFO] [stdout] warning: use of deprecated macro `try`: use the `?` operator instead
[INFO] [stdout]   --> src/proto/response.rs:60:20
[INFO] [stdout]    |
[INFO] [stdout] 60 |             pzxid: try!(read.read_i64::<BigEndian>()),
[INFO] [stdout]    |                    ^^^
[INFO] [stdout] 
[INFO] [stdout] 
[INFO] [stdout] warning: use of deprecated macro `try`: use the `?` operator instead
[INFO] [stdout]   --> src/proto/response.rs:80:19
[INFO] [stdout]    |
[INFO] [stdout] 80 |         let len = try!(read.read_i32::<BigEndian>());
[INFO] [stdout]    |                   ^^^
[INFO] [stdout] 
[INFO] [stdout] 
[INFO] [stdout] warning: use of deprecated macro `try`: use the `?` operator instead
[INFO] [stdout]   --> src/proto/response.rs:83:24
[INFO] [stdout]    |
[INFO] [stdout] 83 |             items.push(try!(Acl::read_from(read)));
[INFO] [stdout]    |                        ^^^
[INFO] [stdout] 
[INFO] [stdout] 
[INFO] [stdout] warning: use of deprecated macro `try`: use the `?` operator instead
[INFO] [stdout]   --> src/proto/response.rs:91:21
[INFO] [stdout]    |
[INFO] [stdout] 91 |         let perms = try!(Permission::read_from(read));
[INFO] [stdout]    |                     ^^^
[INFO] [stdout] 
[INFO] [stdout] 
[INFO] [stdout] warning: use of deprecated macro `try`: use the `?` operator instead
[INFO] [stdout]   --> src/proto/response.rs:92:22
[INFO] [stdout]    |
[INFO] [stdout] 92 |         let scheme = try!(read.read_string());
[INFO] [stdout]    |                      ^^^
[INFO] [stdout] 
[INFO] [stdout] 
[INFO] [stdout] warning: use of deprecated macro `try`: use the `?` operator instead
[INFO] [stdout]   --> src/proto/response.rs:93:18
[INFO] [stdout]    |
[INFO] [stdout] 93 |         let id = try!(read.read_string());
[INFO] [stdout]    |                  ^^^
[INFO] [stdout] 
[INFO] [stdout] 
[INFO] [stdout] warning: use of deprecated macro `try`: use the `?` operator instead
[INFO] [stdout]    --> src/proto/response.rs:100:33
[INFO] [stdout]     |
[INFO] [stdout] 100 |         Ok(Permission::from_raw(try!(read.read_u32::<BigEndian>())))
[INFO] [stdout]     |                                 ^^^
[INFO] [stdout] 
[INFO] [stdout] 
[INFO] [stdout] warning: use of deprecated macro `try`: use the `?` operator instead
[INFO] [stdout]    --> src/proto/response.rs:125:19
[INFO] [stdout]     |
[INFO] [stdout] 125 |         let len = try!(self.read_i32::<BigEndian>());
[INFO] [stdout]     |                   ^^^
[INFO] [stdout] 
[INFO] [stdout] 
[INFO] [stdout] warning: use of deprecated macro `try`: use the `?` operator instead
[INFO] [stdout]    --> src/proto/response.rs:128:20
[INFO] [stdout]     |
[INFO] [stdout] 128 |         let read = try!(self.read(&mut buf));
[INFO] [stdout]     |                    ^^^
[INFO] [stdout] 
[INFO] [stdout] 
[INFO] [stdout] warning: use of deprecated macro `try`: use the `?` operator instead
[INFO] [stdout]    --> src/proto/response.rs:146:19
[INFO] [stdout]     |
[INFO] [stdout] 146 |         let raw = try!(self.read_buffer());
[INFO] [stdout]     |                   ^^^
[INFO] [stdout] 
[INFO] [stdout] 
[INFO] [stdout] warning: anonymous parameters are deprecated and will be removed in the next edition.
[INFO] [stdout]   --> src/proto/mod.rs:23:16
[INFO] [stdout]    |
[INFO] [stdout] 23 |     fn connect(&Self::Addr) -> Self::ConnectFut;
[INFO] [stdout]    |                ^^^^^^^^^^^ help: try naming the parameter or explicitly ignoring it: `_: &Self::Addr`
[INFO] [stdout]    |
[INFO] [stdout]    = note: `#[warn(anonymous_parameters)]` on by default
[INFO] [stdout]    = warning: this was previously accepted by the compiler but is being phased out; it will become a hard error in the 2018 edition!
[INFO] [stdout]    = note: for more information, see issue #41686 <https://github.com/rust-lang/rust/issues/41686>
[INFO] [stdout] 
[INFO] [stdout] 
[INFO] [stdout] warning: field is never read: `addr`
[INFO] [stdout]   --> src/proto/packetizer.rs:22:5
[INFO] [stdout]    |
[INFO] [stdout] 22 |     addr: S::Addr,
[INFO] [stdout]    |     ^^^^^^^^^^^^^
[INFO] [stdout]    |
[INFO] [stdout]    = note: `#[warn(dead_code)]` on by default
[INFO] [stdout] 
[INFO] [stdout] 
[INFO] [stdout] warning: variant is never constructed: `Reconnecting`
[INFO] [stdout]   --> src/proto/packetizer.rs:78:5
[INFO] [stdout]    |
[INFO] [stdout] 78 |     Reconnecting(Box<Future<Item = ActivePacketizer<S>, Error = failure::Error> + Send + 'static>),
[INFO] [stdout]    |     ^^^^^^^^^^^^^^^^^^^^^^^^^^^^^^^^^^^^^^^^^^^^^^^^^^^^^^^^^^^^^^^^^^^^^^^^^^^^^^^^^^^^^^^^^^^^^^
[INFO] [stdout] 
[INFO] [stdout] 
[INFO] [stdout] warning: unused return value of `Result::<T, E>::is_ok` that must be used
[INFO] [stdout]    --> src/proto/active_packetizer.rs:331:25
[INFO] [stdout]     |
[INFO] [stdout] 331 |                         tx.send(Err(e)).is_ok();
[INFO] [stdout]     |                         ^^^^^^^^^^^^^^^^^^^^^^^^
[INFO] [stdout]     |
[INFO] [stdout]     = note: `#[warn(unused_must_use)]` on by default
[INFO] [stdout]     = note: if you intended to assert that this is ok, consider `.unwrap()` instead
[INFO] [stdout] 
[INFO] [stdout] 
[INFO] [stdout] warning: unused return value of `Result::<T, E>::is_ok` that must be used
[INFO] [stdout]    --> src/proto/active_packetizer.rs:357:25
[INFO] [stdout]     |
[INFO] [stdout] 357 |                         tx.send(Ok(r)).is_ok(); // if receiver doesn't care, we don't either
[INFO] [stdout]     |                         ^^^^^^^^^^^^^^^^^^^^^^^
[INFO] [stdout]     |
[INFO] [stdout]     = note: if you intended to assert that this is ok, consider `.unwrap()` instead
[INFO] [stdout] 
[INFO] [stdout] 
[INFO] [stdout] warning: unused return value of `std::mem::replace` that must be used
[INFO] [stdout]   --> src/proto/packetizer.rs:99:9
[INFO] [stdout]    |
[INFO] [stdout] 99 |         mem::replace(self, PacketizerState::Connected(ap));
[INFO] [stdout]    |         ^^^^^^^^^^^^^^^^^^^^^^^^^^^^^^^^^^^^^^^^^^^^^^^^^^^
[INFO] [stdout]    |
[INFO] [stdout]    = note: if you don't need the old value, you can just assign the new value directly
[INFO] [stdout] 
[INFO] [stdout] 
[INFO] [stdout] warning: 32 warnings emitted
[INFO] [stdout] 
[INFO] [stdout] 
[INFO] [stderr]     Finished dev [unoptimized + debuginfo] target(s) in 5.56s
[INFO] running `Command { std: "docker" "inspect" "b0d5a70c95595bcd059ce8a80abb938ad818061a07fa13692adb20d905a6e9ff", kill_on_drop: false }`
[INFO] running `Command { std: "docker" "rm" "-f" "b0d5a70c95595bcd059ce8a80abb938ad818061a07fa13692adb20d905a6e9ff", kill_on_drop: false }`
[INFO] [stdout] b0d5a70c95595bcd059ce8a80abb938ad818061a07fa13692adb20d905a6e9ff
[INFO] running `Command { std: "docker" "create" "-v" "/var/lib/crater-agent-workspace/builds/worker-7/target:/opt/rustwide/target:rw,Z" "-v" "/var/lib/crater-agent-workspace/builds/worker-7/source:/opt/rustwide/workdir:ro,Z" "-v" "/var/lib/crater-agent-workspace/cargo-home:/opt/rustwide/cargo-home:ro,Z" "-v" "/var/lib/crater-agent-workspace/rustup-home:/opt/rustwide/rustup-home:ro,Z" "-e" "SOURCE_DIR=/opt/rustwide/workdir" "-e" "CARGO_TARGET_DIR=/opt/rustwide/target" "-e" "CARGO_INCREMENTAL=0" "-e" "RUST_BACKTRACE=full" "-e" "RUSTFLAGS=--cap-lints=warn" "-e" "CARGO_HOME=/opt/rustwide/cargo-home" "-e" "RUSTUP_HOME=/opt/rustwide/rustup-home" "-w" "/opt/rustwide/workdir" "-m" "1610612736" "--user" "0:0" "--network" "none" "ghcr.io/rust-lang/crates-build-env/linux@sha256:34b6a614d2c27851fe6cbf88fbd1137609cefab8b10d0615aaeb6fd47975d74e" "/opt/rustwide/cargo-home/bin/cargo" "+1.54.0" "test" "--frozen" "--no-run" "--message-format=json", kill_on_drop: false }`
[INFO] [stdout] e730938b94e234ac89fda6c952679dae09d48eb55f61cf183c8d349d6fd36da0
[INFO] [stderr] WARNING: Your kernel does not support swap limit capabilities or the cgroup is not mounted. Memory limited without swap.
[INFO] running `Command { std: "docker" "start" "-a" "e730938b94e234ac89fda6c952679dae09d48eb55f61cf183c8d349d6fd36da0", kill_on_drop: false }`
[INFO] [stderr]    Compiling slog-term v2.8.0
[INFO] [stderr]    Compiling slog-async v2.7.0
[INFO] [stdout] warning: trait objects without an explicit `dyn` are deprecated
[INFO] [stdout]   --> src/proto/packetizer.rs:78:22
[INFO] [stdout]    |
[INFO] [stdout] 78 |     Reconnecting(Box<Future<Item = ActivePacketizer<S>, Error = failure::Error> + Send + 'static>),
[INFO] [stdout]    |                      ^^^^^^^^^^^^^^^^^^^^^^^^^^^^^^^^^^^^^^^^^^^^^^^^^^^^^^^^^^^^^^^^^^^^^^^^^^^ help: use `dyn`: `dyn Future<Item = ActivePacketizer<S>, Error = failure::Error> + Send + 'static`
[INFO] [stdout]    |
[INFO] [stdout]    = note: `#[warn(bare_trait_objects)]` on by default
[INFO] [stdout]    = warning: this was previously accepted by the compiler but is being phased out; it will become a hard error in the 2021 edition!
[INFO] [stdout]    = note: for more information, see issue #80165 <https://github.com/rust-lang/rust/issues/80165>
[INFO] [stdout] 
[INFO] [stdout] 
[INFO] [stdout] warning: use of deprecated macro `try`: use the `?` operator instead
[INFO] [stdout]    --> src/proto/request.rs:154:9
[INFO] [stdout]     |
[INFO] [stdout] 154 |         try!(writer.write_u8(*self));
[INFO] [stdout]     |         ^^^
[INFO] [stdout]     |
[INFO] [stdout]     = note: `#[warn(deprecated)]` on by default
[INFO] [stdout] 
[INFO] [stdout] 
[INFO] [stdout] warning: use of deprecated macro `try`: use the `?` operator instead
[INFO] [stdout]    --> src/proto/request.rs:161:9
[INFO] [stdout]     |
[INFO] [stdout] 161 |         try!(writer.write_i32::<BigEndian>(self.len() as i32));
[INFO] [stdout]     |         ^^^
[INFO] [stdout] 
[INFO] [stdout] 
[INFO] [stdout] warning: use of deprecated macro `try`: use the `?` operator instead
[INFO] [stdout]    --> src/proto/request.rs:168:9
[INFO] [stdout]     |
[INFO] [stdout] 168 |         try!(writer.write_i32::<BigEndian>(self.len() as i32));
[INFO] [stdout]     |         ^^^
[INFO] [stdout] 
[INFO] [stdout] 
[INFO] [stdout] warning: use of deprecated macro `try`: use the `?` operator instead
[INFO] [stdout]   --> src/proto/response.rs:38:19
[INFO] [stdout]    |
[INFO] [stdout] 38 |         let len = try!(read.read_i32::<BigEndian>());
[INFO] [stdout]    |                   ^^^
[INFO] [stdout] 
[INFO] [stdout] 
[INFO] [stdout] warning: use of deprecated macro `try`: use the `?` operator instead
[INFO] [stdout]   --> src/proto/response.rs:41:24
[INFO] [stdout]    |
[INFO] [stdout] 41 |             items.push(try!(read.read_string()));
[INFO] [stdout]    |                        ^^^
[INFO] [stdout] 
[INFO] [stdout] 
[INFO] [stdout] warning: use of deprecated macro `try`: use the `?` operator instead
[INFO] [stdout]   --> src/proto/response.rs:50:20
[INFO] [stdout]    |
[INFO] [stdout] 50 |             czxid: try!(read.read_i64::<BigEndian>()),
[INFO] [stdout]    |                    ^^^
[INFO] [stdout] 
[INFO] [stdout] 
[INFO] [stdout] warning: use of deprecated macro `try`: use the `?` operator instead
[INFO] [stdout]   --> src/proto/response.rs:51:20
[INFO] [stdout]    |
[INFO] [stdout] 51 |             mzxid: try!(read.read_i64::<BigEndian>()),
[INFO] [stdout]    |                    ^^^
[INFO] [stdout] 
[INFO] [stdout] 
[INFO] [stdout] warning: use of deprecated macro `try`: use the `?` operator instead
[INFO] [stdout]   --> src/proto/response.rs:52:20
[INFO] [stdout]    |
[INFO] [stdout] 52 |             ctime: try!(read.read_i64::<BigEndian>()),
[INFO] [stdout]    |                    ^^^
[INFO] [stdout] 
[INFO] [stdout] 
[INFO] [stdout] warning: use of deprecated macro `try`: use the `?` operator instead
[INFO] [stdout]   --> src/proto/response.rs:53:20
[INFO] [stdout]    |
[INFO] [stdout] 53 |             mtime: try!(read.read_i64::<BigEndian>()),
[INFO] [stdout]    |                    ^^^
[INFO] [stdout] 
[INFO] [stdout] 
[INFO] [stdout] warning: use of deprecated macro `try`: use the `?` operator instead
[INFO] [stdout]   --> src/proto/response.rs:54:22
[INFO] [stdout]    |
[INFO] [stdout] 54 |             version: try!(read.read_i32::<BigEndian>()),
[INFO] [stdout]    |                      ^^^
[INFO] [stdout] 
[INFO] [stdout] 
[INFO] [stdout] warning: use of deprecated macro `try`: use the `?` operator instead
[INFO] [stdout]   --> src/proto/response.rs:55:23
[INFO] [stdout]    |
[INFO] [stdout] 55 |             cversion: try!(read.read_i32::<BigEndian>()),
[INFO] [stdout]    |                       ^^^
[INFO] [stdout] 
[INFO] [stdout] 
[INFO] [stdout] warning: use of deprecated macro `try`: use the `?` operator instead
[INFO] [stdout]   --> src/proto/response.rs:56:23
[INFO] [stdout]    |
[INFO] [stdout] 56 |             aversion: try!(read.read_i32::<BigEndian>()),
[INFO] [stdout]    |                       ^^^
[INFO] [stdout] 
[INFO] [stdout] 
[INFO] [stdout] warning: use of deprecated macro `try`: use the `?` operator instead
[INFO] [stdout]   --> src/proto/response.rs:57:30
[INFO] [stdout]    |
[INFO] [stdout] 57 |             ephemeral_owner: try!(read.read_i64::<BigEndian>()),
[INFO] [stdout]    |                              ^^^
[INFO] [stdout] 
[INFO] [stdout] 
[INFO] [stdout] warning: use of deprecated macro `try`: use the `?` operator instead
[INFO] [stdout]   --> src/proto/response.rs:58:26
[INFO] [stdout]    |
[INFO] [stdout] 58 |             data_length: try!(read.read_i32::<BigEndian>()),
[INFO] [stdout]    |                          ^^^
[INFO] [stdout] 
[INFO] [stdout] 
[INFO] [stdout] warning: use of deprecated macro `try`: use the `?` operator instead
[INFO] [stdout]   --> src/proto/response.rs:59:27
[INFO] [stdout]    |
[INFO] [stdout] 59 |             num_children: try!(read.read_i32::<BigEndian>()),
[INFO] [stdout]    |                           ^^^
[INFO] [stdout] 
[INFO] [stdout] 
[INFO] [stdout] warning: use of deprecated macro `try`: use the `?` operator instead
[INFO] [stdout]   --> src/proto/response.rs:60:20
[INFO] [stdout]    |
[INFO] [stdout] 60 |             pzxid: try!(read.read_i64::<BigEndian>()),
[INFO] [stdout]    |                    ^^^
[INFO] [stdout] 
[INFO] [stdout] 
[INFO] [stdout] warning: use of deprecated macro `try`: use the `?` operator instead
[INFO] [stdout]   --> src/proto/response.rs:80:19
[INFO] [stdout]    |
[INFO] [stdout] 80 |         let len = try!(read.read_i32::<BigEndian>());
[INFO] [stdout]    |                   ^^^
[INFO] [stdout] 
[INFO] [stdout] 
[INFO] [stdout] warning: use of deprecated macro `try`: use the `?` operator instead
[INFO] [stdout]   --> src/proto/response.rs:83:24
[INFO] [stdout]    |
[INFO] [stdout] 83 |             items.push(try!(Acl::read_from(read)));
[INFO] [stdout]    |                        ^^^
[INFO] [stdout] 
[INFO] [stdout] 
[INFO] [stdout] warning: use of deprecated macro `try`: use the `?` operator instead
[INFO] [stdout]   --> src/proto/response.rs:91:21
[INFO] [stdout]    |
[INFO] [stdout] 91 |         let perms = try!(Permission::read_from(read));
[INFO] [stdout]    |                     ^^^
[INFO] [stdout] 
[INFO] [stdout] 
[INFO] [stdout] warning: use of deprecated macro `try`: use the `?` operator instead
[INFO] [stdout]   --> src/proto/response.rs:92:22
[INFO] [stdout]    |
[INFO] [stdout] 92 |         let scheme = try!(read.read_string());
[INFO] [stdout]    |                      ^^^
[INFO] [stdout] 
[INFO] [stdout] 
[INFO] [stdout] warning: use of deprecated macro `try`: use the `?` operator instead
[INFO] [stdout]   --> src/proto/response.rs:93:18
[INFO] [stdout]    |
[INFO] [stdout] 93 |         let id = try!(read.read_string());
[INFO] [stdout]    |                  ^^^
[INFO] [stdout] 
[INFO] [stdout] 
[INFO] [stdout] warning: use of deprecated macro `try`: use the `?` operator instead
[INFO] [stdout]    --> src/proto/response.rs:100:33
[INFO] [stdout]     |
[INFO] [stdout] 100 |         Ok(Permission::from_raw(try!(read.read_u32::<BigEndian>())))
[INFO] [stdout]     |                                 ^^^
[INFO] [stdout] 
[INFO] [stdout] 
[INFO] [stdout] warning: use of deprecated macro `try`: use the `?` operator instead
[INFO] [stdout]    --> src/proto/response.rs:125:19
[INFO] [stdout]     |
[INFO] [stdout] 125 |         let len = try!(self.read_i32::<BigEndian>());
[INFO] [stdout]     |                   ^^^
[INFO] [stdout] 
[INFO] [stdout] 
[INFO] [stdout] warning: use of deprecated macro `try`: use the `?` operator instead
[INFO] [stdout]    --> src/proto/response.rs:128:20
[INFO] [stdout]     |
[INFO] [stdout] 128 |         let read = try!(self.read(&mut buf));
[INFO] [stdout]     |                    ^^^
[INFO] [stdout] 
[INFO] [stdout] 
[INFO] [stdout] warning: use of deprecated macro `try`: use the `?` operator instead
[INFO] [stdout]    --> src/proto/response.rs:146:19
[INFO] [stdout]     |
[INFO] [stdout] 146 |         let raw = try!(self.read_buffer());
[INFO] [stdout]     |                   ^^^
[INFO] [stdout] 
[INFO] [stdout] 
[INFO] [stdout] warning: anonymous parameters are deprecated and will be removed in the next edition.
[INFO] [stdout]   --> src/proto/mod.rs:23:16
[INFO] [stdout]    |
[INFO] [stdout] 23 |     fn connect(&Self::Addr) -> Self::ConnectFut;
[INFO] [stdout]    |                ^^^^^^^^^^^ help: try naming the parameter or explicitly ignoring it: `_: &Self::Addr`
[INFO] [stdout]    |
[INFO] [stdout]    = note: `#[warn(anonymous_parameters)]` on by default
[INFO] [stdout]    = warning: this was previously accepted by the compiler but is being phased out; it will become a hard error in the 2018 edition!
[INFO] [stdout]    = note: for more information, see issue #41686 <https://github.com/rust-lang/rust/issues/41686>
[INFO] [stdout] 
[INFO] [stdout] 
[INFO] [stdout] warning: field is never read: `addr`
[INFO] [stdout]   --> src/proto/packetizer.rs:22:5
[INFO] [stdout]    |
[INFO] [stdout] 22 |     addr: S::Addr,
[INFO] [stdout]    |     ^^^^^^^^^^^^^
[INFO] [stdout]    |
[INFO] [stdout]    = note: `#[warn(dead_code)]` on by default
[INFO] [stdout] 
[INFO] [stdout] 
[INFO] [stdout] warning: variant is never constructed: `Reconnecting`
[INFO] [stdout]   --> src/proto/packetizer.rs:78:5
[INFO] [stdout]    |
[INFO] [stdout] 78 |     Reconnecting(Box<Future<Item = ActivePacketizer<S>, Error = failure::Error> + Send + 'static>),
[INFO] [stdout]    |     ^^^^^^^^^^^^^^^^^^^^^^^^^^^^^^^^^^^^^^^^^^^^^^^^^^^^^^^^^^^^^^^^^^^^^^^^^^^^^^^^^^^^^^^^^^^^^^
[INFO] [stdout] 
[INFO] [stdout] 
[INFO] [stdout] warning: unused return value of `Result::<T, E>::is_ok` that must be used
[INFO] [stdout]    --> src/proto/active_packetizer.rs:331:25
[INFO] [stdout]     |
[INFO] [stdout] 331 |                         tx.send(Err(e)).is_ok();
[INFO] [stdout]     |                         ^^^^^^^^^^^^^^^^^^^^^^^^
[INFO] [stdout]     |
[INFO] [stdout]     = note: `#[warn(unused_must_use)]` on by default
[INFO] [stdout]     = note: if you intended to assert that this is ok, consider `.unwrap()` instead
[INFO] [stdout] 
[INFO] [stdout] 
[INFO] [stdout] warning: unused return value of `Result::<T, E>::is_ok` that must be used
[INFO] [stdout]    --> src/proto/active_packetizer.rs:357:25
[INFO] [stdout]     |
[INFO] [stdout] 357 |                         tx.send(Ok(r)).is_ok(); // if receiver doesn't care, we don't either
[INFO] [stdout]     |                         ^^^^^^^^^^^^^^^^^^^^^^^
[INFO] [stdout]     |
[INFO] [stdout]     = note: if you intended to assert that this is ok, consider `.unwrap()` instead
[INFO] [stdout] 
[INFO] [stdout] 
[INFO] [stdout] warning: unused return value of `std::mem::replace` that must be used
[INFO] [stdout]   --> src/proto/packetizer.rs:99:9
[INFO] [stdout]    |
[INFO] [stdout] 99 |         mem::replace(self, PacketizerState::Connected(ap));
[INFO] [stdout]    |         ^^^^^^^^^^^^^^^^^^^^^^^^^^^^^^^^^^^^^^^^^^^^^^^^^^^
[INFO] [stdout]    |
[INFO] [stdout]    = note: if you don't need the old value, you can just assign the new value directly
[INFO] [stdout] 
[INFO] [stdout] 
[INFO] [stdout] warning: 32 warnings emitted
[INFO] [stdout] 
[INFO] [stdout] 
[INFO] [stderr]    Compiling joyent-tokio-zookeeper v0.1.3 (/opt/rustwide/workdir)
[INFO] [stdout] warning: trait objects without an explicit `dyn` are deprecated
[INFO] [stdout]   --> src/proto/packetizer.rs:78:22
[INFO] [stdout]    |
[INFO] [stdout] 78 |     Reconnecting(Box<Future<Item = ActivePacketizer<S>, Error = failure::Error> + Send + 'static>),
[INFO] [stdout]    |                      ^^^^^^^^^^^^^^^^^^^^^^^^^^^^^^^^^^^^^^^^^^^^^^^^^^^^^^^^^^^^^^^^^^^^^^^^^^^ help: use `dyn`: `dyn Future<Item = ActivePacketizer<S>, Error = failure::Error> + Send + 'static`
[INFO] [stdout]    |
[INFO] [stdout]    = note: `#[warn(bare_trait_objects)]` on by default
[INFO] [stdout]    = warning: this was previously accepted by the compiler but is being phased out; it will become a hard error in the 2021 edition!
[INFO] [stdout]    = note: for more information, see issue #80165 <https://github.com/rust-lang/rust/issues/80165>
[INFO] [stdout] 
[INFO] [stdout] 
[INFO] [stdout] warning: use of deprecated macro `try`: use the `?` operator instead
[INFO] [stdout]    --> src/proto/request.rs:154:9
[INFO] [stdout]     |
[INFO] [stdout] 154 |         try!(writer.write_u8(*self));
[INFO] [stdout]     |         ^^^
[INFO] [stdout]     |
[INFO] [stdout]     = note: `#[warn(deprecated)]` on by default
[INFO] [stdout] 
[INFO] [stdout] 
[INFO] [stdout] warning: use of deprecated macro `try`: use the `?` operator instead
[INFO] [stdout]    --> src/proto/request.rs:161:9
[INFO] [stdout]     |
[INFO] [stdout] 161 |         try!(writer.write_i32::<BigEndian>(self.len() as i32));
[INFO] [stdout]     |         ^^^
[INFO] [stdout] 
[INFO] [stdout] 
[INFO] [stdout] warning: use of deprecated macro `try`: use the `?` operator instead
[INFO] [stdout]    --> src/proto/request.rs:168:9
[INFO] [stdout]     |
[INFO] [stdout] 168 |         try!(writer.write_i32::<BigEndian>(self.len() as i32));
[INFO] [stdout]     |         ^^^
[INFO] [stdout] 
[INFO] [stdout] 
[INFO] [stdout] warning: use of deprecated macro `try`: use the `?` operator instead
[INFO] [stdout]   --> src/proto/response.rs:38:19
[INFO] [stdout]    |
[INFO] [stdout] 38 |         let len = try!(read.read_i32::<BigEndian>());
[INFO] [stdout]    |                   ^^^
[INFO] [stdout] 
[INFO] [stdout] 
[INFO] [stdout] warning: use of deprecated macro `try`: use the `?` operator instead
[INFO] [stdout]   --> src/proto/response.rs:41:24
[INFO] [stdout]    |
[INFO] [stdout] 41 |             items.push(try!(read.read_string()));
[INFO] [stdout]    |                        ^^^
[INFO] [stdout] 
[INFO] [stdout] 
[INFO] [stdout] warning: use of deprecated macro `try`: use the `?` operator instead
[INFO] [stdout]   --> src/proto/response.rs:50:20
[INFO] [stdout]    |
[INFO] [stdout] 50 |             czxid: try!(read.read_i64::<BigEndian>()),
[INFO] [stdout]    |                    ^^^
[INFO] [stdout] 
[INFO] [stdout] 
[INFO] [stdout] warning: use of deprecated macro `try`: use the `?` operator instead
[INFO] [stdout]   --> src/proto/response.rs:51:20
[INFO] [stdout]    |
[INFO] [stdout] 51 |             mzxid: try!(read.read_i64::<BigEndian>()),
[INFO] [stdout]    |                    ^^^
[INFO] [stdout] 
[INFO] [stdout] 
[INFO] [stdout] warning: use of deprecated macro `try`: use the `?` operator instead
[INFO] [stdout]   --> src/proto/response.rs:52:20
[INFO] [stdout]    |
[INFO] [stdout] 52 |             ctime: try!(read.read_i64::<BigEndian>()),
[INFO] [stdout]    |                    ^^^
[INFO] [stdout] 
[INFO] [stdout] 
[INFO] [stdout] warning: use of deprecated macro `try`: use the `?` operator instead
[INFO] [stdout]   --> src/proto/response.rs:53:20
[INFO] [stdout]    |
[INFO] [stdout] 53 |             mtime: try!(read.read_i64::<BigEndian>()),
[INFO] [stdout]    |                    ^^^
[INFO] [stdout] 
[INFO] [stdout] 
[INFO] [stdout] warning: use of deprecated macro `try`: use the `?` operator instead
[INFO] [stdout]   --> src/proto/response.rs:54:22
[INFO] [stdout]    |
[INFO] [stdout] 54 |             version: try!(read.read_i32::<BigEndian>()),
[INFO] [stdout]    |                      ^^^
[INFO] [stdout] 
[INFO] [stdout] 
[INFO] [stdout] warning: use of deprecated macro `try`: use the `?` operator instead
[INFO] [stdout]   --> src/proto/response.rs:55:23
[INFO] [stdout]    |
[INFO] [stdout] 55 |             cversion: try!(read.read_i32::<BigEndian>()),
[INFO] [stdout]    |                       ^^^
[INFO] [stdout] 
[INFO] [stdout] 
[INFO] [stdout] warning: use of deprecated macro `try`: use the `?` operator instead
[INFO] [stdout]   --> src/proto/response.rs:56:23
[INFO] [stdout]    |
[INFO] [stdout] 56 |             aversion: try!(read.read_i32::<BigEndian>()),
[INFO] [stdout]    |                       ^^^
[INFO] [stdout] 
[INFO] [stdout] 
[INFO] [stdout] warning: use of deprecated macro `try`: use the `?` operator instead
[INFO] [stdout]   --> src/proto/response.rs:57:30
[INFO] [stdout]    |
[INFO] [stdout] 57 |             ephemeral_owner: try!(read.read_i64::<BigEndian>()),
[INFO] [stdout]    |                              ^^^
[INFO] [stdout] 
[INFO] [stdout] 
[INFO] [stdout] warning: use of deprecated macro `try`: use the `?` operator instead
[INFO] [stdout]   --> src/proto/response.rs:58:26
[INFO] [stdout]    |
[INFO] [stdout] 58 |             data_length: try!(read.read_i32::<BigEndian>()),
[INFO] [stdout]    |                          ^^^
[INFO] [stdout] 
[INFO] [stdout] 
[INFO] [stdout] warning: use of deprecated macro `try`: use the `?` operator instead
[INFO] [stdout]   --> src/proto/response.rs:59:27
[INFO] [stdout]    |
[INFO] [stdout] 59 |             num_children: try!(read.read_i32::<BigEndian>()),
[INFO] [stdout]    |                           ^^^
[INFO] [stdout] 
[INFO] [stdout] 
[INFO] [stdout] warning: use of deprecated macro `try`: use the `?` operator instead
[INFO] [stdout]   --> src/proto/response.rs:60:20
[INFO] [stdout]    |
[INFO] [stdout] 60 |             pzxid: try!(read.read_i64::<BigEndian>()),
[INFO] [stdout]    |                    ^^^
[INFO] [stdout] 
[INFO] [stdout] 
[INFO] [stdout] warning: use of deprecated macro `try`: use the `?` operator instead
[INFO] [stdout]   --> src/proto/response.rs:80:19
[INFO] [stdout]    |
[INFO] [stdout] 80 |         let len = try!(read.read_i32::<BigEndian>());
[INFO] [stdout]    |                   ^^^
[INFO] [stdout] 
[INFO] [stdout] 
[INFO] [stdout] warning: use of deprecated macro `try`: use the `?` operator instead
[INFO] [stdout]   --> src/proto/response.rs:83:24
[INFO] [stdout]    |
[INFO] [stdout] 83 |             items.push(try!(Acl::read_from(read)));
[INFO] [stdout]    |                        ^^^
[INFO] [stdout] 
[INFO] [stdout] 
[INFO] [stdout] warning: use of deprecated macro `try`: use the `?` operator instead
[INFO] [stdout]   --> src/proto/response.rs:91:21
[INFO] [stdout]    |
[INFO] [stdout] 91 |         let perms = try!(Permission::read_from(read));
[INFO] [stdout]    |                     ^^^
[INFO] [stdout] 
[INFO] [stdout] 
[INFO] [stdout] warning: use of deprecated macro `try`: use the `?` operator instead
[INFO] [stdout]   --> src/proto/response.rs:92:22
[INFO] [stdout]    |
[INFO] [stdout] 92 |         let scheme = try!(read.read_string());
[INFO] [stdout]    |                      ^^^
[INFO] [stdout] 
[INFO] [stdout] 
[INFO] [stdout] warning: use of deprecated macro `try`: use the `?` operator instead
[INFO] [stdout]   --> src/proto/response.rs:93:18
[INFO] [stdout]    |
[INFO] [stdout] 93 |         let id = try!(read.read_string());
[INFO] [stdout]    |                  ^^^
[INFO] [stdout] 
[INFO] [stdout] 
[INFO] [stdout] warning: use of deprecated macro `try`: use the `?` operator instead
[INFO] [stdout]    --> src/proto/response.rs:100:33
[INFO] [stdout]     |
[INFO] [stdout] 100 |         Ok(Permission::from_raw(try!(read.read_u32::<BigEndian>())))
[INFO] [stdout]     |                                 ^^^
[INFO] [stdout] 
[INFO] [stdout] 
[INFO] [stdout] warning: use of deprecated macro `try`: use the `?` operator instead
[INFO] [stdout]    --> src/proto/response.rs:125:19
[INFO] [stdout]     |
[INFO] [stdout] 125 |         let len = try!(self.read_i32::<BigEndian>());
[INFO] [stdout]     |                   ^^^
[INFO] [stdout] 
[INFO] [stdout] 
[INFO] [stdout] warning: use of deprecated macro `try`: use the `?` operator instead
[INFO] [stdout]    --> src/proto/response.rs:128:20
[INFO] [stdout]     |
[INFO] [stdout] 128 |         let read = try!(self.read(&mut buf));
[INFO] [stdout]     |                    ^^^
[INFO] [stdout] 
[INFO] [stdout] 
[INFO] [stdout] warning: use of deprecated macro `try`: use the `?` operator instead
[INFO] [stdout]    --> src/proto/response.rs:146:19
[INFO] [stdout]     |
[INFO] [stdout] 146 |         let raw = try!(self.read_buffer());
[INFO] [stdout]     |                   ^^^
[INFO] [stdout] 
[INFO] [stdout] 
[INFO] [stdout] warning: anonymous parameters are deprecated and will be removed in the next edition.
[INFO] [stdout]   --> src/proto/mod.rs:23:16
[INFO] [stdout]    |
[INFO] [stdout] 23 |     fn connect(&Self::Addr) -> Self::ConnectFut;
[INFO] [stdout]    |                ^^^^^^^^^^^ help: try naming the parameter or explicitly ignoring it: `_: &Self::Addr`
[INFO] [stdout]    |
[INFO] [stdout]    = note: `#[warn(anonymous_parameters)]` on by default
[INFO] [stdout]    = warning: this was previously accepted by the compiler but is being phased out; it will become a hard error in the 2018 edition!
[INFO] [stdout]    = note: for more information, see issue #41686 <https://github.com/rust-lang/rust/issues/41686>
[INFO] [stdout] 
[INFO] [stdout] 
[INFO] [stdout] warning: trait objects without an explicit `dyn` are deprecated
[INFO] [stdout]     --> src/lib.rs:1209:17
[INFO] [stdout]      |
[INFO] [stdout] 1209 |                 futures::Future<Item = (ZooKeeper, Vec<bool>), Error = failure::Error> + Send,
[INFO] [stdout]      |                 ^^^^^^^^^^^^^^^^^^^^^^^^^^^^^^^^^^^^^^^^^^^^^^^^^^^^^^^^^^^^^^^^^^^^^^^^^^^^^ help: use `dyn`: `dyn futures::Future<Item = (ZooKeeper, Vec<bool>), Error = failure::Error> + Send`
[INFO] [stdout]      |
[INFO] [stdout]      = warning: this was previously accepted by the compiler but is being phased out; it will become a hard error in the 2021 edition!
[INFO] [stdout]      = note: for more information, see issue #80165 <https://github.com/rust-lang/rust/issues/80165>
[INFO] [stdout] 
[INFO] [stdout] 
[INFO] [stdout] warning: field is never read: `addr`
[INFO] [stdout]   --> src/proto/packetizer.rs:22:5
[INFO] [stdout]    |
[INFO] [stdout] 22 |     addr: S::Addr,
[INFO] [stdout]    |     ^^^^^^^^^^^^^
[INFO] [stdout]    |
[INFO] [stdout]    = note: `#[warn(dead_code)]` on by default
[INFO] [stdout] 
[INFO] [stdout] 
[INFO] [stdout] warning: variant is never constructed: `Reconnecting`
[INFO] [stdout]   --> src/proto/packetizer.rs:78:5
[INFO] [stdout]    |
[INFO] [stdout] 78 |     Reconnecting(Box<Future<Item = ActivePacketizer<S>, Error = failure::Error> + Send + 'static>),
[INFO] [stdout]    |     ^^^^^^^^^^^^^^^^^^^^^^^^^^^^^^^^^^^^^^^^^^^^^^^^^^^^^^^^^^^^^^^^^^^^^^^^^^^^^^^^^^^^^^^^^^^^^^
[INFO] [stdout] 
[INFO] [stdout] 
[INFO] [stdout] warning: unused return value of `Result::<T, E>::is_ok` that must be used
[INFO] [stdout]    --> src/proto/active_packetizer.rs:331:25
[INFO] [stdout]     |
[INFO] [stdout] 331 |                         tx.send(Err(e)).is_ok();
[INFO] [stdout]     |                         ^^^^^^^^^^^^^^^^^^^^^^^^
[INFO] [stdout]     |
[INFO] [stdout]     = note: `#[warn(unused_must_use)]` on by default
[INFO] [stdout]     = note: if you intended to assert that this is ok, consider `.unwrap()` instead
[INFO] [stdout] 
[INFO] [stdout] 
[INFO] [stdout] warning: unused return value of `Result::<T, E>::is_ok` that must be used
[INFO] [stdout]    --> src/proto/active_packetizer.rs:357:25
[INFO] [stdout]     |
[INFO] [stdout] 357 |                         tx.send(Ok(r)).is_ok(); // if receiver doesn't care, we don't either
[INFO] [stdout]     |                         ^^^^^^^^^^^^^^^^^^^^^^^
[INFO] [stdout]     |
[INFO] [stdout]     = note: if you intended to assert that this is ok, consider `.unwrap()` instead
[INFO] [stdout] 
[INFO] [stdout] 
[INFO] [stdout] warning: unused return value of `std::mem::replace` that must be used
[INFO] [stdout]   --> src/proto/packetizer.rs:99:9
[INFO] [stdout]    |
[INFO] [stdout] 99 |         mem::replace(self, PacketizerState::Connected(ap));
[INFO] [stdout]    |         ^^^^^^^^^^^^^^^^^^^^^^^^^^^^^^^^^^^^^^^^^^^^^^^^^^^
[INFO] [stdout]    |
[INFO] [stdout]    = note: if you don't need the old value, you can just assign the new value directly
[INFO] [stdout] 
[INFO] [stdout] 
[INFO] [stdout] warning: 33 warnings emitted
[INFO] [stdout] 
[INFO] [stdout] 
[INFO] [stderr]     Finished test [unoptimized + debuginfo] target(s) in 12.60s
[INFO] running `Command { std: "docker" "inspect" "e730938b94e234ac89fda6c952679dae09d48eb55f61cf183c8d349d6fd36da0", kill_on_drop: false }`
[INFO] running `Command { std: "docker" "rm" "-f" "e730938b94e234ac89fda6c952679dae09d48eb55f61cf183c8d349d6fd36da0", kill_on_drop: false }`
[INFO] [stdout] e730938b94e234ac89fda6c952679dae09d48eb55f61cf183c8d349d6fd36da0
[INFO] running `Command { std: "docker" "create" "-v" "/var/lib/crater-agent-workspace/builds/worker-7/target:/opt/rustwide/target:rw,Z" "-v" "/var/lib/crater-agent-workspace/builds/worker-7/source:/opt/rustwide/workdir:ro,Z" "-v" "/var/lib/crater-agent-workspace/cargo-home:/opt/rustwide/cargo-home:ro,Z" "-v" "/var/lib/crater-agent-workspace/rustup-home:/opt/rustwide/rustup-home:ro,Z" "-e" "SOURCE_DIR=/opt/rustwide/workdir" "-e" "CARGO_TARGET_DIR=/opt/rustwide/target" "-e" "CARGO_INCREMENTAL=0" "-e" "RUST_BACKTRACE=full" "-e" "RUSTFLAGS=--cap-lints=warn" "-e" "CARGO_HOME=/opt/rustwide/cargo-home" "-e" "RUSTUP_HOME=/opt/rustwide/rustup-home" "-w" "/opt/rustwide/workdir" "-m" "1610612736" "--user" "0:0" "--network" "none" "ghcr.io/rust-lang/crates-build-env/linux@sha256:34b6a614d2c27851fe6cbf88fbd1137609cefab8b10d0615aaeb6fd47975d74e" "/opt/rustwide/cargo-home/bin/cargo" "+1.54.0" "test" "--frozen", kill_on_drop: false }`
[INFO] [stdout] fd67b8bca5171a0a6096a25fb7e04690588ee9fdfed3551eb4cf6f894d0a383c
[INFO] [stderr] WARNING: Your kernel does not support swap limit capabilities or the cgroup is not mounted. Memory limited without swap.
[INFO] running `Command { std: "docker" "start" "-a" "fd67b8bca5171a0a6096a25fb7e04690588ee9fdfed3551eb4cf6f894d0a383c", kill_on_drop: false }`
[INFO] [stderr] warning: trait objects without an explicit `dyn` are deprecated
[INFO] [stderr]   --> src/proto/packetizer.rs:78:22
[INFO] [stderr]    |
[INFO] [stderr] 78 |     Reconnecting(Box<Future<Item = ActivePacketizer<S>, Error = failure::Error> + Send + 'static>),
[INFO] [stderr]    |                      ^^^^^^^^^^^^^^^^^^^^^^^^^^^^^^^^^^^^^^^^^^^^^^^^^^^^^^^^^^^^^^^^^^^^^^^^^^^ help: use `dyn`: `dyn Future<Item = ActivePacketizer<S>, Error = failure::Error> + Send + 'static`
[INFO] [stderr]    |
[INFO] [stderr]    = note: `#[warn(bare_trait_objects)]` on by default
[INFO] [stderr]    = warning: this was previously accepted by the compiler but is being phased out; it will become a hard error in the 2021 edition!
[INFO] [stderr]    = note: for more information, see issue #80165 <https://github.com/rust-lang/rust/issues/80165>
[INFO] [stderr] 
[INFO] [stderr] warning: use of deprecated macro `try`: use the `?` operator instead
[INFO] [stderr]    --> src/proto/request.rs:154:9
[INFO] [stderr]     |
[INFO] [stderr] 154 |         try!(writer.write_u8(*self));
[INFO] [stderr]     |         ^^^
[INFO] [stderr]     |
[INFO] [stderr]     = note: `#[warn(deprecated)]` on by default
[INFO] [stderr] 
[INFO] [stderr] warning: use of deprecated macro `try`: use the `?` operator instead
[INFO] [stderr]    --> src/proto/request.rs:161:9
[INFO] [stderr]     |
[INFO] [stderr] 161 |         try!(writer.write_i32::<BigEndian>(self.len() as i32));
[INFO] [stderr]     |         ^^^
[INFO] [stderr] 
[INFO] [stderr] warning: use of deprecated macro `try`: use the `?` operator instead
[INFO] [stderr]    --> src/proto/request.rs:168:9
[INFO] [stderr]     |
[INFO] [stderr] 168 |         try!(writer.write_i32::<BigEndian>(self.len() as i32));
[INFO] [stderr]     |         ^^^
[INFO] [stderr] 
[INFO] [stderr] warning: use of deprecated macro `try`: use the `?` operator instead
[INFO] [stderr]   --> src/proto/response.rs:38:19
[INFO] [stderr]    |
[INFO] [stderr] 38 |         let len = try!(read.read_i32::<BigEndian>());
[INFO] [stderr]    |                   ^^^
[INFO] [stderr] 
[INFO] [stderr] warning: use of deprecated macro `try`: use the `?` operator instead
[INFO] [stderr]   --> src/proto/response.rs:41:24
[INFO] [stderr]    |
[INFO] [stderr] 41 |             items.push(try!(read.read_string()));
[INFO] [stderr]    |                        ^^^
[INFO] [stderr] 
[INFO] [stderr] warning: use of deprecated macro `try`: use the `?` operator instead
[INFO] [stderr]   --> src/proto/response.rs:50:20
[INFO] [stderr]    |
[INFO] [stderr] 50 |             czxid: try!(read.read_i64::<BigEndian>()),
[INFO] [stderr]    |                    ^^^
[INFO] [stderr] 
[INFO] [stderr] warning: use of deprecated macro `try`: use the `?` operator instead
[INFO] [stderr]   --> src/proto/response.rs:51:20
[INFO] [stderr]    |
[INFO] [stderr] 51 |             mzxid: try!(read.read_i64::<BigEndian>()),
[INFO] [stderr]    |                    ^^^
[INFO] [stderr] 
[INFO] [stderr] warning: use of deprecated macro `try`: use the `?` operator instead
[INFO] [stderr]   --> src/proto/response.rs:52:20
[INFO] [stderr]    |
[INFO] [stderr] 52 |             ctime: try!(read.read_i64::<BigEndian>()),
[INFO] [stderr]    |                    ^^^
[INFO] [stderr] 
[INFO] [stderr] warning: use of deprecated macro `try`: use the `?` operator instead
[INFO] [stderr]   --> src/proto/response.rs:53:20
[INFO] [stderr]    |
[INFO] [stderr] 53 |             mtime: try!(read.read_i64::<BigEndian>()),
[INFO] [stderr]    |                    ^^^
[INFO] [stderr] 
[INFO] [stderr] warning: use of deprecated macro `try`: use the `?` operator instead
[INFO] [stderr]   --> src/proto/response.rs:54:22
[INFO] [stderr]    |
[INFO] [stderr] 54 |             version: try!(read.read_i32::<BigEndian>()),
[INFO] [stderr]    |                      ^^^
[INFO] [stderr] 
[INFO] [stderr] warning: use of deprecated macro `try`: use the `?` operator instead
[INFO] [stderr]   --> src/proto/response.rs:55:23
[INFO] [stderr]    |
[INFO] [stderr] 55 |             cversion: try!(read.read_i32::<BigEndian>()),
[INFO] [stderr]    |                       ^^^
[INFO] [stderr] 
[INFO] [stderr] warning: use of deprecated macro `try`: use the `?` operator instead
[INFO] [stderr]   --> src/proto/response.rs:56:23
[INFO] [stderr]    |
[INFO] [stderr] 56 |             aversion: try!(read.read_i32::<BigEndian>()),
[INFO] [stderr]    |                       ^^^
[INFO] [stderr] 
[INFO] [stderr] warning: use of deprecated macro `try`: use the `?` operator instead
[INFO] [stderr]   --> src/proto/response.rs:57:30
[INFO] [stderr]    |
[INFO] [stderr] 57 |             ephemeral_owner: try!(read.read_i64::<BigEndian>()),
[INFO] [stderr]    |                              ^^^
[INFO] [stderr] 
[INFO] [stderr] warning: use of deprecated macro `try`: use the `?` operator instead
[INFO] [stderr]   --> src/proto/response.rs:58:26
[INFO] [stderr]    |
[INFO] [stderr] 58 |             data_length: try!(read.read_i32::<BigEndian>()),
[INFO] [stderr]    |                          ^^^
[INFO] [stderr] 
[INFO] [stderr] warning: use of deprecated macro `try`: use the `?` operator instead
[INFO] [stderr]   --> src/proto/response.rs:59:27
[INFO] [stderr]    |
[INFO] [stderr] 59 |             num_children: try!(read.read_i32::<BigEndian>()),
[INFO] [stderr]    |                           ^^^
[INFO] [stderr] 
[INFO] [stderr] warning: use of deprecated macro `try`: use the `?` operator instead
[INFO] [stderr]   --> src/proto/response.rs:60:20
[INFO] [stderr]    |
[INFO] [stderr] 60 |             pzxid: try!(read.read_i64::<BigEndian>()),
[INFO] [stderr]    |                    ^^^
[INFO] [stderr] 
[INFO] [stderr] warning: use of deprecated macro `try`: use the `?` operator instead
[INFO] [stderr]   --> src/proto/response.rs:80:19
[INFO] [stderr]    |
[INFO] [stderr] 80 |         let len = try!(read.read_i32::<BigEndian>());
[INFO] [stderr]    |                   ^^^
[INFO] [stderr] 
[INFO] [stderr] warning: use of deprecated macro `try`: use the `?` operator instead
[INFO] [stderr]   --> src/proto/response.rs:83:24
[INFO] [stderr]    |
[INFO] [stderr] 83 |             items.push(try!(Acl::read_from(read)));
[INFO] [stderr]    |                        ^^^
[INFO] [stderr] 
[INFO] [stderr] warning: use of deprecated macro `try`: use the `?` operator instead
[INFO] [stderr]   --> src/proto/response.rs:91:21
[INFO] [stderr]    |
[INFO] [stderr] 91 |         let perms = try!(Permission::read_from(read));
[INFO] [stderr]    |                     ^^^
[INFO] [stderr] 
[INFO] [stderr] warning: use of deprecated macro `try`: use the `?` operator instead
[INFO] [stderr]   --> src/proto/response.rs:92:22
[INFO] [stderr]    |
[INFO] [stderr] 92 |         let scheme = try!(read.read_string());
[INFO] [stderr]    |                      ^^^
[INFO] [stderr] 
[INFO] [stderr] warning: use of deprecated macro `try`: use the `?` operator instead
[INFO] [stderr]   --> src/proto/response.rs:93:18
[INFO] [stderr]    |
[INFO] [stderr] 93 |         let id = try!(read.read_string());
[INFO] [stderr]    |                  ^^^
[INFO] [stderr] 
[INFO] [stderr] warning: use of deprecated macro `try`: use the `?` operator instead
[INFO] [stderr]    --> src/proto/response.rs:100:33
[INFO] [stderr]     |
[INFO] [stderr] 100 |         Ok(Permission::from_raw(try!(read.read_u32::<BigEndian>())))
[INFO] [stderr]     |                                 ^^^
[INFO] [stderr] 
[INFO] [stderr] warning: use of deprecated macro `try`: use the `?` operator instead
[INFO] [stderr]    --> src/proto/response.rs:125:19
[INFO] [stderr]     |
[INFO] [stderr] 125 |         let len = try!(self.read_i32::<BigEndian>());
[INFO] [stderr]     |                   ^^^
[INFO] [stderr] 
[INFO] [stderr] warning: use of deprecated macro `try`: use the `?` operator instead
[INFO] [stderr]    --> src/proto/response.rs:128:20
[INFO] [stderr]     |
[INFO] [stderr] 128 |         let read = try!(self.read(&mut buf));
[INFO] [stderr]     |                    ^^^
[INFO] [stderr] 
[INFO] [stderr] warning: use of deprecated macro `try`: use the `?` operator instead
[INFO] [stderr]    --> src/proto/response.rs:146:19
[INFO] [stderr]     |
[INFO] [stderr] 146 |         let raw = try!(self.read_buffer());
[INFO] [stderr]     |                   ^^^
[INFO] [stderr] 
[INFO] [stderr] warning: anonymous parameters are deprecated and will be removed in the next edition.
[INFO] [stderr]   --> src/proto/mod.rs:23:16
[INFO] [stderr]    |
[INFO] [stderr] 23 |     fn connect(&Self::Addr) -> Self::ConnectFut;
[INFO] [stderr]    |                ^^^^^^^^^^^ help: try naming the parameter or explicitly ignoring it: `_: &Self::Addr`
[INFO] [stderr]    |
[INFO] [stderr]    = note: `#[warn(anonymous_parameters)]` on by default
[INFO] [stderr]    = warning: this was previously accepted by the compiler but is being phased out; it will become a hard error in the 2018 edition!
[INFO] [stderr]    = note: for more information, see issue #41686 <https://github.com/rust-lang/rust/issues/41686>
[INFO] [stderr] 
[INFO] [stderr] warning: field is never read: `addr`
[INFO] [stderr]   --> src/proto/packetizer.rs:22:5
[INFO] [stderr]    |
[INFO] [stderr] 22 |     addr: S::Addr,
[INFO] [stderr]    |     ^^^^^^^^^^^^^
[INFO] [stderr]    |
[INFO] [stderr]    = note: `#[warn(dead_code)]` on by default
[INFO] [stderr] 
[INFO] [stderr] warning: variant is never constructed: `Reconnecting`
[INFO] [stderr]   --> src/proto/packetizer.rs:78:5
[INFO] [stderr]    |
[INFO] [stderr] 78 |     Reconnecting(Box<Future<Item = ActivePacketizer<S>, Error = failure::Error> + Send + 'static>),
[INFO] [stderr]    |     ^^^^^^^^^^^^^^^^^^^^^^^^^^^^^^^^^^^^^^^^^^^^^^^^^^^^^^^^^^^^^^^^^^^^^^^^^^^^^^^^^^^^^^^^^^^^^^
[INFO] [stderr] 
[INFO] [stderr] warning: unused return value of `Result::<T, E>::is_ok` that must be used
[INFO] [stderr]    --> src/proto/active_packetizer.rs:331:25
[INFO] [stderr]     |
[INFO] [stderr] 331 |                         tx.send(Err(e)).is_ok();
[INFO] [stderr]     |                         ^^^^^^^^^^^^^^^^^^^^^^^^
[INFO] [stderr]     |
[INFO] [stderr]     = note: `#[warn(unused_must_use)]` on by default
[INFO] [stderr]     = note: if you intended to assert that this is ok, consider `.unwrap()` instead
[INFO] [stderr] 
[INFO] [stderr] warning: unused return value of `Result::<T, E>::is_ok` that must be used
[INFO] [stderr]    --> src/proto/active_packetizer.rs:357:25
[INFO] [stderr]     |
[INFO] [stderr] 357 |                         tx.send(Ok(r)).is_ok(); // if receiver doesn't care, we don't either
[INFO] [stderr]     |                         ^^^^^^^^^^^^^^^^^^^^^^^
[INFO] [stderr]     |
[INFO] [stderr]     = note: if you intended to assert that this is ok, consider `.unwrap()` instead
[INFO] [stderr] 
[INFO] [stderr] warning: unused return value of `std::mem::replace` that must be used
[INFO] [stderr]   --> src/proto/packetizer.rs:99:9
[INFO] [stderr]    |
[INFO] [stderr] 99 |         mem::replace(self, PacketizerState::Connected(ap));
[INFO] [stderr]    |         ^^^^^^^^^^^^^^^^^^^^^^^^^^^^^^^^^^^^^^^^^^^^^^^^^^^
[INFO] [stderr]    |
[INFO] [stderr]    = note: if you don't need the old value, you can just assign the new value directly
[INFO] [stderr] 
[INFO] [stderr] warning: 32 warnings emitted
[INFO] [stderr] 
[INFO] [stderr] warning: trait objects without an explicit `dyn` are deprecated
[INFO] [stderr]   --> src/proto/packetizer.rs:78:22
[INFO] [stderr]    |
[INFO] [stderr] 78 |     Reconnecting(Box<Future<Item = ActivePacketizer<S>, Error = failure::Error> + Send + 'static>),
[INFO] [stderr]    |                      ^^^^^^^^^^^^^^^^^^^^^^^^^^^^^^^^^^^^^^^^^^^^^^^^^^^^^^^^^^^^^^^^^^^^^^^^^^^ help: use `dyn`: `dyn Future<Item = ActivePacketizer<S>, Error = failure::Error> + Send + 'static`
[INFO] [stderr]    |
[INFO] [stderr]    = note: `#[warn(bare_trait_objects)]` on by default
[INFO] [stderr]    = warning: this was previously accepted by the compiler but is being phased out; it will become a hard error in the 2021 edition!
[INFO] [stderr]    = note: for more information, see issue #80165 <https://github.com/rust-lang/rust/issues/80165>
[INFO] [stderr] 
[INFO] [stderr] warning: use of deprecated macro `try`: use the `?` operator instead
[INFO] [stderr]    --> src/proto/request.rs:154:9
[INFO] [stderr]     |
[INFO] [stderr] 154 |         try!(writer.write_u8(*self));
[INFO] [stderr]     |         ^^^
[INFO] [stderr]     |
[INFO] [stderr]     = note: `#[warn(deprecated)]` on by default
[INFO] [stderr] 
[INFO] [stderr] warning: use of deprecated macro `try`: use the `?` operator instead
[INFO] [stderr]    --> src/proto/request.rs:161:9
[INFO] [stderr]     |
[INFO] [stderr] 161 |         try!(writer.write_i32::<BigEndian>(self.len() as i32));
[INFO] [stderr]     |         ^^^
[INFO] [stderr] 
[INFO] [stderr] warning: use of deprecated macro `try`: use the `?` operator instead
[INFO] [stderr]    --> src/proto/request.rs:168:9
[INFO] [stderr]     |
[INFO] [stderr] 168 |         try!(writer.write_i32::<BigEndian>(self.len() as i32));
[INFO] [stderr]     |         ^^^
[INFO] [stderr] 
[INFO] [stderr] warning: use of deprecated macro `try`: use the `?` operator instead
[INFO] [stderr]   --> src/proto/response.rs:38:19
[INFO] [stderr]    |
[INFO] [stderr] 38 |         let len = try!(read.read_i32::<BigEndian>());
[INFO] [stderr]    |                   ^^^
[INFO] [stderr] 
[INFO] [stderr] warning: use of deprecated macro `try`: use the `?` operator instead
[INFO] [stderr]   --> src/proto/response.rs:41:24
[INFO] [stderr]    |
[INFO] [stderr] 41 |             items.push(try!(read.read_string()));
[INFO] [stderr]    |                        ^^^
[INFO] [stderr] 
[INFO] [stderr] warning: use of deprecated macro `try`: use the `?` operator instead
[INFO] [stderr]   --> src/proto/response.rs:50:20
[INFO] [stderr]    |
[INFO] [stderr] 50 |             czxid: try!(read.read_i64::<BigEndian>()),
[INFO] [stderr]    |                    ^^^
[INFO] [stderr] 
[INFO] [stderr] warning: use of deprecated macro `try`: use the `?` operator instead
[INFO] [stderr]   --> src/proto/response.rs:51:20
[INFO] [stderr]    |
[INFO] [stderr] 51 |             mzxid: try!(read.read_i64::<BigEndian>()),
[INFO] [stderr]    |                    ^^^
[INFO] [stderr] 
[INFO] [stderr] warning: use of deprecated macro `try`: use the `?` operator instead
[INFO] [stderr]   --> src/proto/response.rs:52:20
[INFO] [stderr]    |
[INFO] [stderr] 52 |             ctime: try!(read.read_i64::<BigEndian>()),
[INFO] [stderr]    |                    ^^^
[INFO] [stderr] 
[INFO] [stderr] warning: use of deprecated macro `try`: use the `?` operator instead
[INFO] [stderr]   --> src/proto/response.rs:53:20
[INFO] [stderr]    |
[INFO] [stderr] 53 |             mtime: try!(read.read_i64::<BigEndian>()),
[INFO] [stderr]    |                    ^^^
[INFO] [stderr] 
[INFO] [stderr] warning: use of deprecated macro `try`: use the `?` operator instead
[INFO] [stderr]   --> src/proto/response.rs:54:22
[INFO] [stderr]    |
[INFO] [stderr] 54 |             version: try!(read.read_i32::<BigEndian>()),
[INFO] [stderr]    |                      ^^^
[INFO] [stderr] 
[INFO] [stderr] warning: use of deprecated macro `try`: use the `?` operator instead
[INFO] [stderr]   --> src/proto/response.rs:55:23
[INFO] [stderr]    |
[INFO] [stderr] 55 |             cversion: try!(read.read_i32::<BigEndian>()),
[INFO] [stderr]    |                       ^^^
[INFO] [stderr] 
[INFO] [stderr] warning: use of deprecated macro `try`: use the `?` operator instead
[INFO] [stderr]   --> src/proto/response.rs:56:23
[INFO] [stderr]    |
[INFO] [stderr] 56 |             aversion: try!(read.read_i32::<BigEndian>()),
[INFO] [stderr]    |                       ^^^
[INFO] [stderr] 
[INFO] [stderr] warning: use of deprecated macro `try`: use the `?` operator instead
[INFO] [stderr]   --> src/proto/response.rs:57:30
[INFO] [stderr]    |
[INFO] [stderr] 57 |             ephemeral_owner: try!(read.read_i64::<BigEndian>()),
[INFO] [stderr]    |                              ^^^
[INFO] [stderr] 
[INFO] [stderr] warning: use of deprecated macro `try`: use the `?` operator instead
[INFO] [stderr]   --> src/proto/response.rs:58:26
[INFO] [stderr]    |
[INFO] [stderr] 58 |             data_length: try!(read.read_i32::<BigEndian>()),
[INFO] [stderr]    |                          ^^^
[INFO] [stderr] 
[INFO] [stderr] warning: use of deprecated macro `try`: use the `?` operator instead
[INFO] [stderr]   --> src/proto/response.rs:59:27
[INFO] [stderr]    |
[INFO] [stderr] 59 |             num_children: try!(read.read_i32::<BigEndian>()),
[INFO] [stderr]    |                           ^^^
[INFO] [stderr] 
[INFO] [stderr] warning: use of deprecated macro `try`: use the `?` operator instead
[INFO] [stderr]   --> src/proto/response.rs:60:20
[INFO] [stderr]    |
[INFO] [stderr] 60 |             pzxid: try!(read.read_i64::<BigEndian>()),
[INFO] [stderr]    |                    ^^^
[INFO] [stderr] 
[INFO] [stderr] warning: use of deprecated macro `try`: use the `?` operator instead
[INFO] [stderr]   --> src/proto/response.rs:80:19
[INFO] [stderr]    |
[INFO] [stderr] 80 |         let len = try!(read.read_i32::<BigEndian>());
[INFO] [stderr]    |                   ^^^
[INFO] [stderr] 
[INFO] [stderr] warning: use of deprecated macro `try`: use the `?` operator instead
[INFO] [stderr]   --> src/proto/response.rs:83:24
[INFO] [stderr]    |
[INFO] [stderr] 83 |             items.push(try!(Acl::read_from(read)));
[INFO] [stderr]    |                        ^^^
[INFO] [stderr] 
[INFO] [stderr] warning: use of deprecated macro `try`: use the `?` operator instead
[INFO] [stderr]   --> src/proto/response.rs:91:21
[INFO] [stderr]    |
[INFO] [stderr] 91 |         let perms = try!(Permission::read_from(read));
[INFO] [stderr]    |                     ^^^
[INFO] [stderr] 
[INFO] [stderr] warning: use of deprecated macro `try`: use the `?` operator instead
[INFO] [stderr]   --> src/proto/response.rs:92:22
[INFO] [stderr]    |
[INFO] [stderr] 92 |         let scheme = try!(read.read_string());
[INFO] [stderr]    |                      ^^^
[INFO] [stderr] 
[INFO] [stderr] warning: use of deprecated macro `try`: use the `?` operator instead
[INFO] [stderr]   --> src/proto/response.rs:93:18
[INFO] [stderr]    |
[INFO] [stderr] 93 |         let id = try!(read.read_string());
[INFO] [stderr]    |                  ^^^
[INFO] [stderr] 
[INFO] [stderr] warning: use of deprecated macro `try`: use the `?` operator instead
[INFO] [stderr]    --> src/proto/response.rs:100:33
[INFO] [stderr]     |
[INFO] [stderr] 100 |         Ok(Permission::from_raw(try!(read.read_u32::<BigEndian>())))
[INFO] [stderr]     |                                 ^^^
[INFO] [stderr] 
[INFO] [stderr] warning: use of deprecated macro `try`: use the `?` operator instead
[INFO] [stderr]    --> src/proto/response.rs:125:19
[INFO] [stderr]     |
[INFO] [stderr] 125 |         let len = try!(self.read_i32::<BigEndian>());
[INFO] [stderr]     |                   ^^^
[INFO] [stderr] 
[INFO] [stderr] warning: use of deprecated macro `try`: use the `?` operator instead
[INFO] [stderr]    --> src/proto/response.rs:128:20
[INFO] [stderr]     |
[INFO] [stderr] 128 |         let read = try!(self.read(&mut buf));
[INFO] [stderr]     |                    ^^^
[INFO] [stderr] 
[INFO] [stderr] warning: use of deprecated macro `try`: use the `?` operator instead
[INFO] [stderr]    --> src/proto/response.rs:146:19
[INFO] [stderr]     |
[INFO] [stderr] 146 |         let raw = try!(self.read_buffer());
[INFO] [stderr]     |                   ^^^
[INFO] [stderr] 
[INFO] [stderr] warning: anonymous parameters are deprecated and will be removed in the next edition.
[INFO] [stderr]   --> src/proto/mod.rs:23:16
[INFO] [stderr]    |
[INFO] [stderr] 23 |     fn connect(&Self::Addr) -> Self::ConnectFut;
[INFO] [stderr]    |                ^^^^^^^^^^^ help: try naming the parameter or explicitly ignoring it: `_: &Self::Addr`
[INFO] [stderr]    |
[INFO] [stderr]    = note: `#[warn(anonymous_parameters)]` on by default
[INFO] [stderr]    = warning: this was previously accepted by the compiler but is being phased out; it will become a hard error in the 2018 edition!
[INFO] [stderr]    = note: for more information, see issue #41686 <https://github.com/rust-lang/rust/issues/41686>
[INFO] [stderr] 
[INFO] [stderr] warning: trait objects without an explicit `dyn` are deprecated
[INFO] [stderr]     --> src/lib.rs:1209:17
[INFO] [stderr]      |
[INFO] [stderr] 1209 |                 futures::Future<Item = (ZooKeeper, Vec<bool>), Error = failure::Error> + Send,
[INFO] [stderr]      |                 ^^^^^^^^^^^^^^^^^^^^^^^^^^^^^^^^^^^^^^^^^^^^^^^^^^^^^^^^^^^^^^^^^^^^^^^^^^^^^ help: use `dyn`: `dyn futures::Future<Item = (ZooKeeper, Vec<bool>), Error = failure::Error> + Send`
[INFO] [stderr]      |
[INFO] [stderr]      = warning: this was previously accepted by the compiler but is being phased out; it will become a hard error in the 2021 edition!
[INFO] [stderr]      = note: for more information, see issue #80165 <https://github.com/rust-lang/rust/issues/80165>
[INFO] [stderr] 
[INFO] [stderr] warning: field is never read: `addr`
[INFO] [stderr]   --> src/proto/packetizer.rs:22:5
[INFO] [stderr]    |
[INFO] [stderr] 22 |     addr: S::Addr,
[INFO] [stderr]    |     ^^^^^^^^^^^^^
[INFO] [stderr]    |
[INFO] [stderr]    = note: `#[warn(dead_code)]` on by default
[INFO] [stderr] 
[INFO] [stderr] warning: variant is never constructed: `Reconnecting`
[INFO] [stderr]   --> src/proto/packetizer.rs:78:5
[INFO] [stderr]    |
[INFO] [stderr] 78 |     Reconnecting(Box<Future<Item = ActivePacketizer<S>, Error = failure::Error> + Send + 'static>),
[INFO] [stderr]    |     ^^^^^^^^^^^^^^^^^^^^^^^^^^^^^^^^^^^^^^^^^^^^^^^^^^^^^^^^^^^^^^^^^^^^^^^^^^^^^^^^^^^^^^^^^^^^^^
[INFO] [stderr] 
[INFO] [stderr] warning: unused return value of `Result::<T, E>::is_ok` that must be used
[INFO] [stderr]    --> src/proto/active_packetizer.rs:331:25
[INFO] [stderr]     |
[INFO] [stderr] 331 |                         tx.send(Err(e)).is_ok();
[INFO] [stderr]     |                         ^^^^^^^^^^^^^^^^^^^^^^^^
[INFO] [stderr]     |
[INFO] [stderr]     = note: `#[warn(unused_must_use)]` on by default
[INFO] [stderr]     = note: if you intended to assert that this is ok, consider `.unwrap()` instead
[INFO] [stderr] 
[INFO] [stderr] warning: unused return value of `Result::<T, E>::is_ok` that must be used
[INFO] [stderr]    --> src/proto/active_packetizer.rs:357:25
[INFO] [stderr]     |
[INFO] [stderr] 357 |                         tx.send(Ok(r)).is_ok(); // if receiver doesn't care, we don't either
[INFO] [stderr]     |                         ^^^^^^^^^^^^^^^^^^^^^^^
[INFO] [stderr]     |
[INFO] [stderr]     = note: if you intended to assert that this is ok, consider `.unwrap()` instead
[INFO] [stderr] 
[INFO] [stderr] warning: unused return value of `std::mem::replace` that must be used
[INFO] [stderr]   --> src/proto/packetizer.rs:99:9
[INFO] [stderr]    |
[INFO] [stderr] 99 |         mem::replace(self, PacketizerState::Connected(ap));
[INFO] [stderr]    |         ^^^^^^^^^^^^^^^^^^^^^^^^^^^^^^^^^^^^^^^^^^^^^^^^^^^
[INFO] [stderr]    |
[INFO] [stderr]    = note: if you don't need the old value, you can just assign the new value directly
[INFO] [stderr] 
[INFO] [stderr] warning: 33 warnings emitted
[INFO] [stderr] 
[INFO] [stderr]     Finished test [unoptimized + debuginfo] target(s) in 0.06s
[INFO] [stderr]      Running unittests (/opt/rustwide/target/debug/deps/joyent_tokio_zookeeper-b9f553cec9cb2cfb)
[INFO] [stdout] 
[INFO] [stdout] running 7 tests
[INFO] [stdout] test types::acl::tests::permission_bitor ... ok
[INFO] [stdout] test types::acl::tests::permission_can ... ok
[INFO] [stdout] test types::acl::tests::permission_format ... ok
[INFO] [stdout] test tests::example ... ok
[INFO] [stdout] test tests::acl_test ... FAILED
[INFO] [stdout] test tests::it_works ... FAILED
[INFO] [stdout] test tests::multi_test ... FAILED
[INFO] [stdout] 
[INFO] [stdout] failures:
[INFO] [stdout] 
[INFO] [stdout] ---- tests::acl_test stdout ----
[INFO] [stdout] thread 'tests::acl_test' panicked at 'called `Result::unwrap()` on an `Err` value: Os { code: 111, kind: ConnectionRefused, message: "Connection refused" }
[INFO] [stdout] 
[INFO] [stdout]    0: failure::backtrace::internal::InternalBacktrace::new
[INFO] [stdout]              at /opt/rustwide/cargo-home/registry/src/github.com-1ecc6299db9ec823/failure-0.1.8/src/backtrace/internal.rs:46:44
[INFO] [stdout]    1: failure::backtrace::Backtrace::new
[INFO] [stdout]              at /opt/rustwide/cargo-home/registry/src/github.com-1ecc6299db9ec823/failure-0.1.8/src/backtrace/mod.rs:121:35
[INFO] [stdout]    2: <failure::error::error_impl::ErrorImpl as core::convert::From<F>>::from
[INFO] [stdout]              at /opt/rustwide/cargo-home/registry/src/github.com-1ecc6299db9ec823/failure-0.1.8/src/error/error_impl.rs:19:17
[INFO] [stdout]    3: <failure::error::Error as core::convert::From<F>>::from
[INFO] [stdout]              at /opt/rustwide/cargo-home/registry/src/github.com-1ecc6299db9ec823/failure-0.1.8/src/error/mod.rs:36:18
[INFO] [stdout]    4: core::ops::function::FnOnce::call_once
[INFO] [stdout]              at /rustc/a178d0322ce20e33eac124758e837cbd80a6f633/library/core/src/ops/function.rs:227:5
[INFO] [stdout]    5: core::result::Result<T,E>::map_err
[INFO] [stdout]              at /rustc/a178d0322ce20e33eac124758e837cbd80a6f633/library/core/src/result.rs:591:27
[INFO] [stdout]    6: <futures::future::map_err::MapErr<A,F> as futures::future::Future>::poll
[INFO] [stdout]              at /opt/rustwide/cargo-home/registry/src/github.com-1ecc6299db9ec823/futures-0.1.31/src/future/map_err.rs:34:9
[INFO] [stdout]    7: futures::future::chain::Chain<A,B,C>::poll
[INFO] [stdout]              at /opt/rustwide/cargo-home/registry/src/github.com-1ecc6299db9ec823/futures-0.1.31/src/future/chain.rs:26:23
[INFO] [stdout]    8: <futures::future::and_then::AndThen<A,B,F> as futures::future::Future>::poll
[INFO] [stdout]              at /opt/rustwide/cargo-home/registry/src/github.com-1ecc6299db9ec823/futures-0.1.31/src/future/and_then.rs:32:9
[INFO] [stdout]    9: <futures::future::map::Map<A,F> as futures::future::Future>::poll
[INFO] [stdout]              at /opt/rustwide/cargo-home/registry/src/github.com-1ecc6299db9ec823/futures-0.1.31/src/future/map.rs:30:23
[INFO] [stdout]   10: futures::future::chain::Chain<A,B,C>::poll
[INFO] [stdout]              at /opt/rustwide/cargo-home/registry/src/github.com-1ecc6299db9ec823/futures-0.1.31/src/future/chain.rs:26:23
[INFO] [stdout]   11: <futures::future::and_then::AndThen<A,B,F> as futures::future::Future>::poll
[INFO] [stdout]              at /opt/rustwide/cargo-home/registry/src/github.com-1ecc6299db9ec823/futures-0.1.31/src/future/and_then.rs:32:9
[INFO] [stdout]   12: futures::future::chain::Chain<A,B,C>::poll
[INFO] [stdout]              at /opt/rustwide/cargo-home/registry/src/github.com-1ecc6299db9ec823/futures-0.1.31/src/future/chain.rs:26:23
[INFO] [stdout]   13: <futures::future::then::Then<A,B,F> as futures::future::Future>::poll
[INFO] [stdout]              at /opt/rustwide/cargo-home/registry/src/github.com-1ecc6299db9ec823/futures-0.1.31/src/future/then.rs:32:9
[INFO] [stdout]   14: <alloc::boxed::Box<F> as futures::future::Future>::poll
[INFO] [stdout]              at /opt/rustwide/cargo-home/registry/src/github.com-1ecc6299db9ec823/futures-0.1.31/src/future/mod.rs:113:13
[INFO] [stdout]   15: futures::task_impl::Spawn<T>::poll_future_notify::{{closure}}
[INFO] [stdout]              at /opt/rustwide/cargo-home/registry/src/github.com-1ecc6299db9ec823/futures-0.1.31/src/task_impl/mod.rs:329:45
[INFO] [stdout]   16: futures::task_impl::Spawn<T>::enter::{{closure}}
[INFO] [stdout]              at /opt/rustwide/cargo-home/registry/src/github.com-1ecc6299db9ec823/futures-0.1.31/src/task_impl/mod.rs:399:27
[INFO] [stdout]   17: futures::task_impl::std::set
[INFO] [stdout]              at /opt/rustwide/cargo-home/registry/src/github.com-1ecc6299db9ec823/futures-0.1.31/src/task_impl/std/mod.rs:86:13
[INFO] [stdout]   18: futures::task_impl::Spawn<T>::enter
[INFO] [stdout]              at /opt/rustwide/cargo-home/registry/src/github.com-1ecc6299db9ec823/futures-0.1.31/src/task_impl/mod.rs:399:9
[INFO] [stdout]   19: futures::task_impl::Spawn<T>::poll_fn_notify
[INFO] [stdout]              at /opt/rustwide/cargo-home/registry/src/github.com-1ecc6299db9ec823/futures-0.1.31/src/task_impl/mod.rs:291:9
[INFO] [stdout]   20: futures::task_impl::Spawn<T>::poll_future_notify
[INFO] [stdout]              at /opt/rustwide/cargo-home/registry/src/github.com-1ecc6299db9ec823/futures-0.1.31/src/task_impl/mod.rs:329:9
[INFO] [stdout]   21: tokio_threadpool::task::Task::run::{{closure}}
[INFO] [stdout]              at /opt/rustwide/cargo-home/registry/src/github.com-1ecc6299db9ec823/tokio-threadpool-0.1.18/src/task/mod.rs:145:17
[INFO] [stdout]   22: core::ops::function::FnOnce::call_once
[INFO] [stdout]              at /rustc/a178d0322ce20e33eac124758e837cbd80a6f633/library/core/src/ops/function.rs:227:5
[INFO] [stdout]   23: <std::panic::AssertUnwindSafe<F> as core::ops::function::FnOnce<()>>::call_once
[INFO] [stdout]              at /rustc/a178d0322ce20e33eac124758e837cbd80a6f633/library/std/src/panic.rs:347:9
[INFO] [stdout]   24: std::panicking::try::do_call
[INFO] [stdout]              at /rustc/a178d0322ce20e33eac124758e837cbd80a6f633/library/std/src/panicking.rs:401:40
[INFO] [stdout]   25: __rust_try
[INFO] [stdout]   26: std::panicking::try
[INFO] [stdout]              at /rustc/a178d0322ce20e33eac124758e837cbd80a6f633/library/std/src/panicking.rs:365:19
[INFO] [stdout]   27: std::panic::catch_unwind
[INFO] [stdout]              at /rustc/a178d0322ce20e33eac124758e837cbd80a6f633/library/std/src/panic.rs:434:14
[INFO] [stdout]   28: tokio_threadpool::task::Task::run
[INFO] [stdout]              at /opt/rustwide/cargo-home/registry/src/github.com-1ecc6299db9ec823/tokio-threadpool-0.1.18/src/task/mod.rs:130:19
[INFO] [stdout]   29: tokio_threadpool::worker::Worker::run_task2
[INFO] [stdout]              at /opt/rustwide/cargo-home/registry/src/github.com-1ecc6299db9ec823/tokio-threadpool-0.1.18/src/worker/mod.rs:567:9
[INFO] [stdout]   30: tokio_threadpool::worker::Worker::run_task
[INFO] [stdout]              at /opt/rustwide/cargo-home/registry/src/github.com-1ecc6299db9ec823/tokio-threadpool-0.1.18/src/worker/mod.rs:459:19
[INFO] [stdout]   31: tokio_threadpool::worker::Worker::try_run_owned_task
[INFO] [stdout]              at /opt/rustwide/cargo-home/registry/src/github.com-1ecc6299db9ec823/tokio-threadpool-0.1.18/src/worker/mod.rs:390:17
[INFO] [stdout]   32: tokio_threadpool::worker::Worker::try_run_task
[INFO] [stdout]              at /opt/rustwide/cargo-home/registry/src/github.com-1ecc6299db9ec823/tokio-threadpool-0.1.18/src/worker/mod.rs:297:12
[INFO] [stdout]   33: tokio_threadpool::worker::Worker::run
[INFO] [stdout]              at /opt/rustwide/cargo-home/registry/src/github.com-1ecc6299db9ec823/tokio-threadpool-0.1.18/src/worker/mod.rs:241:16
[INFO] [stdout]   34: tokio::runtime::threadpool::builder::Builder::build::{{closure}}::{{closure}}::{{closure}}::{{closure}}
[INFO] [stdout]              at /opt/rustwide/cargo-home/registry/src/github.com-1ecc6299db9ec823/tokio-0.1.22/src/runtime/threadpool/builder.rs:390:29
[INFO] [stdout]   35: tokio_timer::timer::handle::with_default
[INFO] [stdout]              at /opt/rustwide/cargo-home/registry/src/github.com-1ecc6299db9ec823/tokio-timer-0.2.13/src/timer/handle.rs:74:5
[INFO] [stdout]   36: tokio::runtime::threadpool::builder::Builder::build::{{closure}}::{{closure}}::{{closure}}
[INFO] [stdout]              at /opt/rustwide/cargo-home/registry/src/github.com-1ecc6299db9ec823/tokio-0.1.22/src/runtime/threadpool/builder.rs:382:25
[INFO] [stdout]   37: tokio_timer::clock::clock::with_default
[INFO] [stdout]              at /opt/rustwide/cargo-home/registry/src/github.com-1ecc6299db9ec823/tokio-timer-0.2.13/src/clock/clock.rs:125:5
[INFO] [stdout]   38: tokio::runtime::threadpool::builder::Builder::build::{{closure}}::{{closure}}
[INFO] [stdout]              at /opt/rustwide/cargo-home/registry/src/github.com-1ecc6299db9ec823/tokio-0.1.22/src/runtime/threadpool/builder.rs:381:21
[INFO] [stdout]   39: tokio_reactor::with_default
[INFO] [stdout]              at /opt/rustwide/cargo-home/registry/src/github.com-1ecc6299db9ec823/tokio-reactor-0.1.12/src/lib.rs:220:5
[INFO] [stdout]   40: tokio::runtime::threadpool::builder::Builder::build::{{closure}}
[INFO] [stdout]              at /opt/rustwide/cargo-home/registry/src/github.com-1ecc6299db9ec823/tokio-0.1.22/src/runtime/threadpool/builder.rs:380:17
[INFO] [stdout]   41: tokio_threadpool::callback::Callback::call
[INFO] [stdout]              at /opt/rustwide/cargo-home/registry/src/github.com-1ecc6299db9ec823/tokio-threadpool-0.1.18/src/callback.rs:22:9
[INFO] [stdout]   42: tokio_threadpool::worker::Worker::do_run::{{closure}}::{{closure}}
[INFO] [stdout]              at /opt/rustwide/cargo-home/registry/src/github.com-1ecc6299db9ec823/tokio-threadpool-0.1.18/src/worker/mod.rs:127:21
[INFO] [stdout]   43: tokio_executor::global::with_default::{{closure}}
[INFO] [stdout]              at /opt/rustwide/cargo-home/registry/src/github.com-1ecc6299db9ec823/tokio-executor-0.1.10/src/global.rs:221:9
[INFO] [stdout]   44: std::thread::local::LocalKey<T>::try_with
[INFO] [stdout]              at /rustc/a178d0322ce20e33eac124758e837cbd80a6f633/library/std/src/thread/local.rs:400:16
[INFO] [stdout]   45: std::thread::local::LocalKey<T>::with
[INFO] [stdout]              at /rustc/a178d0322ce20e33eac124758e837cbd80a6f633/library/std/src/thread/local.rs:376:9
[INFO] [stdout]   46: tokio_executor::global::with_default
[INFO] [stdout]              at /opt/rustwide/cargo-home/registry/src/github.com-1ecc6299db9ec823/tokio-executor-0.1.10/src/global.rs:190:5
[INFO] [stdout]   47: tokio_threadpool::worker::Worker::do_run::{{closure}}
[INFO] [stdout]              at /opt/rustwide/cargo-home/registry/src/github.com-1ecc6299db9ec823/tokio-threadpool-0.1.18/src/worker/mod.rs:125:13
[INFO] [stdout]   48: std::thread::local::LocalKey<T>::try_with
[INFO] [stdout]              at /rustc/a178d0322ce20e33eac124758e837cbd80a6f633/library/std/src/thread/local.rs:400:16
[INFO] [stdout]   49: std::thread::local::LocalKey<T>::with
[INFO] [stdout]              at /rustc/a178d0322ce20e33eac124758e837cbd80a6f633/library/std/src/thread/local.rs:376:9
[INFO] [stdout]   50: tokio_threadpool::worker::Worker::do_run
[INFO] [stdout]              at /opt/rustwide/cargo-home/registry/src/github.com-1ecc6299db9ec823/tokio-threadpool-0.1.18/src/worker/mod.rs:116:9
[INFO] [stdout]   51: tokio_threadpool::pool::Pool::spawn_thread::{{closure}}
[INFO] [stdout]              at /opt/rustwide/cargo-home/registry/src/github.com-1ecc6299db9ec823/tokio-threadpool-0.1.18/src/pool/mod.rs:345:21
[INFO] [stdout]   52: std::sys_common::backtrace::__rust_begin_short_backtrace
[INFO] [stdout]              at /rustc/a178d0322ce20e33eac124758e837cbd80a6f633/library/std/src/sys_common/backtrace.rs:125:18
[INFO] [stdout]   53: std::thread::Builder::spawn_unchecked::{{closure}}::{{closure}}
[INFO] [stdout]              at /rustc/a178d0322ce20e33eac124758e837cbd80a6f633/library/std/src/thread/mod.rs:481:17
[INFO] [stdout]   54: <std::panic::AssertUnwindSafe<F> as core::ops::function::FnOnce<()>>::call_once
[INFO] [stdout]              at /rustc/a178d0322ce20e33eac124758e837cbd80a6f633/library/std/src/panic.rs:347:9
[INFO] [stdout]   55: std::panicking::try::do_call
[INFO] [stdout]              at /rustc/a178d0322ce20e33eac124758e837cbd80a6f633/library/std/src/panicking.rs:401:40
[INFO] [stdout]   56: __rust_try
[INFO] [stdout]   57: std::panicking::try
[INFO] [stdout]              at /rustc/a178d0322ce20e33eac124758e837cbd80a6f633/library/std/src/panicking.rs:365:19
[INFO] [stdout]   58: std::panic::catch_unwind
[INFO] [stdout]              at /rustc/a178d0322ce20e33eac124758e837cbd80a6f633/library/std/src/panic.rs:434:14
[INFO] [stdout]   59: std::thread::Builder::spawn_unchecked::{{closure}}
[INFO] [stdout]              at /rustc/a178d0322ce20e33eac124758e837cbd80a6f633/library/std/src/thread/mod.rs:480:30
[INFO] [stdout]   60: core::ops::function::FnOnce::call_once{{vtable.shim}}
[INFO] [stdout]              at /rustc/a178d0322ce20e33eac124758e837cbd80a6f633/library/core/src/ops/function.rs:227:5
[INFO] [stdout]   61: <alloc::boxed::Box<F,A> as core::ops::function::FnOnce<Args>>::call_once
[INFO] [stdout]              at /rustc/a178d0322ce20e33eac124758e837cbd80a6f633/library/alloc/src/boxed.rs:1575:9
[INFO] [stdout]       <alloc::boxed::Box<F,A> as core::ops::function::FnOnce<Args>>::call_once
[INFO] [stdout]              at /rustc/a178d0322ce20e33eac124758e837cbd80a6f633/library/alloc/src/boxed.rs:1575:9
[INFO] [stdout]       std::sys::unix::thread::Thread::new::thread_start
[INFO] [stdout]              at /rustc/a178d0322ce20e33eac124758e837cbd80a6f633/library/std/src/sys/unix/thread.rs:71:17
[INFO] [stdout]   62: start_thread
[INFO] [stdout]   63: clone
[INFO] [stdout] ', src/lib.rs:1192:15
[INFO] [stdout] stack backtrace:
[INFO] [stdout]    0:     0x5615a26540f0 - std::backtrace_rs::backtrace::libunwind::trace::h34055254b57d8e79
[INFO] [stdout]                                at /rustc/a178d0322ce20e33eac124758e837cbd80a6f633/library/std/src/../../backtrace/src/backtrace/libunwind.rs:90:5
[INFO] [stdout]    1:     0x5615a26540f0 - std::backtrace_rs::backtrace::trace_unsynchronized::h8f1e3fbd9afff6ec
[INFO] [stdout]                                at /rustc/a178d0322ce20e33eac124758e837cbd80a6f633/library/std/src/../../backtrace/src/backtrace/mod.rs:66:5
[INFO] [stdout]    2:     0x5615a26540f0 - std::sys_common::backtrace::_print_fmt::h3a99a796b770c360
[INFO] [stdout]                                at /rustc/a178d0322ce20e33eac124758e837cbd80a6f633/library/std/src/sys_common/backtrace.rs:67:5
[INFO] [stdout]    3:     0x5615a26540f0 - <std::sys_common::backtrace::_print::DisplayBacktrace as core::fmt::Display>::fmt::h32d1f94a80615d18
[INFO] [stdout]                                at /rustc/a178d0322ce20e33eac124758e837cbd80a6f633/library/std/src/sys_common/backtrace.rs:46:22
[INFO] [stdout]    4:     0x5615a2677f4c - core::fmt::write::h306731c068f7162c
[INFO] [stdout]                                at /rustc/a178d0322ce20e33eac124758e837cbd80a6f633/library/core/src/fmt/mod.rs:1110:17
[INFO] [stdout]    5:     0x5615a264f3d5 - std::io::Write::write_fmt::h87f19b0a2cd190bc
[INFO] [stdout]                                at /rustc/a178d0322ce20e33eac124758e837cbd80a6f633/library/std/src/io/mod.rs:1588:15
[INFO] [stdout]    6:     0x5615a26562eb - std::sys_common::backtrace::_print::h5abaa2601a852287
[INFO] [stdout]                                at /rustc/a178d0322ce20e33eac124758e837cbd80a6f633/library/std/src/sys_common/backtrace.rs:49:5
[INFO] [stdout]    7:     0x5615a26562eb - std::sys_common::backtrace::print::h8d81445442bb638f
[INFO] [stdout]                                at /rustc/a178d0322ce20e33eac124758e837cbd80a6f633/library/std/src/sys_common/backtrace.rs:36:9
[INFO] [stdout]    8:     0x5615a26562eb - std::panicking::default_hook::{{closure}}::hcfe804496a9fa747
[INFO] [stdout]                                at /rustc/a178d0322ce20e33eac124758e837cbd80a6f633/library/std/src/panicking.rs:208:50
[INFO] [stdout]    9:     0x5615a2655dfc - std::panicking::default_hook::hbea8e3ccf2ba8901
[INFO] [stdout]                                at /rustc/a178d0322ce20e33eac124758e837cbd80a6f633/library/std/src/panicking.rs:222:9
[INFO] [stdout]   10:     0x5615a26569b4 - std::panicking::rust_panic_with_hook::h7ee9e1a2d0f8975a
[INFO] [stdout]                                at /rustc/a178d0322ce20e33eac124758e837cbd80a6f633/library/std/src/panicking.rs:622:17
[INFO] [stdout]   11:     0x5615a2656497 - std::panicking::begin_panic_handler::{{closure}}::h8ab3b4491718b2c7
[INFO] [stdout]                                at /rustc/a178d0322ce20e33eac124758e837cbd80a6f633/library/std/src/panicking.rs:519:13
[INFO] [stdout]   12:     0x5615a26545ec - std::sys_common::backtrace::__rust_end_short_backtrace::hd489062ffa586a9f
[INFO] [stdout]                                at /rustc/a178d0322ce20e33eac124758e837cbd80a6f633/library/std/src/sys_common/backtrace.rs:141:18
[INFO] [stdout]   13:     0x5615a26563f9 - rust_begin_unwind
[INFO] [stdout]                                at /rustc/a178d0322ce20e33eac124758e837cbd80a6f633/library/std/src/panicking.rs:515:5
[INFO] [stdout]   14:     0x5615a22ae7d1 - core::panicking::panic_fmt::hca6330e3e14086b4
[INFO] [stdout]                                at /rustc/a178d0322ce20e33eac124758e837cbd80a6f633/library/core/src/panicking.rs:92:14
[INFO] [stdout]   15:     0x5615a22ae8c3 - core::result::unwrap_failed::h6160d2b4bfbb0e87
[INFO] [stdout]                                at /rustc/a178d0322ce20e33eac124758e837cbd80a6f633/library/core/src/result.rs:1355:5
[INFO] [stdout]   16:     0x5615a22b9ed6 - core::result::Result<T,E>::unwrap::h4ed9dbc5150cf208
[INFO] [stdout]                                at /rustc/a178d0322ce20e33eac124758e837cbd80a6f633/library/core/src/result.rs:1037:23
[INFO] [stdout]   17:     0x5615a23871b1 - joyent_tokio_zookeeper::tests::acl_test::h36f1a9831c6843c7
[INFO] [stdout]                                at /opt/rustwide/workdir/src/lib.rs:1146:13
[INFO] [stdout]   18:     0x5615a2386e1a - joyent_tokio_zookeeper::tests::acl_test::{{closure}}::hd3ea0d589e6995dd
[INFO] [stdout]                                at /opt/rustwide/workdir/src/lib.rs:1137:5
[INFO] [stdout]   19:     0x5615a2368dde - core::ops::function::FnOnce::call_once::h8ce86a6729e7129a
[INFO] [stdout]                                at /rustc/a178d0322ce20e33eac124758e837cbd80a6f633/library/core/src/ops/function.rs:227:5
[INFO] [stdout]   20:     0x5615a23b2e43 - core::ops::function::FnOnce::call_once::h152e7e439ff59e19
[INFO] [stdout]                                at /rustc/a178d0322ce20e33eac124758e837cbd80a6f633/library/core/src/ops/function.rs:227:5
[INFO] [stdout]   21:     0x5615a23b2e43 - test::__rust_begin_short_backtrace::h0908f3b1fdbb72ab
[INFO] [stdout]                                at /rustc/a178d0322ce20e33eac124758e837cbd80a6f633/library/test/src/lib.rs:577:5
[INFO] [stdout]   22:     0x5615a23b1900 - <alloc::boxed::Box<F,A> as core::ops::function::FnOnce<Args>>::call_once::hf6d2a51e5587546c
[INFO] [stdout]                                at /rustc/a178d0322ce20e33eac124758e837cbd80a6f633/library/alloc/src/boxed.rs:1575:9
[INFO] [stdout]   23:     0x5615a23b1900 - <std::panic::AssertUnwindSafe<F> as core::ops::function::FnOnce<()>>::call_once::h8af660f3a89ef593
[INFO] [stdout]                                at /rustc/a178d0322ce20e33eac124758e837cbd80a6f633/library/std/src/panic.rs:347:9
[INFO] [stdout]   24:     0x5615a23b1900 - std::panicking::try::do_call::hd36aef60f84b6d36
[INFO] [stdout]                                at /rustc/a178d0322ce20e33eac124758e837cbd80a6f633/library/std/src/panicking.rs:401:40
[INFO] [stdout]   25:     0x5615a23b1900 - std::panicking::try::h9932b4480e69817c
[INFO] [stdout]                                at /rustc/a178d0322ce20e33eac124758e837cbd80a6f633/library/std/src/panicking.rs:365:19
[INFO] [stdout]   26:     0x5615a23b1900 - std::panic::catch_unwind::h6aa177099cfff5f8
[INFO] [stdout]                                at /rustc/a178d0322ce20e33eac124758e837cbd80a6f633/library/std/src/panic.rs:434:14
[INFO] [stdout]   27:     0x5615a23b1900 - test::run_test_in_process::h5884d6f2d99e20c3
[INFO] [stdout]                                at /rustc/a178d0322ce20e33eac124758e837cbd80a6f633/library/test/src/lib.rs:600:18
[INFO] [stdout]   28:     0x5615a23b1900 - test::run_test::run_test_inner::{{closure}}::h6fdc58c6d5f5b6e3
[INFO] [stdout]                                at /rustc/a178d0322ce20e33eac124758e837cbd80a6f633/library/test/src/lib.rs:492:39
[INFO] [stdout]   29:     0x5615a238afb2 - test::run_test::run_test_inner::{{closure}}::h408365d67a78ade8
[INFO] [stdout]                                at /rustc/a178d0322ce20e33eac124758e837cbd80a6f633/library/test/src/lib.rs:519:37
[INFO] [stdout]   30:     0x5615a238afb2 - std::sys_common::backtrace::__rust_begin_short_backtrace::hb560b77c4f701523
[INFO] [stdout]                                at /rustc/a178d0322ce20e33eac124758e837cbd80a6f633/library/std/src/sys_common/backtrace.rs:125:18
[INFO] [stdout]   31:     0x5615a238eb68 - std::thread::Builder::spawn_unchecked::{{closure}}::{{closure}}::hf2e7831dad93c597
[INFO] [stdout]                                at /rustc/a178d0322ce20e33eac124758e837cbd80a6f633/library/std/src/thread/mod.rs:481:17
[INFO] [stdout]   32:     0x5615a238eb68 - <std::panic::AssertUnwindSafe<F> as core::ops::function::FnOnce<()>>::call_once::hd2e08783d8be4d02
[INFO] [stdout]                                at /rustc/a178d0322ce20e33eac124758e837cbd80a6f633/library/std/src/panic.rs:347:9
[INFO] [stdout]   33:     0x5615a238eb68 - std::panicking::try::do_call::h062597b7acfd6b82
[INFO] [stdout]                                at /rustc/a178d0322ce20e33eac124758e837cbd80a6f633/library/std/src/panicking.rs:401:40
[INFO] [stdout]   34:     0x5615a238eb68 - std::panicking::try::h0d7b79db04c14552
[INFO] [stdout]                                at /rustc/a178d0322ce20e33eac124758e837cbd80a6f633/library/std/src/panicking.rs:365:19
[INFO] [stdout]   35:     0x5615a238eb68 - std::panic::catch_unwind::hb01a0b5e7c8cd43b
[INFO] [stdout]                                at /rustc/a178d0322ce20e33eac124758e837cbd80a6f633/library/std/src/panic.rs:434:14
[INFO] [stdout]   36:     0x5615a238eb68 - std::thread::Builder::spawn_unchecked::{{closure}}::h5bde48cc887e0d1e
[INFO] [stdout]                                at /rustc/a178d0322ce20e33eac124758e837cbd80a6f633/library/std/src/thread/mod.rs:480:30
[INFO] [stdout]   37:     0x5615a238eb68 - core::ops::function::FnOnce::call_once{{vtable.shim}}::h745ea30807a29e55
[INFO] [stdout]                                at /rustc/a178d0322ce20e33eac124758e837cbd80a6f633/library/core/src/ops/function.rs:227:5
[INFO] [stdout]   38:     0x5615a265b957 - <alloc::boxed::Box<F,A> as core::ops::function::FnOnce<Args>>::call_once::h7ece6cfefaff1005
[INFO] [stdout]                                at /rustc/a178d0322ce20e33eac124758e837cbd80a6f633/library/alloc/src/boxed.rs:1575:9
[INFO] [stdout]   39:     0x5615a265b957 - <alloc::boxed::Box<F,A> as core::ops::function::FnOnce<Args>>::call_once::hb8b48e55c21f193e
[INFO] [stdout]                                at /rustc/a178d0322ce20e33eac124758e837cbd80a6f633/library/alloc/src/boxed.rs:1575:9
[INFO] [stdout]   40:     0x5615a265b957 - std::sys::unix::thread::Thread::new::thread_start::h8c7c4450dba62914
[INFO] [stdout]                                at /rustc/a178d0322ce20e33eac124758e837cbd80a6f633/library/std/src/sys/unix/thread.rs:71:17
[INFO] [stdout]   41:     0x7fa44bf77609 - start_thread
[INFO] [stdout]   42:     0x7fa44bd49293 - clone
[INFO] [stdout]   43:                0x0 - <unknown>
[INFO] [stdout] 
[INFO] [stdout] ---- tests::it_works stdout ----
[INFO] [stdout] thread 'tests::it_works' panicked at 'called `Result::unwrap()` on an `Err` value: Os { code: 111, kind: ConnectionRefused, message: "Connection refused" }
[INFO] [stdout] 
[INFO] [stdout]    0: failure::backtrace::internal::InternalBacktrace::new
[INFO] [stdout]              at /opt/rustwide/cargo-home/registry/src/github.com-1ecc6299db9ec823/failure-0.1.8/src/backtrace/internal.rs:46:44
[INFO] [stdout]    1: failure::backtrace::Backtrace::new
[INFO] [stdout]              at /opt/rustwide/cargo-home/registry/src/github.com-1ecc6299db9ec823/failure-0.1.8/src/backtrace/mod.rs:121:35
[INFO] [stdout]    2: <failure::error::error_impl::ErrorImpl as core::convert::From<F>>::from
[INFO] [stdout]              at /opt/rustwide/cargo-home/registry/src/github.com-1ecc6299db9ec823/failure-0.1.8/src/error/error_impl.rs:19:17
[INFO] [stdout]    3: <failure::error::Error as core::convert::From<F>>::from
[INFO] [stdout]              at /opt/rustwide/cargo-home/registry/src/github.com-1ecc6299db9ec823/failure-0.1.8/src/error/mod.rs:36:18
[INFO] [stdout]    4: core::ops::function::FnOnce::call_once
[INFO] [stdout]              at /rustc/a178d0322ce20e33eac124758e837cbd80a6f633/library/core/src/ops/function.rs:227:5
[INFO] [stdout]    5: core::result::Result<T,E>::map_err
[INFO] [stdout]              at /rustc/a178d0322ce20e33eac124758e837cbd80a6f633/library/core/src/result.rs:591:27
[INFO] [stdout]    6: <futures::future::map_err::MapErr<A,F> as futures::future::Future>::poll
[INFO] [stdout]              at /opt/rustwide/cargo-home/registry/src/github.com-1ecc6299db9ec823/futures-0.1.31/src/future/map_err.rs:34:9
[INFO] [stdout]    7: futures::future::chain::Chain<A,B,C>::poll
[INFO] [stdout]              at /opt/rustwide/cargo-home/registry/src/github.com-1ecc6299db9ec823/futures-0.1.31/src/future/chain.rs:26:23
[INFO] [stdout]    8: <futures::future::and_then::AndThen<A,B,F> as futures::future::Future>::poll
[INFO] [stdout]              at /opt/rustwide/cargo-home/registry/src/github.com-1ecc6299db9ec823/futures-0.1.31/src/future/and_then.rs:32:9
[INFO] [stdout]    9: <futures::future::map::Map<A,F> as futures::future::Future>::poll
[INFO] [stdout]              at /opt/rustwide/cargo-home/registry/src/github.com-1ecc6299db9ec823/futures-0.1.31/src/future/map.rs:30:23
[INFO] [stdout]   10: futures::future::chain::Chain<A,B,C>::poll
[INFO] [stdout]              at /opt/rustwide/cargo-home/registry/src/github.com-1ecc6299db9ec823/futures-0.1.31/src/future/chain.rs:26:23
[INFO] [stdout]   11: <futures::future::and_then::AndThen<A,B,F> as futures::future::Future>::poll
[INFO] [stdout]              at /opt/rustwide/cargo-home/registry/src/github.com-1ecc6299db9ec823/futures-0.1.31/src/future/and_then.rs:32:9
[INFO] [stdout]   12: futures::future::chain::Chain<A,B,C>::poll
[INFO] [stdout]              at /opt/rustwide/cargo-home/registry/src/github.com-1ecc6299db9ec823/futures-0.1.31/src/future/chain.rs:26:23
[INFO] [stdout]   13: <futures::future::then::Then<A,B,F> as futures::future::Future>::poll
[INFO] [stdout]              at /opt/rustwide/cargo-home/registry/src/github.com-1ecc6299db9ec823/futures-0.1.31/src/future/then.rs:32:9
[INFO] [stdout]   14: <alloc::boxed::Box<F> as futures::future::Future>::poll
[INFO] [stdout]              at /opt/rustwide/cargo-home/registry/src/github.com-1ecc6299db9ec823/futures-0.1.31/src/future/mod.rs:113:13
[INFO] [stdout]   15: futures::task_impl::Spawn<T>::poll_future_notify::{{closure}}
[INFO] [stdout]              at /opt/rustwide/cargo-home/registry/src/github.com-1ecc6299db9ec823/futures-0.1.31/src/task_impl/mod.rs:329:45
[INFO] [stdout]   16: futures::task_impl::Spawn<T>::enter::{{closure}}
[INFO] [stdout]              at /opt/rustwide/cargo-home/registry/src/github.com-1ecc6299db9ec823/futures-0.1.31/src/task_impl/mod.rs:399:27
[INFO] [stdout]   17: futures::task_impl::std::set
[INFO] [stdout]              at /opt/rustwide/cargo-home/registry/src/github.com-1ecc6299db9ec823/futures-0.1.31/src/task_impl/std/mod.rs:86:13
[INFO] [stdout]   18: futures::task_impl::Spawn<T>::enter
[INFO] [stdout]              at /opt/rustwide/cargo-home/registry/src/github.com-1ecc6299db9ec823/futures-0.1.31/src/task_impl/mod.rs:399:9
[INFO] [stdout]   19: futures::task_impl::Spawn<T>::poll_fn_notify
[INFO] [stdout]              at /opt/rustwide/cargo-home/registry/src/github.com-1ecc6299db9ec823/futures-0.1.31/src/task_impl/mod.rs:291:9
[INFO] [stdout]   20: futures::task_impl::Spawn<T>::poll_future_notify
[INFO] [stdout]              at /opt/rustwide/cargo-home/registry/src/github.com-1ecc6299db9ec823/futures-0.1.31/src/task_impl/mod.rs:329:9
[INFO] [stdout]   21: tokio_threadpool::task::Task::run::{{closure}}
[INFO] [stdout]              at /opt/rustwide/cargo-home/registry/src/github.com-1ecc6299db9ec823/tokio-threadpool-0.1.18/src/task/mod.rs:145:17
[INFO] [stdout]   22: core::ops::function::FnOnce::call_once
[INFO] [stdout]              at /rustc/a178d0322ce20e33eac124758e837cbd80a6f633/library/core/src/ops/function.rs:227:5
[INFO] [stdout]   23: <std::panic::AssertUnwindSafe<F> as core::ops::function::FnOnce<()>>::call_once
[INFO] [stdout]              at /rustc/a178d0322ce20e33eac124758e837cbd80a6f633/library/std/src/panic.rs:347:9
[INFO] [stdout]   24: std::panicking::try::do_call
[INFO] [stdout]              at /rustc/a178d0322ce20e33eac124758e837cbd80a6f633/library/std/src/panicking.rs:401:40
[INFO] [stdout]   25: __rust_try
[INFO] [stdout]   26: std::panicking::try
[INFO] [stdout]              at /rustc/a178d0322ce20e33eac124758e837cbd80a6f633/library/std/src/panicking.rs:365:19
[INFO] [stdout]   27: std::panic::catch_unwind
[INFO] [stdout]              at /rustc/a178d0322ce20e33eac124758e837cbd80a6f633/library/std/src/panic.rs:434:14
[INFO] [stdout]   28: tokio_threadpool::task::Task::run
[INFO] [stdout]              at /opt/rustwide/cargo-home/registry/src/github.com-1ecc6299db9ec823/tokio-threadpool-0.1.18/src/task/mod.rs:130:19
[INFO] [stdout]   29: tokio_threadpool::worker::Worker::run_task2
[INFO] [stdout]              at /opt/rustwide/cargo-home/registry/src/github.com-1ecc6299db9ec823/tokio-threadpool-0.1.18/src/worker/mod.rs:567:9
[INFO] [stdout]   30: tokio_threadpool::worker::Worker::run_task
[INFO] [stdout]              at /opt/rustwide/cargo-home/registry/src/github.com-1ecc6299db9ec823/tokio-threadpool-0.1.18/src/worker/mod.rs:459:19
[INFO] [stdout]   31: tokio_threadpool::worker::Worker::try_run_owned_task
[INFO] [stdout]              at /opt/rustwide/cargo-home/registry/src/github.com-1ecc6299db9ec823/tokio-threadpool-0.1.18/src/worker/mod.rs:390:17
[INFO] [stdout]   32: tokio_threadpool::worker::Worker::try_run_task
[INFO] [stdout]              at /opt/rustwide/cargo-home/registry/src/github.com-1ecc6299db9ec823/tokio-threadpool-0.1.18/src/worker/mod.rs:297:12
[INFO] [stdout]   33: tokio_threadpool::worker::Worker::run
[INFO] [stdout]              at /opt/rustwide/cargo-home/registry/src/github.com-1ecc6299db9ec823/tokio-threadpool-0.1.18/src/worker/mod.rs:241:16
[INFO] [stdout]   34: tokio::runtime::threadpool::builder::Builder::build::{{closure}}::{{closure}}::{{closure}}::{{closure}}
[INFO] [stdout]              at /opt/rustwide/cargo-home/registry/src/github.com-1ecc6299db9ec823/tokio-0.1.22/src/runtime/threadpool/builder.rs:390:29
[INFO] [stdout]   35: tokio_timer::timer::handle::with_default
[INFO] [stdout]              at /opt/rustwide/cargo-home/registry/src/github.com-1ecc6299db9ec823/tokio-timer-0.2.13/src/timer/handle.rs:74:5
[INFO] [stdout]   36: tokio::runtime::threadpool::builder::Builder::build::{{closure}}::{{closure}}::{{closure}}
[INFO] [stdout]              at /opt/rustwide/cargo-home/registry/src/github.com-1ecc6299db9ec823/tokio-0.1.22/src/runtime/threadpool/builder.rs:382:25
[INFO] [stdout]   37: tokio_timer::clock::clock::with_default
[INFO] [stdout]              at /opt/rustwide/cargo-home/registry/src/github.com-1ecc6299db9ec823/tokio-timer-0.2.13/src/clock/clock.rs:125:5
[INFO] [stdout]   38: tokio::runtime::threadpool::builder::Builder::build::{{closure}}::{{closure}}
[INFO] [stdout]              at /opt/rustwide/cargo-home/registry/src/github.com-1ecc6299db9ec823/tokio-0.1.22/src/runtime/threadpool/builder.rs:381:21
[INFO] [stdout]   39: tokio_reactor::with_default
[INFO] [stdout]              at /opt/rustwide/cargo-home/registry/src/github.com-1ecc6299db9ec823/tokio-reactor-0.1.12/src/lib.rs:220:5
[INFO] [stdout]   40: tokio::runtime::threadpool::builder::Builder::build::{{closure}}
[INFO] [stdout]              at /opt/rustwide/cargo-home/registry/src/github.com-1ecc6299db9ec823/tokio-0.1.22/src/runtime/threadpool/builder.rs:380:17
[INFO] [stdout]   41: tokio_threadpool::callback::Callback::call
[INFO] [stdout]              at /opt/rustwide/cargo-home/registry/src/github.com-1ecc6299db9ec823/tokio-threadpool-0.1.18/src/callback.rs:22:9
[INFO] [stdout]   42: tokio_threadpool::worker::Worker::do_run::{{closure}}::{{closure}}
[INFO] [stdout]              at /opt/rustwide/cargo-home/registry/src/github.com-1ecc6299db9ec823/tokio-threadpool-0.1.18/src/worker/mod.rs:127:21
[INFO] [stdout]   43: tokio_executor::global::with_default::{{closure}}
[INFO] [stdout]              at /opt/rustwide/cargo-home/registry/src/github.com-1ecc6299db9ec823/tokio-executor-0.1.10/src/global.rs:221:9
[INFO] [stdout]   44: std::thread::local::LocalKey<T>::try_with
[INFO] [stdout]              at /rustc/a178d0322ce20e33eac124758e837cbd80a6f633/library/std/src/thread/local.rs:400:16
[INFO] [stdout]   45: std::thread::local::LocalKey<T>::with
[INFO] [stdout]              at /rustc/a178d0322ce20e33eac124758e837cbd80a6f633/library/std/src/thread/local.rs:376:9
[INFO] [stdout]   46: tokio_executor::global::with_default
[INFO] [stdout]              at /opt/rustwide/cargo-home/registry/src/github.com-1ecc6299db9ec823/tokio-executor-0.1.10/src/global.rs:190:5
[INFO] [stdout]   47: tokio_threadpool::worker::Worker::do_run::{{closure}}
[INFO] [stdout]              at /opt/rustwide/cargo-home/registry/src/github.com-1ecc6299db9ec823/tokio-threadpool-0.1.18/src/worker/mod.rs:125:13
[INFO] [stdout]   48: std::thread::local::LocalKey<T>::try_with
[INFO] [stdout]              at /rustc/a178d0322ce20e33eac124758e837cbd80a6f633/library/std/src/thread/local.rs:400:16
[INFO] [stdout]   49: std::thread::local::LocalKey<T>::with
[INFO] [stdout]              at /rustc/a178d0322ce20e33eac124758e837cbd80a6f633/library/std/src/thread/local.rs:376:9
[INFO] [stdout]   50: tokio_threadpool::worker::Worker::do_run
[INFO] [stdout]              at /opt/rustwide/cargo-home/registry/src/github.com-1ecc6299db9ec823/tokio-threadpool-0.1.18/src/worker/mod.rs:116:9
[INFO] [stdout]   51: tokio_threadpool::pool::Pool::spawn_thread::{{closure}}
[INFO] [stdout]              at /opt/rustwide/cargo-home/registry/src/github.com-1ecc6299db9ec823/tokio-threadpool-0.1.18/src/pool/mod.rs:345:21
[INFO] [stdout]   52: std::sys_common::backtrace::__rust_begin_short_backtrace
[INFO] [stdout]              at /rustc/a178d0322ce20e33eac124758e837cbd80a6f633/library/std/src/sys_common/backtrace.rs:125:18
[INFO] [stdout]   53: std::thread::Builder::spawn_unchecked::{{closure}}::{{closure}}
[INFO] [stdout]              at /rustc/a178d0322ce20e33eac124758e837cbd80a6f633/library/std/src/thread/mod.rs:481:17
[INFO] [stdout]   54: <std::panic::AssertUnwindSafe<F> as core::ops::function::FnOnce<()>>::call_once
[INFO] [stdout]              at /rustc/a178d0322ce20e33eac124758e837cbd80a6f633/library/std/src/panic.rs:347:9
[INFO] [stdout]   55: std::panicking::try::do_call
[INFO] [stdout]              at /rustc/a178d0322ce20e33eac124758e837cbd80a6f633/library/std/src/panicking.rs:401:40
[INFO] [stdout]   56: __rust_try
[INFO] [stdout]   57: std::panicking::try
[INFO] [stdout]              at /rustc/a178d0322ce20e33eac124758e837cbd80a6f633/library/std/src/panicking.rs:365:19
[INFO] [stdout]   58: std::panic::catch_unwind
[INFO] [stdout]              at /rustc/a178d0322ce20e33eac124758e837cbd80a6f633/library/std/src/panic.rs:434:14
[INFO] [stdout]   59: std::thread::Builder::spawn_unchecked::{{closure}}
[INFO] [stdout]              at /rustc/a178d0322ce20e33eac124758e837cbd80a6f633/library/std/src/thread/mod.rs:480:30
[INFO] [stdout]   60: core::ops::function::FnOnce::call_once{{vtable.shim}}
[INFO] [stdout]              at /rustc/a178d0322ce20e33eac124758e837cbd80a6f633/library/core/src/ops/function.rs:227:5
[INFO] [stdout]   61: <alloc::boxed::Box<F,A> as core::ops::function::FnOnce<Args>>::call_once
[INFO] [stdout]              at /rustc/a178d0322ce20e33eac124758e837cbd80a6f633/library/alloc/src/boxed.rs:1575:9
[INFO] [stdout]       <alloc::boxed::Box<F,A> as core::ops::function::FnOnce<Args>>::call_once
[INFO] [stdout]              at /rustc/a178d0322ce20e33eac124758e837cbd80a6f633/library/alloc/src/boxed.rs:1575:9
[INFO] [stdout]       std::sys::unix::thread::Thread::new::thread_start
[INFO] [stdout]              at /rustc/a178d0322ce20e33eac124758e837cbd80a6f633/library/std/src/sys/unix/thread.rs:71:17
[INFO] [stdout]   62: start_thread
[INFO] [stdout]   63: clone
[INFO] [stdout] ', src/lib.rs:1018:15
[INFO] [stdout] stack backtrace:
[INFO] [stdout]    0:     0x5615a26540f0 - std::backtrace_rs::backtrace::libunwind::trace::h34055254b57d8e79
[INFO] [stdout]                                at /rustc/a178d0322ce20e33eac124758e837cbd80a6f633/library/std/src/../../backtrace/src/backtrace/libunwind.rs:90:5
[INFO] [stdout]    1:     0x5615a26540f0 - std::backtrace_rs::backtrace::trace_unsynchronized::h8f1e3fbd9afff6ec
[INFO] [stdout]                                at /rustc/a178d0322ce20e33eac124758e837cbd80a6f633/library/std/src/../../backtrace/src/backtrace/mod.rs:66:5
[INFO] [stdout]    2:     0x5615a26540f0 - std::sys_common::backtrace::_print_fmt::h3a99a796b770c360
[INFO] [stdout]                                at /rustc/a178d0322ce20e33eac124758e837cbd80a6f633/library/std/src/sys_common/backtrace.rs:67:5
[INFO] [stdout]    3:     0x5615a26540f0 - <std::sys_common::backtrace::_print::DisplayBacktrace as core::fmt::Display>::fmt::h32d1f94a80615d18
[INFO] [stdout]                                at /rustc/a178d0322ce20e33eac124758e837cbd80a6f633/library/std/src/sys_common/backtrace.rs:46:22
[INFO] [stdout]    4:     0x5615a2677f4c - core::fmt::write::h306731c068f7162c
[INFO] [stdout]                                at /rustc/a178d0322ce20e33eac124758e837cbd80a6f633/library/core/src/fmt/mod.rs:1110:17
[INFO] [stdout]    5:     0x5615a264f3d5 - std::io::Write::write_fmt::h87f19b0a2cd190bc
[INFO] [stdout]                                at /rustc/a178d0322ce20e33eac124758e837cbd80a6f633/library/std/src/io/mod.rs:1588:15
[INFO] [stdout]    6:     0x5615a26562eb - std::sys_common::backtrace::_print::h5abaa2601a852287
[INFO] [stdout]                                at /rustc/a178d0322ce20e33eac124758e837cbd80a6f633/library/std/src/sys_common/backtrace.rs:49:5
[INFO] [stdout]    7:     0x5615a26562eb - std::sys_common::backtrace::print::h8d81445442bb638f
[INFO] [stdout]                                at /rustc/a178d0322ce20e33eac124758e837cbd80a6f633/library/std/src/sys_common/backtrace.rs:36:9
[INFO] [stdout]    8:     0x5615a26562eb - std::panicking::default_hook::{{closure}}::hcfe804496a9fa747
[INFO] [stdout]                                at /rustc/a178d0322ce20e33eac124758e837cbd80a6f633/library/std/src/panicking.rs:208:50
[INFO] [stdout]    9:     0x5615a2655dfc - std::panicking::default_hook::hbea8e3ccf2ba8901
[INFO] [stdout]                                at /rustc/a178d0322ce20e33eac124758e837cbd80a6f633/library/std/src/panicking.rs:222:9
[INFO] [stdout]   10:     0x5615a26569b4 - std::panicking::rust_panic_with_hook::h7ee9e1a2d0f8975a
[INFO] [stdout]                                at /rustc/a178d0322ce20e33eac124758e837cbd80a6f633/library/std/src/panicking.rs:622:17
[INFO] [stdout]   11:     0x5615a2656497 - std::panicking::begin_panic_handler::{{closure}}::h8ab3b4491718b2c7
[INFO] [stdout]                                at /rustc/a178d0322ce20e33eac124758e837cbd80a6f633/library/std/src/panicking.rs:519:13
[INFO] [stdout]   12:     0x5615a26545ec - std::sys_common::backtrace::__rust_end_short_backtrace::hd489062ffa586a9f
[INFO] [stdout]                                at /rustc/a178d0322ce20e33eac124758e837cbd80a6f633/library/std/src/sys_common/backtrace.rs:141:18
[INFO] [stdout]   13:     0x5615a26563f9 - rust_begin_unwind
[INFO] [stdout]                                at /rustc/a178d0322ce20e33eac124758e837cbd80a6f633/library/std/src/panicking.rs:515:5
[INFO] [stdout]   14:     0x5615a22ae7d1 - core::panicking::panic_fmt::hca6330e3e14086b4
[INFO] [stdout]                                at /rustc/a178d0322ce20e33eac124758e837cbd80a6f633/library/core/src/panicking.rs:92:14
[INFO] [stdout]   15:     0x5615a22ae8c3 - core::result::unwrap_failed::h6160d2b4bfbb0e87
[INFO] [stdout]                                at /rustc/a178d0322ce20e33eac124758e837cbd80a6f633/library/core/src/result.rs:1355:5
[INFO] [stdout]   16:     0x5615a22ba166 - core::result::Result<T,E>::unwrap::hb95753a1510c7908
[INFO] [stdout]                                at /rustc/a178d0322ce20e33eac124758e837cbd80a6f633/library/core/src/result.rs:1037:23
[INFO] [stdout]   17:     0x5615a2381a55 - joyent_tokio_zookeeper::tests::it_works::h4bb6683c66b07152
[INFO] [stdout]                                at /opt/rustwide/workdir/src/lib.rs:870:13
[INFO] [stdout]   18:     0x5615a23816aa - joyent_tokio_zookeeper::tests::it_works::{{closure}}::hae38534e832697b0
[INFO] [stdout]                                at /opt/rustwide/workdir/src/lib.rs:861:5
[INFO] [stdout]   19:     0x5615a2368a8e - core::ops::function::FnOnce::call_once::h5a28b82d70ade7af
[INFO] [stdout]                                at /rustc/a178d0322ce20e33eac124758e837cbd80a6f633/library/core/src/ops/function.rs:227:5
[INFO] [stdout]   20:     0x5615a23b2e43 - core::ops::function::FnOnce::call_once::h152e7e439ff59e19
[INFO] [stdout]                                at /rustc/a178d0322ce20e33eac124758e837cbd80a6f633/library/core/src/ops/function.rs:227:5
[INFO] [stdout]   21:     0x5615a23b2e43 - test::__rust_begin_short_backtrace::h0908f3b1fdbb72ab
[INFO] [stdout]                                at /rustc/a178d0322ce20e33eac124758e837cbd80a6f633/library/test/src/lib.rs:577:5
[INFO] [stdout]   22:     0x5615a23b1900 - <alloc::boxed::Box<F,A> as core::ops::function::FnOnce<Args>>::call_once::hf6d2a51e5587546c
[INFO] [stdout]                                at /rustc/a178d0322ce20e33eac124758e837cbd80a6f633/library/alloc/src/boxed.rs:1575:9
[INFO] [stdout]   23:     0x5615a23b1900 - <std::panic::AssertUnwindSafe<F> as core::ops::function::FnOnce<()>>::call_once::h8af660f3a89ef593
[INFO] [stdout]                                at /rustc/a178d0322ce20e33eac124758e837cbd80a6f633/library/std/src/panic.rs:347:9
[INFO] [stdout]   24:     0x5615a23b1900 - std::panicking::try::do_call::hd36aef60f84b6d36
[INFO] [stdout]                                at /rustc/a178d0322ce20e33eac124758e837cbd80a6f633/library/std/src/panicking.rs:401:40
[INFO] [stdout]   25:     0x5615a23b1900 - std::panicking::try::h9932b4480e69817c
[INFO] [stdout]                                at /rustc/a178d0322ce20e33eac124758e837cbd80a6f633/library/std/src/panicking.rs:365:19
[INFO] [stdout]   26:     0x5615a23b1900 - std::panic::catch_unwind::h6aa177099cfff5f8
[INFO] [stdout]                                at /rustc/a178d0322ce20e33eac124758e837cbd80a6f633/library/std/src/panic.rs:434:14
[INFO] [stdout]   27:     0x5615a23b1900 - test::run_test_in_process::h5884d6f2d99e20c3
[INFO] [stdout]                                at /rustc/a178d0322ce20e33eac124758e837cbd80a6f633/library/test/src/lib.rs:600:18
[INFO] [stdout]   28:     0x5615a23b1900 - test::run_test::run_test_inner::{{closure}}::h6fdc58c6d5f5b6e3
[INFO] [stdout]                                at /rustc/a178d0322ce20e33eac124758e837cbd80a6f633/library/test/src/lib.rs:492:39
[INFO] [stdout]   29:     0x5615a238afb2 - test::run_test::run_test_inner::{{closure}}::h408365d67a78ade8
[INFO] [stdout]                                at /rustc/a178d0322ce20e33eac124758e837cbd80a6f633/library/test/src/lib.rs:519:37
[INFO] [stdout]   30:     0x5615a238afb2 - std::sys_common::backtrace::__rust_begin_short_backtrace::hb560b77c4f701523
[INFO] [stdout]                                at /rustc/a178d0322ce20e33eac124758e837cbd80a6f633/library/std/src/sys_common/backtrace.rs:125:18
[INFO] [stdout]   31:     0x5615a238eb68 - std::thread::Builder::spawn_unchecked::{{closure}}::{{closure}}::hf2e7831dad93c597
[INFO] [stdout]                                at /rustc/a178d0322ce20e33eac124758e837cbd80a6f633/library/std/src/thread/mod.rs:481:17
[INFO] [stdout]   32:     0x5615a238eb68 - <std::panic::AssertUnwindSafe<F> as core::ops::function::FnOnce<()>>::call_once::hd2e08783d8be4d02
[INFO] [stdout]                                at /rustc/a178d0322ce20e33eac124758e837cbd80a6f633/library/std/src/panic.rs:347:9
[INFO] [stdout]   33:     0x5615a238eb68 - std::panicking::try::do_call::h062597b7acfd6b82
[INFO] [stdout]                                at /rustc/a178d0322ce20e33eac124758e837cbd80a6f633/library/std/src/panicking.rs:401:40
[INFO] [stdout]   34:     0x5615a238eb68 - std::panicking::try::h0d7b79db04c14552
[INFO] [stdout]                                at /rustc/a178d0322ce20e33eac124758e837cbd80a6f633/library/std/src/panicking.rs:365:19
[INFO] [stdout]   35:     0x5615a238eb68 - std::panic::catch_unwind::hb01a0b5e7c8cd43b
[INFO] [stdout]                                at /rustc/a178d0322ce20e33eac124758e837cbd80a6f633/library/std/src/panic.rs:434:14
[INFO] [stdout]   36:     0x5615a238eb68 - std::thread::Builder::spawn_unchecked::{{closure}}::h5bde48cc887e0d1e
[INFO] [stdout]                                at /rustc/a178d0322ce20e33eac124758e837cbd80a6f633/library/std/src/thread/mod.rs:480:30
[INFO] [stdout]   37:     0x5615a238eb68 - core::ops::function::FnOnce::call_once{{vtable.shim}}::h745ea30807a29e55
[INFO] [stdout]                                at /rustc/a178d0322ce20e33eac124758e837cbd80a6f633/library/core/src/ops/function.rs:227:5
[INFO] [stdout]   38:     0x5615a265b957 - <alloc::boxed::Box<F,A> as core::ops::function::FnOnce<Args>>::call_once::h7ece6cfefaff1005
[INFO] [stdout]                                at /rustc/a178d0322ce20e33eac124758e837cbd80a6f633/library/alloc/src/boxed.rs:1575:9
[INFO] [stdout]   39:     0x5615a265b957 - <alloc::boxed::Box<F,A> as core::ops::function::FnOnce<Args>>::call_once::hb8b48e55c21f193e
[INFO] [stdout]                                at /rustc/a178d0322ce20e33eac124758e837cbd80a6f633/library/alloc/src/boxed.rs:1575:9
[INFO] [stdout]   40:     0x5615a265b957 - std::sys::unix::thread::Thread::new::thread_start::h8c7c4450dba62914
[INFO] [stdout]                                at /rustc/a178d0322ce20e33eac124758e837cbd80a6f633/library/std/src/sys/unix/thread.rs:71:17
[INFO] [stdout]   41:     0x7fa44bf77609 - start_thread
[INFO] [stdout]   42:     0x7fa44bd49293 - clone
[INFO] [stdout]   43:                0x0 - <unknown>
[INFO] [stdout] 
[INFO] [stdout] ---- tests::multi_test stdout ----
[INFO] [stdout] thread 'tests::multi_test' panicked at 'called `Result::unwrap()` on an `Err` value: Os { code: 111, kind: ConnectionRefused, message: "Connection refused" }
[INFO] [stdout] 
[INFO] [stdout]    0: failure::backtrace::internal::InternalBacktrace::new
[INFO] [stdout]              at /opt/rustwide/cargo-home/registry/src/github.com-1ecc6299db9ec823/failure-0.1.8/src/backtrace/internal.rs:46:44
[INFO] [stdout]    1: failure::backtrace::Backtrace::new
[INFO] [stdout]              at /opt/rustwide/cargo-home/registry/src/github.com-1ecc6299db9ec823/failure-0.1.8/src/backtrace/mod.rs:121:35
[INFO] [stdout]    2: <failure::error::error_impl::ErrorImpl as core::convert::From<F>>::from
[INFO] [stdout]              at /opt/rustwide/cargo-home/registry/src/github.com-1ecc6299db9ec823/failure-0.1.8/src/error/error_impl.rs:19:17
[INFO] [stdout]    3: <failure::error::Error as core::convert::From<F>>::from
[INFO] [stdout]              at /opt/rustwide/cargo-home/registry/src/github.com-1ecc6299db9ec823/failure-0.1.8/src/error/mod.rs:36:18
[INFO] [stdout]    4: core::ops::function::FnOnce::call_once
[INFO] [stdout]              at /rustc/a178d0322ce20e33eac124758e837cbd80a6f633/library/core/src/ops/function.rs:227:5
[INFO] [stdout]    5: core::result::Result<T,E>::map_err
[INFO] [stdout]              at /rustc/a178d0322ce20e33eac124758e837cbd80a6f633/library/core/src/result.rs:591:27
[INFO] [stdout]    6: <futures::future::map_err::MapErr<A,F> as futures::future::Future>::poll
[INFO] [stdout]              at /opt/rustwide/cargo-home/registry/src/github.com-1ecc6299db9ec823/futures-0.1.31/src/future/map_err.rs:34:9
[INFO] [stdout]    7: futures::future::chain::Chain<A,B,C>::poll
[INFO] [stdout]              at /opt/rustwide/cargo-home/registry/src/github.com-1ecc6299db9ec823/futures-0.1.31/src/future/chain.rs:26:23
[INFO] [stdout]    8: <futures::future::and_then::AndThen<A,B,F> as futures::future::Future>::poll
[INFO] [stdout]              at /opt/rustwide/cargo-home/registry/src/github.com-1ecc6299db9ec823/futures-0.1.31/src/future/and_then.rs:32:9
[INFO] [stdout]    9: <futures::future::map::Map<A,F> as futures::future::Future>::poll
[INFO] [stdout]              at /opt/rustwide/cargo-home/registry/src/github.com-1ecc6299db9ec823/futures-0.1.31/src/future/map.rs:30:23
[INFO] [stdout]   10: futures::future::chain::Chain<A,B,C>::poll
[INFO] [stdout]              at /opt/rustwide/cargo-home/registry/src/github.com-1ecc6299db9ec823/futures-0.1.31/src/future/chain.rs:26:23
[INFO] [stdout]   11: <futures::future::and_then::AndThen<A,B,F> as futures::future::Future>::poll
[INFO] [stdout]              at /opt/rustwide/cargo-home/registry/src/github.com-1ecc6299db9ec823/futures-0.1.31/src/future/and_then.rs:32:9
[INFO] [stdout]   12: <futures::future::inspect::Inspect<A,F> as futures::future::Future>::poll
[INFO] [stdout]              at /opt/rustwide/cargo-home/registry/src/github.com-1ecc6299db9ec823/futures-0.1.31/src/future/inspect.rs:31:15
[INFO] [stdout]   13: futures::future::chain::Chain<A,B,C>::poll
[INFO] [stdout]              at /opt/rustwide/cargo-home/registry/src/github.com-1ecc6299db9ec823/futures-0.1.31/src/future/chain.rs:26:23
[INFO] [stdout]   14: <futures::future::and_then::AndThen<A,B,F> as futures::future::Future>::poll
[INFO] [stdout]              at /opt/rustwide/cargo-home/registry/src/github.com-1ecc6299db9ec823/futures-0.1.31/src/future/and_then.rs:32:9
[INFO] [stdout]   15: <futures::future::inspect::Inspect<A,F> as futures::future::Future>::poll
[INFO] [stdout]              at /opt/rustwide/cargo-home/registry/src/github.com-1ecc6299db9ec823/futures-0.1.31/src/future/inspect.rs:31:15
[INFO] [stdout]   16: futures::future::chain::Chain<A,B,C>::poll
[INFO] [stdout]              at /opt/rustwide/cargo-home/registry/src/github.com-1ecc6299db9ec823/futures-0.1.31/src/future/chain.rs:26:23
[INFO] [stdout]   17: <futures::future::and_then::AndThen<A,B,F> as futures::future::Future>::poll
[INFO] [stdout]              at /opt/rustwide/cargo-home/registry/src/github.com-1ecc6299db9ec823/futures-0.1.31/src/future/and_then.rs:32:9
[INFO] [stdout]   18: <futures::future::inspect::Inspect<A,F> as futures::future::Future>::poll
[INFO] [stdout]              at /opt/rustwide/cargo-home/registry/src/github.com-1ecc6299db9ec823/futures-0.1.31/src/future/inspect.rs:31:15
[INFO] [stdout]   19: futures::future::chain::Chain<A,B,C>::poll
[INFO] [stdout]              at /opt/rustwide/cargo-home/registry/src/github.com-1ecc6299db9ec823/futures-0.1.31/src/future/chain.rs:26:23
[INFO] [stdout]   20: <futures::future::and_then::AndThen<A,B,F> as futures::future::Future>::poll
[INFO] [stdout]              at /opt/rustwide/cargo-home/registry/src/github.com-1ecc6299db9ec823/futures-0.1.31/src/future/and_then.rs:32:9
[INFO] [stdout]   21: <futures::future::inspect::Inspect<A,F> as futures::future::Future>::poll
[INFO] [stdout]              at /opt/rustwide/cargo-home/registry/src/github.com-1ecc6299db9ec823/futures-0.1.31/src/future/inspect.rs:31:15
[INFO] [stdout]   22: futures::future::chain::Chain<A,B,C>::poll
[INFO] [stdout]              at /opt/rustwide/cargo-home/registry/src/github.com-1ecc6299db9ec823/futures-0.1.31/src/future/chain.rs:26:23
[INFO] [stdout]   23: <futures::future::and_then::AndThen<A,B,F> as futures::future::Future>::poll
[INFO] [stdout]              at /opt/rustwide/cargo-home/registry/src/github.com-1ecc6299db9ec823/futures-0.1.31/src/future/and_then.rs:32:9
[INFO] [stdout]   24: <futures::future::inspect::Inspect<A,F> as futures::future::Future>::poll
[INFO] [stdout]              at /opt/rustwide/cargo-home/registry/src/github.com-1ecc6299db9ec823/futures-0.1.31/src/future/inspect.rs:31:15
[INFO] [stdout]   25: futures::future::chain::Chain<A,B,C>::poll
[INFO] [stdout]              at /opt/rustwide/cargo-home/registry/src/github.com-1ecc6299db9ec823/futures-0.1.31/src/future/chain.rs:26:23
[INFO] [stdout]   26: <futures::future::and_then::AndThen<A,B,F> as futures::future::Future>::poll
[INFO] [stdout]              at /opt/rustwide/cargo-home/registry/src/github.com-1ecc6299db9ec823/futures-0.1.31/src/future/and_then.rs:32:9
[INFO] [stdout]   27: <futures::future::inspect::Inspect<A,F> as futures::future::Future>::poll
[INFO] [stdout]              at /opt/rustwide/cargo-home/registry/src/github.com-1ecc6299db9ec823/futures-0.1.31/src/future/inspect.rs:31:15
[INFO] [stdout]   28: futures::future::chain::Chain<A,B,C>::poll
[INFO] [stdout]              at /opt/rustwide/cargo-home/registry/src/github.com-1ecc6299db9ec823/futures-0.1.31/src/future/chain.rs:26:23
[INFO] [stdout]   29: <futures::future::and_then::AndThen<A,B,F> as futures::future::Future>::poll
[INFO] [stdout]              at /opt/rustwide/cargo-home/registry/src/github.com-1ecc6299db9ec823/futures-0.1.31/src/future/and_then.rs:32:9
[INFO] [stdout]   30: <futures::future::inspect::Inspect<A,F> as futures::future::Future>::poll
[INFO] [stdout]              at /opt/rustwide/cargo-home/registry/src/github.com-1ecc6299db9ec823/futures-0.1.31/src/future/inspect.rs:31:15
[INFO] [stdout]   31: futures::future::chain::Chain<A,B,C>::poll
[INFO] [stdout]              at /opt/rustwide/cargo-home/registry/src/github.com-1ecc6299db9ec823/futures-0.1.31/src/future/chain.rs:26:23
[INFO] [stdout]   32: <futures::future::and_then::AndThen<A,B,F> as futures::future::Future>::poll
[INFO] [stdout]              at /opt/rustwide/cargo-home/registry/src/github.com-1ecc6299db9ec823/futures-0.1.31/src/future/and_then.rs:32:9
[INFO] [stdout]   33: <futures::future::inspect::Inspect<A,F> as futures::future::Future>::poll
[INFO] [stdout]              at /opt/rustwide/cargo-home/registry/src/github.com-1ecc6299db9ec823/futures-0.1.31/src/future/inspect.rs:31:15
[INFO] [stdout]   34: futures::future::chain::Chain<A,B,C>::poll
[INFO] [stdout]              at /opt/rustwide/cargo-home/registry/src/github.com-1ecc6299db9ec823/futures-0.1.31/src/future/chain.rs:26:23
[INFO] [stdout]   35: <futures::future::and_then::AndThen<A,B,F> as futures::future::Future>::poll
[INFO] [stdout]              at /opt/rustwide/cargo-home/registry/src/github.com-1ecc6299db9ec823/futures-0.1.31/src/future/and_then.rs:32:9
[INFO] [stdout]   36: <futures::future::inspect::Inspect<A,F> as futures::future::Future>::poll
[INFO] [stdout]              at /opt/rustwide/cargo-home/registry/src/github.com-1ecc6299db9ec823/futures-0.1.31/src/future/inspect.rs:31:15
[INFO] [stdout]   37: futures::future::chain::Chain<A,B,C>::poll
[INFO] [stdout]              at /opt/rustwide/cargo-home/registry/src/github.com-1ecc6299db9ec823/futures-0.1.31/src/future/chain.rs:26:23
[INFO] [stdout]   38: <futures::future::and_then::AndThen<A,B,F> as futures::future::Future>::poll
[INFO] [stdout]              at /opt/rustwide/cargo-home/registry/src/github.com-1ecc6299db9ec823/futures-0.1.31/src/future/and_then.rs:32:9
[INFO] [stdout]   39: <futures::future::inspect::Inspect<A,F> as futures::future::Future>::poll
[INFO] [stdout]              at /opt/rustwide/cargo-home/registry/src/github.com-1ecc6299db9ec823/futures-0.1.31/src/future/inspect.rs:31:15
[INFO] [stdout]   40: futures::future::chain::Chain<A,B,C>::poll
[INFO] [stdout]              at /opt/rustwide/cargo-home/registry/src/github.com-1ecc6299db9ec823/futures-0.1.31/src/future/chain.rs:26:23
[INFO] [stdout]   41: <futures::future::then::Then<A,B,F> as futures::future::Future>::poll
[INFO] [stdout]              at /opt/rustwide/cargo-home/registry/src/github.com-1ecc6299db9ec823/futures-0.1.31/src/future/then.rs:32:9
[INFO] [stdout]   42: <alloc::boxed::Box<F> as futures::future::Future>::poll
[INFO] [stdout]              at /opt/rustwide/cargo-home/registry/src/github.com-1ecc6299db9ec823/futures-0.1.31/src/future/mod.rs:113:13
[INFO] [stdout]   43: futures::task_impl::Spawn<T>::poll_future_notify::{{closure}}
[INFO] [stdout]              at /opt/rustwide/cargo-home/registry/src/github.com-1ecc6299db9ec823/futures-0.1.31/src/task_impl/mod.rs:329:45
[INFO] [stdout]   44: futures::task_impl::Spawn<T>::enter::{{closure}}
[INFO] [stdout]              at /opt/rustwide/cargo-home/registry/src/github.com-1ecc6299db9ec823/futures-0.1.31/src/task_impl/mod.rs:399:27
[INFO] [stdout]   45: futures::task_impl::std::set
[INFO] [stdout]              at /opt/rustwide/cargo-home/registry/src/github.com-1ecc6299db9ec823/futures-0.1.31/src/task_impl/std/mod.rs:86:13
[INFO] [stdout]   46: futures::task_impl::Spawn<T>::enter
[INFO] [stdout]              at /opt/rustwide/cargo-home/registry/src/github.com-1ecc6299db9ec823/futures-0.1.31/src/task_impl/mod.rs:399:9
[INFO] [stdout]   47: futures::task_impl::Spawn<T>::poll_fn_notify
[INFO] [stdout]              at /opt/rustwide/cargo-home/registry/src/github.com-1ecc6299db9ec823/futures-0.1.31/src/task_impl/mod.rs:291:9
[INFO] [stdout]   48: futures::task_impl::Spawn<T>::poll_future_notify
[INFO] [stdout]              at /opt/rustwide/cargo-home/registry/src/github.com-1ecc6299db9ec823/futures-0.1.31/src/task_impl/mod.rs:329:9
[INFO] [stdout]   49: tokio_threadpool::task::Task::run::{{closure}}
[INFO] [stdout]              at /opt/rustwide/cargo-home/registry/src/github.com-1ecc6299db9ec823/tokio-threadpool-0.1.18/src/task/mod.rs:145:17
[INFO] [stdout]   50: core::ops::function::FnOnce::call_once
[INFO] [stdout]              at /rustc/a178d0322ce20e33eac124758e837cbd80a6f633/library/core/src/ops/function.rs:227:5
[INFO] [stdout]   51: <std::panic::AssertUnwindSafe<F> as core::ops::function::FnOnce<()>>::call_once
[INFO] [stdout]              at /rustc/a178d0322ce20e33eac124758e837cbd80a6f633/library/std/src/panic.rs:347:9
[INFO] [stdout]   52: std::panicking::try::do_call
[INFO] [stdout]              at /rustc/a178d0322ce20e33eac124758e837cbd80a6f633/library/std/src/panicking.rs:401:40
[INFO] [stdout]   53: __rust_try
[INFO] [stdout]   54: std::panicking::try
[INFO] [stdout]              at /rustc/a178d0322ce20e33eac124758e837cbd80a6f633/library/std/src/panicking.rs:365:19
[INFO] [stdout]   55: std::panic::catch_unwind
[INFO] [stdout]              at /rustc/a178d0322ce20e33eac124758e837cbd80a6f633/library/std/src/panic.rs:434:14
[INFO] [stdout]   56: tokio_threadpool::task::Task::run
[INFO] [stdout]              at /opt/rustwide/cargo-home/registry/src/github.com-1ecc6299db9ec823/tokio-threadpool-0.1.18/src/task/mod.rs:130:19
[INFO] [stdout]   57: tokio_threadpool::worker::Worker::run_task2
[INFO] [stdout]              at /opt/rustwide/cargo-home/registry/src/github.com-1ecc6299db9ec823/tokio-threadpool-0.1.18/src/worker/mod.rs:567:9
[INFO] [stdout]   58: tokio_threadpool::worker::Worker::run_task
[INFO] [stdout]              at /opt/rustwide/cargo-home/registry/src/github.com-1ecc6299db9ec823/tokio-threadpool-0.1.18/src/worker/mod.rs:459:19
[INFO] [stdout]   59: tokio_threadpool::worker::Worker::try_run_owned_task
[INFO] [stdout]              at /opt/rustwide/cargo-home/registry/src/github.com-1ecc6299db9ec823/tokio-threadpool-0.1.18/src/worker/mod.rs:390:17
[INFO] [stdout]   60: tokio_threadpool::worker::Worker::try_run_task
[INFO] [stdout]              at /opt/rustwide/cargo-home/registry/src/github.com-1ecc6299db9ec823/tokio-threadpool-0.1.18/src/worker/mod.rs:297:12
[INFO] [stdout]   61: tokio_threadpool::worker::Worker::run
[INFO] [stdout]              at /opt/rustwide/cargo-home/registry/src/github.com-1ecc6299db9ec823/tokio-threadpool-0.1.18/src/worker/mod.rs:241:16
[INFO] [stdout]   62: tokio::runtime::threadpool::builder::Builder::build::{{closure}}::{{closure}}::{{closure}}::{{closure}}
[INFO] [stdout]              at /opt/rustwide/cargo-home/registry/src/github.com-1ecc6299db9ec823/tokio-0.1.22/src/runtime/threadpool/builder.rs:390:29
[INFO] [stdout]   63: tokio_timer::timer::handle::with_default
[INFO] [stdout]              at /opt/rustwide/cargo-home/registry/src/github.com-1ecc6299db9ec823/tokio-timer-0.2.13/src/timer/handle.rs:74:5
[INFO] [stdout]   64: tokio::runtime::threadpool::builder::Builder::build::{{closure}}::{{closure}}::{{closure}}
[INFO] [stdout]              at /opt/rustwide/cargo-home/registry/src/github.com-1ecc6299db9ec823/tokio-0.1.22/src/runtime/threadpool/builder.rs:382:25
[INFO] [stdout]   65: tokio_timer::clock::clock::with_default
[INFO] [stdout]              at /opt/rustwide/cargo-home/registry/src/github.com-1ecc6299db9ec823/tokio-timer-0.2.13/src/clock/clock.rs:125:5
[INFO] [stdout]   66: tokio::runtime::threadpool::builder::Builder::build::{{closure}}::{{closure}}
[INFO] [stdout]              at /opt/rustwide/cargo-home/registry/src/github.com-1ecc6299db9ec823/tokio-0.1.22/src/runtime/threadpool/builder.rs:381:21
[INFO] [stdout]   67: tokio_reactor::with_default
[INFO] [stdout]              at /opt/rustwide/cargo-home/registry/src/github.com-1ecc6299db9ec823/tokio-reactor-0.1.12/src/lib.rs:220:5
[INFO] [stdout]   68: tokio::runtime::threadpool::builder::Builder::build::{{closure}}
[INFO] [stdout]              at /opt/rustwide/cargo-home/registry/src/github.com-1ecc6299db9ec823/tokio-0.1.22/src/runtime/threadpool/builder.rs:380:17
[INFO] [stdout]   69: tokio_threadpool::callback::Callback::call
[INFO] [stdout]              at /opt/rustwide/cargo-home/registry/src/github.com-1ecc6299db9ec823/tokio-threadpool-0.1.18/src/callback.rs:22:9
[INFO] [stdout]   70: tokio_threadpool::worker::Worker::do_run::{{closure}}::{{closure}}
[INFO] [stdout]              at /opt/rustwide/cargo-home/registry/src/github.com-1ecc6299db9ec823/tokio-threadpool-0.1.18/src/worker/mod.rs:127:21
[INFO] [stdout]   71: tokio_executor::global::with_default::{{closure}}
[INFO] [stdout]              at /opt/rustwide/cargo-home/registry/src/github.com-1ecc6299db9ec823/tokio-executor-0.1.10/src/global.rs:221:9
[INFO] [stdout]   72: std::thread::local::LocalKey<T>::try_with
[INFO] [stdout]              at /rustc/a178d0322ce20e33eac124758e837cbd80a6f633/library/std/src/thread/local.rs:400:16
[INFO] [stdout]   73: std::thread::local::LocalKey<T>::with
[INFO] [stdout]              at /rustc/a178d0322ce20e33eac124758e837cbd80a6f633/library/std/src/thread/local.rs:376:9
[INFO] [stdout]   74: tokio_executor::global::with_default
[INFO] [stdout]              at /opt/rustwide/cargo-home/registry/src/github.com-1ecc6299db9ec823/tokio-executor-0.1.10/src/global.rs:190:5
[INFO] [stdout]   75: tokio_threadpool::worker::Worker::do_run::{{closure}}
[INFO] [stdout]              at /opt/rustwide/cargo-home/registry/src/github.com-1ecc6299db9ec823/tokio-threadpool-0.1.18/src/worker/mod.rs:125:13
[INFO] [stdout]   76: std::thread::local::LocalKey<T>::try_with
[INFO] [stdout]              at /rustc/a178d0322ce20e33eac124758e837cbd80a6f633/library/std/src/thread/local.rs:400:16
[INFO] [stdout]   77: std::thread::local::LocalKey<T>::with
[INFO] [stdout]              at /rustc/a178d0322ce20e33eac124758e837cbd80a6f633/library/std/src/thread/local.rs:376:9
[INFO] [stdout]   78: tokio_threadpool::worker::Worker::do_run
[INFO] [stdout]              at /opt/rustwide/cargo-home/registry/src/github.com-1ecc6299db9ec823/tokio-threadpool-0.1.18/src/worker/mod.rs:116:9
[INFO] [stdout]   79: tokio_threadpool::pool::Pool::spawn_thread::{{closure}}
[INFO] [stdout]              at /opt/rustwide/cargo-home/registry/src/github.com-1ecc6299db9ec823/tokio-threadpool-0.1.18/src/pool/mod.rs:345:21
[INFO] [stdout]   80: std::sys_common::backtrace::__rust_begin_short_backtrace
[INFO] [stdout]              at /rustc/a178d0322ce20e33eac124758e837cbd80a6f633/library/std/src/sys_common/backtrace.rs:125:18
[INFO] [stdout]   81: std::thread::Builder::spawn_unchecked::{{closure}}::{{closure}}
[INFO] [stdout]              at /rustc/a178d0322ce20e33eac124758e837cbd80a6f633/library/std/src/thread/mod.rs:481:17
[INFO] [stdout]   82: <std::panic::AssertUnwindSafe<F> as core::ops::function::FnOnce<()>>::call_once
[INFO] [stdout]              at /rustc/a178d0322ce20e33eac124758e837cbd80a6f633/library/std/src/panic.rs:347:9
[INFO] [stdout]   83: std::panicking::try::do_call
[INFO] [stdout]              at /rustc/a178d0322ce20e33eac124758e837cbd80a6f633/library/std/src/panicking.rs:401:40
[INFO] [stdout]   84: __rust_try
[INFO] [stdout]   85: std::panicking::try
[INFO] [stdout]              at /rustc/a178d0322ce20e33eac124758e837cbd80a6f633/library/std/src/panicking.rs:365:19
[INFO] [stdout]   86: std::panic::catch_unwind
[INFO] [stdout]              at /rustc/a178d0322ce20e33eac124758e837cbd80a6f633/library/std/src/panic.rs:434:14
[INFO] [stdout]   87: std::thread::Builder::spawn_unchecked::{{closure}}
[INFO] [stdout]              at /rustc/a178d0322ce20e33eac124758e837cbd80a6f633/library/std/src/thread/mod.rs:480:30
[INFO] [stdout]   88: core::ops::function::FnOnce::call_once{{vtable.shim}}
[INFO] [stdout]              at /rustc/a178d0322ce20e33eac124758e837cbd80a6f633/library/core/src/ops/function.rs:227:5
[INFO] [stdout]   89: <alloc::boxed::Box<F,A> as core::ops::function::FnOnce<Args>>::call_once
[INFO] [stdout]              at /rustc/a178d0322ce20e33eac124758e837cbd80a6f633/library/alloc/src/boxed.rs:1575:9
[INFO] [stdout]       <alloc::boxed::Box<F,A> as core::ops::function::FnOnce<Args>>::call_once
[INFO] [stdout]              at /rustc/a178d0322ce20e33eac124758e837cbd80a6f633/library/alloc/src/boxed.rs:1575:9
[INFO] [stdout]       std::sys::unix::thread::Thread::new::thread_start
[INFO] [stdout]              at /rustc/a178d0322ce20e33eac124758e837cbd80a6f633/library/std/src/sys/unix/thread.rs:71:17
[INFO] [stdout]   90: start_thread
[INFO] [stdout]   91: clone
[INFO] [stdout] ', src/lib.rs:1311:14
[INFO] [stdout] stack backtrace:
[INFO] [stdout]    0:     0x5615a26540f0 - std::backtrace_rs::backtrace::libunwind::trace::h34055254b57d8e79
[INFO] [stdout]                                at /rustc/a178d0322ce20e33eac124758e837cbd80a6f633/library/std/src/../../backtrace/src/backtrace/libunwind.rs:90:5
[INFO] [stdout]    1:     0x5615a26540f0 - std::backtrace_rs::backtrace::trace_unsynchronized::h8f1e3fbd9afff6ec
[INFO] [stdout]                                at /rustc/a178d0322ce20e33eac124758e837cbd80a6f633/library/std/src/../../backtrace/src/backtrace/mod.rs:66:5
[INFO] [stdout]    2:     0x5615a26540f0 - std::sys_common::backtrace::_print_fmt::h3a99a796b770c360
[INFO] [stdout]                                at /rustc/a178d0322ce20e33eac124758e837cbd80a6f633/library/std/src/sys_common/backtrace.rs:67:5
[INFO] [stdout]    3:     0x5615a26540f0 - <std::sys_common::backtrace::_print::DisplayBacktrace as core::fmt::Display>::fmt::h32d1f94a80615d18
[INFO] [stdout]                                at /rustc/a178d0322ce20e33eac124758e837cbd80a6f633/library/std/src/sys_common/backtrace.rs:46:22
[INFO] [stdout]    4:     0x5615a2677f4c - core::fmt::write::h306731c068f7162c
[INFO] [stdout]                                at /rustc/a178d0322ce20e33eac124758e837cbd80a6f633/library/core/src/fmt/mod.rs:1110:17
[INFO] [stdout]    5:     0x5615a264f3d5 - std::io::Write::write_fmt::h87f19b0a2cd190bc
[INFO] [stdout]                                at /rustc/a178d0322ce20e33eac124758e837cbd80a6f633/library/std/src/io/mod.rs:1588:15
[INFO] [stdout]    6:     0x5615a26562eb - std::sys_common::backtrace::_print::h5abaa2601a852287
[INFO] [stdout]                                at /rustc/a178d0322ce20e33eac124758e837cbd80a6f633/library/std/src/sys_common/backtrace.rs:49:5
[INFO] [stdout]    7:     0x5615a26562eb - std::sys_common::backtrace::print::h8d81445442bb638f
[INFO] [stdout]                                at /rustc/a178d0322ce20e33eac124758e837cbd80a6f633/library/std/src/sys_common/backtrace.rs:36:9
[INFO] [stdout]    8:     0x5615a26562eb - std::panicking::default_hook::{{closure}}::hcfe804496a9fa747
[INFO] [stdout]                                at /rustc/a178d0322ce20e33eac124758e837cbd80a6f633/library/std/src/panicking.rs:208:50
[INFO] [stdout]    9:     0x5615a2655dfc - std::panicking::default_hook::hbea8e3ccf2ba8901
[INFO] [stdout]                                at /rustc/a178d0322ce20e33eac124758e837cbd80a6f633/library/std/src/panicking.rs:222:9
[INFO] [stdout]   10:     0x5615a26569b4 - std::panicking::rust_panic_with_hook::h7ee9e1a2d0f8975a
[INFO] [stdout]                                at /rustc/a178d0322ce20e33eac124758e837cbd80a6f633/library/std/src/panicking.rs:622:17
[INFO] [stdout]   11:     0x5615a2656497 - std::panicking::begin_panic_handler::{{closure}}::h8ab3b4491718b2c7
[INFO] [stdout]                                at /rustc/a178d0322ce20e33eac124758e837cbd80a6f633/library/std/src/panicking.rs:519:13
[INFO] [stdout]   12:     0x5615a26545ec - std::sys_common::backtrace::__rust_end_short_backtrace::hd489062ffa586a9f
[INFO] [stdout]                                at /rustc/a178d0322ce20e33eac124758e837cbd80a6f633/library/std/src/sys_common/backtrace.rs:141:18
[INFO] [stdout]   13:     0x5615a26563f9 - rust_begin_unwind
[INFO] [stdout]                                at /rustc/a178d0322ce20e33eac124758e837cbd80a6f633/library/std/src/panicking.rs:515:5
[INFO] [stdout]   14:     0x5615a22ae7d1 - core::panicking::panic_fmt::hca6330e3e14086b4
[INFO] [stdout]                                at /rustc/a178d0322ce20e33eac124758e837cbd80a6f633/library/core/src/panicking.rs:92:14
[INFO] [stdout]   15:     0x5615a22ae8c3 - core::result::unwrap_failed::h6160d2b4bfbb0e87
[INFO] [stdout]                                at /rustc/a178d0322ce20e33eac124758e837cbd80a6f633/library/core/src/result.rs:1355:5
[INFO] [stdout]   16:     0x5615a22b9a06 - core::result::Result<T,E>::unwrap::h280d6bba2c1ff496
[INFO] [stdout]                                at /rustc/a178d0322ce20e33eac124758e837cbd80a6f633/library/core/src/result.rs:1037:23
[INFO] [stdout]   17:     0x5615a238881c - joyent_tokio_zookeeper::tests::multi_test::h564893bdd30a1df1
[INFO] [stdout]                                at /opt/rustwide/workdir/src/lib.rs:1222:39
[INFO] [stdout]   18:     0x5615a23882ca - joyent_tokio_zookeeper::tests::multi_test::{{closure}}::h9f7fc2ff918f3eac
[INFO] [stdout]                                at /opt/rustwide/workdir/src/lib.rs:1199:5
[INFO] [stdout]   19:     0x5615a2368e1e - core::ops::function::FnOnce::call_once::h98aca98d122eecc0
[INFO] [stdout]                                at /rustc/a178d0322ce20e33eac124758e837cbd80a6f633/library/core/src/ops/function.rs:227:5
[INFO] [stdout]   20:     0x5615a23b2e43 - core::ops::function::FnOnce::call_once::h152e7e439ff59e19
[INFO] [stdout]                                at /rustc/a178d0322ce20e33eac124758e837cbd80a6f633/library/core/src/ops/function.rs:227:5
[INFO] [stdout]   21:     0x5615a23b2e43 - test::__rust_begin_short_backtrace::h0908f3b1fdbb72ab
[INFO] [stdout]                                at /rustc/a178d0322ce20e33eac124758e837cbd80a6f633/library/test/src/lib.rs:577:5
[INFO] [stdout]   22:     0x5615a23b1900 - <alloc::boxed::Box<F,A> as core::ops::function::FnOnce<Args>>::call_once::hf6d2a51e5587546c
[INFO] [stdout]                                at /rustc/a178d0322ce20e33eac124758e837cbd80a6f633/library/alloc/src/boxed.rs:1575:9
[INFO] [stdout]   23:     0x5615a23b1900 - <std::panic::AssertUnwindSafe<F> as core::ops::function::FnOnce<()>>::call_once::h8af660f3a89ef593
[INFO] [stdout]                                at /rustc/a178d0322ce20e33eac124758e837cbd80a6f633/library/std/src/panic.rs:347:9
[INFO] [stdout]   24:     0x5615a23b1900 - std::panicking::try::do_call::hd36aef60f84b6d36
[INFO] [stdout]                                at /rustc/a178d0322ce20e33eac124758e837cbd80a6f633/library/std/src/panicking.rs:401:40
[INFO] [stdout]   25:     0x5615a23b1900 - std::panicking::try::h9932b4480e69817c
[INFO] [stdout]                                at /rustc/a178d0322ce20e33eac124758e837cbd80a6f633/library/std/src/panicking.rs:365:19
[INFO] [stdout]   26:     0x5615a23b1900 - std::panic::catch_unwind::h6aa177099cfff5f8
[INFO] [stdout]                                at /rustc/a178d0322ce20e33eac124758e837cbd80a6f633/library/std/src/panic.rs:434:14
[INFO] [stdout]   27:     0x5615a23b1900 - test::run_test_in_process::h5884d6f2d99e20c3
[INFO] [stdout]                                at /rustc/a178d0322ce20e33eac124758e837cbd80a6f633/library/test/src/lib.rs:600:18
[INFO] [stdout]   28:     0x5615a23b1900 - test::run_test::run_test_inner::{{closure}}::h6fdc58c6d5f5b6e3
[INFO] [stdout]                                at /rustc/a178d0322ce20e33eac124758e837cbd80a6f633/library/test/src/lib.rs:492:39
[INFO] [stdout]   29:     0x5615a238afb2 - test::run_test::run_test_inner::{{closure}}::h408365d67a78ade8
[INFO] [stdout]                                at /rustc/a178d0322ce20e33eac124758e837cbd80a6f633/library/test/src/lib.rs:519:37
[INFO] [stdout]   30:     0x5615a238afb2 - std::sys_common::backtrace::__rust_begin_short_backtrace::hb560b77c4f701523
[INFO] [stdout]                                at /rustc/a178d0322ce20e33eac124758e837cbd80a6f633/library/std/src/sys_common/backtrace.rs:125:18
[INFO] [stdout]   31:     0x5615a238eb68 - std::thread::Builder::spawn_unchecked::{{closure}}::{{closure}}::hf2e7831dad93c597
[INFO] [stdout]                                at /rustc/a178d0322ce20e33eac124758e837cbd80a6f633/library/std/src/thread/mod.rs:481:17
[INFO] [stdout]   32:     0x5615a238eb68 - <std::panic::AssertUnwindSafe<F> as core::ops::function::FnOnce<()>>::call_once::hd2e08783d8be4d02
[INFO] [stdout]                                at /rustc/a178d0322ce20e33eac124758e837cbd80a6f633/library/std/src/panic.rs:347:9
[INFO] [stdout]   33:     0x5615a238eb68 - std::panicking::try::do_call::h062597b7acfd6b82
[INFO] [stdout]                                at /rustc/a178d0322ce20e33eac124758e837cbd80a6f633/library/std/src/panicking.rs:401:40
[INFO] [stdout]   34:     0x5615a238eb68 - std::panicking::try::h0d7b79db04c14552
[INFO] [stdout]                                at /rustc/a178d0322ce20e33eac124758e837cbd80a6f633/library/std/src/panicking.rs:365:19
[INFO] [stdout]   35:     0x5615a238eb68 - std::panic::catch_unwind::hb01a0b5e7c8cd43b
[INFO] [stdout]                                at /rustc/a178d0322ce20e33eac124758e837cbd80a6f633/library/std/src/panic.rs:434:14
[INFO] [stdout]   36:     0x5615a238eb68 - std::thread::Builder::spawn_unchecked::{{closure}}::h5bde48cc887e0d1e
[INFO] [stdout]                                at /rustc/a178d0322ce20e33eac124758e837cbd80a6f633/library/std/src/thread/mod.rs:480:30
[INFO] [stdout]   37:     0x5615a238eb68 - core::ops::function::FnOnce::call_once{{vtable.shim}}::h745ea30807a29e55
[INFO] [stdout]                                at /rustc/a178d0322ce20e33eac124758e837cbd80a6f633/library/core/src/ops/function.rs:227:5
[INFO] [stdout]   38:     0x5615a265b957 - <alloc::boxed::Box<F,A> as core::ops::function::FnOnce<Args>>::call_once::h7ece6cfefaff1005
[INFO] [stdout]                                at /rustc/a178d0322ce20e33eac124758e837cbd80a6f633/library/alloc/src/boxed.rs:1575:9
[INFO] [stdout]   39:     0x5615a265b957 - <alloc::boxed::Box<F,A> as core::ops::function::FnOnce<Args>>::call_once::hb8b48e55c21f193e
[INFO] [stdout]                                at /rustc/a178d0322ce20e33eac124758e837cbd80a6f633/library/alloc/src/boxed.rs:1575:9
[INFO] [stdout]   40:     0x5615a265b957 - std::sys::unix::thread::Thread::new::thread_start::h8c7c4450dba62914
[INFO] [stdout]                                at /rustc/a178d0322ce20e33eac124758e837cbd80a6f633/library/std/src/sys/unix/thread.rs:71:17
[INFO] [stdout]   41:     0x7fa44bf77609 - start_thread
[INFO] [stdout]   42:     0x7fa44bd49293 - clone
[INFO] [stdout]   43:                0x0 - <unknown>
[INFO] [stdout] 
[INFO] [stdout] 
[INFO] [stdout] failures:
[INFO] [stdout]     tests::acl_test
[INFO] [stdout]     tests::it_works
[INFO] [stdout]     tests::multi_test
[INFO] [stdout] 
[INFO] [stdout] test result: FAILED. 4 passed; 3 failed; 0 ignored; 0 measured; 0 filtered out; finished in 0.78s
[INFO] [stdout] 
[INFO] [stderr] error: test failed, to rerun pass '--lib'
[INFO] running `Command { std: "docker" "inspect" "fd67b8bca5171a0a6096a25fb7e04690588ee9fdfed3551eb4cf6f894d0a383c", kill_on_drop: false }`
[INFO] running `Command { std: "docker" "rm" "-f" "fd67b8bca5171a0a6096a25fb7e04690588ee9fdfed3551eb4cf6f894d0a383c", kill_on_drop: false }`
[INFO] [stdout] fd67b8bca5171a0a6096a25fb7e04690588ee9fdfed3551eb4cf6f894d0a383c
