[INFO] fetching crate join_impl 0.3.0...
[INFO] testing join_impl-0.3.0 against beta-2021-08-01 for beta-1.55-1
[INFO] extracting crate join_impl 0.3.0 into /workspace/builds/worker-0/source
[INFO] validating manifest of crates.io crate join_impl 0.3.0 on toolchain beta-2021-08-01
[INFO] running `Command { std: "/workspace/cargo-home/bin/cargo" "+beta-2021-08-01" "metadata" "--manifest-path" "Cargo.toml" "--no-deps", kill_on_drop: false }`
[INFO] started tweaking crates.io crate join_impl 0.3.0
[INFO] finished tweaking crates.io crate join_impl 0.3.0
[INFO] tweaked toml for crates.io crate join_impl 0.3.0 written to /workspace/builds/worker-0/source/Cargo.toml
[INFO] running `Command { std: "/workspace/cargo-home/bin/cargo" "+beta-2021-08-01" "generate-lockfile" "--manifest-path" "Cargo.toml" "-Zno-index-update", kill_on_drop: false }`
[INFO] [stderr]     Blocking waiting for file lock on package cache
[INFO] running `Command { std: "/workspace/cargo-home/bin/cargo" "+beta-2021-08-01" "fetch" "--manifest-path" "Cargo.toml", kill_on_drop: false }`
[INFO] [stderr]     Blocking waiting for file lock on package cache
[INFO] [stderr]     Blocking waiting for file lock on package cache
[INFO] running `Command { std: "docker" "create" "-v" "/var/lib/crater-agent-workspace/builds/worker-0/target:/opt/rustwide/target:rw,Z" "-v" "/var/lib/crater-agent-workspace/builds/worker-0/source:/opt/rustwide/workdir:ro,Z" "-v" "/var/lib/crater-agent-workspace/cargo-home:/opt/rustwide/cargo-home:ro,Z" "-v" "/var/lib/crater-agent-workspace/rustup-home:/opt/rustwide/rustup-home:ro,Z" "-e" "SOURCE_DIR=/opt/rustwide/workdir" "-e" "CARGO_TARGET_DIR=/opt/rustwide/target" "-e" "CARGO_HOME=/opt/rustwide/cargo-home" "-e" "RUSTUP_HOME=/opt/rustwide/rustup-home" "-w" "/opt/rustwide/workdir" "-m" "1610612736" "--user" "0:0" "--network" "none" "ghcr.io/rust-lang/crates-build-env/linux@sha256:34b6a614d2c27851fe6cbf88fbd1137609cefab8b10d0615aaeb6fd47975d74e" "/opt/rustwide/cargo-home/bin/cargo" "+beta-2021-08-01" "metadata" "--no-deps" "--format-version=1", kill_on_drop: false }`
[INFO] [stdout] cac476307123958c9f7fc33a1543faa6b5e5d0b8c472b09de147343e5c048fd0
[INFO] running `Command { std: "docker" "start" "-a" "cac476307123958c9f7fc33a1543faa6b5e5d0b8c472b09de147343e5c048fd0", kill_on_drop: false }`
[INFO] running `Command { std: "docker" "inspect" "cac476307123958c9f7fc33a1543faa6b5e5d0b8c472b09de147343e5c048fd0", kill_on_drop: false }`
[INFO] running `Command { std: "docker" "rm" "-f" "cac476307123958c9f7fc33a1543faa6b5e5d0b8c472b09de147343e5c048fd0", kill_on_drop: false }`
[INFO] [stdout] cac476307123958c9f7fc33a1543faa6b5e5d0b8c472b09de147343e5c048fd0
[INFO] running `Command { std: "docker" "create" "-v" "/var/lib/crater-agent-workspace/builds/worker-0/target:/opt/rustwide/target:rw,Z" "-v" "/var/lib/crater-agent-workspace/builds/worker-0/source:/opt/rustwide/workdir:ro,Z" "-v" "/var/lib/crater-agent-workspace/cargo-home:/opt/rustwide/cargo-home:ro,Z" "-v" "/var/lib/crater-agent-workspace/rustup-home:/opt/rustwide/rustup-home:ro,Z" "-e" "SOURCE_DIR=/opt/rustwide/workdir" "-e" "CARGO_TARGET_DIR=/opt/rustwide/target" "-e" "CARGO_INCREMENTAL=0" "-e" "RUST_BACKTRACE=full" "-e" "RUSTFLAGS=--cap-lints=warn" "-e" "CARGO_HOME=/opt/rustwide/cargo-home" "-e" "RUSTUP_HOME=/opt/rustwide/rustup-home" "-w" "/opt/rustwide/workdir" "-m" "1610612736" "--user" "0:0" "--network" "none" "ghcr.io/rust-lang/crates-build-env/linux@sha256:34b6a614d2c27851fe6cbf88fbd1137609cefab8b10d0615aaeb6fd47975d74e" "/opt/rustwide/cargo-home/bin/cargo" "+beta-2021-08-01" "build" "--frozen" "--message-format=json", kill_on_drop: false }`
[INFO] [stdout] affe2e9b0d4730e05f9c025e4124549ca699dbd7254176b55df21a99859849e9
[INFO] running `Command { std: "docker" "start" "-a" "affe2e9b0d4730e05f9c025e4124549ca699dbd7254176b55df21a99859849e9", kill_on_drop: false }`
[INFO] [stderr]     Blocking waiting for file lock on package cache
[INFO] [stderr]    Compiling proc-macro2 v1.0.28
[INFO] [stderr]    Compiling syn v1.0.74
[INFO] [stderr]    Compiling quote v1.0.9
[INFO] [stderr]    Compiling join_impl v0.3.0 (/opt/rustwide/workdir)
[INFO] [stderr]     Finished dev [unoptimized + debuginfo] target(s) in 19.19s
[INFO] running `Command { std: "docker" "inspect" "affe2e9b0d4730e05f9c025e4124549ca699dbd7254176b55df21a99859849e9", kill_on_drop: false }`
[INFO] running `Command { std: "docker" "rm" "-f" "affe2e9b0d4730e05f9c025e4124549ca699dbd7254176b55df21a99859849e9", kill_on_drop: false }`
[INFO] [stdout] affe2e9b0d4730e05f9c025e4124549ca699dbd7254176b55df21a99859849e9
[INFO] running `Command { std: "docker" "create" "-v" "/var/lib/crater-agent-workspace/builds/worker-0/target:/opt/rustwide/target:rw,Z" "-v" "/var/lib/crater-agent-workspace/builds/worker-0/source:/opt/rustwide/workdir:ro,Z" "-v" "/var/lib/crater-agent-workspace/cargo-home:/opt/rustwide/cargo-home:ro,Z" "-v" "/var/lib/crater-agent-workspace/rustup-home:/opt/rustwide/rustup-home:ro,Z" "-e" "SOURCE_DIR=/opt/rustwide/workdir" "-e" "CARGO_TARGET_DIR=/opt/rustwide/target" "-e" "CARGO_INCREMENTAL=0" "-e" "RUST_BACKTRACE=full" "-e" "RUSTFLAGS=--cap-lints=warn" "-e" "CARGO_HOME=/opt/rustwide/cargo-home" "-e" "RUSTUP_HOME=/opt/rustwide/rustup-home" "-w" "/opt/rustwide/workdir" "-m" "1610612736" "--user" "0:0" "--network" "none" "ghcr.io/rust-lang/crates-build-env/linux@sha256:34b6a614d2c27851fe6cbf88fbd1137609cefab8b10d0615aaeb6fd47975d74e" "/opt/rustwide/cargo-home/bin/cargo" "+beta-2021-08-01" "test" "--frozen" "--no-run" "--message-format=json", kill_on_drop: false }`
[INFO] [stdout] 9e61e8c026ac30ce571edce4a0068fddf18898a769202965c22435ea11dd9986
[INFO] running `Command { std: "docker" "start" "-a" "9e61e8c026ac30ce571edce4a0068fddf18898a769202965c22435ea11dd9986", kill_on_drop: false }`
[INFO] [stderr]    Compiling join_impl v0.3.0 (/opt/rustwide/workdir)
[INFO] [stderr]     Finished test [unoptimized + debuginfo] target(s) in 3.67s
[INFO] running `Command { std: "docker" "inspect" "9e61e8c026ac30ce571edce4a0068fddf18898a769202965c22435ea11dd9986", kill_on_drop: false }`
[INFO] running `Command { std: "docker" "rm" "-f" "9e61e8c026ac30ce571edce4a0068fddf18898a769202965c22435ea11dd9986", kill_on_drop: false }`
[INFO] [stdout] 9e61e8c026ac30ce571edce4a0068fddf18898a769202965c22435ea11dd9986
[INFO] running `Command { std: "docker" "create" "-v" "/var/lib/crater-agent-workspace/builds/worker-0/target:/opt/rustwide/target:rw,Z" "-v" "/var/lib/crater-agent-workspace/builds/worker-0/source:/opt/rustwide/workdir:ro,Z" "-v" "/var/lib/crater-agent-workspace/cargo-home:/opt/rustwide/cargo-home:ro,Z" "-v" "/var/lib/crater-agent-workspace/rustup-home:/opt/rustwide/rustup-home:ro,Z" "-e" "SOURCE_DIR=/opt/rustwide/workdir" "-e" "CARGO_TARGET_DIR=/opt/rustwide/target" "-e" "CARGO_INCREMENTAL=0" "-e" "RUST_BACKTRACE=full" "-e" "RUSTFLAGS=--cap-lints=warn" "-e" "CARGO_HOME=/opt/rustwide/cargo-home" "-e" "RUSTUP_HOME=/opt/rustwide/rustup-home" "-w" "/opt/rustwide/workdir" "-m" "1610612736" "--user" "0:0" "--network" "none" "ghcr.io/rust-lang/crates-build-env/linux@sha256:34b6a614d2c27851fe6cbf88fbd1137609cefab8b10d0615aaeb6fd47975d74e" "/opt/rustwide/cargo-home/bin/cargo" "+beta-2021-08-01" "test" "--frozen", kill_on_drop: false }`
[INFO] [stdout] c7a9096fa0f127168f76d73ea238abb7a8a25d5bb0b833193562a0c56e272f59
[INFO] running `Command { std: "docker" "start" "-a" "c7a9096fa0f127168f76d73ea238abb7a8a25d5bb0b833193562a0c56e272f59", kill_on_drop: false }`
[INFO] [stderr]     Blocking waiting for file lock on package cache
[INFO] [stderr]     Finished test [unoptimized + debuginfo] target(s) in 0.33s
[INFO] [stderr]      Running unittests (/opt/rustwide/target/debug/deps/join_impl-f2039d7a5da3ee80)
[INFO] [stdout] 
[INFO] [stdout] running 19 tests
[INFO] [stdout] test action_expr_chain::builder::tests::it_parses_chain_from_3_process_expr_and_1_err_expr ... ok
[INFO] [stdout] test chain::expr::err_expr::tests::it_tests_to_tokens_trait_impl_for_err_expr ... ok
[INFO] [stdout] test chain::expr::err_expr::tests::it_tests_inner_expr_trait_impl_replace_inner_for_err_expr ... ok
[INFO] [stdout] test action_expr_chain::builder::tests::it_parses_chain_with_all_possible_command_expressions ... ok
[INFO] [stdout] test chain::expr::err_expr::tests::it_tests_inner_expr_trait_impl_for_err_expr ... ok
[INFO] [stdout] test action_expr_chain::builder::tests::it_attempts_to_parse_empty_chain ... ok
[INFO] [stdout] test action_expr_chain::builder::tests::it_parses_chain_from_3_process_expr ... ok
[INFO] [stdout] test action_expr_chain::builder::tests::it_parses_chain_from_initial_expr ... ok
[INFO] [stdout] test chain::group::combinator::tests::it_tests_can_be_wrapper ... ok
[INFO] [stdout] test chain::expr::initial_expr::tests::it_tests_inner_expr_trait_impl_replace_inner_for_initial_expr ... ok
[INFO] [stdout] test chain::expr::initial_expr::tests::it_tests_to_tokens_trait_impl_for_initial_expr ... ok
[INFO] [stdout] test chain::group::group_determiner::tests::it_creates_then_determiner ... ok
[INFO] [stdout] test chain::expr::initial_expr::tests::it_tests_inner_expr_trait_impl_for_err_expr ... ok
[INFO] [stdout] test chain::expr::process_expr::tests::it_tests_inner_expr_trait_impl_for_process_expr ... ok
[INFO] [stdout] test chain::expr::process_expr::tests::it_tests_inner_expr_trait_impl_replace_inner_for_process_expr ... ok
[INFO] [stdout] test chain::group::group_determiner::tests::it_creates_comma_determiner ... ok
[INFO] [stdout] test action_expr_chain::builder::tests::it_parses_chain_with_all_possible_deferred_command_expressions ... ok
[INFO] [stdout] test chain::group::expr_group::tests::it_tests_inner_expr_trait_impl_for_action ... ok
[INFO] [stdout] test chain::expr::process_expr::tests::it_tests_to_tokens_trait_impl_for_process_expr ... ok
[INFO] [stdout] 
[INFO] [stdout] test result: ok. 19 passed; 0 failed; 0 ignored; 0 measured; 0 filtered out; finished in 0.05s
[INFO] [stdout] 
[INFO] [stderr]    Doc-tests join_impl
[INFO] [stdout] 
[INFO] [stdout] running 6 tests
[INFO] [stdout] test src/join/name_constructors.rs - join::name_constructors::construct_thread_builder_fn_name (line 92) ... FAILED
[INFO] [stdout] test src/join/name_constructors.rs - join::name_constructors::construct_thread_builder_fn_name (line 108) ... FAILED
[INFO] [stdout] test src/join/join_output.rs - join::join_output::JoinOutput::generate_results_transposer (line 740) ... ok
[INFO] [stdout] test src/chain/group/group_determiner.rs - chain::group::group_determiner::GroupDeterminer::new_const (line 140) ... ok
[INFO] [stdout] test src/chain/group/group_determiner.rs - chain::group::group_determiner::GroupDeterminer::new (line 178) ... ok
[INFO] [stdout] test src/chain/group/group_determiner.rs - define_group_determiner (line 109) ... ok
[INFO] [stdout] 
[INFO] [stdout] failures:
[INFO] [stdout] 
[INFO] [stdout] ---- src/join/name_constructors.rs - join::name_constructors::construct_thread_builder_fn_name (line 92) stdout ----
[INFO] [stdout] error[E0463]: can't find crate for `join`
[INFO] [stdout]  --> src/join/name_constructors.rs:92:1
[INFO] [stdout]   |
[INFO] [stdout] 2 | extern crate join;
[INFO] [stdout]   | ^^^^^^^^^^^^^^^^^^ can't find crate
[INFO] [stdout] 
[INFO] [stdout] error: aborting due to previous error
[INFO] [stdout] 
[INFO] [stdout] For more information about this error, try `rustc --explain E0463`.
[INFO] [stdout] Couldn't compile the test.
[INFO] [stdout] ---- src/join/name_constructors.rs - join::name_constructors::construct_thread_builder_fn_name (line 108) stdout ----
[INFO] [stdout] error[E0463]: can't find crate for `join`
[INFO] [stdout]  --> src/join/name_constructors.rs:108:1
[INFO] [stdout]   |
[INFO] [stdout] 2 | extern crate join;
[INFO] [stdout]   | ^^^^^^^^^^^^^^^^^^ can't find crate
[INFO] [stdout] 
[INFO] [stdout] error: aborting due to previous error
[INFO] [stdout] 
[INFO] [stdout] For more information about this error, try `rustc --explain E0463`.
[INFO] [stdout] Couldn't compile the test.
[INFO] [stdout] 
[INFO] [stdout] failures:
[INFO] [stdout]     src/join/name_constructors.rs - join::name_constructors::construct_thread_builder_fn_name (line 108)
[INFO] [stdout]     src/join/name_constructors.rs - join::name_constructors::construct_thread_builder_fn_name (line 92)
[INFO] [stdout] 
[INFO] [stdout] test result: FAILED. 4 passed; 2 failed; 0 ignored; 0 measured; 0 filtered out; finished in 1.14s
[INFO] [stdout] 
[INFO] [stderr] error: test failed, to rerun pass '--doc'
[INFO] running `Command { std: "docker" "inspect" "c7a9096fa0f127168f76d73ea238abb7a8a25d5bb0b833193562a0c56e272f59", kill_on_drop: false }`
[INFO] running `Command { std: "docker" "rm" "-f" "c7a9096fa0f127168f76d73ea238abb7a8a25d5bb0b833193562a0c56e272f59", kill_on_drop: false }`
[INFO] [stdout] c7a9096fa0f127168f76d73ea238abb7a8a25d5bb0b833193562a0c56e272f59
