[INFO] fetching crate join 0.3.0...
[INFO] testing join-0.3.0 against 1.54.0 for beta-1.55-1
[INFO] extracting crate join 0.3.0 into /workspace/builds/worker-49/source
[INFO] validating manifest of crates.io crate join 0.3.0 on toolchain 1.54.0
[INFO] running `Command { std: "/workspace/cargo-home/bin/cargo" "+1.54.0" "metadata" "--manifest-path" "Cargo.toml" "--no-deps", kill_on_drop: false }`
[INFO] started tweaking crates.io crate join 0.3.0
[INFO] finished tweaking crates.io crate join 0.3.0
[INFO] tweaked toml for crates.io crate join 0.3.0 written to /workspace/builds/worker-49/source/Cargo.toml
[INFO] running `Command { std: "/workspace/cargo-home/bin/cargo" "+1.54.0" "generate-lockfile" "--manifest-path" "Cargo.toml" "-Zno-index-update", kill_on_drop: false }`
[INFO] [stderr]     Blocking waiting for file lock on package cache
[INFO] running `Command { std: "/workspace/cargo-home/bin/cargo" "+1.54.0" "fetch" "--manifest-path" "Cargo.toml", kill_on_drop: false }`
[INFO] [stderr]     Blocking waiting for file lock on package cache
[INFO] [stderr]     Blocking waiting for file lock on package cache
[INFO] running `Command { std: "docker" "create" "-v" "/var/lib/crater-agent-workspace/builds/worker-49/target:/opt/rustwide/target:rw,Z" "-v" "/var/lib/crater-agent-workspace/builds/worker-49/source:/opt/rustwide/workdir:ro,Z" "-v" "/var/lib/crater-agent-workspace/cargo-home:/opt/rustwide/cargo-home:ro,Z" "-v" "/var/lib/crater-agent-workspace/rustup-home:/opt/rustwide/rustup-home:ro,Z" "-e" "SOURCE_DIR=/opt/rustwide/workdir" "-e" "CARGO_TARGET_DIR=/opt/rustwide/target" "-e" "CARGO_HOME=/opt/rustwide/cargo-home" "-e" "RUSTUP_HOME=/opt/rustwide/rustup-home" "-w" "/opt/rustwide/workdir" "-m" "1610612736" "--user" "0:0" "--network" "none" "ghcr.io/rust-lang/crates-build-env/linux@sha256:34b6a614d2c27851fe6cbf88fbd1137609cefab8b10d0615aaeb6fd47975d74e" "/opt/rustwide/cargo-home/bin/cargo" "+1.54.0" "metadata" "--no-deps" "--format-version=1", kill_on_drop: false }`
[INFO] [stdout] 222808dccaba999275fcab268555d47ded5d7e842cc51870ba4c88b91adfc99f
[INFO] running `Command { std: "docker" "start" "-a" "222808dccaba999275fcab268555d47ded5d7e842cc51870ba4c88b91adfc99f", kill_on_drop: false }`
[INFO] running `Command { std: "docker" "inspect" "222808dccaba999275fcab268555d47ded5d7e842cc51870ba4c88b91adfc99f", kill_on_drop: false }`
[INFO] running `Command { std: "docker" "rm" "-f" "222808dccaba999275fcab268555d47ded5d7e842cc51870ba4c88b91adfc99f", kill_on_drop: false }`
[INFO] [stdout] 222808dccaba999275fcab268555d47ded5d7e842cc51870ba4c88b91adfc99f
[INFO] running `Command { std: "docker" "create" "-v" "/var/lib/crater-agent-workspace/builds/worker-49/target:/opt/rustwide/target:rw,Z" "-v" "/var/lib/crater-agent-workspace/builds/worker-49/source:/opt/rustwide/workdir:ro,Z" "-v" "/var/lib/crater-agent-workspace/cargo-home:/opt/rustwide/cargo-home:ro,Z" "-v" "/var/lib/crater-agent-workspace/rustup-home:/opt/rustwide/rustup-home:ro,Z" "-e" "SOURCE_DIR=/opt/rustwide/workdir" "-e" "CARGO_TARGET_DIR=/opt/rustwide/target" "-e" "CARGO_INCREMENTAL=0" "-e" "RUST_BACKTRACE=full" "-e" "RUSTFLAGS=--cap-lints=warn" "-e" "CARGO_HOME=/opt/rustwide/cargo-home" "-e" "RUSTUP_HOME=/opt/rustwide/rustup-home" "-w" "/opt/rustwide/workdir" "-m" "1610612736" "--user" "0:0" "--network" "none" "ghcr.io/rust-lang/crates-build-env/linux@sha256:34b6a614d2c27851fe6cbf88fbd1137609cefab8b10d0615aaeb6fd47975d74e" "/opt/rustwide/cargo-home/bin/cargo" "+1.54.0" "build" "--frozen" "--message-format=json", kill_on_drop: false }`
[INFO] [stdout] bcc1d23c270ced81cbf383817169b924f8c48b4091638891495a7ed6d4aa2001
[INFO] running `Command { std: "docker" "start" "-a" "bcc1d23c270ced81cbf383817169b924f8c48b4091638891495a7ed6d4aa2001", kill_on_drop: false }`
[INFO] [stderr]     Blocking waiting for file lock on package cache
[INFO] [stderr]    Compiling proc-macro2 v1.0.28
[INFO] [stderr]    Compiling syn v1.0.74
[INFO] [stderr]    Compiling quote v1.0.9
[INFO] [stderr]    Compiling join_impl v0.3.0
[INFO] [stderr]    Compiling join v0.3.0 (/opt/rustwide/workdir)
[INFO] [stderr]     Finished dev [unoptimized + debuginfo] target(s) in 20.21s
[INFO] running `Command { std: "docker" "inspect" "bcc1d23c270ced81cbf383817169b924f8c48b4091638891495a7ed6d4aa2001", kill_on_drop: false }`
[INFO] running `Command { std: "docker" "rm" "-f" "bcc1d23c270ced81cbf383817169b924f8c48b4091638891495a7ed6d4aa2001", kill_on_drop: false }`
[INFO] [stdout] bcc1d23c270ced81cbf383817169b924f8c48b4091638891495a7ed6d4aa2001
[INFO] running `Command { std: "docker" "create" "-v" "/var/lib/crater-agent-workspace/builds/worker-49/target:/opt/rustwide/target:rw,Z" "-v" "/var/lib/crater-agent-workspace/builds/worker-49/source:/opt/rustwide/workdir:ro,Z" "-v" "/var/lib/crater-agent-workspace/cargo-home:/opt/rustwide/cargo-home:ro,Z" "-v" "/var/lib/crater-agent-workspace/rustup-home:/opt/rustwide/rustup-home:ro,Z" "-e" "SOURCE_DIR=/opt/rustwide/workdir" "-e" "CARGO_TARGET_DIR=/opt/rustwide/target" "-e" "CARGO_INCREMENTAL=0" "-e" "RUST_BACKTRACE=full" "-e" "RUSTFLAGS=--cap-lints=warn" "-e" "CARGO_HOME=/opt/rustwide/cargo-home" "-e" "RUSTUP_HOME=/opt/rustwide/rustup-home" "-w" "/opt/rustwide/workdir" "-m" "1610612736" "--user" "0:0" "--network" "none" "ghcr.io/rust-lang/crates-build-env/linux@sha256:34b6a614d2c27851fe6cbf88fbd1137609cefab8b10d0615aaeb6fd47975d74e" "/opt/rustwide/cargo-home/bin/cargo" "+1.54.0" "test" "--frozen" "--no-run" "--message-format=json", kill_on_drop: false }`
[INFO] [stdout] 764be415cb763c22e01b59449e339676044865299c162fbf36c7dea51fde8226
[INFO] running `Command { std: "docker" "start" "-a" "764be415cb763c22e01b59449e339676044865299c162fbf36c7dea51fde8226", kill_on_drop: false }`
[INFO] [stderr]    Compiling autocfg v1.0.1
[INFO] [stderr]    Compiling libc v0.2.98
[INFO] [stderr]    Compiling memchr v2.4.0
[INFO] [stderr]    Compiling cc v1.0.69
[INFO] [stderr]    Compiling log v0.4.14
[INFO] [stderr]    Compiling proc-macro-hack v0.5.19
[INFO] [stderr]    Compiling pkg-config v0.3.19
[INFO] [stderr]    Compiling futures-task v0.3.16
[INFO] [stderr]    Compiling bytes v1.0.1
[INFO] [stderr]    Compiling proc-macro-nested v0.1.7
[INFO] [stderr]    Compiling once_cell v1.8.0
[INFO] [stderr]    Compiling futures-io v0.3.16
[INFO] [stderr]    Compiling bitflags v1.2.1
[INFO] [stderr]    Compiling itoa v0.4.7
[INFO] [stderr]    Compiling openssl v0.10.35
[INFO] [stderr]    Compiling httparse v1.4.1
[INFO] [stderr]    Compiling native-tls v0.2.7
[INFO] [stderr]    Compiling hashbrown v0.11.2
[INFO] [stderr]    Compiling crossbeam-epoch v0.9.5
[INFO] [stderr]    Compiling serde v1.0.127
[INFO] [stderr]    Compiling openssl-probe v0.1.4
[INFO] [stderr]    Compiling ryu v1.0.5
[INFO] [stderr]    Compiling failure_derive v0.1.8
[INFO] [stderr]    Compiling futures-core-preview v0.3.0-alpha.19
[INFO] [stderr]    Compiling either v1.6.1
[INFO] [stderr]    Compiling base64 v0.13.0
[INFO] [stderr]    Compiling mime v0.3.16
[INFO] [stderr]    Compiling ipnet v2.3.1
[INFO] [stderr]    Compiling futures-core v0.3.16
[INFO] [stderr]    Compiling lock_api v0.4.4
[INFO] [stderr]    Compiling futures-channel v0.3.16
[INFO] [stderr]    Compiling crossbeam-utils v0.8.5
[INFO] [stderr]    Compiling tracing-core v0.1.18
[INFO] [stderr]    Compiling tinyvec v1.3.1
[INFO] [stderr]    Compiling getrandom v0.1.16
[INFO] [stderr]    Compiling rayon-core v1.9.1
[INFO] [stderr]    Compiling form_urlencoded v1.0.1
[INFO] [stderr]    Compiling unicode-bidi v0.3.5
[INFO] [stderr]    Compiling encoding_rs v0.8.28
[INFO] [stderr]    Compiling addr2line v0.16.0
[INFO] [stderr]    Compiling tokio-macros v1.3.0
[INFO] [stderr]    Compiling synstructure v0.12.5
[INFO] [stderr]    Compiling futures-util-preview v0.3.0-alpha.19
[INFO] [stderr]    Compiling crossbeam-channel v0.5.1
[INFO] [stderr]    Compiling tracing v0.1.26
[INFO] [stderr]    Compiling http v0.2.4
[INFO] [stderr]    Compiling futures-macro v0.3.16
[INFO] [stderr]    Compiling tokio v1.9.0
[INFO] [stderr]    Compiling futures-util v0.3.16
[INFO] [stderr]    Compiling indexmap v1.7.0
[INFO] [stderr]    Compiling memoffset v0.6.4
[INFO] [stderr]    Compiling miniz_oxide v0.4.4
[INFO] [stderr]    Compiling rayon v1.5.1
[INFO] [stderr]    Compiling want v0.3.0
[INFO] [stderr]    Compiling unicode-normalization v0.1.19
[INFO] [stderr]    Compiling object v0.26.0
[INFO] [stderr]    Compiling num_cpus v1.13.0
[INFO] [stderr]    Compiling parking_lot_core v0.8.3
[INFO] [stderr]    Compiling signal-hook-registry v1.4.0
[INFO] [stderr]    Compiling mio v0.7.13
[INFO] [stderr]    Compiling socket2 v0.4.1
[INFO] [stderr]    Compiling openssl-sys v0.9.65
[INFO] [stderr]    Compiling backtrace v0.3.61
[INFO] [stderr]    Compiling crossbeam-deque v0.8.1
[INFO] [stderr]    Compiling rand_core v0.5.1
[INFO] [stderr]    Compiling futures-timer v0.4.0
[INFO] [stderr]    Compiling parking_lot v0.11.1
[INFO] [stderr]    Compiling rand_chacha v0.2.2
[INFO] [stderr]    Compiling rand v0.7.3
[INFO] [stderr]    Compiling idna v0.2.3
[INFO] [stderr]    Compiling url v2.2.2
[INFO] [stderr]    Compiling http-body v0.4.2
[INFO] [stderr]    Compiling serde_urlencoded v0.7.0
[INFO] [stderr]    Compiling failure v0.1.8
[INFO] [stderr]    Compiling futures-executor v0.3.16
[INFO] [stderr]    Compiling futures v0.3.16
[INFO] [stderr]    Compiling tokio-util v0.6.7
[INFO] [stderr]    Compiling tokio-native-tls v0.3.0
[INFO] [stderr]    Compiling h2 v0.3.3
[INFO] [stderr]    Compiling hyper v0.14.11
[INFO] [stderr]    Compiling hyper-tls v0.5.0
[INFO] [stderr]    Compiling reqwest v0.11.4
[INFO] [stderr]    Compiling join v0.3.0 (/opt/rustwide/workdir)
[INFO] [stderr]     Finished test [unoptimized + debuginfo] target(s) in 33.43s
[INFO] running `Command { std: "docker" "inspect" "764be415cb763c22e01b59449e339676044865299c162fbf36c7dea51fde8226", kill_on_drop: false }`
[INFO] running `Command { std: "docker" "rm" "-f" "764be415cb763c22e01b59449e339676044865299c162fbf36c7dea51fde8226", kill_on_drop: false }`
[INFO] [stdout] 764be415cb763c22e01b59449e339676044865299c162fbf36c7dea51fde8226
[INFO] running `Command { std: "docker" "create" "-v" "/var/lib/crater-agent-workspace/builds/worker-49/target:/opt/rustwide/target:rw,Z" "-v" "/var/lib/crater-agent-workspace/builds/worker-49/source:/opt/rustwide/workdir:ro,Z" "-v" "/var/lib/crater-agent-workspace/cargo-home:/opt/rustwide/cargo-home:ro,Z" "-v" "/var/lib/crater-agent-workspace/rustup-home:/opt/rustwide/rustup-home:ro,Z" "-e" "SOURCE_DIR=/opt/rustwide/workdir" "-e" "CARGO_TARGET_DIR=/opt/rustwide/target" "-e" "CARGO_INCREMENTAL=0" "-e" "RUST_BACKTRACE=full" "-e" "RUSTFLAGS=--cap-lints=warn" "-e" "CARGO_HOME=/opt/rustwide/cargo-home" "-e" "RUSTUP_HOME=/opt/rustwide/rustup-home" "-w" "/opt/rustwide/workdir" "-m" "1610612736" "--user" "0:0" "--network" "none" "ghcr.io/rust-lang/crates-build-env/linux@sha256:34b6a614d2c27851fe6cbf88fbd1137609cefab8b10d0615aaeb6fd47975d74e" "/opt/rustwide/cargo-home/bin/cargo" "+1.54.0" "test" "--frozen", kill_on_drop: false }`
[INFO] [stdout] 59d21e68090f0f79ee88b5bcba75317c03ee54f583746496a0cb944a4acf72a1
[INFO] running `Command { std: "docker" "start" "-a" "59d21e68090f0f79ee88b5bcba75317c03ee54f583746496a0cb944a4acf72a1", kill_on_drop: false }`
[INFO] [stderr]     Finished test [unoptimized + debuginfo] target(s) in 0.25s
[INFO] [stderr]      Running unittests (/opt/rustwide/target/debug/deps/join-74b9e922b3967a11)
[INFO] [stdout] 
[INFO] [stdout] running 0 tests
[INFO] [stdout] 
[INFO] [stdout] test result: ok. 0 passed; 0 failed; 0 ignored; 0 measured; 0 filtered out; finished in 0.00s
[INFO] [stdout] 
[INFO] [stderr]      Running tests/join.rs (/opt/rustwide/target/debug/deps/join-85fb9c0077a2d2be)
[INFO] [stdout] 
[INFO] [stdout] running 14 tests
[INFO] [stdout] test join_tests::it_checks_evalutation_in_case_of_error ... ok
[INFO] [stdout] test join_tests::it_creates_nested_chains ... ok
[INFO] [stdout] test join_tests::it_produces_n_branches_with_any_length ... ok
[INFO] [stdout] test join_tests::it_produces_n_branches_with_any_length_using_combinators ... ok
[INFO] [stdout] test join_tests::it_produces_n_branches_with_length_1 ... ok
[INFO] [stdout] test join_tests::it_produces_single_value ... ok
[INFO] [stdout] test join_tests::it_produces_tuple ... ok
[INFO] [stdout] test join_tests::it_tests_filter ... ok
[INFO] [stdout] test join_tests::it_tests_handler_behaviour ... ok
[INFO] [stdout] test join_tests::it_tests_initial_block_capture ... ok
[INFO] [stdout] test join_tests::it_tests_multi_step_single_branch ... ok
[INFO] [stdout] test join_tests::it_tests_nested_macro_combinations ... ok
[INFO] [stdout] test join_tests::it_tests_steps ... ok
[INFO] [stdout] test join_tests::it_tests_iter_combinators ... ok
[INFO] [stdout] 
[INFO] [stdout] test result: ok. 14 passed; 0 failed; 0 ignored; 0 measured; 0 filtered out; finished in 0.01s
[INFO] [stdout] 
[INFO] [stderr]      Running tests/join_async.rs (/opt/rustwide/target/debug/deps/join_async-4ab08d26abfad934)
[INFO] [stdout] 
[INFO] [stdout] running 17 tests
[INFO] [stdout] test join_async_tests::it_creates_unpolled_future ... ok
[INFO] [stdout] test join_async_tests::it_checks_evalutation_in_case_of_error ... ok
[INFO] [stdout] test join_async_tests::it_produces_n_branches_with_any_length ... ok
[INFO] [stdout] test join_async_tests::it_produces_n_branches_with_length_1 ... ok
[INFO] [stdout] test join_async_tests::it_produces_n_branches_with_any_length_using_combinators ... ok
[INFO] [stdout] test join_async_tests::it_produces_tuple ... ok
[INFO] [stdout] test join_async_tests::it_produces_single_value ... ok
[INFO] [stdout] test join_async_tests::it_tests_handler_behaviour ... ok
[INFO] [stdout] test join_async_tests::it_tests_multi_step_single_branch ... ok
[INFO] [stdout] test join_async_tests::it_tests_initial_block_capture ... ok
[INFO] [stdout] test join_async_tests::it_tests_nested_macro_combinations ... ok
[INFO] [stdout] test join_async_tests::it_works_with_custom_joiner ... ok
[INFO] [stdout] test join_async_tests::it_tests_steps ... ok
[INFO] [stdout] test join_async_tests::it_tests_iter_combinators ... ok
[INFO] [stdout] test join_async_tests::it_works_with_references_correcly ... ok
[INFO] [stdout] test join_async_tests::it_tests_readme_demo_async_behaviour_and_requires_internet_connection ... ok
[INFO] [stdout] test join_async_tests::it_checks_concurrent_branches_execution ... ok
[INFO] [stdout] 
[INFO] [stdout] test result: ok. 17 passed; 0 failed; 0 ignored; 0 measured; 0 filtered out; finished in 6.00s
[INFO] [stdout] 
[INFO] [stderr]      Running tests/join_async_spawn.rs (/opt/rustwide/target/debug/deps/join_async_spawn-915081c6e6d4becd)
[INFO] [stdout] 
[INFO] [stdout] running 15 tests
[INFO] [stdout] test join_async_spawn_tests::it_tests_initial_block_capture ... ok
[INFO] [stdout] test join_async_spawn_tests::it_tests_handler_behaviour ... ok
[INFO] [stdout] test join_async_spawn_tests::it_produces_n_branches_with_any_length ... ok
[INFO] [stdout] test join_async_spawn_tests::it_tests_iter_combinators ... ok
[INFO] [stdout] test join_async_spawn_tests::it_tests_nested_macro_combinations ... ok
[INFO] [stdout] test join_async_spawn_tests::it_produces_n_branches_with_length_1 ... ok
[INFO] [stdout] test join_async_spawn_tests::it_tests_steps ... ok
[INFO] [stdout] test join_async_spawn_tests::it_checks_evalutation_in_case_of_error ... ok
[INFO] [stdout] test join_async_spawn_tests::it_creates_unpolled_future ... ok
[INFO] [stdout] test join_async_spawn_tests::it_cant_work_without_tokio ... ok
[INFO] [stdout] test join_async_spawn_tests::it_produces_single_value ... ok
[INFO] [stdout] test join_async_spawn_tests::it_produces_n_branches_with_any_length_using_combinators ... ok
[INFO] [stdout] test join_async_spawn_tests::it_produces_tuple ... ok
[INFO] [stdout] test join_async_spawn_tests::it_tests_multi_step_single_branch ... ok
[INFO] [stdout] test join_async_spawn_tests::it_checks_concurrent_branches_execution ... ok
[INFO] [stdout] 
[INFO] [stdout] test result: ok. 15 passed; 0 failed; 0 ignored; 0 measured; 0 filtered out; finished in 7.33s
[INFO] [stdout] 
[INFO] [stderr]      Running tests/join_spawn.rs (/opt/rustwide/target/debug/deps/join_spawn-308d9b1a06e2a4c3)
[INFO] [stdout] 
[INFO] [stdout] running 14 tests
[INFO] [stdout] test join_spawn_tests::it_produces_single_value ... ok
[INFO] [stdout] test join_spawn_tests::it_checks_evalutation_in_case_of_error ... ok
[INFO] [stdout] test join_spawn_tests::it_tests_multi_step_single_branch ... ok
[INFO] [stdout] test join_spawn_tests::it_produces_tuple ... ok
[INFO] [stdout] test join_spawn_tests::it_tests_initial_block_capture ... ok
[INFO] [stdout] test join_spawn_tests::it_tests_iter_combinators ... ok
[INFO] [stdout] test join_spawn_tests::it_tests_nested_macro_combinations ... ok
[INFO] [stdout] test join_spawn_tests::it_produces_n_branches_with_any_length ... ok
[INFO] [stdout] test join_spawn_tests::it_tests_steps ... ok
[INFO] [stdout] test join_spawn_tests::it_produces_n_branches_with_length_1 ... ok
[INFO] [stdout] test join_spawn_tests::it_checks_multi_threading_steps ... ok
[INFO] [stdout] test join_spawn_tests::it_produces_n_branches_with_any_length_using_combinators ... ok
[INFO] [stdout] test join_spawn_tests::it_tests_handler_behaviour ... ok
[INFO] [stderr]    Doc-tests join
[INFO] [stdout] test join_spawn_tests::it_checks_multi_threading ... ok
[INFO] [stdout] 
[INFO] [stdout] test result: ok. 14 passed; 0 failed; 0 ignored; 0 measured; 0 filtered out; finished in 6.00s
[INFO] [stdout] 
[INFO] [stdout] 
[INFO] [stdout] running 57 tests
[INFO] [stdout] test src/lib.rs - (line 107) ... FAILED
[INFO] [stdout] test src/lib.rs - (line 489) ... FAILED
[INFO] [stdout] test src/lib.rs - (line 128) ... FAILED
[INFO] [stdout] test src/lib.rs - (line 163) ... ok
[INFO] [stdout] test src/lib.rs - (line 379) ... ok
[INFO] [stdout] test src/lib.rs - (line 183) ... ok
[INFO] [stdout] test src/lib.rs - (line 86) ... FAILED
[INFO] [stdout] test src/lib.rs - (line 1105) ... FAILED
[INFO] [stdout] test src/lib.rs - (line 215) ... ok
[INFO] [stdout] test src/lib.rs - (line 61) ... FAILED
[INFO] [stdout] test src/lib.rs - (line 205) ... ok
[INFO] [stdout] test src/lib.rs - (line 155) ... ok
[INFO] [stdout] test src/lib.rs - (line 977) ... FAILED
[INFO] [stdout] test src/lib.rs - try_join_async_spawn (line 1342) ... FAILED
[INFO] [stdout] test src/lib.rs - (line 776) ... FAILED
[INFO] [stdout] test src/lib.rs - (line 593) ... FAILED
[INFO] [stdout] test src/lib.rs - (line 350) ... FAILED
[INFO] [stdout] test src/lib.rs - (line 371) ... ok
[INFO] [stdout] test src/lib.rs - (line 145) ... ok
[INFO] [stdout] test src/lib.rs - (line 515) ... FAILED
[INFO] [stdout] test src/lib.rs - (line 267) ... ok
[INFO] [stdout] test src/lib.rs - (line 396) ... ok
[INFO] [stdout] test src/lib.rs - (line 257) ... ok
[INFO] [stdout] test src/lib.rs - try_join_async (line 1243) ... FAILED
[INFO] [stdout] test src/lib.rs - (line 237) ... ok
[INFO] [stdout] test src/lib.rs - join_async_spawn (line 1519) ... FAILED
[INFO] [stdout] test src/lib.rs - (line 53) ... ok
[INFO] [stdout] test src/lib.rs - (line 555) ... ok
[INFO] [stdout] test src/lib.rs - (line 100) ... ok
[INFO] [stdout] test src/lib.rs - join_async (line 1438) ... FAILED
[INFO] [stdout] test src/lib.rs - (line 339) ... ok
[INFO] [stdout] test src/lib.rs - join_spawn (line 1475) ... FAILED
[INFO] [stdout] test src/lib.rs - (line 225) ... ok
[INFO] [stdout] test src/lib.rs - (line 318) ... ok
[INFO] [stdout] test src/lib.rs - (line 247) ... ok
[INFO] [stdout] test src/lib.rs - (line 173) ... ok
[INFO] [stdout] test src/lib.rs - (line 195) ... ok
[INFO] [stdout] test src/lib.rs - (line 1023) ... ok
[INFO] [stdout] test src/lib.rs - (line 307) ... ok
[INFO] [stdout] test src/lib.rs - (line 437) ... ok
[INFO] [stdout] test src/lib.rs - (line 1066) ... ok
[INFO] [stdout] test src/lib.rs - (line 465) ... ok
[INFO] [stdout] test src/lib.rs - try_join (line 1209) ... ok
[INFO] [stdout] test src/lib.rs - (line 296) ... ok
[INFO] [stdout] test src/lib.rs - (line 451) ... ok
[INFO] [stdout] test src/lib.rs - (line 287) ... ok
[INFO] [stdout] test src/lib.rs - (line 410) ... ok
[INFO] [stdout] test src/lib.rs - (line 570) ... ok
[INFO] [stdout] test src/lib.rs - (line 276) ... ok
[INFO] [stdout] test src/lib.rs - (line 120) ... ok
[INFO] [stdout] test src/lib.rs - (line 938) ... ok
[INFO] [stdout] test src/lib.rs - (line 1147) ... ok
[INFO] [stdout] test src/lib.rs - join (line 1411) ... ok
[INFO] [stdout] test src/lib.rs - (line 329) ... ok
[INFO] [stdout] test src/lib.rs - (line 75) ... ok
[INFO] [stdout] test src/lib.rs - (line 697) ... ok
[INFO] [stdout] test src/lib.rs - try_join_spawn (line 1285) ... ok
[INFO] [stdout] 
[INFO] [stdout] failures:
[INFO] [stdout] 
[INFO] [stdout] ---- src/lib.rs - (line 107) stdout ----
[INFO] [stdout] Couldn't compile the test.
[INFO] [stdout] ---- src/lib.rs - (line 489) stdout ----
[INFO] [stdout] Couldn't compile the test.
[INFO] [stdout] ---- src/lib.rs - (line 128) stdout ----
[INFO] [stdout] Couldn't compile the test.
[INFO] [stdout] ---- src/lib.rs - (line 86) stdout ----
[INFO] [stdout] Couldn't compile the test.
[INFO] [stdout] ---- src/lib.rs - (line 1105) stdout ----
[INFO] [stdout] Couldn't compile the test.
[INFO] [stdout] ---- src/lib.rs - (line 61) stdout ----
[INFO] [stdout] Couldn't compile the test.
[INFO] [stdout] ---- src/lib.rs - (line 977) stdout ----
[INFO] [stdout] Couldn't compile the test.
[INFO] [stdout] ---- src/lib.rs - try_join_async_spawn (line 1342) stdout ----
[INFO] [stdout] Couldn't compile the test.
[INFO] [stdout] ---- src/lib.rs - (line 776) stdout ----
[INFO] [stdout] Couldn't compile the test.
[INFO] [stdout] ---- src/lib.rs - (line 593) stdout ----
[INFO] [stdout] Couldn't compile the test.
[INFO] [stdout] ---- src/lib.rs - (line 350) stdout ----
[INFO] [stdout] Couldn't compile the test.
[INFO] [stdout] ---- src/lib.rs - (line 515) stdout ----
[INFO] [stdout] Couldn't compile the test.
[INFO] [stdout] ---- src/lib.rs - try_join_async (line 1243) stdout ----
[INFO] [stdout] Couldn't compile the test.
[INFO] [stdout] ---- src/lib.rs - join_async_spawn (line 1519) stdout ----
[INFO] [stdout] Couldn't compile the test.
[INFO] [stdout] ---- src/lib.rs - join_async (line 1438) stdout ----
[INFO] [stdout] Couldn't compile the test.
[INFO] [stdout] ---- src/lib.rs - join_spawn (line 1475) stdout ----
[INFO] [stdout] Couldn't compile the test.
[INFO] [stdout] 
[INFO] [stdout] failures:
[INFO] [stdout]     src/lib.rs - (line 107)
[INFO] [stdout]     src/lib.rs - (line 1105)
[INFO] [stdout]     src/lib.rs - (line 128)
[INFO] [stdout]     src/lib.rs - (line 350)
[INFO] [stdout]     src/lib.rs - (line 489)
[INFO] [stdout]     src/lib.rs - (line 515)
[INFO] [stdout]     src/lib.rs - (line 593)
[INFO] [stdout]     src/lib.rs - (line 61)
[INFO] [stdout]     src/lib.rs - (line 776)
[INFO] [stdout]     src/lib.rs - (line 86)
[INFO] [stdout]     src/lib.rs - (line 977)
[INFO] [stdout]     src/lib.rs - join_async (line 1438)
[INFO] [stdout]     src/lib.rs - join_async_spawn (line 1519)
[INFO] [stdout]     src/lib.rs - join_spawn (line 1475)
[INFO] [stdout]     src/lib.rs - try_join_async (line 1243)
[INFO] [stdout]     src/lib.rs - try_join_async_spawn (line 1342)
[INFO] [stdout] 
[INFO] [stdout] test result: FAILED. 41 passed; 16 failed; 0 ignored; 0 measured; 0 filtered out; finished in 4.10s
[INFO] [stdout] 
[INFO] [stderr] error: test failed, to rerun pass '--doc'
[INFO] running `Command { std: "docker" "inspect" "59d21e68090f0f79ee88b5bcba75317c03ee54f583746496a0cb944a4acf72a1", kill_on_drop: false }`
[INFO] running `Command { std: "docker" "rm" "-f" "59d21e68090f0f79ee88b5bcba75317c03ee54f583746496a0cb944a4acf72a1", kill_on_drop: false }`
[INFO] [stdout] 59d21e68090f0f79ee88b5bcba75317c03ee54f583746496a0cb944a4acf72a1
