[INFO] fetching crate jeep-train-macro 0.1.0...
[INFO] testing jeep-train-macro-0.1.0 against beta-2021-08-01 for beta-1.55-1
[INFO] extracting crate jeep-train-macro 0.1.0 into /workspace/builds/worker-51/source
[INFO] validating manifest of crates.io crate jeep-train-macro 0.1.0 on toolchain beta-2021-08-01
[INFO] running `Command { std: "/workspace/cargo-home/bin/cargo" "+beta-2021-08-01" "metadata" "--manifest-path" "Cargo.toml" "--no-deps", kill_on_drop: false }`
[INFO] started tweaking crates.io crate jeep-train-macro 0.1.0
[INFO] finished tweaking crates.io crate jeep-train-macro 0.1.0
[INFO] tweaked toml for crates.io crate jeep-train-macro 0.1.0 written to /workspace/builds/worker-51/source/Cargo.toml
[INFO] running `Command { std: "/workspace/cargo-home/bin/cargo" "+beta-2021-08-01" "generate-lockfile" "--manifest-path" "Cargo.toml" "-Zno-index-update", kill_on_drop: false }`
[INFO] running `Command { std: "/workspace/cargo-home/bin/cargo" "+beta-2021-08-01" "fetch" "--manifest-path" "Cargo.toml", kill_on_drop: false }`
[INFO] [stderr]     Blocking waiting for file lock on package cache
[INFO] [stderr]     Blocking waiting for file lock on package cache
[INFO] running `Command { std: "docker" "create" "-v" "/var/lib/crater-agent-workspace/builds/worker-51/target:/opt/rustwide/target:rw,Z" "-v" "/var/lib/crater-agent-workspace/builds/worker-51/source:/opt/rustwide/workdir:ro,Z" "-v" "/var/lib/crater-agent-workspace/cargo-home:/opt/rustwide/cargo-home:ro,Z" "-v" "/var/lib/crater-agent-workspace/rustup-home:/opt/rustwide/rustup-home:ro,Z" "-e" "SOURCE_DIR=/opt/rustwide/workdir" "-e" "CARGO_TARGET_DIR=/opt/rustwide/target" "-e" "CARGO_HOME=/opt/rustwide/cargo-home" "-e" "RUSTUP_HOME=/opt/rustwide/rustup-home" "-w" "/opt/rustwide/workdir" "-m" "1610612736" "--user" "0:0" "--network" "none" "ghcr.io/rust-lang/crates-build-env/linux@sha256:34b6a614d2c27851fe6cbf88fbd1137609cefab8b10d0615aaeb6fd47975d74e" "/opt/rustwide/cargo-home/bin/cargo" "+beta-2021-08-01" "metadata" "--no-deps" "--format-version=1", kill_on_drop: false }`
[INFO] [stdout] f7a35d6d133eaceac0ae661880b9d7aee7012bdc631effe8c5dc927503a94a1b
[INFO] running `Command { std: "docker" "start" "-a" "f7a35d6d133eaceac0ae661880b9d7aee7012bdc631effe8c5dc927503a94a1b", kill_on_drop: false }`
[INFO] running `Command { std: "docker" "inspect" "f7a35d6d133eaceac0ae661880b9d7aee7012bdc631effe8c5dc927503a94a1b", kill_on_drop: false }`
[INFO] running `Command { std: "docker" "rm" "-f" "f7a35d6d133eaceac0ae661880b9d7aee7012bdc631effe8c5dc927503a94a1b", kill_on_drop: false }`
[INFO] [stdout] f7a35d6d133eaceac0ae661880b9d7aee7012bdc631effe8c5dc927503a94a1b
[INFO] running `Command { std: "docker" "create" "-v" "/var/lib/crater-agent-workspace/builds/worker-51/target:/opt/rustwide/target:rw,Z" "-v" "/var/lib/crater-agent-workspace/builds/worker-51/source:/opt/rustwide/workdir:ro,Z" "-v" "/var/lib/crater-agent-workspace/cargo-home:/opt/rustwide/cargo-home:ro,Z" "-v" "/var/lib/crater-agent-workspace/rustup-home:/opt/rustwide/rustup-home:ro,Z" "-e" "SOURCE_DIR=/opt/rustwide/workdir" "-e" "CARGO_TARGET_DIR=/opt/rustwide/target" "-e" "CARGO_INCREMENTAL=0" "-e" "RUST_BACKTRACE=full" "-e" "RUSTFLAGS=--cap-lints=warn" "-e" "CARGO_HOME=/opt/rustwide/cargo-home" "-e" "RUSTUP_HOME=/opt/rustwide/rustup-home" "-w" "/opt/rustwide/workdir" "-m" "1610612736" "--user" "0:0" "--network" "none" "ghcr.io/rust-lang/crates-build-env/linux@sha256:34b6a614d2c27851fe6cbf88fbd1137609cefab8b10d0615aaeb6fd47975d74e" "/opt/rustwide/cargo-home/bin/cargo" "+beta-2021-08-01" "build" "--frozen" "--message-format=json", kill_on_drop: false }`
[INFO] [stdout] 28d056b858318706d8a51adb440d4a4ba6b7f49df48f9ae15b843c54c1730720
[INFO] running `Command { std: "docker" "start" "-a" "28d056b858318706d8a51adb440d4a4ba6b7f49df48f9ae15b843c54c1730720", kill_on_drop: false }`
[INFO] [stderr]    Compiling tinyvec_macros v0.1.0
[INFO] [stderr]    Compiling matches v0.1.8
[INFO] [stderr]    Compiling log v0.4.14
[INFO] [stderr]    Compiling serde v1.0.127
[INFO] [stderr]    Compiling memchr v2.4.0
[INFO] [stderr]    Compiling percent-encoding v2.1.0
[INFO] [stderr]    Compiling ryu v1.0.5
[INFO] [stderr]    Compiling itoa v0.4.7
[INFO] [stderr]    Compiling serde_json v1.0.66
[INFO] [stderr]    Compiling proc-macro2 v1.0.28
[INFO] [stderr]    Compiling ascii v1.0.0
[INFO] [stderr]    Compiling dtoa v0.4.8
[INFO] [stderr]    Compiling chunked_transfer v1.4.0
[INFO] [stderr]    Compiling unicode-xid v0.2.2
[INFO] [stderr]    Compiling termcolor v1.1.2
[INFO] [stderr]    Compiling num-traits v0.2.14
[INFO] [stderr]    Compiling humantime v1.3.0
[INFO] [stderr]    Compiling atty v0.2.14
[INFO] [stderr]    Compiling tinyvec v1.3.1
[INFO] [stderr]    Compiling unicode-bidi v0.3.5
[INFO] [stderr]    Compiling form_urlencoded v1.0.1
[INFO] [stderr]    Compiling unicode-normalization v0.1.19
[INFO] [stderr]    Compiling aho-corasick v0.7.18
[INFO] [stderr]    Compiling quote v1.0.9
[INFO] [stderr]    Compiling num-integer v0.1.44
[INFO] [stderr]    Compiling regex v1.5.4
[INFO] [stderr]    Compiling idna v0.2.3
[INFO] [stderr]    Compiling chrono v0.4.19
[INFO] [stderr]    Compiling url v2.2.2
[INFO] [stderr]    Compiling env_logger v0.7.1
[INFO] [stderr]    Compiling tiny_http v0.8.2
[INFO] [stderr]    Compiling serde_urlencoded v0.6.1
[INFO] [stderr]    Compiling jeep-train-prelude v0.1.0
[INFO] [stderr]    Compiling jeep-train-macro v0.1.0 (/opt/rustwide/workdir)
[INFO] [stderr]     Finished dev [unoptimized + debuginfo] target(s) in 15.14s
[INFO] running `Command { std: "docker" "inspect" "28d056b858318706d8a51adb440d4a4ba6b7f49df48f9ae15b843c54c1730720", kill_on_drop: false }`
[INFO] running `Command { std: "docker" "rm" "-f" "28d056b858318706d8a51adb440d4a4ba6b7f49df48f9ae15b843c54c1730720", kill_on_drop: false }`
[INFO] [stdout] 28d056b858318706d8a51adb440d4a4ba6b7f49df48f9ae15b843c54c1730720
[INFO] running `Command { std: "docker" "create" "-v" "/var/lib/crater-agent-workspace/builds/worker-51/target:/opt/rustwide/target:rw,Z" "-v" "/var/lib/crater-agent-workspace/builds/worker-51/source:/opt/rustwide/workdir:ro,Z" "-v" "/var/lib/crater-agent-workspace/cargo-home:/opt/rustwide/cargo-home:ro,Z" "-v" "/var/lib/crater-agent-workspace/rustup-home:/opt/rustwide/rustup-home:ro,Z" "-e" "SOURCE_DIR=/opt/rustwide/workdir" "-e" "CARGO_TARGET_DIR=/opt/rustwide/target" "-e" "CARGO_INCREMENTAL=0" "-e" "RUST_BACKTRACE=full" "-e" "RUSTFLAGS=--cap-lints=warn" "-e" "CARGO_HOME=/opt/rustwide/cargo-home" "-e" "RUSTUP_HOME=/opt/rustwide/rustup-home" "-w" "/opt/rustwide/workdir" "-m" "1610612736" "--user" "0:0" "--network" "none" "ghcr.io/rust-lang/crates-build-env/linux@sha256:34b6a614d2c27851fe6cbf88fbd1137609cefab8b10d0615aaeb6fd47975d74e" "/opt/rustwide/cargo-home/bin/cargo" "+beta-2021-08-01" "test" "--frozen" "--no-run" "--message-format=json", kill_on_drop: false }`
[INFO] [stdout] 04762c2814eac73bf6da20d6d2c55a7dc26a046083ad01a31e8e4d1104d8429b
[INFO] running `Command { std: "docker" "start" "-a" "04762c2814eac73bf6da20d6d2c55a7dc26a046083ad01a31e8e4d1104d8429b", kill_on_drop: false }`
[INFO] [stderr]    Compiling jeep-train-macro v0.1.0 (/opt/rustwide/workdir)
[INFO] [stderr]     Finished test [unoptimized + debuginfo] target(s) in 1.15s
[INFO] running `Command { std: "docker" "inspect" "04762c2814eac73bf6da20d6d2c55a7dc26a046083ad01a31e8e4d1104d8429b", kill_on_drop: false }`
[INFO] running `Command { std: "docker" "rm" "-f" "04762c2814eac73bf6da20d6d2c55a7dc26a046083ad01a31e8e4d1104d8429b", kill_on_drop: false }`
[INFO] [stdout] 04762c2814eac73bf6da20d6d2c55a7dc26a046083ad01a31e8e4d1104d8429b
[INFO] running `Command { std: "docker" "create" "-v" "/var/lib/crater-agent-workspace/builds/worker-51/target:/opt/rustwide/target:rw,Z" "-v" "/var/lib/crater-agent-workspace/builds/worker-51/source:/opt/rustwide/workdir:ro,Z" "-v" "/var/lib/crater-agent-workspace/cargo-home:/opt/rustwide/cargo-home:ro,Z" "-v" "/var/lib/crater-agent-workspace/rustup-home:/opt/rustwide/rustup-home:ro,Z" "-e" "SOURCE_DIR=/opt/rustwide/workdir" "-e" "CARGO_TARGET_DIR=/opt/rustwide/target" "-e" "CARGO_INCREMENTAL=0" "-e" "RUST_BACKTRACE=full" "-e" "RUSTFLAGS=--cap-lints=warn" "-e" "CARGO_HOME=/opt/rustwide/cargo-home" "-e" "RUSTUP_HOME=/opt/rustwide/rustup-home" "-w" "/opt/rustwide/workdir" "-m" "1610612736" "--user" "0:0" "--network" "none" "ghcr.io/rust-lang/crates-build-env/linux@sha256:34b6a614d2c27851fe6cbf88fbd1137609cefab8b10d0615aaeb6fd47975d74e" "/opt/rustwide/cargo-home/bin/cargo" "+beta-2021-08-01" "test" "--frozen", kill_on_drop: false }`
[INFO] [stdout] 684f1e7b99cc8a40a51bada403a7b16311a93027c79b6ea32fdfa4b01a71cd4c
[INFO] running `Command { std: "docker" "start" "-a" "684f1e7b99cc8a40a51bada403a7b16311a93027c79b6ea32fdfa4b01a71cd4c", kill_on_drop: false }`
[INFO] [stderr]     Finished test [unoptimized + debuginfo] target(s) in 0.14s
[INFO] [stderr]      Running unittests (/opt/rustwide/target/debug/deps/jeep_train_macro-4603cdf776a423f2)
[INFO] [stdout] 
[INFO] [stdout] running 0 tests
[INFO] [stdout] 
[INFO] [stdout] test result: ok. 0 passed; 0 failed; 0 ignored; 0 measured; 0 filtered out; finished in 0.00s
[INFO] [stdout] 
[INFO] [stderr]    Doc-tests jeep-train-macro
[INFO] [stdout] 
[INFO] [stdout] running 6 tests
[INFO] [stdout] test src/lib.rs - router (line 129) ... FAILED
[INFO] [stdout] test src/lib.rs - router (line 115) ... FAILED
[INFO] [stdout] test src/lib.rs - router (line 146) ... FAILED
[INFO] [stdout] test src/lib.rs - plugin (line 13) ... FAILED
[INFO] [stdout] test src/lib.rs - server (line 42) ... FAILED
[INFO] [stdout] test src/lib.rs - router (line 77) ... FAILED
[INFO] [stdout] 
[INFO] [stdout] failures:
[INFO] [stdout] 
[INFO] [stdout] ---- src/lib.rs - router (line 129) stdout ----
[INFO] [stdout] error: expected one of `!`, `.`, `::`, `;`, `?`, `{`, `}`, or an operator, found `"/hello"`
[INFO] [stdout]  --> src/lib.rs:130:7
[INFO] [stdout]   |
[INFO] [stdout] 3 | scope "/hello" {
[INFO] [stdout]   |       ^^^^^^^^ expected one of 8 possible tokens
[INFO] [stdout] 
[INFO] [stdout] error: aborting due to previous error
[INFO] [stdout] 
[INFO] [stdout] Couldn't compile the test.
[INFO] [stdout] ---- src/lib.rs - router (line 115) stdout ----
[INFO] [stdout] error: expected one of `!`, `.`, `::`, `;`, `?`, `{`, `}`, or an operator, found `"/hello"`
[INFO] [stdout]  --> src/lib.rs:116:7
[INFO] [stdout]   |
[INFO] [stdout] 3 | scope "/hello" {
[INFO] [stdout]   |       ^^^^^^^^ expected one of 8 possible tokens
[INFO] [stdout] 
[INFO] [stdout] error: aborting due to previous error
[INFO] [stdout] 
[INFO] [stdout] Couldn't compile the test.
[INFO] [stdout] ---- src/lib.rs - router (line 146) stdout ----
[INFO] [stdout] error: expected one of `!`, `.`, `::`, `;`, `?`, `{`, `}`, or an operator, found `"/resource"`
[INFO] [stdout]  --> src/lib.rs:147:7
[INFO] [stdout]   |
[INFO] [stdout] 3 | scope "/resource" {
[INFO] [stdout]   |       ^^^^^^^^^^^ expected one of 8 possible tokens
[INFO] [stdout] 
[INFO] [stdout] error: aborting due to previous error
[INFO] [stdout] 
[INFO] [stdout] Couldn't compile the test.
[INFO] [stdout] ---- src/lib.rs - plugin (line 13) stdout ----
[INFO] [stdout] error: cannot find macro `plugin` in this scope
[INFO] [stdout]  --> src/lib.rs:14:1
[INFO] [stdout]   |
[INFO] [stdout] 3 | plugin!{
[INFO] [stdout]   | ^^^^^^
[INFO] [stdout]   |
[INFO] [stdout]   = note: consider importing this macro:
[INFO] [stdout]           jeep_train_macro::plugin
[INFO] [stdout] 
[INFO] [stdout] error: aborting due to previous error
[INFO] [stdout] 
[INFO] [stdout] Couldn't compile the test.
[INFO] [stdout] ---- src/lib.rs - server (line 42) stdout ----
[INFO] [stdout] error: cannot find macro `server` in this scope
[INFO] [stdout]  --> src/lib.rs:43:1
[INFO] [stdout]   |
[INFO] [stdout] 3 | server!{
[INFO] [stdout]   | ^^^^^^
[INFO] [stdout]   |
[INFO] [stdout]   = note: consider importing this macro:
[INFO] [stdout]           jeep_train_macro::server
[INFO] [stdout] 
[INFO] [stdout] error: aborting due to previous error
[INFO] [stdout] 
[INFO] [stdout] Couldn't compile the test.
[INFO] [stdout] ---- src/lib.rs - router (line 77) stdout ----
[INFO] [stdout] error: cannot find macro `router` in this scope
[INFO] [stdout]  --> src/lib.rs:78:1
[INFO] [stdout]   |
[INFO] [stdout] 3 | router! {
[INFO] [stdout]   | ^^^^^^
[INFO] [stdout]   |
[INFO] [stdout]   = note: consider importing this macro:
[INFO] [stdout]           jeep_train_macro::router
[INFO] [stdout] 
[INFO] [stdout] error: aborting due to previous error
[INFO] [stdout] 
[INFO] [stdout] Couldn't compile the test.
[INFO] [stdout] 
[INFO] [stdout] failures:
[INFO] [stdout]     src/lib.rs - plugin (line 13)
[INFO] [stdout]     src/lib.rs - router (line 115)
[INFO] [stdout]     src/lib.rs - router (line 129)
[INFO] [stdout]     src/lib.rs - router (line 146)
[INFO] [stdout]     src/lib.rs - router (line 77)
[INFO] [stdout]     src/lib.rs - server (line 42)
[INFO] [stdout] 
[INFO] [stdout] test result: FAILED. 0 passed; 6 failed; 0 ignored; 0 measured; 0 filtered out; finished in 0.14s
[INFO] [stdout] 
[INFO] [stderr] error: test failed, to rerun pass '--doc'
[INFO] running `Command { std: "docker" "inspect" "684f1e7b99cc8a40a51bada403a7b16311a93027c79b6ea32fdfa4b01a71cd4c", kill_on_drop: false }`
[INFO] running `Command { std: "docker" "rm" "-f" "684f1e7b99cc8a40a51bada403a7b16311a93027c79b6ea32fdfa4b01a71cd4c", kill_on_drop: false }`
[INFO] [stdout] 684f1e7b99cc8a40a51bada403a7b16311a93027c79b6ea32fdfa4b01a71cd4c
