[INFO] fetching crate japanese-ruby-filter 0.1.0...
[INFO] testing japanese-ruby-filter-0.1.0 against beta-2021-08-01 for beta-1.55-1
[INFO] extracting crate japanese-ruby-filter 0.1.0 into /workspace/builds/worker-100/source
[INFO] validating manifest of crates.io crate japanese-ruby-filter 0.1.0 on toolchain beta-2021-08-01
[INFO] running `Command { std: "/workspace/cargo-home/bin/cargo" "+beta-2021-08-01" "metadata" "--manifest-path" "Cargo.toml" "--no-deps", kill_on_drop: false }`
[INFO] started tweaking crates.io crate japanese-ruby-filter 0.1.0
[INFO] finished tweaking crates.io crate japanese-ruby-filter 0.1.0
[INFO] tweaked toml for crates.io crate japanese-ruby-filter 0.1.0 written to /workspace/builds/worker-100/source/Cargo.toml
[INFO] running `Command { std: "/workspace/cargo-home/bin/cargo" "+beta-2021-08-01" "generate-lockfile" "--manifest-path" "Cargo.toml" "-Zno-index-update", kill_on_drop: false }`
[INFO] running `Command { std: "/workspace/cargo-home/bin/cargo" "+beta-2021-08-01" "fetch" "--manifest-path" "Cargo.toml", kill_on_drop: false }`
[INFO] running `Command { std: "docker" "create" "-v" "/var/lib/crater-agent-workspace/builds/worker-100/target:/opt/rustwide/target:rw,Z" "-v" "/var/lib/crater-agent-workspace/builds/worker-100/source:/opt/rustwide/workdir:ro,Z" "-v" "/var/lib/crater-agent-workspace/cargo-home:/opt/rustwide/cargo-home:ro,Z" "-v" "/var/lib/crater-agent-workspace/rustup-home:/opt/rustwide/rustup-home:ro,Z" "-e" "SOURCE_DIR=/opt/rustwide/workdir" "-e" "CARGO_TARGET_DIR=/opt/rustwide/target" "-e" "CARGO_HOME=/opt/rustwide/cargo-home" "-e" "RUSTUP_HOME=/opt/rustwide/rustup-home" "-w" "/opt/rustwide/workdir" "-m" "1610612736" "--user" "0:0" "--network" "none" "ghcr.io/rust-lang/crates-build-env/linux@sha256:34b6a614d2c27851fe6cbf88fbd1137609cefab8b10d0615aaeb6fd47975d74e" "/opt/rustwide/cargo-home/bin/cargo" "+beta-2021-08-01" "metadata" "--no-deps" "--format-version=1", kill_on_drop: false }`
[INFO] [stdout] 51c0c32d0daa1a78f8f54fe0550744fb2d22c305d39a9a07d9e5d35e0b440cc1
[INFO] running `Command { std: "docker" "start" "-a" "51c0c32d0daa1a78f8f54fe0550744fb2d22c305d39a9a07d9e5d35e0b440cc1", kill_on_drop: false }`
[INFO] running `Command { std: "docker" "inspect" "51c0c32d0daa1a78f8f54fe0550744fb2d22c305d39a9a07d9e5d35e0b440cc1", kill_on_drop: false }`
[INFO] running `Command { std: "docker" "rm" "-f" "51c0c32d0daa1a78f8f54fe0550744fb2d22c305d39a9a07d9e5d35e0b440cc1", kill_on_drop: false }`
[INFO] [stdout] 51c0c32d0daa1a78f8f54fe0550744fb2d22c305d39a9a07d9e5d35e0b440cc1
[INFO] running `Command { std: "docker" "create" "-v" "/var/lib/crater-agent-workspace/builds/worker-100/target:/opt/rustwide/target:rw,Z" "-v" "/var/lib/crater-agent-workspace/builds/worker-100/source:/opt/rustwide/workdir:ro,Z" "-v" "/var/lib/crater-agent-workspace/cargo-home:/opt/rustwide/cargo-home:ro,Z" "-v" "/var/lib/crater-agent-workspace/rustup-home:/opt/rustwide/rustup-home:ro,Z" "-e" "SOURCE_DIR=/opt/rustwide/workdir" "-e" "CARGO_TARGET_DIR=/opt/rustwide/target" "-e" "CARGO_INCREMENTAL=0" "-e" "RUST_BACKTRACE=full" "-e" "RUSTFLAGS=--cap-lints=warn" "-e" "CARGO_HOME=/opt/rustwide/cargo-home" "-e" "RUSTUP_HOME=/opt/rustwide/rustup-home" "-w" "/opt/rustwide/workdir" "-m" "1610612736" "--user" "0:0" "--network" "none" "ghcr.io/rust-lang/crates-build-env/linux@sha256:34b6a614d2c27851fe6cbf88fbd1137609cefab8b10d0615aaeb6fd47975d74e" "/opt/rustwide/cargo-home/bin/cargo" "+beta-2021-08-01" "build" "--frozen" "--message-format=json", kill_on_drop: false }`
[INFO] [stdout] 3d54ab192f27980796cb84859b3d2270e1d3ae4ad3c795c56fd1c43cbb802256
[INFO] running `Command { std: "docker" "start" "-a" "3d54ab192f27980796cb84859b3d2270e1d3ae4ad3c795c56fd1c43cbb802256", kill_on_drop: false }`
[INFO] [stderr]     Blocking waiting for file lock on package cache
[INFO] [stderr]    Compiling thiserror-impl v1.0.26
[INFO] [stderr]    Compiling thiserror v1.0.26
[INFO] [stderr]    Compiling japanese-ruby-filter v0.1.0 (/opt/rustwide/workdir)
[INFO] [stdout] warning: associated function is never used: `new`
[INFO] [stdout]    --> src/latex_like.rs:218:12
[INFO] [stdout]     |
[INFO] [stdout] 218 |     pub fn new(s: &'a str) -> Self {
[INFO] [stdout]     |            ^^^
[INFO] [stdout]     |
[INFO] [stdout]     = note: `#[warn(dead_code)]` on by default
[INFO] [stdout] 
[INFO] [stdout] 
[INFO] [stdout] warning: associated function is never used: `into_inner`
[INFO] [stdout]    --> src/latex_like.rs:232:12
[INFO] [stdout]     |
[INFO] [stdout] 232 |     pub fn into_inner(self) -> &'a str {
[INFO] [stdout]     |            ^^^^^^^^^^
[INFO] [stdout] 
[INFO] [stdout] 
[INFO] [stdout] warning: 2 warnings emitted
[INFO] [stdout] 
[INFO] [stdout] 
[INFO] [stderr]     Finished dev [unoptimized + debuginfo] target(s) in 3.47s
[INFO] running `Command { std: "docker" "inspect" "3d54ab192f27980796cb84859b3d2270e1d3ae4ad3c795c56fd1c43cbb802256", kill_on_drop: false }`
[INFO] running `Command { std: "docker" "rm" "-f" "3d54ab192f27980796cb84859b3d2270e1d3ae4ad3c795c56fd1c43cbb802256", kill_on_drop: false }`
[INFO] [stdout] 3d54ab192f27980796cb84859b3d2270e1d3ae4ad3c795c56fd1c43cbb802256
[INFO] running `Command { std: "docker" "create" "-v" "/var/lib/crater-agent-workspace/builds/worker-100/target:/opt/rustwide/target:rw,Z" "-v" "/var/lib/crater-agent-workspace/builds/worker-100/source:/opt/rustwide/workdir:ro,Z" "-v" "/var/lib/crater-agent-workspace/cargo-home:/opt/rustwide/cargo-home:ro,Z" "-v" "/var/lib/crater-agent-workspace/rustup-home:/opt/rustwide/rustup-home:ro,Z" "-e" "SOURCE_DIR=/opt/rustwide/workdir" "-e" "CARGO_TARGET_DIR=/opt/rustwide/target" "-e" "CARGO_INCREMENTAL=0" "-e" "RUST_BACKTRACE=full" "-e" "RUSTFLAGS=--cap-lints=warn" "-e" "CARGO_HOME=/opt/rustwide/cargo-home" "-e" "RUSTUP_HOME=/opt/rustwide/rustup-home" "-w" "/opt/rustwide/workdir" "-m" "1610612736" "--user" "0:0" "--network" "none" "ghcr.io/rust-lang/crates-build-env/linux@sha256:34b6a614d2c27851fe6cbf88fbd1137609cefab8b10d0615aaeb6fd47975d74e" "/opt/rustwide/cargo-home/bin/cargo" "+beta-2021-08-01" "test" "--frozen" "--no-run" "--message-format=json", kill_on_drop: false }`
[INFO] [stdout] 4490f449abc3359ce1c867c618f83461d125480763e6bc23c9793c1360a5f08d
[INFO] running `Command { std: "docker" "start" "-a" "4490f449abc3359ce1c867c618f83461d125480763e6bc23c9793c1360a5f08d", kill_on_drop: false }`
[INFO] [stderr]    Compiling japanese-ruby-filter v0.1.0 (/opt/rustwide/workdir)
[INFO] [stdout] warning: associated function is never used: `new`
[INFO] [stdout]    --> src/latex_like.rs:218:12
[INFO] [stdout]     |
[INFO] [stdout] 218 |     pub fn new(s: &'a str) -> Self {
[INFO] [stdout]     |            ^^^
[INFO] [stdout]     |
[INFO] [stdout]     = note: `#[warn(dead_code)]` on by default
[INFO] [stdout] 
[INFO] [stdout] 
[INFO] [stdout] warning: associated function is never used: `into_inner`
[INFO] [stdout]    --> src/latex_like.rs:232:12
[INFO] [stdout]     |
[INFO] [stdout] 232 |     pub fn into_inner(self) -> &'a str {
[INFO] [stdout]     |            ^^^^^^^^^^
[INFO] [stdout] 
[INFO] [stdout] 
[INFO] [stdout] warning: 2 warnings emitted
[INFO] [stdout] 
[INFO] [stdout] 
[INFO] [stdout] warning: associated function is never used: `into_inner`
[INFO] [stdout]    --> src/latex_like.rs:232:12
[INFO] [stdout]     |
[INFO] [stdout] 232 |     pub fn into_inner(self) -> &'a str {
[INFO] [stdout]     |            ^^^^^^^^^^
[INFO] [stdout]     |
[INFO] [stdout]     = note: `#[warn(dead_code)]` on by default
[INFO] [stdout] 
[INFO] [stdout] 
[INFO] [stdout] warning: 1 warning emitted
[INFO] [stdout] 
[INFO] [stdout] 
[INFO] [stderr]     Finished test [unoptimized + debuginfo] target(s) in 1.05s
[INFO] running `Command { std: "docker" "inspect" "4490f449abc3359ce1c867c618f83461d125480763e6bc23c9793c1360a5f08d", kill_on_drop: false }`
[INFO] running `Command { std: "docker" "rm" "-f" "4490f449abc3359ce1c867c618f83461d125480763e6bc23c9793c1360a5f08d", kill_on_drop: false }`
[INFO] [stdout] 4490f449abc3359ce1c867c618f83461d125480763e6bc23c9793c1360a5f08d
[INFO] running `Command { std: "docker" "create" "-v" "/var/lib/crater-agent-workspace/builds/worker-100/target:/opt/rustwide/target:rw,Z" "-v" "/var/lib/crater-agent-workspace/builds/worker-100/source:/opt/rustwide/workdir:ro,Z" "-v" "/var/lib/crater-agent-workspace/cargo-home:/opt/rustwide/cargo-home:ro,Z" "-v" "/var/lib/crater-agent-workspace/rustup-home:/opt/rustwide/rustup-home:ro,Z" "-e" "SOURCE_DIR=/opt/rustwide/workdir" "-e" "CARGO_TARGET_DIR=/opt/rustwide/target" "-e" "CARGO_INCREMENTAL=0" "-e" "RUST_BACKTRACE=full" "-e" "RUSTFLAGS=--cap-lints=warn" "-e" "CARGO_HOME=/opt/rustwide/cargo-home" "-e" "RUSTUP_HOME=/opt/rustwide/rustup-home" "-w" "/opt/rustwide/workdir" "-m" "1610612736" "--user" "0:0" "--network" "none" "ghcr.io/rust-lang/crates-build-env/linux@sha256:34b6a614d2c27851fe6cbf88fbd1137609cefab8b10d0615aaeb6fd47975d74e" "/opt/rustwide/cargo-home/bin/cargo" "+beta-2021-08-01" "test" "--frozen", kill_on_drop: false }`
[INFO] [stdout] 170f802d59d43fe4913a2ad98cf9fe303467dd16319c51953fa68dbd1c0df2d6
[INFO] running `Command { std: "docker" "start" "-a" "170f802d59d43fe4913a2ad98cf9fe303467dd16319c51953fa68dbd1c0df2d6", kill_on_drop: false }`
[INFO] [stderr]     Blocking waiting for file lock on package cache
[INFO] [stderr] warning: associated function is never used: `new`
[INFO] [stderr]    --> src/latex_like.rs:218:12
[INFO] [stderr]     |
[INFO] [stderr] 218 |     pub fn new(s: &'a str) -> Self {
[INFO] [stderr]     |            ^^^
[INFO] [stderr]     |
[INFO] [stderr]     = note: `#[warn(dead_code)]` on by default
[INFO] [stderr] 
[INFO] [stderr] warning: associated function is never used: `into_inner`
[INFO] [stderr]    --> src/latex_like.rs:232:12
[INFO] [stderr]     |
[INFO] [stderr] 232 |     pub fn into_inner(self) -> &'a str {
[INFO] [stderr]     |            ^^^^^^^^^^
[INFO] [stderr] 
[INFO] [stderr] warning: associated function is never used: `into_inner`
[INFO] [stderr]    --> src/latex_like.rs:232:12
[INFO] [stderr]     |
[INFO] [stderr] 232 |     pub fn into_inner(self) -> &'a str {
[INFO] [stderr]     |            ^^^^^^^^^^
[INFO] [stderr]     |
[INFO] [stderr]     = note: `#[warn(dead_code)]` on by default
[INFO] [stderr] 
[INFO] [stderr] warning: `japanese-ruby-filter` (lib) generated 2 warnings
[INFO] [stderr] warning: `japanese-ruby-filter` (lib test) generated 1 warning
[INFO] [stderr]     Finished test [unoptimized + debuginfo] target(s) in 3.22s
[INFO] [stderr]      Running unittests (/opt/rustwide/target/debug/deps/japanese_ruby_filter-d273ebd80e644f4a)
[INFO] [stdout] 
[INFO] [stdout] running 16 tests
[INFO] [stderr]    Doc-tests japanese-ruby-filter
[INFO] [stdout] test latex_like::test::filter_tailing_ruby ... ok
[INFO] [stdout] test latex_like::test::filter_text1 ... ok
[INFO] [stdout] test latex_like::test::filter_text2 ... ok
[INFO] [stdout] test latex_like::test::find_close_brace_normal ... ok
[INFO] [stdout] test latex_like::test::parse_command_name_followed_by_brace ... ok
[INFO] [stdout] test latex_like::test::parse_command_name_followed_by_space ... ok
[INFO] [stdout] test latex_like::test::parse_one_command ... ok
[INFO] [stdout] test latex_like::test::parse_two_arguments ... ok
[INFO] [stdout] test latex_like::test::parse_unclosed_argument ... ok
[INFO] [stdout] test latex_like::test::ruby_of_each_char ... ok
[INFO] [stdout] test latex_like::test::ruby_of_one_base_group ... ok
[INFO] [stdout] test latex_like::test::ruby_of_two_groups ... ok
[INFO] [stdout] test latex_like::test::take_next_one_command ... ok
[INFO] [stdout] test latex_like::test::try_to_take_command_from_no_command ... ok
[INFO] [stdout] test renderer::test::one_group_ruby_to_html ... ok
[INFO] [stdout] test renderer::test::simple_ruby_to_html ... ok
[INFO] [stdout] 
[INFO] [stdout] test result: ok. 16 passed; 0 failed; 0 ignored; 0 measured; 0 filtered out; finished in 0.01s
[INFO] [stdout] 
[INFO] [stdout] 
[INFO] [stdout] running 4 tests
[INFO] [stdout] test src/lib.rs - (line 20) ... ignored
[INFO] [stdout] test src/lib.rs - (line 34) ... ignored
[INFO] [stdout] test src/lib.rs - (line 40) ... FAILED
[INFO] [stdout] test src/latex_like.rs - latex_like (line 4) ... ok
[INFO] [stdout] 
[INFO] [stdout] failures:
[INFO] [stdout] 
[INFO] [stdout] ---- src/lib.rs - (line 40) stdout ----
[INFO] [stdout] error[E0432]: unresolved import `japanese_ruby_filter::pulldown_cmark_filter`
[INFO] [stdout]  --> src/lib.rs:42:27
[INFO] [stdout]   |
[INFO] [stdout] 5 | use japanese_ruby_filter::pulldown_cmark_filter::RubyFilter;
[INFO] [stdout]   |                           ^^^^^^^^^^^^^^^^^^^^^ could not find `pulldown_cmark_filter` in `japanese_ruby_filter`
[INFO] [stdout] 
[INFO] [stdout] error[E0432]: unresolved import `pulldown_cmark`
[INFO] [stdout]  --> src/lib.rs:41:5
[INFO] [stdout]   |
[INFO] [stdout] 4 | use pulldown_cmark::{Parser, Event, Tag};
[INFO] [stdout]   |     ^^^^^^^^^^^^^^ use of undeclared crate or module `pulldown_cmark`
[INFO] [stdout] 
[INFO] [stdout] error: aborting due to 2 previous errors
[INFO] [stdout] 
[INFO] [stdout] For more information about this error, try `rustc --explain E0432`.
[INFO] [stdout] Couldn't compile the test.
[INFO] [stdout] 
[INFO] [stdout] failures:
[INFO] [stdout]     src/lib.rs - (line 40)
[INFO] [stdout] 
[INFO] [stdout] test result: FAILED. 1 passed; 1 failed; 2 ignored; 0 measured; 0 filtered out; finished in 0.39s
[INFO] [stdout] 
[INFO] [stderr] error: test failed, to rerun pass '--doc'
[INFO] running `Command { std: "docker" "inspect" "170f802d59d43fe4913a2ad98cf9fe303467dd16319c51953fa68dbd1c0df2d6", kill_on_drop: false }`
[INFO] running `Command { std: "docker" "rm" "-f" "170f802d59d43fe4913a2ad98cf9fe303467dd16319c51953fa68dbd1c0df2d6", kill_on_drop: false }`
[INFO] [stdout] 170f802d59d43fe4913a2ad98cf9fe303467dd16319c51953fa68dbd1c0df2d6
