[INFO] fetching crate j4rs 0.13.0...
[INFO] testing j4rs-0.13.0 against 1.54.0 for beta-1.55-1
[INFO] extracting crate j4rs 0.13.0 into /workspace/builds/worker-3/source
[INFO] validating manifest of crates.io crate j4rs 0.13.0 on toolchain 1.54.0
[INFO] running `Command { std: "/workspace/cargo-home/bin/cargo" "+1.54.0" "metadata" "--manifest-path" "Cargo.toml" "--no-deps", kill_on_drop: false }`
[INFO] started tweaking crates.io crate j4rs 0.13.0
[INFO] finished tweaking crates.io crate j4rs 0.13.0
[INFO] tweaked toml for crates.io crate j4rs 0.13.0 written to /workspace/builds/worker-3/source/Cargo.toml
[INFO] running `Command { std: "/workspace/cargo-home/bin/cargo" "+1.54.0" "generate-lockfile" "--manifest-path" "Cargo.toml" "-Zno-index-update", kill_on_drop: false }`
[INFO] running `Command { std: "/workspace/cargo-home/bin/cargo" "+1.54.0" "fetch" "--manifest-path" "Cargo.toml", kill_on_drop: false }`
[INFO] [stderr]     Blocking waiting for file lock on package cache
[INFO] running `Command { std: "docker" "create" "-v" "/var/lib/crater-agent-workspace/builds/worker-3/target:/opt/rustwide/target:rw,Z" "-v" "/var/lib/crater-agent-workspace/builds/worker-3/source:/opt/rustwide/workdir:ro,Z" "-v" "/var/lib/crater-agent-workspace/cargo-home:/opt/rustwide/cargo-home:ro,Z" "-v" "/var/lib/crater-agent-workspace/rustup-home:/opt/rustwide/rustup-home:ro,Z" "-e" "SOURCE_DIR=/opt/rustwide/workdir" "-e" "CARGO_TARGET_DIR=/opt/rustwide/target" "-e" "CARGO_HOME=/opt/rustwide/cargo-home" "-e" "RUSTUP_HOME=/opt/rustwide/rustup-home" "-w" "/opt/rustwide/workdir" "-m" "1610612736" "--user" "0:0" "--network" "none" "ghcr.io/rust-lang/crates-build-env/linux@sha256:34b6a614d2c27851fe6cbf88fbd1137609cefab8b10d0615aaeb6fd47975d74e" "/opt/rustwide/cargo-home/bin/cargo" "+1.54.0" "metadata" "--no-deps" "--format-version=1", kill_on_drop: false }`
[INFO] [stdout] f3f5ea788cd97c1707b6887a91e3abc92abda31be3e168097fb6aa1c49fc48cb
[INFO] running `Command { std: "docker" "start" "-a" "f3f5ea788cd97c1707b6887a91e3abc92abda31be3e168097fb6aa1c49fc48cb", kill_on_drop: false }`
[INFO] running `Command { std: "docker" "inspect" "f3f5ea788cd97c1707b6887a91e3abc92abda31be3e168097fb6aa1c49fc48cb", kill_on_drop: false }`
[INFO] running `Command { std: "docker" "rm" "-f" "f3f5ea788cd97c1707b6887a91e3abc92abda31be3e168097fb6aa1c49fc48cb", kill_on_drop: false }`
[INFO] [stdout] f3f5ea788cd97c1707b6887a91e3abc92abda31be3e168097fb6aa1c49fc48cb
[INFO] running `Command { std: "docker" "create" "-v" "/var/lib/crater-agent-workspace/builds/worker-3/target:/opt/rustwide/target:rw,Z" "-v" "/var/lib/crater-agent-workspace/builds/worker-3/source:/opt/rustwide/workdir:ro,Z" "-v" "/var/lib/crater-agent-workspace/cargo-home:/opt/rustwide/cargo-home:ro,Z" "-v" "/var/lib/crater-agent-workspace/rustup-home:/opt/rustwide/rustup-home:ro,Z" "-e" "SOURCE_DIR=/opt/rustwide/workdir" "-e" "CARGO_TARGET_DIR=/opt/rustwide/target" "-e" "CARGO_INCREMENTAL=0" "-e" "RUST_BACKTRACE=full" "-e" "RUSTFLAGS=--cap-lints=warn" "-e" "CARGO_HOME=/opt/rustwide/cargo-home" "-e" "RUSTUP_HOME=/opt/rustwide/rustup-home" "-w" "/opt/rustwide/workdir" "-m" "1610612736" "--user" "0:0" "--network" "none" "ghcr.io/rust-lang/crates-build-env/linux@sha256:34b6a614d2c27851fe6cbf88fbd1137609cefab8b10d0615aaeb6fd47975d74e" "/opt/rustwide/cargo-home/bin/cargo" "+1.54.0" "build" "--frozen" "--message-format=json", kill_on_drop: false }`
[INFO] [stdout] 354e90800f2b6ba8ba962ad39d3d0ebaae4f82713221344fd1cbfcdd87fcf8da
[INFO] running `Command { std: "docker" "start" "-a" "354e90800f2b6ba8ba962ad39d3d0ebaae4f82713221344fd1cbfcdd87fcf8da", kill_on_drop: false }`
[INFO] [stderr]    Compiling typenum v1.13.0
[INFO] [stderr]    Compiling cpufeatures v0.1.5
[INFO] [stderr]    Compiling opaque-debug v0.3.0
[INFO] [stderr]    Compiling glob v0.2.11
[INFO] [stderr]    Compiling fs_extra v1.2.0
[INFO] [stderr]    Compiling log v0.4.14
[INFO] [stderr]    Compiling jni-sys v0.3.0
[INFO] [stderr]    Compiling cesu8 v1.1.0
[INFO] [stderr]    Compiling generic-array v0.14.4
[INFO] [stderr]    Compiling libloading v0.6.7
[INFO] [stderr]    Compiling dirs-sys v0.3.6
[INFO] [stderr]    Compiling serde v1.0.127
[INFO] [stderr]    Compiling java-locator v0.1.2
[INFO] [stderr]    Compiling dirs v3.0.2
[INFO] [stderr]    Compiling digest v0.9.0
[INFO] [stderr]    Compiling block-buffer v0.9.0
[INFO] [stderr]    Compiling sha2 v0.9.5
[INFO] [stderr]    Compiling j4rs v0.13.0 (/opt/rustwide/workdir)
[INFO] [stderr]    Compiling serde_json v1.0.66
[INFO] [stderr]     Finished dev [unoptimized + debuginfo] target(s) in 14.73s
[INFO] running `Command { std: "docker" "inspect" "354e90800f2b6ba8ba962ad39d3d0ebaae4f82713221344fd1cbfcdd87fcf8da", kill_on_drop: false }`
[INFO] running `Command { std: "docker" "rm" "-f" "354e90800f2b6ba8ba962ad39d3d0ebaae4f82713221344fd1cbfcdd87fcf8da", kill_on_drop: false }`
[INFO] [stdout] 354e90800f2b6ba8ba962ad39d3d0ebaae4f82713221344fd1cbfcdd87fcf8da
[INFO] running `Command { std: "docker" "create" "-v" "/var/lib/crater-agent-workspace/builds/worker-3/target:/opt/rustwide/target:rw,Z" "-v" "/var/lib/crater-agent-workspace/builds/worker-3/source:/opt/rustwide/workdir:ro,Z" "-v" "/var/lib/crater-agent-workspace/cargo-home:/opt/rustwide/cargo-home:ro,Z" "-v" "/var/lib/crater-agent-workspace/rustup-home:/opt/rustwide/rustup-home:ro,Z" "-e" "SOURCE_DIR=/opt/rustwide/workdir" "-e" "CARGO_TARGET_DIR=/opt/rustwide/target" "-e" "CARGO_INCREMENTAL=0" "-e" "RUST_BACKTRACE=full" "-e" "RUSTFLAGS=--cap-lints=warn" "-e" "CARGO_HOME=/opt/rustwide/cargo-home" "-e" "RUSTUP_HOME=/opt/rustwide/rustup-home" "-w" "/opt/rustwide/workdir" "-m" "1610612736" "--user" "0:0" "--network" "none" "ghcr.io/rust-lang/crates-build-env/linux@sha256:34b6a614d2c27851fe6cbf88fbd1137609cefab8b10d0615aaeb6fd47975d74e" "/opt/rustwide/cargo-home/bin/cargo" "+1.54.0" "test" "--frozen" "--no-run" "--message-format=json", kill_on_drop: false }`
[INFO] [stdout] 5264dba8fa19df097c2d27a0d14ca6b159849c3826ecfa8e55cf30ed6d4e383f
[INFO] running `Command { std: "docker" "start" "-a" "5264dba8fa19df097c2d27a0d14ca6b159849c3826ecfa8e55cf30ed6d4e383f", kill_on_drop: false }`
[INFO] [stderr]    Compiling bstr v0.2.16
[INFO] [stderr]    Compiling serde_cbor v0.11.1
[INFO] [stderr]    Compiling tinytemplate v1.2.1
[INFO] [stderr]    Compiling csv v1.1.6
[INFO] [stderr]    Compiling criterion v0.3.5
[INFO] [stderr]    Compiling j4rs v0.13.0 (/opt/rustwide/workdir)
[INFO] [stderr]     Finished test [unoptimized + debuginfo] target(s) in 13.66s
[INFO] running `Command { std: "docker" "inspect" "5264dba8fa19df097c2d27a0d14ca6b159849c3826ecfa8e55cf30ed6d4e383f", kill_on_drop: false }`
[INFO] running `Command { std: "docker" "rm" "-f" "5264dba8fa19df097c2d27a0d14ca6b159849c3826ecfa8e55cf30ed6d4e383f", kill_on_drop: false }`
[INFO] [stdout] 5264dba8fa19df097c2d27a0d14ca6b159849c3826ecfa8e55cf30ed6d4e383f
[INFO] running `Command { std: "docker" "create" "-v" "/var/lib/crater-agent-workspace/builds/worker-3/target:/opt/rustwide/target:rw,Z" "-v" "/var/lib/crater-agent-workspace/builds/worker-3/source:/opt/rustwide/workdir:ro,Z" "-v" "/var/lib/crater-agent-workspace/cargo-home:/opt/rustwide/cargo-home:ro,Z" "-v" "/var/lib/crater-agent-workspace/rustup-home:/opt/rustwide/rustup-home:ro,Z" "-e" "SOURCE_DIR=/opt/rustwide/workdir" "-e" "CARGO_TARGET_DIR=/opt/rustwide/target" "-e" "CARGO_INCREMENTAL=0" "-e" "RUST_BACKTRACE=full" "-e" "RUSTFLAGS=--cap-lints=warn" "-e" "CARGO_HOME=/opt/rustwide/cargo-home" "-e" "RUSTUP_HOME=/opt/rustwide/rustup-home" "-w" "/opt/rustwide/workdir" "-m" "1610612736" "--user" "0:0" "--network" "none" "ghcr.io/rust-lang/crates-build-env/linux@sha256:34b6a614d2c27851fe6cbf88fbd1137609cefab8b10d0615aaeb6fd47975d74e" "/opt/rustwide/cargo-home/bin/cargo" "+1.54.0" "test" "--frozen", kill_on_drop: false }`
[INFO] [stdout] f6f06dfa71fcb5f639dae99b8f9eeacfab42aeb87e3e0ebd87c197b2f88dd6d5
[INFO] running `Command { std: "docker" "start" "-a" "f6f06dfa71fcb5f639dae99b8f9eeacfab42aeb87e3e0ebd87c197b2f88dd6d5", kill_on_drop: false }`
[INFO] [stderr]     Finished test [unoptimized + debuginfo] target(s) in 0.14s
[INFO] [stderr]      Running unittests (/opt/rustwide/target/debug/deps/j4rs-93911d59ecd0a259)
[INFO] [stdout] 
[INFO] [stdout] running 44 tests
[INFO] [stdout] test api::api_unit_tests::test_select ... ok
[INFO] [stdout] test api::api_unit_tests::test_copy_j4rs_libs_under ... FAILED
[INFO] [stdout] test api::api_unit_tests::test_select_timeout ... ok
[INFO] [stdout] test provisioning::provisioning_unit_tests::maven_artifact_repo_from ... ok
[INFO] [stdout] test provisioning::provisioning_unit_tests::maven_artifact_from ... ok
[INFO] [stdout] test lib_unit_tests::variadic_long_primitive_method ... ok
[INFO] [stdout] Hello World
[INFO] [stdout] test lib_unit_tests::java_hello_world ... ok
[INFO] [stdout] test api::api_unit_tests::invocation_arg_try_from_basic_types ... ok
[INFO] [stdout] test jfx::api_unit_tests::test_deploy_javafx_dependencies - should panic ... ok
[INFO] [stdout] test api::api_unit_tests::new_invocation_arg ... ok
[INFO] [stdout] test api::api_unit_tests::jvm_builder ... ok
[INFO] [stdout] test lib_unit_tests::access_class_field ... ok
[INFO] [stdout] test utils::utils_unit_tests::get_class_name_test ... ok
[INFO] [stdout] test lib_unit_tests::cast ... ok
[INFO] [stdout] test lib_unit_tests::clone_instance ... ok
[INFO] [stdout] test lib_unit_tests::invoke_method_with_primitive_args ... ok
[INFO] [stdout] test utils::utils_unit_tests::primitive_of_test ... ok
[INFO] [stdout] test lib_unit_tests::create_instance_and_invoke ... ok
[INFO] [stdout] test lib_unit_tests::variadic_int_method ... ok
[INFO] [stdout] test api::api_unit_tests::invocation_into_primitive ... ok
[INFO] [stdout] test lib_unit_tests::invoke_vec ... ok
[INFO] [stderr] Exception in thread "Thread-45" org.astonbitecode.j4rs.errors.InvocationException: While invoking method deploy of Class org.astonbitecode.j4rs.api.deploy.FileSystemDeployer
[INFO] [stderr] 	at org.astonbitecode.j4rs.api.invocation.JsonInvocationImpl.invoke(JsonInvocationImpl.java:73)
[INFO] [stderr] Caused by: java.lang.reflect.InvocationTargetException
[INFO] [stderr] 	at sun.reflect.NativeMethodAccessorImpl.invoke0(Native Method)
[INFO] [stderr] 	at sun.reflect.NativeMethodAccessorImpl.invoke(NativeMethodAccessorImpl.java:62)
[INFO] [stderr] 	at sun.reflect.DelegatingMethodAccessorImpl.invoke(DelegatingMethodAccessorImpl.java:43)
[INFO] [stderr] 	at java.lang.reflect.Method.invoke(Method.java:498)
[INFO] [stderr] 	at org.astonbitecode.j4rs.api.invocation.JsonInvocationImpl.invokeMethod(JsonInvocationImpl.java:179)
[INFO] [stderr] 	at org.astonbitecode.j4rs.api.invocation.JsonInvocationImpl.invoke(JsonInvocationImpl.java:70)
[INFO] [stderr] Caused by: java.io.FileNotFoundException: /opt/rustwide/workdir/./non_existing.jar (No such file or directory)
[INFO] [stderr] 	at java.io.FileInputStream.open0(Native Method)
[INFO] [stderr] 	at java.io.FileInputStream.open(FileInputStream.java:195)
[INFO] [stderr] 	at java.io.FileInputStream.<init>(FileInputStream.java:138)
[INFO] [stderr] 	at java.io.FileInputStream.<init>(FileInputStream.java:93)
[INFO] [stderr] 	at sun.net.www.protocol.file.FileURLConnection.connect(FileURLConnection.java:90)
[INFO] [stderr] 	at sun.net.www.protocol.file.FileURLConnection.getInputStream(FileURLConnection.java:188)
[INFO] [stderr] 	at java.net.URL.openStream(URL.java:1068)
[INFO] [stderr] 	at org.astonbitecode.j4rs.api.deploy.FileSystemDeployer.deploy(FileSystemDeployer.java:38)
[INFO] [stderr] 	... 6 more
[INFO] [stdout] test lib_unit_tests::deploy_local_artifact ... ok
[INFO] [stdout] test lib_unit_tests::variadic_constructor ... ok
[INFO] [stdout] test lib_unit_tests::variadic_string_method ... ok
[INFO] [stdout] test lib_unit_tests::multithread ... ok
[INFO] [stdout] test lib_unit_tests::parent_interface_method ... ok
[INFO] [stdout] test lib_unit_tests::instance_invocation_chain_and_collect ... ok
[INFO] [stdout] test lib_unit_tests::instance_invocation_chain_and_to_rust ... ok
[INFO] [stdout] test lib_unit_tests::static_invocation_chain_and_to_rust ... ok
[INFO] [stdout] test lib_unit_tests::null_handling ... ok
[INFO] [stdout] test lib_unit_tests::invoke_generic_method ... ok
[INFO] [stdout] test lib_unit_tests::null_creation ... ok
[INFO] [stdout] test lib_unit_tests::to_tust_returns_list ... ok
[INFO] [stdout] test lib_unit_tests::to_rust_boxed ... ok
[INFO] [stdout] test lib_unit_tests::basic_types ... ok
[INFO] [stdout] test lib_unit_tests::use_a_java_instance_in_different_thread ... ok
[INFO] [stderr] Exception in thread "Thread-4" Exception in thread "Thread-12" org.astonbitecode.j4rs.errors.InvocationException: While invoking method deploy of Class org.astonbitecode.j4rs.api.deploy.SimpleMavenDeployer
[INFO] [stderr] 	at org.astonbitecode.j4rs.api.invocation.JsonInvocationImpl.invoke(JsonInvocationImpl.java:73)
[INFO] [stderr] Caused by: java.lang.reflect.InvocationTargetException
[INFO] [stderr] 	at sun.reflect.NativeMethodAccessorImpl.invoke0(Native Method)
[INFO] [stderr] 	at sun.reflect.NativeMethodAccessorImpl.invoke(NativeMethodAccessorImpl.java:62)
[INFO] [stderr] 	at sun.reflect.DelegatingMethodAccessorImpl.invoke(DelegatingMethodAccessorImpl.java:43)
[INFO] [stderr] 	at java.lang.reflect.Method.invoke(Method.java:498)
[INFO] [stderr] 	at org.astonbitecode.j4rs.api.invocation.JsonInvocationImpl.invokeMethod(JsonInvocationImpl.java:179)
[INFO] [stderr] 	at org.astonbitecode.j4rs.api.invocation.JsonInvocationImpl.invoke(JsonInvocationImpl.java:70)
[INFO] [stderr] Caused by: java.net.UnknownHostException: repo.maven.apache.org
[INFO] [stderr] 	at java.net.AbstractPlainSocketImpl.connect(AbstractPlainSocketImpl.java:184)
[INFO] [stderr] 	at java.net.SocksSocketImpl.connect(SocksSocketImpl.java:392)
[INFO] [stderr] 	at java.net.Socket.connect(Socket.java:607)
[INFO] [stderr] 	at sun.security.ssl.SSLSocketImpl.connect(SSLSocketImpl.java:288)
[INFO] [stderr] 	at sun.security.ssl.BaseSSLSocketImpl.connect(BaseSSLSocketImpl.java:173)
[INFO] [stderr] 	at sun.net.NetworkClient.doConnect(NetworkClient.java:180)
[INFO] [stderr] 	at sun.net.www.http.HttpClient.openServer(HttpClient.java:463)
[INFO] [stderr] 	at sun.net.www.http.HttpClient.openServer(HttpClient.java:558)
[INFO] [stderr] 	at sun.net.www.protocol.https.HttpsClient.<init>(HttpsClient.java:264)
[INFO] [stderr] 	at sun.net.www.protocol.https.HttpsClient.New(HttpsClient.java:367)
[INFO] [stderr] 	at sun.net.www.protocol.https.AbstractDelegateHttpsURLConnection.getNewHttpClient(AbstractDelegateHttpsURLConnection.java:203)
[INFO] [stderr] 	at sun.net.www.protocol.http.HttpURLConnection.plainConnect0(HttpURLConnection.java:1162)
[INFO] [stderr] 	at sun.net.www.protocol.http.HttpURLConnection.plainConnect(HttpURLConnection.java:1056)
[INFO] [stderr] 	at sun.net.www.protocol.https.AbstractDelegateHttpsURLConnection.connect(AbstractDelegateHttpsURLConnection.java:189)
[INFO] [stderr] 	at sun.net.www.protocol.http.HttpURLConnection.getInputStream0(HttpURLConnection.java:1570)
[INFO] [stderr] 	at sun.net.www.protocol.http.HttpURLConnection.getInputStream(HttpURLConnection.java:1498)
[INFO] [stderr] 	at sun.net.www.protocol.https.HttpsURLConnectionImpl.getInputStream(HttpsURLConnectionImpl.java:268)
[INFO] [stderr] 	at java.net.URL.openStream(URL.java:1068)
[INFO] [stderr] 	at org.astonbitecode.j4rs.api.deploy.SimpleMavenDeployer.deploy(SimpleMavenDeployer.java:67)
[INFO] [stderr] 	... 6 more
[INFO] [stderr] org.astonbitecode.j4rs.errors.InvocationException: While invoking method deploy of Class org.astonbitecode.j4rs.api.deploy.SimpleMavenDeployer
[INFO] [stderr] 	at org.astonbitecode.j4rs.api.invocation.JsonInvocationImpl.invoke(JsonInvocationImpl.java:73)
[INFO] [stderr] Caused by: java.lang.reflect.InvocationTargetException
[INFO] [stderr] 	at sun.reflect.NativeMethodAccessorImpl.invoke0(Native Method)
[INFO] [stderr] 	at sun.reflect.NativeMethodAccessorImpl.invoke(NativeMethodAccessorImpl.java:62)
[INFO] [stderr] 	at sun.reflect.DelegatingMethodAccessorImpl.invoke(DelegatingMethodAccessorImpl.java:43)
[INFO] [stderr] 	at java.lang.reflect.Method.invoke(Method.java:498)
[INFO] [stderr] 	at org.astonbitecode.j4rs.api.invocation.JsonInvocationImpl.invokeMethod(JsonInvocationImpl.java:179)
[INFO] [stderr] 	at org.astonbitecode.j4rs.api.invocation.JsonInvocationImpl.invoke(JsonInvocationImpl.java:70)
[INFO] [stderr] Caused by: java.net.UnknownHostException: my.repo.io
[INFO] [stderr] 	at java.net.AbstractPlainSocketImpl.connect(AbstractPlainSocketImpl.java:184)
[INFO] [stderr] 	at java.net.SocksSocketImpl.connect(SocksSocketImpl.java:392)
[INFO] [stderr] 	at java.net.Socket.connect(Socket.java:607)
[INFO] [stderr] 	at sun.security.ssl.SSLSocketImpl.connect(SSLSocketImpl.java:288)
[INFO] [stderr] 	at sun.security.ssl.BaseSSLSocketImpl.connect(BaseSSLSocketImpl.java:173)
[INFO] [stderr] 	at sun.net.NetworkClient.doConnect(NetworkClient.java:180)
[INFO] [stderr] 	at sun.net.www.http.HttpClient.openServer(HttpClient.java:463)
[INFO] [stderr] 	at sun.net.www.http.HttpClient.openServer(HttpClient.java:558)
[INFO] [stderr] 	at sun.net.www.protocol.https.HttpsClient.<init>(HttpsClient.java:264)
[INFO] [stderr] 	at sun.net.www.protocol.https.HttpsClient.New(HttpsClient.java:367)
[INFO] [stderr] 	at sun.net.www.protocol.https.AbstractDelegateHttpsURLConnection.getNewHttpClient(AbstractDelegateHttpsURLConnection.java:203)
[INFO] [stderr] 	at sun.net.www.protocol.http.HttpURLConnection.plainConnect0(HttpURLConnection.java:1162)
[INFO] [stderr] 	at sun.net.www.protocol.http.HttpURLConnection.plainConnect(HttpURLConnection.java:1056)
[INFO] [stderr] 	at sun.net.www.protocol.https.AbstractDelegateHttpsURLConnection.connect(AbstractDelegateHttpsURLConnection.java:189)
[INFO] [stderr] 	at sun.net.www.protocol.http.HttpURLConnection.getInputStream0(HttpURLConnection.java:1570)
[INFO] [stderr] 	at sun.net.www.protocol.http.HttpURLConnection.getInputStream(HttpURLConnection.java:1498)
[INFO] [stderr] 	at sun.net.www.protocol.https.HttpsURLConnectionImpl.getInputStream(HttpsURLConnectionImpl.java:268)
[INFO] [stderr] 	at java.net.URL.openStream(URL.java:1068)
[INFO] [stderr] 	at org.astonbitecode.j4rs.api.deploy.SimpleMavenDeployer.deploy(SimpleMavenDeployer.java:67)
[INFO] [stderr] 	... 6 more
[INFO] [stderr] Exception in thread "Thread-12" org.astonbitecode.j4rs.errors.InvocationException: While invoking method deploy of Class org.astonbitecode.j4rs.api.deploy.SimpleMavenDeployer
[INFO] [stderr] 	at org.astonbitecode.j4rs.api.invocation.JsonInvocationImpl.invoke(JsonInvocationImpl.java:73)
[INFO] [stderr] Caused by: java.lang.reflect.InvocationTargetException
[INFO] [stderr] 	at sun.reflect.NativeMethodAccessorImpl.invoke0(Native Method)
[INFO] [stderr] 	at sun.reflect.NativeMethodAccessorImpl.invoke(NativeMethodAccessorImpl.java:62)
[INFO] [stderr] 	at sun.reflect.DelegatingMethodAccessorImpl.invoke(DelegatingMethodAccessorImpl.java:43)
[INFO] [stderr] 	at java.lang.reflect.Method.invoke(Method.java:498)
[INFO] [stderr] 	at org.astonbitecode.j4rs.api.invocation.JsonInvocationImpl.invokeMethod(JsonInvocationImpl.java:179)
[INFO] [stderr] 	at org.astonbitecode.j4rs.api.invocation.JsonInvocationImpl.invoke(JsonInvocationImpl.java:70)
[INFO] [stderr] Caused by: java.net.UnknownHostException: my.other.repo.io
[INFO] [stderr] 	at java.net.AbstractPlainSocketImpl.connect(AbstractPlainSocketImpl.java:184)
[INFO] [stderr] 	at java.net.SocksSocketImpl.connect(SocksSocketImpl.java:392)
[INFO] [stderr] 	at java.net.Socket.connect(Socket.java:607)
[INFO] [stderr] 	at sun.security.ssl.SSLSocketImpl.connect(SSLSocketImpl.java:288)
[INFO] [stderr] 	at sun.security.ssl.BaseSSLSocketImpl.connect(BaseSSLSocketImpl.java:173)
[INFO] [stderr] 	at sun.net.NetworkClient.doConnect(NetworkClient.java:180)
[INFO] [stderr] 	at sun.net.www.http.HttpClient.openServer(HttpClient.java:463)
[INFO] [stderr] 	at sun.net.www.http.HttpClient.openServer(HttpClient.java:558)
[INFO] [stderr] 	at sun.net.www.protocol.https.HttpsClient.<init>(HttpsClient.java:264)
[INFO] [stderr] 	at sun.net.www.protocol.https.HttpsClient.New(HttpsClient.java:367)
[INFO] [stderr] 	at sun.net.www.protocol.https.AbstractDelegateHttpsURLConnection.getNewHttpClient(AbstractDelegateHttpsURLConnection.java:203)
[INFO] [stderr] 	at sun.net.www.protocol.http.HttpURLConnection.plainConnect0(HttpURLConnection.java:1162)
[INFO] [stderr] 	at sun.net.www.protocol.http.HttpURLConnection.plainConnect(HttpURLConnection.java:1056)
[INFO] [stderr] 	at sun.net.www.protocol.https.AbstractDelegateHttpsURLConnection.connect(AbstractDelegateHttpsURLConnection.java:189)
[INFO] [stderr] 	at sun.net.www.protocol.http.HttpURLConnection.getInputStream0(HttpURLConnection.java:1570)
[INFO] [stderr] 	at sun.net.www.protocol.http.HttpURLConnection.getInputStream(HttpURLConnection.java:1498)
[INFO] [stderr] 	at sun.net.www.protocol.https.HttpsURLConnectionImpl.getInputStream(HttpsURLConnectionImpl.java:268)
[INFO] [stderr] 	at java.net.URL.openStream(URL.java:1068)
[INFO] [stderr] 	at org.astonbitecode.j4rs.api.deploy.SimpleMavenDeployer.deploy(SimpleMavenDeployer.java:67)
[INFO] [stderr] 	... 6 more
[INFO] [stderr] Exception in thread "Thread-12" org.astonbitecode.j4rs.errors.InvocationException: While invoking method deploy of Class org.astonbitecode.j4rs.api.deploy.SimpleMavenDeployer
[INFO] [stderr] 	at org.astonbitecode.j4rs.api.invocation.JsonInvocationImpl.invoke(JsonInvocationImpl.java:73)
[INFO] [stderr] Caused by: java.lang.reflect.InvocationTargetException
[INFO] [stderr] 	at sun.reflect.NativeMethodAccessorImpl.invoke0(Native Method)
[INFO] [stderr] 	at sun.reflect.NativeMethodAccessorImpl.invoke(NativeMethodAccessorImpl.java:62)
[INFO] [stderr] 	at sun.reflect.DelegatingMethodAccessorImpl.invoke(DelegatingMethodAccessorImpl.java:43)
[INFO] [stderr] 	at java.lang.reflect.Method.invoke(Method.java:498)
[INFO] [stderr] 	at org.astonbitecode.j4rs.api.invocation.JsonInvocationImpl.invokeMethod(JsonInvocationImpl.java:179)
[INFO] [stderr] 	at org.astonbitecode.j4rs.api.invocation.JsonInvocationImpl.invoke(JsonInvocationImpl.java:70)
[INFO] [stderr] Caused by: java.net.UnknownHostException: repo.maven.apache.org
[INFO] [stderr] 	at java.net.AbstractPlainSocketImpl.connect(AbstractPlainSocketImpl.java:184)
[INFO] [stderr] 	at java.net.SocksSocketImpl.connect(SocksSocketImpl.java:392)
[INFO] [stderr] 	at java.net.Socket.connect(Socket.java:607)
[INFO] [stderr] 	at sun.security.ssl.SSLSocketImpl.connect(SSLSocketImpl.java:288)
[INFO] [stderr] 	at sun.security.ssl.BaseSSLSocketImpl.connect(BaseSSLSocketImpl.java:173)
[INFO] [stderr] 	at sun.net.NetworkClient.doConnect(NetworkClient.java:180)
[INFO] [stderr] 	at sun.net.www.http.HttpClient.openServer(HttpClient.java:463)
[INFO] [stderr] 	at sun.net.www.http.HttpClient.openServer(HttpClient.java:558)
[INFO] [stderr] 	at sun.net.www.protocol.https.HttpsClient.<init>(HttpsClient.java:264)
[INFO] [stderr] 	at sun.net.www.protocol.https.HttpsClient.New(HttpsClient.java:367)
[INFO] [stderr] 	at sun.net.www.protocol.https.AbstractDelegateHttpsURLConnection.getNewHttpClient(AbstractDelegateHttpsURLConnection.java:203)
[INFO] [stderr] 	at sun.net.www.protocol.http.HttpURLConnection.plainConnect0(HttpURLConnection.java:1162)
[INFO] [stderr] 	at sun.net.www.protocol.http.HttpURLConnection.plainConnect(HttpURLConnection.java:1056)
[INFO] [stderr] 	at sun.net.www.protocol.https.AbstractDelegateHttpsURLConnection.connect(AbstractDelegateHttpsURLConnection.java:189)
[INFO] [stderr] 	at sun.net.www.protocol.http.HttpURLConnection.getInputStream0(HttpURLConnection.java:1570)
[INFO] [stderr] 	at sun.net.www.protocol.http.HttpURLConnection.getInputStream(HttpURLConnection.java:1498)
[INFO] [stderr] 	at sun.net.www.protocol.https.HttpsURLConnectionImpl.getInputStream(HttpsURLConnectionImpl.java:268)
[INFO] [stderr] 	at java.net.URL.openStream(URL.java:1068)
[INFO] [stderr] 	at org.astonbitecode.j4rs.api.deploy.SimpleMavenDeployer.deploy(SimpleMavenDeployer.java:67)
[INFO] [stderr] 	... 6 more
[INFO] [stdout] test lib_unit_tests::drop_and_attach_main_thread ... ok
[INFO] [stdout] test lib_unit_tests::callback_to_channel ... ok
[INFO] [stdout] test lib_unit_tests::init_callback_channel ... ok
[INFO] [stdout] test lib_unit_tests::multiple_callbacks_to_channel ... ok
[INFO] [stdout] test lib_unit_tests::multiple_callbacks_to_channel_from_multiple_threads ... ok
[INFO] [stdout] test lib_unit_tests::deploy_maven_artifact ... ok
[INFO] [stdout] test lib_unit_tests::deploy_maven_artifact_from_more_artifactories ... ok
[INFO] [stdout] test lib_unit_tests::drop_and_attach_other_thread ... ok
[INFO] [stdout] 
[INFO] [stdout] failures:
[INFO] [stdout] 
[INFO] [stdout] ---- api::api_unit_tests::test_copy_j4rs_libs_under stdout ----
[INFO] [stdout] thread 'api::api_unit_tests::test_copy_j4rs_libs_under' panicked at 'called `Result::unwrap()` on an `Err` value: GeneralError("Os { code: 30, kind: Other, message: \"Read-only file system\" }")', src/api.rs:2067:43
[INFO] [stdout] stack backtrace:
[INFO] [stdout]    0:     0x55eb49708b90 - std::backtrace_rs::backtrace::libunwind::trace::h34055254b57d8e79
[INFO] [stdout]                                at /rustc/a178d0322ce20e33eac124758e837cbd80a6f633/library/std/src/../../backtrace/src/backtrace/libunwind.rs:90:5
[INFO] [stdout]    1:     0x55eb49708b90 - std::backtrace_rs::backtrace::trace_unsynchronized::h8f1e3fbd9afff6ec
[INFO] [stdout]                                at /rustc/a178d0322ce20e33eac124758e837cbd80a6f633/library/std/src/../../backtrace/src/backtrace/mod.rs:66:5
[INFO] [stdout]    2:     0x55eb49708b90 - std::sys_common::backtrace::_print_fmt::h3a99a796b770c360
[INFO] [stdout]                                at /rustc/a178d0322ce20e33eac124758e837cbd80a6f633/library/std/src/sys_common/backtrace.rs:67:5
[INFO] [stdout]    3:     0x55eb49708b90 - <std::sys_common::backtrace::_print::DisplayBacktrace as core::fmt::Display>::fmt::h32d1f94a80615d18
[INFO] [stdout]                                at /rustc/a178d0322ce20e33eac124758e837cbd80a6f633/library/std/src/sys_common/backtrace.rs:46:22
[INFO] [stdout]    4:     0x55eb4972d91c - core::fmt::write::h306731c068f7162c
[INFO] [stdout]                                at /rustc/a178d0322ce20e33eac124758e837cbd80a6f633/library/core/src/fmt/mod.rs:1110:17
[INFO] [stdout]    5:     0x55eb49705655 - std::io::Write::write_fmt::h87f19b0a2cd190bc
[INFO] [stdout]                                at /rustc/a178d0322ce20e33eac124758e837cbd80a6f633/library/std/src/io/mod.rs:1588:15
[INFO] [stdout]    6:     0x55eb4970b14b - std::sys_common::backtrace::_print::h5abaa2601a852287
[INFO] [stdout]                                at /rustc/a178d0322ce20e33eac124758e837cbd80a6f633/library/std/src/sys_common/backtrace.rs:49:5
[INFO] [stdout]    7:     0x55eb4970b14b - std::sys_common::backtrace::print::h8d81445442bb638f
[INFO] [stdout]                                at /rustc/a178d0322ce20e33eac124758e837cbd80a6f633/library/std/src/sys_common/backtrace.rs:36:9
[INFO] [stdout]    8:     0x55eb4970b14b - std::panicking::default_hook::{{closure}}::hcfe804496a9fa747
[INFO] [stdout]                                at /rustc/a178d0322ce20e33eac124758e837cbd80a6f633/library/std/src/panicking.rs:208:50
[INFO] [stdout]    9:     0x55eb4970ac5c - std::panicking::default_hook::hbea8e3ccf2ba8901
[INFO] [stdout]                                at /rustc/a178d0322ce20e33eac124758e837cbd80a6f633/library/std/src/panicking.rs:222:9
[INFO] [stdout]   10:     0x55eb4970b814 - std::panicking::rust_panic_with_hook::h7ee9e1a2d0f8975a
[INFO] [stdout]                                at /rustc/a178d0322ce20e33eac124758e837cbd80a6f633/library/std/src/panicking.rs:622:17
[INFO] [stdout]   11:     0x55eb4970b2f7 - std::panicking::begin_panic_handler::{{closure}}::h8ab3b4491718b2c7
[INFO] [stdout]                                at /rustc/a178d0322ce20e33eac124758e837cbd80a6f633/library/std/src/panicking.rs:519:13
[INFO] [stdout]   12:     0x55eb4970908c - std::sys_common::backtrace::__rust_end_short_backtrace::hd489062ffa586a9f
[INFO] [stdout]                                at /rustc/a178d0322ce20e33eac124758e837cbd80a6f633/library/std/src/sys_common/backtrace.rs:141:18
[INFO] [stdout]   13:     0x55eb4970b259 - rust_begin_unwind
[INFO] [stdout]                                at /rustc/a178d0322ce20e33eac124758e837cbd80a6f633/library/std/src/panicking.rs:515:5
[INFO] [stdout]   14:     0x55eb495347b1 - core::panicking::panic_fmt::hca6330e3e14086b4
[INFO] [stdout]                                at /rustc/a178d0322ce20e33eac124758e837cbd80a6f633/library/core/src/panicking.rs:92:14
[INFO] [stdout]   15:     0x55eb495348a3 - core::result::unwrap_failed::h6160d2b4bfbb0e87
[INFO] [stdout]                                at /rustc/a178d0322ce20e33eac124758e837cbd80a6f633/library/core/src/result.rs:1355:5
[INFO] [stdout]   16:     0x55eb49637b73 - core::result::Result<T,E>::unwrap::he1b625b1dc90c142
[INFO] [stdout]                                at /rustc/a178d0322ce20e33eac124758e837cbd80a6f633/library/core/src/result.rs:1037:23
[INFO] [stdout]   17:     0x55eb4962e4b9 - j4rs::api::api_unit_tests::test_copy_j4rs_libs_under::ha18ca7d818452bad
[INFO] [stdout]                                at /opt/rustwide/workdir/src/api.rs:2067:9
[INFO] [stdout]   18:     0x55eb4962e45a - j4rs::api::api_unit_tests::test_copy_j4rs_libs_under::{{closure}}::h3dc2f1310b2dff2d
[INFO] [stdout]                                at /opt/rustwide/workdir/src/api.rs:2065:5
[INFO] [stdout]   19:     0x55eb495ccdce - core::ops::function::FnOnce::call_once::h289fdb3d75409649
[INFO] [stdout]                                at /rustc/a178d0322ce20e33eac124758e837cbd80a6f633/library/core/src/ops/function.rs:227:5
[INFO] [stdout]   20:     0x55eb4967d9f3 - core::ops::function::FnOnce::call_once::h152e7e439ff59e19
[INFO] [stdout]                                at /rustc/a178d0322ce20e33eac124758e837cbd80a6f633/library/core/src/ops/function.rs:227:5
[INFO] [stdout]   21:     0x55eb4967d9f3 - test::__rust_begin_short_backtrace::h0908f3b1fdbb72ab
[INFO] [stdout]                                at /rustc/a178d0322ce20e33eac124758e837cbd80a6f633/library/test/src/lib.rs:577:5
[INFO] [stdout]   22:     0x55eb4967c4b0 - <alloc::boxed::Box<F,A> as core::ops::function::FnOnce<Args>>::call_once::hf6d2a51e5587546c
[INFO] [stdout]                                at /rustc/a178d0322ce20e33eac124758e837cbd80a6f633/library/alloc/src/boxed.rs:1575:9
[INFO] [stdout]   23:     0x55eb4967c4b0 - <std::panic::AssertUnwindSafe<F> as core::ops::function::FnOnce<()>>::call_once::h8af660f3a89ef593
[INFO] [stdout]                                at /rustc/a178d0322ce20e33eac124758e837cbd80a6f633/library/std/src/panic.rs:347:9
[INFO] [stdout]   24:     0x55eb4967c4b0 - std::panicking::try::do_call::hd36aef60f84b6d36
[INFO] [stdout]                                at /rustc/a178d0322ce20e33eac124758e837cbd80a6f633/library/std/src/panicking.rs:401:40
[INFO] [stdout]   25:     0x55eb4967c4b0 - std::panicking::try::h9932b4480e69817c
[INFO] [stdout]                                at /rustc/a178d0322ce20e33eac124758e837cbd80a6f633/library/std/src/panicking.rs:365:19
[INFO] [stdout]   26:     0x55eb4967c4b0 - std::panic::catch_unwind::h6aa177099cfff5f8
[INFO] [stdout]                                at /rustc/a178d0322ce20e33eac124758e837cbd80a6f633/library/std/src/panic.rs:434:14
[INFO] [stdout]   27:     0x55eb4967c4b0 - test::run_test_in_process::h5884d6f2d99e20c3
[INFO] [stdout]                                at /rustc/a178d0322ce20e33eac124758e837cbd80a6f633/library/test/src/lib.rs:600:18
[INFO] [stdout]   28:     0x55eb4967c4b0 - test::run_test::run_test_inner::{{closure}}::h6fdc58c6d5f5b6e3
[INFO] [stdout]                                at /rustc/a178d0322ce20e33eac124758e837cbd80a6f633/library/test/src/lib.rs:492:39
[INFO] [stdout]   29:     0x55eb49655b62 - test::run_test::run_test_inner::{{closure}}::h408365d67a78ade8
[INFO] [stdout]                                at /rustc/a178d0322ce20e33eac124758e837cbd80a6f633/library/test/src/lib.rs:519:37
[INFO] [stdout]   30:     0x55eb49655b62 - std::sys_common::backtrace::__rust_begin_short_backtrace::hb560b77c4f701523
[INFO] [stdout]                                at /rustc/a178d0322ce20e33eac124758e837cbd80a6f633/library/std/src/sys_common/backtrace.rs:125:18
[INFO] [stdout]   31:     0x55eb49659718 - std::thread::Builder::spawn_unchecked::{{closure}}::{{closure}}::hf2e7831dad93c597
[INFO] [stdout]                                at /rustc/a178d0322ce20e33eac124758e837cbd80a6f633/library/std/src/thread/mod.rs:481:17
[INFO] [stdout]   32:     0x55eb49659718 - <std::panic::AssertUnwindSafe<F> as core::ops::function::FnOnce<()>>::call_once::hd2e08783d8be4d02
[INFO] [stdout]                                at /rustc/a178d0322ce20e33eac124758e837cbd80a6f633/library/std/src/panic.rs:347:9
[INFO] [stdout]   33:     0x55eb49659718 - std::panicking::try::do_call::h062597b7acfd6b82
[INFO] [stdout]                                at /rustc/a178d0322ce20e33eac124758e837cbd80a6f633/library/std/src/panicking.rs:401:40
[INFO] [stdout]   34:     0x55eb49659718 - std::panicking::try::h0d7b79db04c14552
[INFO] [stdout]                                at /rustc/a178d0322ce20e33eac124758e837cbd80a6f633/library/std/src/panicking.rs:365:19
[INFO] [stdout]   35:     0x55eb49659718 - std::panic::catch_unwind::hb01a0b5e7c8cd43b
[INFO] [stdout]                                at /rustc/a178d0322ce20e33eac124758e837cbd80a6f633/library/std/src/panic.rs:434:14
[INFO] [stdout]   36:     0x55eb49659718 - std::thread::Builder::spawn_unchecked::{{closure}}::h5bde48cc887e0d1e
[INFO] [stdout]                                at /rustc/a178d0322ce20e33eac124758e837cbd80a6f633/library/std/src/thread/mod.rs:480:30
[INFO] [stdout]   37:     0x55eb49659718 - core::ops::function::FnOnce::call_once{{vtable.shim}}::h745ea30807a29e55
[INFO] [stdout]                                at /rustc/a178d0322ce20e33eac124758e837cbd80a6f633/library/core/src/ops/function.rs:227:5
[INFO] [stdout]   38:     0x55eb49711877 - <alloc::boxed::Box<F,A> as core::ops::function::FnOnce<Args>>::call_once::h7ece6cfefaff1005
[INFO] [stdout]                                at /rustc/a178d0322ce20e33eac124758e837cbd80a6f633/library/alloc/src/boxed.rs:1575:9
[INFO] [stdout]   39:     0x55eb49711877 - <alloc::boxed::Box<F,A> as core::ops::function::FnOnce<Args>>::call_once::hb8b48e55c21f193e
[INFO] [stdout]                                at /rustc/a178d0322ce20e33eac124758e837cbd80a6f633/library/alloc/src/boxed.rs:1575:9
[INFO] [stdout]   40:     0x55eb49711877 - std::sys::unix::thread::Thread::new::thread_start::h8c7c4450dba62914
[INFO] [stdout]                                at /rustc/a178d0322ce20e33eac124758e837cbd80a6f633/library/std/src/sys/unix/thread.rs:71:17
[INFO] [stdout]   41:     0x7ff0c9c59609 - start_thread
[INFO] [stdout]   42:     0x7ff0c9a31293 - clone
[INFO] [stdout]   43:                0x0 - <unknown>
[INFO] [stdout] 
[INFO] [stdout] 
[INFO] [stdout] failures:
[INFO] [stdout]     api::api_unit_tests::test_copy_j4rs_libs_under
[INFO] [stdout] 
[INFO] [stdout] test result: FAILED. 43 passed; 1 failed; 0 ignored; 0 measured; 0 filtered out; finished in 12.36s
[INFO] [stdout] 
[INFO] [stderr] error: test failed, to rerun pass '--lib'
[INFO] running `Command { std: "docker" "inspect" "f6f06dfa71fcb5f639dae99b8f9eeacfab42aeb87e3e0ebd87c197b2f88dd6d5", kill_on_drop: false }`
[INFO] running `Command { std: "docker" "rm" "-f" "f6f06dfa71fcb5f639dae99b8f9eeacfab42aeb87e3e0ebd87c197b2f88dd6d5", kill_on_drop: false }`
[INFO] [stdout] f6f06dfa71fcb5f639dae99b8f9eeacfab42aeb87e3e0ebd87c197b2f88dd6d5
