[INFO] fetching crate itconfig 1.1.1...
[INFO] testing itconfig-1.1.1 against 1.54.0 for beta-1.55-1
[INFO] extracting crate itconfig 1.1.1 into /workspace/builds/worker-8/source
[INFO] validating manifest of crates.io crate itconfig 1.1.1 on toolchain 1.54.0
[INFO] running `Command { std: "/workspace/cargo-home/bin/cargo" "+1.54.0" "metadata" "--manifest-path" "Cargo.toml" "--no-deps", kill_on_drop: false }`
[INFO] started tweaking crates.io crate itconfig 1.1.1
[INFO] finished tweaking crates.io crate itconfig 1.1.1
[INFO] tweaked toml for crates.io crate itconfig 1.1.1 written to /workspace/builds/worker-8/source/Cargo.toml
[INFO] running `Command { std: "/workspace/cargo-home/bin/cargo" "+1.54.0" "generate-lockfile" "--manifest-path" "Cargo.toml" "-Zno-index-update", kill_on_drop: false }`
[INFO] [stderr]     Blocking waiting for file lock on package cache
[INFO] running `Command { std: "/workspace/cargo-home/bin/cargo" "+1.54.0" "fetch" "--manifest-path" "Cargo.toml", kill_on_drop: false }`
[INFO] [stderr]     Blocking waiting for file lock on package cache
[INFO] [stderr]     Blocking waiting for file lock on package cache
[INFO] [stderr]  Downloading crates ...
[INFO] [stderr]   Downloaded itconfig-macro v1.1.1
[INFO] running `Command { std: "docker" "create" "-v" "/var/lib/crater-agent-workspace/builds/worker-8/target:/opt/rustwide/target:rw,Z" "-v" "/var/lib/crater-agent-workspace/builds/worker-8/source:/opt/rustwide/workdir:ro,Z" "-v" "/var/lib/crater-agent-workspace/cargo-home:/opt/rustwide/cargo-home:ro,Z" "-v" "/var/lib/crater-agent-workspace/rustup-home:/opt/rustwide/rustup-home:ro,Z" "-e" "SOURCE_DIR=/opt/rustwide/workdir" "-e" "CARGO_TARGET_DIR=/opt/rustwide/target" "-e" "CARGO_HOME=/opt/rustwide/cargo-home" "-e" "RUSTUP_HOME=/opt/rustwide/rustup-home" "-w" "/opt/rustwide/workdir" "-m" "1610612736" "--user" "0:0" "--network" "none" "ghcr.io/rust-lang/crates-build-env/linux@sha256:34b6a614d2c27851fe6cbf88fbd1137609cefab8b10d0615aaeb6fd47975d74e" "/opt/rustwide/cargo-home/bin/cargo" "+1.54.0" "metadata" "--no-deps" "--format-version=1", kill_on_drop: false }`
[INFO] [stdout] 3ea5a3efaf257ee517cfcfe87e9e2b615af707991a45df20a1ea88885aaeb2bf
[INFO] running `Command { std: "docker" "start" "-a" "3ea5a3efaf257ee517cfcfe87e9e2b615af707991a45df20a1ea88885aaeb2bf", kill_on_drop: false }`
[INFO] running `Command { std: "docker" "inspect" "3ea5a3efaf257ee517cfcfe87e9e2b615af707991a45df20a1ea88885aaeb2bf", kill_on_drop: false }`
[INFO] running `Command { std: "docker" "rm" "-f" "3ea5a3efaf257ee517cfcfe87e9e2b615af707991a45df20a1ea88885aaeb2bf", kill_on_drop: false }`
[INFO] [stdout] 3ea5a3efaf257ee517cfcfe87e9e2b615af707991a45df20a1ea88885aaeb2bf
[INFO] running `Command { std: "docker" "create" "-v" "/var/lib/crater-agent-workspace/builds/worker-8/target:/opt/rustwide/target:rw,Z" "-v" "/var/lib/crater-agent-workspace/builds/worker-8/source:/opt/rustwide/workdir:ro,Z" "-v" "/var/lib/crater-agent-workspace/cargo-home:/opt/rustwide/cargo-home:ro,Z" "-v" "/var/lib/crater-agent-workspace/rustup-home:/opt/rustwide/rustup-home:ro,Z" "-e" "SOURCE_DIR=/opt/rustwide/workdir" "-e" "CARGO_TARGET_DIR=/opt/rustwide/target" "-e" "CARGO_INCREMENTAL=0" "-e" "RUST_BACKTRACE=full" "-e" "RUSTFLAGS=--cap-lints=warn" "-e" "CARGO_HOME=/opt/rustwide/cargo-home" "-e" "RUSTUP_HOME=/opt/rustwide/rustup-home" "-w" "/opt/rustwide/workdir" "-m" "1610612736" "--user" "0:0" "--network" "none" "ghcr.io/rust-lang/crates-build-env/linux@sha256:34b6a614d2c27851fe6cbf88fbd1137609cefab8b10d0615aaeb6fd47975d74e" "/opt/rustwide/cargo-home/bin/cargo" "+1.54.0" "build" "--frozen" "--message-format=json", kill_on_drop: false }`
[INFO] [stdout] 1633992c44937138585b749fc3bcdd00d83fe1db7e7a9afd660994e6aa1f7502
[INFO] running `Command { std: "docker" "start" "-a" "1633992c44937138585b749fc3bcdd00d83fe1db7e7a9afd660994e6aa1f7502", kill_on_drop: false }`
[INFO] [stderr]    Compiling itconfig v1.1.1 (/opt/rustwide/workdir)
[INFO] [stderr]     Finished dev [unoptimized + debuginfo] target(s) in 0.83s
[INFO] running `Command { std: "docker" "inspect" "1633992c44937138585b749fc3bcdd00d83fe1db7e7a9afd660994e6aa1f7502", kill_on_drop: false }`
[INFO] running `Command { std: "docker" "rm" "-f" "1633992c44937138585b749fc3bcdd00d83fe1db7e7a9afd660994e6aa1f7502", kill_on_drop: false }`
[INFO] [stdout] 1633992c44937138585b749fc3bcdd00d83fe1db7e7a9afd660994e6aa1f7502
[INFO] running `Command { std: "docker" "create" "-v" "/var/lib/crater-agent-workspace/builds/worker-8/target:/opt/rustwide/target:rw,Z" "-v" "/var/lib/crater-agent-workspace/builds/worker-8/source:/opt/rustwide/workdir:ro,Z" "-v" "/var/lib/crater-agent-workspace/cargo-home:/opt/rustwide/cargo-home:ro,Z" "-v" "/var/lib/crater-agent-workspace/rustup-home:/opt/rustwide/rustup-home:ro,Z" "-e" "SOURCE_DIR=/opt/rustwide/workdir" "-e" "CARGO_TARGET_DIR=/opt/rustwide/target" "-e" "CARGO_INCREMENTAL=0" "-e" "RUST_BACKTRACE=full" "-e" "RUSTFLAGS=--cap-lints=warn" "-e" "CARGO_HOME=/opt/rustwide/cargo-home" "-e" "RUSTUP_HOME=/opt/rustwide/rustup-home" "-w" "/opt/rustwide/workdir" "-m" "1610612736" "--user" "0:0" "--network" "none" "ghcr.io/rust-lang/crates-build-env/linux@sha256:34b6a614d2c27851fe6cbf88fbd1137609cefab8b10d0615aaeb6fd47975d74e" "/opt/rustwide/cargo-home/bin/cargo" "+1.54.0" "test" "--frozen" "--no-run" "--message-format=json", kill_on_drop: false }`
[INFO] [stdout] 7fd0f97e00d6ffed1bb2e11759ea7a4e2cdb17957cdde5e038ec931d7f7d5da8
[INFO] running `Command { std: "docker" "start" "-a" "7fd0f97e00d6ffed1bb2e11759ea7a4e2cdb17957cdde5e038ec931d7f7d5da8", kill_on_drop: false }`
[INFO] [stderr]    Compiling itconfig v1.1.1 (/opt/rustwide/workdir)
[INFO] [stderr]     Finished test [unoptimized + debuginfo] target(s) in 1.69s
[INFO] running `Command { std: "docker" "inspect" "7fd0f97e00d6ffed1bb2e11759ea7a4e2cdb17957cdde5e038ec931d7f7d5da8", kill_on_drop: false }`
[INFO] running `Command { std: "docker" "rm" "-f" "7fd0f97e00d6ffed1bb2e11759ea7a4e2cdb17957cdde5e038ec931d7f7d5da8", kill_on_drop: false }`
[INFO] [stdout] 7fd0f97e00d6ffed1bb2e11759ea7a4e2cdb17957cdde5e038ec931d7f7d5da8
[INFO] running `Command { std: "docker" "create" "-v" "/var/lib/crater-agent-workspace/builds/worker-8/target:/opt/rustwide/target:rw,Z" "-v" "/var/lib/crater-agent-workspace/builds/worker-8/source:/opt/rustwide/workdir:ro,Z" "-v" "/var/lib/crater-agent-workspace/cargo-home:/opt/rustwide/cargo-home:ro,Z" "-v" "/var/lib/crater-agent-workspace/rustup-home:/opt/rustwide/rustup-home:ro,Z" "-e" "SOURCE_DIR=/opt/rustwide/workdir" "-e" "CARGO_TARGET_DIR=/opt/rustwide/target" "-e" "CARGO_INCREMENTAL=0" "-e" "RUST_BACKTRACE=full" "-e" "RUSTFLAGS=--cap-lints=warn" "-e" "CARGO_HOME=/opt/rustwide/cargo-home" "-e" "RUSTUP_HOME=/opt/rustwide/rustup-home" "-w" "/opt/rustwide/workdir" "-m" "1610612736" "--user" "0:0" "--network" "none" "ghcr.io/rust-lang/crates-build-env/linux@sha256:34b6a614d2c27851fe6cbf88fbd1137609cefab8b10d0615aaeb6fd47975d74e" "/opt/rustwide/cargo-home/bin/cargo" "+1.54.0" "test" "--frozen", kill_on_drop: false }`
[INFO] [stdout] f6106a524e9e593acb81696e7dea86a1cdc476e35e15c3dc6815306ee680c559
[INFO] running `Command { std: "docker" "start" "-a" "f6106a524e9e593acb81696e7dea86a1cdc476e35e15c3dc6815306ee680c559", kill_on_drop: false }`
[INFO] [stderr]     Finished test [unoptimized + debuginfo] target(s) in 0.02s
[INFO] [stderr]      Running unittests (/opt/rustwide/target/debug/deps/itconfig-8265a50d7457520d)
[INFO] [stdout] 
[INFO] [stdout] running 23 tests
[INFO] [stdout] test get_env::tests::get_env_with_default_successfully ... ok
[INFO] [stdout] test get_env::tests::get_missing_env_with_default_value ... ok
[INFO] [stdout] test get_env::tests::get_missing_env_with_set_default_value ... ok
[INFO] [stdout] test get_env::tests::get_optional_env ... ok
[INFO] [stdout] test get_env::tests::get_result_of_env_successfully ... ok
[INFO] [stdout] test get_env::tests::get_result_of_env_with_invalid_value ... ok
[INFO] [stdout] test get_env::tests::get_result_of_missing_env ... ok
[INFO] [stdout] test get_vec_env::tests::get_custom_type_from_vec_env ... ok
[INFO] [stdout] test get_vec_env::tests::get_missing_vec_env_with_default_value ... ok
[INFO] [stdout] test get_vec_env::tests::get_missing_vec_env_with_set_default_value ... ok
[INFO] [stdout] test get_vec_env::tests::get_optional_vec_env ... ok
[INFO] [stdout] test get_vec_env::tests::get_result_of_missing_vec_env ... ok
[INFO] [stdout] test get_vec_env::tests::get_result_of_vec_env_successfully ... ok
[INFO] [stdout] test get_vec_env::tests::get_result_of_vec_env_with_invalid_value ... ok
[INFO] [stdout] test get_vec_env::tests::get_vec_env_with_default_successfully ... ok
[INFO] [stdout] test get_env::tests::get_missing_env - should panic ... ok
[INFO] [stdout] test get_env::tests::get_env_with_invalid_default_value - should panic ... ok
[INFO] [stdout] test get_env::tests::get_env_with_invalid_value - should panic ... ok
[INFO] [stdout] test get_env::tests::get_invalid_env_with_default_value - should panic ... ok
[INFO] [stderr]    Doc-tests itconfig
[INFO] [stdout] test get_vec_env::tests::get_invalid_vec_env_with_default_value - should panic ... ok
[INFO] [stdout] test get_vec_env::tests::get_missing_vec_env - should panic ... ok
[INFO] [stdout] test get_vec_env::tests::get_vec_env_with_invalid_default_value - should panic ... ok
[INFO] [stdout] test get_vec_env::tests::get_vec_env_with_invalid_value - should panic ... ok
[INFO] [stdout] 
[INFO] [stdout] test result: ok. 23 passed; 0 failed; 0 ignored; 0 measured; 0 filtered out; finished in 0.10s
[INFO] [stdout] 
[INFO] [stdout] 
[INFO] [stdout] running 11 tests
[INFO] [stdout] test src/lib.rs - (line 37) ... FAILED
[INFO] [stdout] test src/get_env.rs - get_env::get_env (line 54) ... ok
[INFO] [stdout] test src/get_env.rs - get_env::get_env_or_set_default (line 116) ... ok
[INFO] [stdout] test src/get_env.rs - get_env::get_env_or_default (line 87) ... ok
[INFO] [stdout] test src/lib.rs - (line 92) ... ok
[INFO] [stdout] test src/get_vec_env.rs - get_vec_env::get_vec_env (line 75) ... ok
[INFO] [stdout] test src/get_env.rs - get_env::maybe_get_env (line 11) ... ok
[INFO] [stdout] test src/envstr.rs - envstr::ToEnvString::to_env_string (line 43) ... ok
[INFO] [stdout] test src/get_vec_env.rs - get_vec_env::get_vec_env_or_set_default (line 137) ... ok
[INFO] [stdout] test src/get_vec_env.rs - get_vec_env::get_vec_env_or_default (line 108) ... ok
[INFO] [stdout] test src/get_vec_env.rs - get_vec_env::maybe_get_vec_env (line 11) ... ok
[INFO] [stdout] 
[INFO] [stdout] failures:
[INFO] [stdout] 
[INFO] [stdout] ---- src/lib.rs - (line 37) stdout ----
[INFO] [stdout] error[E0432]: unresolved import `itconfig::config`
[INFO] [stdout]  --> src/lib.rs:38:5
[INFO] [stdout]   |
[INFO] [stdout] 3 | use itconfig::config;
[INFO] [stdout]   |     ^^^^^^^^^^^^^^^^ no `config` in the root
[INFO] [stdout] 
[INFO] [stdout] error: cannot determine resolution for the macro `config`
[INFO] [stdout]  --> src/lib.rs:42:1
[INFO] [stdout]   |
[INFO] [stdout] 7 | config! {
[INFO] [stdout]   | ^^^^^^
[INFO] [stdout]   |
[INFO] [stdout]   = note: import resolution is stuck, try simplifying macro imports
[INFO] [stdout] 
[INFO] [stdout] error: aborting due to 2 previous errors
[INFO] [stdout] 
[INFO] [stdout] For more information about this error, try `rustc --explain E0432`.
[INFO] [stdout] Couldn't compile the test.
[INFO] [stdout] 
[INFO] [stdout] failures:
[INFO] [stdout]     src/lib.rs - (line 37)
[INFO] [stdout] 
[INFO] [stdout] test result: FAILED. 10 passed; 1 failed; 0 ignored; 0 measured; 0 filtered out; finished in 1.18s
[INFO] [stdout] 
[INFO] [stderr] error: test failed, to rerun pass '--doc'
[INFO] running `Command { std: "docker" "inspect" "f6106a524e9e593acb81696e7dea86a1cdc476e35e15c3dc6815306ee680c559", kill_on_drop: false }`
[INFO] running `Command { std: "docker" "rm" "-f" "f6106a524e9e593acb81696e7dea86a1cdc476e35e15c3dc6815306ee680c559", kill_on_drop: false }`
[INFO] [stdout] f6106a524e9e593acb81696e7dea86a1cdc476e35e15c3dc6815306ee680c559
