[INFO] fetching crate is_executable 1.0.1...
[INFO] testing is_executable-1.0.1 against beta-2021-08-01 for beta-1.55-1
[INFO] extracting crate is_executable 1.0.1 into /workspace/builds/worker-83/source
[INFO] validating manifest of crates.io crate is_executable 1.0.1 on toolchain beta-2021-08-01
[INFO] running `Command { std: "/workspace/cargo-home/bin/cargo" "+beta-2021-08-01" "metadata" "--manifest-path" "Cargo.toml" "--no-deps", kill_on_drop: false }`
[INFO] started tweaking crates.io crate is_executable 1.0.1
[INFO] finished tweaking crates.io crate is_executable 1.0.1
[INFO] tweaked toml for crates.io crate is_executable 1.0.1 written to /workspace/builds/worker-83/source/Cargo.toml
[INFO] running `Command { std: "/workspace/cargo-home/bin/cargo" "+beta-2021-08-01" "generate-lockfile" "--manifest-path" "Cargo.toml" "-Zno-index-update", kill_on_drop: false }`
[INFO] running `Command { std: "/workspace/cargo-home/bin/cargo" "+beta-2021-08-01" "fetch" "--manifest-path" "Cargo.toml", kill_on_drop: false }`
[INFO] running `Command { std: "docker" "create" "-v" "/var/lib/crater-agent-workspace/builds/worker-83/target:/opt/rustwide/target:rw,Z" "-v" "/var/lib/crater-agent-workspace/builds/worker-83/source:/opt/rustwide/workdir:ro,Z" "-v" "/var/lib/crater-agent-workspace/cargo-home:/opt/rustwide/cargo-home:ro,Z" "-v" "/var/lib/crater-agent-workspace/rustup-home:/opt/rustwide/rustup-home:ro,Z" "-e" "SOURCE_DIR=/opt/rustwide/workdir" "-e" "CARGO_TARGET_DIR=/opt/rustwide/target" "-e" "CARGO_HOME=/opt/rustwide/cargo-home" "-e" "RUSTUP_HOME=/opt/rustwide/rustup-home" "-w" "/opt/rustwide/workdir" "-m" "1610612736" "--user" "0:0" "--network" "none" "ghcr.io/rust-lang/crates-build-env/linux@sha256:34b6a614d2c27851fe6cbf88fbd1137609cefab8b10d0615aaeb6fd47975d74e" "/opt/rustwide/cargo-home/bin/cargo" "+beta-2021-08-01" "metadata" "--no-deps" "--format-version=1", kill_on_drop: false }`
[INFO] [stdout] da98764a579fe6e0e34ec9927f7c840555a555046a7feeaf07c24bd965f88c05
[INFO] running `Command { std: "docker" "start" "-a" "da98764a579fe6e0e34ec9927f7c840555a555046a7feeaf07c24bd965f88c05", kill_on_drop: false }`
[INFO] running `Command { std: "docker" "inspect" "da98764a579fe6e0e34ec9927f7c840555a555046a7feeaf07c24bd965f88c05", kill_on_drop: false }`
[INFO] running `Command { std: "docker" "rm" "-f" "da98764a579fe6e0e34ec9927f7c840555a555046a7feeaf07c24bd965f88c05", kill_on_drop: false }`
[INFO] [stdout] da98764a579fe6e0e34ec9927f7c840555a555046a7feeaf07c24bd965f88c05
[INFO] running `Command { std: "docker" "create" "-v" "/var/lib/crater-agent-workspace/builds/worker-83/target:/opt/rustwide/target:rw,Z" "-v" "/var/lib/crater-agent-workspace/builds/worker-83/source:/opt/rustwide/workdir:ro,Z" "-v" "/var/lib/crater-agent-workspace/cargo-home:/opt/rustwide/cargo-home:ro,Z" "-v" "/var/lib/crater-agent-workspace/rustup-home:/opt/rustwide/rustup-home:ro,Z" "-e" "SOURCE_DIR=/opt/rustwide/workdir" "-e" "CARGO_TARGET_DIR=/opt/rustwide/target" "-e" "CARGO_INCREMENTAL=0" "-e" "RUST_BACKTRACE=full" "-e" "RUSTFLAGS=--cap-lints=warn" "-e" "CARGO_HOME=/opt/rustwide/cargo-home" "-e" "RUSTUP_HOME=/opt/rustwide/rustup-home" "-w" "/opt/rustwide/workdir" "-m" "1610612736" "--user" "0:0" "--network" "none" "ghcr.io/rust-lang/crates-build-env/linux@sha256:34b6a614d2c27851fe6cbf88fbd1137609cefab8b10d0615aaeb6fd47975d74e" "/opt/rustwide/cargo-home/bin/cargo" "+beta-2021-08-01" "build" "--frozen" "--message-format=json", kill_on_drop: false }`
[INFO] [stdout] 9c50ccdfd6f44433b096324a28929532b0108606f59fcfc47e46c335f2ed0e1c
[INFO] running `Command { std: "docker" "start" "-a" "9c50ccdfd6f44433b096324a28929532b0108606f59fcfc47e46c335f2ed0e1c", kill_on_drop: false }`
[INFO] [stderr]    Compiling is_executable v1.0.1 (/opt/rustwide/workdir)
[INFO] [stderr]     Finished dev [unoptimized + debuginfo] target(s) in 0.27s
[INFO] running `Command { std: "docker" "inspect" "9c50ccdfd6f44433b096324a28929532b0108606f59fcfc47e46c335f2ed0e1c", kill_on_drop: false }`
[INFO] running `Command { std: "docker" "rm" "-f" "9c50ccdfd6f44433b096324a28929532b0108606f59fcfc47e46c335f2ed0e1c", kill_on_drop: false }`
[INFO] [stdout] 9c50ccdfd6f44433b096324a28929532b0108606f59fcfc47e46c335f2ed0e1c
[INFO] running `Command { std: "docker" "create" "-v" "/var/lib/crater-agent-workspace/builds/worker-83/target:/opt/rustwide/target:rw,Z" "-v" "/var/lib/crater-agent-workspace/builds/worker-83/source:/opt/rustwide/workdir:ro,Z" "-v" "/var/lib/crater-agent-workspace/cargo-home:/opt/rustwide/cargo-home:ro,Z" "-v" "/var/lib/crater-agent-workspace/rustup-home:/opt/rustwide/rustup-home:ro,Z" "-e" "SOURCE_DIR=/opt/rustwide/workdir" "-e" "CARGO_TARGET_DIR=/opt/rustwide/target" "-e" "CARGO_INCREMENTAL=0" "-e" "RUST_BACKTRACE=full" "-e" "RUSTFLAGS=--cap-lints=warn" "-e" "CARGO_HOME=/opt/rustwide/cargo-home" "-e" "RUSTUP_HOME=/opt/rustwide/rustup-home" "-w" "/opt/rustwide/workdir" "-m" "1610612736" "--user" "0:0" "--network" "none" "ghcr.io/rust-lang/crates-build-env/linux@sha256:34b6a614d2c27851fe6cbf88fbd1137609cefab8b10d0615aaeb6fd47975d74e" "/opt/rustwide/cargo-home/bin/cargo" "+beta-2021-08-01" "test" "--frozen" "--no-run" "--message-format=json", kill_on_drop: false }`
[INFO] [stdout] 6d27c7b4dc0beef6c823dab526d66262ffcb5c14c2b334aaf44136ff83951fc2
[INFO] running `Command { std: "docker" "start" "-a" "6d27c7b4dc0beef6c823dab526d66262ffcb5c14c2b334aaf44136ff83951fc2", kill_on_drop: false }`
[INFO] [stderr]    Compiling diff v0.1.12
[INFO] [stderr]    Compiling is_executable v1.0.1 (/opt/rustwide/workdir)
[INFO] [stderr]     Finished test [unoptimized + debuginfo] target(s) in 1.59s
[INFO] running `Command { std: "docker" "inspect" "6d27c7b4dc0beef6c823dab526d66262ffcb5c14c2b334aaf44136ff83951fc2", kill_on_drop: false }`
[INFO] running `Command { std: "docker" "rm" "-f" "6d27c7b4dc0beef6c823dab526d66262ffcb5c14c2b334aaf44136ff83951fc2", kill_on_drop: false }`
[INFO] [stdout] 6d27c7b4dc0beef6c823dab526d66262ffcb5c14c2b334aaf44136ff83951fc2
[INFO] running `Command { std: "docker" "create" "-v" "/var/lib/crater-agent-workspace/builds/worker-83/target:/opt/rustwide/target:rw,Z" "-v" "/var/lib/crater-agent-workspace/builds/worker-83/source:/opt/rustwide/workdir:ro,Z" "-v" "/var/lib/crater-agent-workspace/cargo-home:/opt/rustwide/cargo-home:ro,Z" "-v" "/var/lib/crater-agent-workspace/rustup-home:/opt/rustwide/rustup-home:ro,Z" "-e" "SOURCE_DIR=/opt/rustwide/workdir" "-e" "CARGO_TARGET_DIR=/opt/rustwide/target" "-e" "CARGO_INCREMENTAL=0" "-e" "RUST_BACKTRACE=full" "-e" "RUSTFLAGS=--cap-lints=warn" "-e" "CARGO_HOME=/opt/rustwide/cargo-home" "-e" "RUSTUP_HOME=/opt/rustwide/rustup-home" "-w" "/opt/rustwide/workdir" "-m" "1610612736" "--user" "0:0" "--network" "none" "ghcr.io/rust-lang/crates-build-env/linux@sha256:34b6a614d2c27851fe6cbf88fbd1137609cefab8b10d0615aaeb6fd47975d74e" "/opt/rustwide/cargo-home/bin/cargo" "+beta-2021-08-01" "test" "--frozen", kill_on_drop: false }`
[INFO] [stdout] 4a6b9aab9d4fbef901c3367ac80c529212b96ff5c18db3f060e384f8877d7d5d
[INFO] running `Command { std: "docker" "start" "-a" "4a6b9aab9d4fbef901c3367ac80c529212b96ff5c18db3f060e384f8877d7d5d", kill_on_drop: false }`
[INFO] [stderr]     Finished test [unoptimized + debuginfo] target(s) in 0.05s
[INFO] [stderr]      Running unittests (/opt/rustwide/target/debug/deps/is_executable-6b623d6a0339996c)
[INFO] [stdout] 
[INFO] [stderr]      Running tests/tests.rs (/opt/rustwide/target/debug/deps/tests-e82e0c39fd49b9b6)
[INFO] [stdout] running 0 tests
[INFO] [stdout] 
[INFO] [stdout] test result: ok. 0 passed; 0 failed; 0 ignored; 0 measured; 0 filtered out; finished in 0.00s
[INFO] [stdout] 
[INFO] [stdout] 
[INFO] [stdout] running 7 tests
[INFO] [stdout] test non_existant ... ok
[INFO] [stdout] test not_executable ... ok
[INFO] [stdout] test unix::executable ... ok
[INFO] [stdout] test unix::executable_symlink ... ok
[INFO] [stdout] test unix::not_executable_directory ... ok
[INFO] [stdout] test unix::not_executable_symlink ... ok
[INFO] [stdout] test unix::cargo_readme_up_to_date ... FAILED
[INFO] [stdout] 
[INFO] [stdout] failures:
[INFO] [stdout] 
[INFO] [stdout] ---- unix::cargo_readme_up_to_date stdout ----
[INFO] [stdout] Checking that `cargo readme > README.md` is up to date...
[INFO] [stdout] 
[INFO] [stdout] +++ expected README.md
[INFO] [stdout] --- actual README.md
[INFO] [stdout] -[![Build Status](https://travis-ci.org/fitzgen/is_executable.svg?branch=master)](https://travis-ci.org/fitzgen/is_executable)
[INFO] [stdout] -
[INFO] [stdout] -# is_executable
[INFO] [stdout] -
[INFO] [stdout] -Is there an executable file at the given path?
[INFO] [stdout] -
[INFO] [stdout] -[![](https://docs.rs/is_executable/badge.svg)](https://docs.rs/is_executable/) [![](http://meritbadge.herokuapp.com/is_executable) ![](https://img.shields.io/crates/d/is_executable.png)](https://crates.io/crates/is_executable) [![Unix Build Status](https://travis-ci.org/fitzgen/is_executable.png?branch=master)](https://travis-ci.org/fitzgen/is_executable) [![Windows Build Status](https://ci.appveyor.com/api/projects/status/github/fitzgen/is_executable?branch=master&svg=true)](https://ci.appveyor.com/project/fitzgen/is-executable)
[INFO] [stdout] -
[INFO] [stdout] -A small helper function which determines whether or not the given path points to
[INFO] [stdout] -an executable file. If there is no file at the given path, or the file is not
[INFO] [stdout] -executable, then `false` is returned. When there is a file and the file is
[INFO] [stdout] -executable, then `true` is returned.
[INFO] [stdout] -
[INFO] [stdout] -This crate works on both unix-based operating systems (mac, linux, freebsd, etc.) and Windows.
[INFO] [stdout] -
[INFO] [stdout] -The API comes in two flavors:
[INFO] [stdout] -
[INFO] [stdout] -1. An extension trait to add an `is_executable` method on `std::path::Path`:
[INFO] [stdout] -
[INFO] [stdout] -    ```rust
[INFO] [stdout] -    use std::path::Path;
[INFO] [stdout] -
[INFO] [stdout] -    use is_executable::IsExecutable;
[INFO] [stdout] -
[INFO] [stdout] -    fn main() {
[INFO] [stdout] -        let path = Path::new("some/path/to/a/file");
[INFO] [stdout] -
[INFO] [stdout] -        // Determine if `path` is executable.
[INFO] [stdout] -        if path.is_executable() {
[INFO] [stdout] -            println!("The path is executable!");
[INFO] [stdout] -        } else {
[INFO] [stdout] -            println!("The path is _not_ executable!");
[INFO] [stdout] -        }
[INFO] [stdout] -    }
[INFO] [stdout] -    ```
[INFO] [stdout] -
[INFO] [stdout] -2. For convenience, a standalone `is_executable` function, which takes any
[INFO] [stdout] -`AsRef<Path>`:
[INFO] [stdout] -
[INFO] [stdout] -    ```rust
[INFO] [stdout] -    use std::path::Path;
[INFO] [stdout] -
[INFO] [stdout] -    use is_executable::is_executable;
[INFO] [stdout] -
[INFO] [stdout] -    fn main() {
[INFO] [stdout] -        let path = Path::new("some/path/to/a/file");
[INFO] [stdout] -
[INFO] [stdout] -        // Determine if `path` is executable.
[INFO] [stdout] -        if is_executable(&path) {
[INFO] [stdout] -            println!("The path is executable!");
[INFO] [stdout] -        } else {
[INFO] [stdout] -            println!("The path is _not_ executable!");
[INFO] [stdout] -        }
[INFO] [stdout] -    }
[INFO] [stdout] -    ```
[INFO] [stdout] -
[INFO] [stdout] -License: Apache-2.0/MIT
[INFO] [stdout] -
[INFO] [stdout] thread 'unix::cargo_readme_up_to_date' panicked at 'Run `cargo readme > README.md` to update README.md', tests/tests.rs:51:13
[INFO] [stdout] stack backtrace:
[INFO] [stdout]    0:     0x563b9467b6a0 - std::backtrace_rs::backtrace::libunwind::trace::hff4d1766e93f64f1
[INFO] [stdout]                                at /rustc/53fd98ca776cb875bc9e5514f56b52eb74f9e7a9/library/std/src/../../backtrace/src/backtrace/libunwind.rs:90:5
[INFO] [stdout]    1:     0x563b9467b6a0 - std::backtrace_rs::backtrace::trace_unsynchronized::h56bbc8eb78770bcb
[INFO] [stdout]                                at /rustc/53fd98ca776cb875bc9e5514f56b52eb74f9e7a9/library/std/src/../../backtrace/src/backtrace/mod.rs:66:5
[INFO] [stdout]    2:     0x563b9467b6a0 - std::sys_common::backtrace::_print_fmt::h5c8e75464faca780
[INFO] [stdout]                                at /rustc/53fd98ca776cb875bc9e5514f56b52eb74f9e7a9/library/std/src/sys_common/backtrace.rs:67:5
[INFO] [stdout]    3:     0x563b9467b6a0 - <std::sys_common::backtrace::_print::DisplayBacktrace as core::fmt::Display>::fmt::h48b88277def8b362
[INFO] [stdout]                                at /rustc/53fd98ca776cb875bc9e5514f56b52eb74f9e7a9/library/std/src/sys_common/backtrace.rs:46:22
[INFO] [stdout]    4:     0x563b9469dfbc - core::fmt::write::h3381b3176fe2b3d3
[INFO] [stdout]                                at /rustc/53fd98ca776cb875bc9e5514f56b52eb74f9e7a9/library/core/src/fmt/mod.rs:1115:17
[INFO] [stdout]    5:     0x563b946785f5 - std::io::Write::write_fmt::h5f34a676f60246b5
[INFO] [stdout]                                at /rustc/53fd98ca776cb875bc9e5514f56b52eb74f9e7a9/library/std/src/io/mod.rs:1665:15
[INFO] [stdout]    6:     0x563b9467d81b - std::sys_common::backtrace::_print::ha537687d6c17dd0d
[INFO] [stdout]                                at /rustc/53fd98ca776cb875bc9e5514f56b52eb74f9e7a9/library/std/src/sys_common/backtrace.rs:49:5
[INFO] [stdout]    7:     0x563b9467d81b - std::sys_common::backtrace::print::h61376ae57d131d72
[INFO] [stdout]                                at /rustc/53fd98ca776cb875bc9e5514f56b52eb74f9e7a9/library/std/src/sys_common/backtrace.rs:36:9
[INFO] [stdout]    8:     0x563b9467d81b - std::panicking::default_hook::{{closure}}::h0f7208c0b9644a54
[INFO] [stdout]                                at /rustc/53fd98ca776cb875bc9e5514f56b52eb74f9e7a9/library/std/src/panicking.rs:208:50
[INFO] [stdout]    9:     0x563b9467d32c - std::panicking::default_hook::hdac7fc06578c14ce
[INFO] [stdout]                                at /rustc/53fd98ca776cb875bc9e5514f56b52eb74f9e7a9/library/std/src/panicking.rs:222:9
[INFO] [stdout]   10:     0x563b9467dee4 - std::panicking::rust_panic_with_hook::h72b21c283da3d1ef
[INFO] [stdout]                                at /rustc/53fd98ca776cb875bc9e5514f56b52eb74f9e7a9/library/std/src/panicking.rs:622:17
[INFO] [stdout]   11:     0x563b946155af - std::panicking::begin_panic::{{closure}}::h485c77960dc9d6db
[INFO] [stdout]                                at /rustc/53fd98ca776cb875bc9e5514f56b52eb74f9e7a9/library/std/src/panicking.rs:542:9
[INFO] [stdout]   12:     0x563b94614118 - std::sys_common::backtrace::__rust_end_short_backtrace::hccb37d5d68121848
[INFO] [stdout]                                at /rustc/53fd98ca776cb875bc9e5514f56b52eb74f9e7a9/library/std/src/sys_common/backtrace.rs:141:18
[INFO] [stdout]   13:     0x563b946154f5 - std::panicking::begin_panic::hc38b9f75c5246705
[INFO] [stdout]                                at /rustc/53fd98ca776cb875bc9e5514f56b52eb74f9e7a9/library/std/src/panicking.rs:541:12
[INFO] [stdout]   14:     0x563b94615089 - tests::unix::cargo_readme_up_to_date::h581c36ea82097838
[INFO] [stdout]                                at /opt/rustwide/workdir/tests/tests.rs:51:13
[INFO] [stdout]   15:     0x563b9461474a - tests::unix::cargo_readme_up_to_date::{{closure}}::h6d80f7747e573dd7
[INFO] [stdout]                                at /opt/rustwide/workdir/tests/tests.rs:16:5
[INFO] [stdout]   16:     0x563b9461348e - core::ops::function::FnOnce::call_once::h2825e637c7835a05
[INFO] [stdout]                                at /rustc/53fd98ca776cb875bc9e5514f56b52eb74f9e7a9/library/core/src/ops/function.rs:227:5
[INFO] [stdout]   17:     0x563b9464c9c3 - core::ops::function::FnOnce::call_once::hbb52c4519d3137b0
[INFO] [stdout]                                at /rustc/53fd98ca776cb875bc9e5514f56b52eb74f9e7a9/library/core/src/ops/function.rs:227:5
[INFO] [stdout]   18:     0x563b9464c9c3 - test::__rust_begin_short_backtrace::h86fe3a2a5a5121af
[INFO] [stdout]                                at /rustc/53fd98ca776cb875bc9e5514f56b52eb74f9e7a9/library/test/src/lib.rs:578:5
[INFO] [stdout]   19:     0x563b9464b478 - <alloc::boxed::Box<F,A> as core::ops::function::FnOnce<Args>>::call_once::hfd956bc3d57399be
[INFO] [stdout]                                at /rustc/53fd98ca776cb875bc9e5514f56b52eb74f9e7a9/library/alloc/src/boxed.rs:1572:9
[INFO] [stdout]   20:     0x563b9464b478 - <std::panic::AssertUnwindSafe<F> as core::ops::function::FnOnce<()>>::call_once::h40dc93e0ddb5938a
[INFO] [stdout]                                at /rustc/53fd98ca776cb875bc9e5514f56b52eb74f9e7a9/library/std/src/panic.rs:347:9
[INFO] [stdout]   21:     0x563b9464b478 - std::panicking::try::do_call::h90d07750cb47c562
[INFO] [stdout]                                at /rustc/53fd98ca776cb875bc9e5514f56b52eb74f9e7a9/library/std/src/panicking.rs:401:40
[INFO] [stdout]   22:     0x563b9464b478 - std::panicking::try::h063c84733ad2a629
[INFO] [stdout]                                at /rustc/53fd98ca776cb875bc9e5514f56b52eb74f9e7a9/library/std/src/panicking.rs:365:19
[INFO] [stdout]   23:     0x563b9464b478 - std::panic::catch_unwind::h0c464836a84e7c08
[INFO] [stdout]                                at /rustc/53fd98ca776cb875bc9e5514f56b52eb74f9e7a9/library/std/src/panic.rs:434:14
[INFO] [stdout]   24:     0x563b9464b478 - test::run_test_in_process::h5cb06ef620b157fc
[INFO] [stdout]                                at /rustc/53fd98ca776cb875bc9e5514f56b52eb74f9e7a9/library/test/src/lib.rs:601:18
[INFO] [stdout]   25:     0x563b9464b478 - test::run_test::run_test_inner::{{closure}}::h76f677f4b93f9828
[INFO] [stdout]                                at /rustc/53fd98ca776cb875bc9e5514f56b52eb74f9e7a9/library/test/src/lib.rs:493:39
[INFO] [stdout]   26:     0x563b94619c0d - test::run_test::run_test_inner::{{closure}}::h366d01fe04f4d67a
[INFO] [stdout]                                at /rustc/53fd98ca776cb875bc9e5514f56b52eb74f9e7a9/library/test/src/lib.rs:520:37
[INFO] [stdout]   27:     0x563b94619c0d - std::sys_common::backtrace::__rust_begin_short_backtrace::h7dfa0de4eb395af2
[INFO] [stdout]                                at /rustc/53fd98ca776cb875bc9e5514f56b52eb74f9e7a9/library/std/src/sys_common/backtrace.rs:125:18
[INFO] [stdout]   28:     0x563b9461e3d8 - std::thread::Builder::spawn_unchecked::{{closure}}::{{closure}}::hf0a74bb58798037f
[INFO] [stdout]                                at /rustc/53fd98ca776cb875bc9e5514f56b52eb74f9e7a9/library/std/src/thread/mod.rs:476:17
[INFO] [stdout]   29:     0x563b9461e3d8 - <std::panic::AssertUnwindSafe<F> as core::ops::function::FnOnce<()>>::call_once::hb024e854818586ac
[INFO] [stdout]                                at /rustc/53fd98ca776cb875bc9e5514f56b52eb74f9e7a9/library/std/src/panic.rs:347:9
[INFO] [stdout]   30:     0x563b9461e3d8 - std::panicking::try::do_call::hb2dd9f1d0d48e41d
[INFO] [stdout]                                at /rustc/53fd98ca776cb875bc9e5514f56b52eb74f9e7a9/library/std/src/panicking.rs:401:40
[INFO] [stdout]   31:     0x563b9461e3d8 - std::panicking::try::h4717ae7bac8b2bf3
[INFO] [stdout]                                at /rustc/53fd98ca776cb875bc9e5514f56b52eb74f9e7a9/library/std/src/panicking.rs:365:19
[INFO] [stdout]   32:     0x563b9461e3d8 - std::panic::catch_unwind::h0dc8a061326ce8d8
[INFO] [stdout]                                at /rustc/53fd98ca776cb875bc9e5514f56b52eb74f9e7a9/library/std/src/panic.rs:434:14
[INFO] [stdout]   33:     0x563b9461e3d8 - std::thread::Builder::spawn_unchecked::{{closure}}::haa369e2d6fd00aa1
[INFO] [stdout]                                at /rustc/53fd98ca776cb875bc9e5514f56b52eb74f9e7a9/library/std/src/thread/mod.rs:475:30
[INFO] [stdout]   34:     0x563b9461e3d8 - core::ops::function::FnOnce::call_once{{vtable.shim}}::h36dcf3de8b056f17
[INFO] [stdout]                                at /rustc/53fd98ca776cb875bc9e5514f56b52eb74f9e7a9/library/core/src/ops/function.rs:227:5
[INFO] [stdout]   35:     0x563b94682ba7 - <alloc::boxed::Box<F,A> as core::ops::function::FnOnce<Args>>::call_once::h65c29e4642be2358
[INFO] [stdout]                                at /rustc/53fd98ca776cb875bc9e5514f56b52eb74f9e7a9/library/alloc/src/boxed.rs:1572:9
[INFO] [stdout]   36:     0x563b94682ba7 - <alloc::boxed::Box<F,A> as core::ops::function::FnOnce<Args>>::call_once::hd0f8f7fbbd9fffbf
[INFO] [stdout]                                at /rustc/53fd98ca776cb875bc9e5514f56b52eb74f9e7a9/library/alloc/src/boxed.rs:1572:9
[INFO] [stdout]   37:     0x563b94682ba7 - std::sys::unix::thread::Thread::new::thread_start::h2fd22fee3ca77b65
[INFO] [stdout]                                at /rustc/53fd98ca776cb875bc9e5514f56b52eb74f9e7a9/library/std/src/sys/unix/thread.rs:74:17
[INFO] [stdout]   38:     0x7fe374125609 - start_thread
[INFO] [stdout]   39:     0x7fe373ef7293 - clone
[INFO] [stdout]   40:                0x0 - <unknown>
[INFO] [stdout] 
[INFO] [stdout] 
[INFO] [stdout] failures:
[INFO] [stdout]     unix::cargo_readme_up_to_date
[INFO] [stdout] 
[INFO] [stdout] test result: FAILED. 6 passed; 1 failed; 0 ignored; 0 measured; 0 filtered out; finished in 0.16s
[INFO] [stdout] 
[INFO] [stderr] error: test failed, to rerun pass '--test tests'
[INFO] running `Command { std: "docker" "inspect" "4a6b9aab9d4fbef901c3367ac80c529212b96ff5c18db3f060e384f8877d7d5d", kill_on_drop: false }`
[INFO] running `Command { std: "docker" "rm" "-f" "4a6b9aab9d4fbef901c3367ac80c529212b96ff5c18db3f060e384f8877d7d5d", kill_on_drop: false }`
[INFO] [stdout] 4a6b9aab9d4fbef901c3367ac80c529212b96ff5c18db3f060e384f8877d7d5d
