[INFO] fetching crate iron-shapes 0.0.4...
[INFO] testing iron-shapes-0.0.4 against 1.54.0 for beta-1.55-1
[INFO] extracting crate iron-shapes 0.0.4 into /workspace/builds/worker-84/source
[INFO] validating manifest of crates.io crate iron-shapes 0.0.4 on toolchain 1.54.0
[INFO] running `Command { std: "/workspace/cargo-home/bin/cargo" "+1.54.0" "metadata" "--manifest-path" "Cargo.toml" "--no-deps", kill_on_drop: false }`
[INFO] started tweaking crates.io crate iron-shapes 0.0.4
[INFO] finished tweaking crates.io crate iron-shapes 0.0.4
[INFO] tweaked toml for crates.io crate iron-shapes 0.0.4 written to /workspace/builds/worker-84/source/Cargo.toml
[INFO] running `Command { std: "/workspace/cargo-home/bin/cargo" "+1.54.0" "generate-lockfile" "--manifest-path" "Cargo.toml" "-Zno-index-update", kill_on_drop: false }`
[INFO] [stderr]     Blocking waiting for file lock on package cache
[INFO] running `Command { std: "/workspace/cargo-home/bin/cargo" "+1.54.0" "fetch" "--manifest-path" "Cargo.toml", kill_on_drop: false }`
[INFO] [stderr]     Blocking waiting for file lock on package cache
[INFO] [stderr]     Blocking waiting for file lock on package cache
[INFO] running `Command { std: "docker" "create" "-v" "/var/lib/crater-agent-workspace/builds/worker-84/target:/opt/rustwide/target:rw,Z" "-v" "/var/lib/crater-agent-workspace/builds/worker-84/source:/opt/rustwide/workdir:ro,Z" "-v" "/var/lib/crater-agent-workspace/cargo-home:/opt/rustwide/cargo-home:ro,Z" "-v" "/var/lib/crater-agent-workspace/rustup-home:/opt/rustwide/rustup-home:ro,Z" "-e" "SOURCE_DIR=/opt/rustwide/workdir" "-e" "CARGO_TARGET_DIR=/opt/rustwide/target" "-e" "CARGO_HOME=/opt/rustwide/cargo-home" "-e" "RUSTUP_HOME=/opt/rustwide/rustup-home" "-w" "/opt/rustwide/workdir" "-m" "1610612736" "--user" "0:0" "--network" "none" "ghcr.io/rust-lang/crates-build-env/linux@sha256:34b6a614d2c27851fe6cbf88fbd1137609cefab8b10d0615aaeb6fd47975d74e" "/opt/rustwide/cargo-home/bin/cargo" "+1.54.0" "metadata" "--no-deps" "--format-version=1", kill_on_drop: false }`
[INFO] [stdout] 54915ac62c7aed322298d783993f1b6c45260b0a2acb04a85ed77901cfb10963
[INFO] running `Command { std: "docker" "start" "-a" "54915ac62c7aed322298d783993f1b6c45260b0a2acb04a85ed77901cfb10963", kill_on_drop: false }`
[INFO] running `Command { std: "docker" "inspect" "54915ac62c7aed322298d783993f1b6c45260b0a2acb04a85ed77901cfb10963", kill_on_drop: false }`
[INFO] running `Command { std: "docker" "rm" "-f" "54915ac62c7aed322298d783993f1b6c45260b0a2acb04a85ed77901cfb10963", kill_on_drop: false }`
[INFO] [stdout] 54915ac62c7aed322298d783993f1b6c45260b0a2acb04a85ed77901cfb10963
[INFO] running `Command { std: "docker" "create" "-v" "/var/lib/crater-agent-workspace/builds/worker-84/target:/opt/rustwide/target:rw,Z" "-v" "/var/lib/crater-agent-workspace/builds/worker-84/source:/opt/rustwide/workdir:ro,Z" "-v" "/var/lib/crater-agent-workspace/cargo-home:/opt/rustwide/cargo-home:ro,Z" "-v" "/var/lib/crater-agent-workspace/rustup-home:/opt/rustwide/rustup-home:ro,Z" "-e" "SOURCE_DIR=/opt/rustwide/workdir" "-e" "CARGO_TARGET_DIR=/opt/rustwide/target" "-e" "CARGO_INCREMENTAL=0" "-e" "RUST_BACKTRACE=full" "-e" "RUSTFLAGS=--cap-lints=warn" "-e" "CARGO_HOME=/opt/rustwide/cargo-home" "-e" "RUSTUP_HOME=/opt/rustwide/rustup-home" "-w" "/opt/rustwide/workdir" "-m" "1610612736" "--user" "0:0" "--network" "none" "ghcr.io/rust-lang/crates-build-env/linux@sha256:34b6a614d2c27851fe6cbf88fbd1137609cefab8b10d0615aaeb6fd47975d74e" "/opt/rustwide/cargo-home/bin/cargo" "+1.54.0" "build" "--frozen" "--message-format=json", kill_on_drop: false }`
[INFO] [stdout] cc55fd1b4a379f4af7ce39d5a270176a8357eb1254b9beb8132bf76b7517899c
[INFO] running `Command { std: "docker" "start" "-a" "cc55fd1b4a379f4af7ce39d5a270176a8357eb1254b9beb8132bf76b7517899c", kill_on_drop: false }`
[INFO] [stderr]    Compiling either v1.6.1
[INFO] [stderr]    Compiling num-integer v0.1.44
[INFO] [stderr]    Compiling num-bigint v0.2.6
[INFO] [stderr]    Compiling num-rational v0.2.4
[INFO] [stderr]    Compiling itertools v0.10.1
[INFO] [stderr]    Compiling iron-shapes v0.0.4 (/opt/rustwide/workdir)
[INFO] [stderr]     Finished dev [unoptimized + debuginfo] target(s) in 8.04s
[INFO] running `Command { std: "docker" "inspect" "cc55fd1b4a379f4af7ce39d5a270176a8357eb1254b9beb8132bf76b7517899c", kill_on_drop: false }`
[INFO] running `Command { std: "docker" "rm" "-f" "cc55fd1b4a379f4af7ce39d5a270176a8357eb1254b9beb8132bf76b7517899c", kill_on_drop: false }`
[INFO] [stdout] cc55fd1b4a379f4af7ce39d5a270176a8357eb1254b9beb8132bf76b7517899c
[INFO] running `Command { std: "docker" "create" "-v" "/var/lib/crater-agent-workspace/builds/worker-84/target:/opt/rustwide/target:rw,Z" "-v" "/var/lib/crater-agent-workspace/builds/worker-84/source:/opt/rustwide/workdir:ro,Z" "-v" "/var/lib/crater-agent-workspace/cargo-home:/opt/rustwide/cargo-home:ro,Z" "-v" "/var/lib/crater-agent-workspace/rustup-home:/opt/rustwide/rustup-home:ro,Z" "-e" "SOURCE_DIR=/opt/rustwide/workdir" "-e" "CARGO_TARGET_DIR=/opt/rustwide/target" "-e" "CARGO_INCREMENTAL=0" "-e" "RUST_BACKTRACE=full" "-e" "RUSTFLAGS=--cap-lints=warn" "-e" "CARGO_HOME=/opt/rustwide/cargo-home" "-e" "RUSTUP_HOME=/opt/rustwide/rustup-home" "-w" "/opt/rustwide/workdir" "-m" "1610612736" "--user" "0:0" "--network" "none" "ghcr.io/rust-lang/crates-build-env/linux@sha256:34b6a614d2c27851fe6cbf88fbd1137609cefab8b10d0615aaeb6fd47975d74e" "/opt/rustwide/cargo-home/bin/cargo" "+1.54.0" "test" "--frozen" "--no-run" "--message-format=json", kill_on_drop: false }`
[INFO] [stdout] 534857a008da6d5a7a104e7a83a30b2e239e7cd22a1862a398ac57a286aa920b
[INFO] running `Command { std: "docker" "start" "-a" "534857a008da6d5a7a104e7a83a30b2e239e7cd22a1862a398ac57a286aa920b", kill_on_drop: false }`
[INFO] [stderr]    Compiling getrandom v0.2.3
[INFO] [stderr]    Compiling rand_core v0.6.3
[INFO] [stderr]    Compiling rand_chacha v0.3.1
[INFO] [stderr]    Compiling rand v0.8.4
[INFO] [stderr]    Compiling iron-shapes v0.0.4 (/opt/rustwide/workdir)
[INFO] [stderr]     Finished test [unoptimized + debuginfo] target(s) in 6.21s
[INFO] running `Command { std: "docker" "inspect" "534857a008da6d5a7a104e7a83a30b2e239e7cd22a1862a398ac57a286aa920b", kill_on_drop: false }`
[INFO] running `Command { std: "docker" "rm" "-f" "534857a008da6d5a7a104e7a83a30b2e239e7cd22a1862a398ac57a286aa920b", kill_on_drop: false }`
[INFO] [stdout] 534857a008da6d5a7a104e7a83a30b2e239e7cd22a1862a398ac57a286aa920b
[INFO] running `Command { std: "docker" "create" "-v" "/var/lib/crater-agent-workspace/builds/worker-84/target:/opt/rustwide/target:rw,Z" "-v" "/var/lib/crater-agent-workspace/builds/worker-84/source:/opt/rustwide/workdir:ro,Z" "-v" "/var/lib/crater-agent-workspace/cargo-home:/opt/rustwide/cargo-home:ro,Z" "-v" "/var/lib/crater-agent-workspace/rustup-home:/opt/rustwide/rustup-home:ro,Z" "-e" "SOURCE_DIR=/opt/rustwide/workdir" "-e" "CARGO_TARGET_DIR=/opt/rustwide/target" "-e" "CARGO_INCREMENTAL=0" "-e" "RUST_BACKTRACE=full" "-e" "RUSTFLAGS=--cap-lints=warn" "-e" "CARGO_HOME=/opt/rustwide/cargo-home" "-e" "RUSTUP_HOME=/opt/rustwide/rustup-home" "-w" "/opt/rustwide/workdir" "-m" "1610612736" "--user" "0:0" "--network" "none" "ghcr.io/rust-lang/crates-build-env/linux@sha256:34b6a614d2c27851fe6cbf88fbd1137609cefab8b10d0615aaeb6fd47975d74e" "/opt/rustwide/cargo-home/bin/cargo" "+1.54.0" "test" "--frozen", kill_on_drop: false }`
[INFO] [stdout] c3f3ad26f116f503a952be007b6ef030eadcd7f5fe9a38053667fc865aad1c38
[INFO] running `Command { std: "docker" "start" "-a" "c3f3ad26f116f503a952be007b6ef030eadcd7f5fe9a38053667fc865aad1c38", kill_on_drop: false }`
[INFO] [stderr]     Finished test [unoptimized + debuginfo] target(s) in 0.07s
[INFO] [stderr]      Running unittests (/opt/rustwide/target/debug/deps/iron_shapes-e4c87a94eeff9ecf)
[INFO] [stdout] 
[INFO] [stdout] running 69 tests
[INFO] [stdout] test edge::tests::test_coincident ... ok
[INFO] [stdout] test edge::tests::test_crossed_by ... ok
[INFO] [stdout] test edge::tests::test_distance_to_line ... ok
[INFO] [stdout] test edge::tests::test_edge_intersection_overlap ... ok
[INFO] [stdout] test edge::tests::test_is_parallel ... ok
[INFO] [stdout] test edge::tests::test_line_contains_point ... ok
[INFO] [stdout] test edge::tests::test_is_collinear ... ok
[INFO] [stdout] test edge::tests::test_side_of ... ok
[INFO] [stdout] test edge_integer::tests::test_edge_intersection_rounded ... ok
[INFO] [stdout] test edge_integer::tests::test_end_point_intersection_at_negative_x ... ok
[INFO] [stdout] test edge::tests::test_intersect ... ok
[INFO] [stdout] test edge_rational::tests::test_edge_intersection_rational ... ok
[INFO] [stdout] test edge_rational::tests::test_rational_edge ... ok
[INFO] [stdout] test edge_rational::tests::test_line_intersection_rational ... ok
[INFO] [stdout] test matrix2d::test_inverse ... ok
[INFO] [stdout] test edge_integer::tests::test_line_intersection_rounded ... ok
[INFO] [stdout] test matrix3d::test_mul_column_vector ... ok
[INFO] [stdout] test matrix3d::test_matrix_multiplication ... ok
[INFO] [stdout] test matrix2d::test_matrix_multiplication ... ok
[INFO] [stdout] test edge::tests::test_line_intersection ... ok
[INFO] [stdout] test edge::tests::test_projection ... ok
[INFO] [stdout] test edge::tests::test_contains ... ok
[INFO] [stdout] test polygon::tests::test_bounding_box ... ok
[INFO] [stdout] test matrix3d::test_inverse ... ok
[INFO] [stdout] test edge::tests::test_edge_intersection ... ok
[INFO] [stdout] test polygon::tests::test_area ... ok
[INFO] [stdout] test polygon::tests::test_create_polygon ... ok
[INFO] [stdout] test polygon::tests::test_orientation ... ok
[INFO] [stdout] test polygon::tests::test_winding_number ... ok
[INFO] [stdout] test polygon::tests::test_partial_eq ... ok
[INFO] [stdout] test polygon::tests::test_convex_hull ... ok
[INFO] [stdout] test edge::tests::test_intersection_of_random_edges ... ok
[INFO] [stdout] test rect::tests::test_rect_intersection ... ok
[INFO] [stdout] test math::test_int_sqrt_floor_i32 ... ok
[INFO] [stdout] test redge::test_rotate_ortho ... ok
[INFO] [stdout] test redge::tests::test_coincident ... ok
[INFO] [stdout] test redge::tests::test_crossed_by ... ok
[INFO] [stdout] test redge::tests::test_edge_intersection ... ok
[INFO] [stdout] test redge::tests::test_edge_intersection_overlap ... ok
[INFO] [stdout] test simple_rpolygon::test_from_rect ... ok
[INFO] [stdout] test simple_rpolygon::test_partial_eq ... ok
[INFO] [stdout] test redge::tests::test_intersect ... ok
[INFO] [stdout] test redge::tests::test_line_contains_point ... ok
[INFO] [stdout] test redge::tests::test_side_of ... ok
[INFO] [stdout] test simple_polygon::test_bounding_box ... ok
[INFO] [stdout] test redge::tests::test_contains ... ok
[INFO] [stdout] test shape::test_convert_to_polygon ... ok
[INFO] [stdout] test redge::tests::test_projection ... ok
[INFO] [stdout] test redge::tests::test_distance_to_line ... ok
[INFO] [stdout] test redge::tests::test_is_collinear ... ok
[INFO] [stdout] test redge::tests::test_is_parallel ... ok
[INFO] [stdout] test redge::tests::test_line_intersection ... ok
[INFO] [stdout] test redge::tests::test_oriented_distance_to_line ... ok
[INFO] [stdout] test simple_polygon::test_partial_eq ... ok
[INFO] [stdout] test simple_rpolygon::test_bounding_box ... ok
[INFO] [stdout] test simple_rpolygon::test_create_rpolygon ... ok
[INFO] [stdout] test transform::test_identity ... ok
[INFO] [stdout] test transform::test_invert ... ok
[INFO] [stdout] test transform::test_matrix_transform_rotations ... ok
[INFO] [stdout] test transform::test_scale ... ok
[INFO] [stdout] test transform::test_invert_float ... ok
[INFO] [stdout] test transform::test_rotate ... ok
[INFO] [stdout] test transform::test_rotate90 ... ok
[INFO] [stdout] test math::test_fast_invsqrt_64 ... ok
[INFO] [stdout] test transform::test_simple_transform_combine ... ok
[INFO] [stdout] test transform::test_then ... ok
[INFO] [stdout] test math::test_fast_invsqrt_32 ... ok
[INFO] [stdout] test vector::tests::test_rational_vector ... ok
[INFO] [stdout] test transform::test_translate ... ok
[INFO] [stdout] 
[INFO] [stdout] test result: ok. 69 passed; 0 failed; 0 ignored; 0 measured; 0 filtered out; finished in 0.16s
[INFO] [stdout] 
[INFO] [stderr]    Doc-tests iron-shapes
[INFO] [stdout] 
[INFO] [stdout] running 52 tests
[INFO] [stdout] test src/rect.rs - rect::Rect<T>::contains_point_exclusive (line 143) ... ok
[INFO] [stdout] test src/point.rs - point::Point<T>::zero (line 114) ... ok
[INFO] [stdout] test src/point.rs - point::Point<T>::cross_prod3 (line 163) ... ok
[INFO] [stdout] test src/polygon.rs - polygon (line 55) ... FAILED
[INFO] [stdout] test src/vector.rs - vector::Vector<T>::orientation_of (line 233) ... FAILED
[INFO] [stdout] test src/vector.rs - vector::Vector<T>::cross_prod (line 215) ... FAILED
[INFO] [stdout] test src/simple_rpolygon.rs - simple_rpolygon::SimpleRPolygon<T>::orientation (line 354) ... FAILED
[INFO] [stdout] test src/vector.rs - vector::Vector<T>::try_cast (line 282) ... ok
[INFO] [stdout] test src/simple_polygon.rs - simple_polygon::SimplePolygon<T>::edges (line 226) ... FAILED
[INFO] [stdout] test src/vector.rs - vector::Vector<T>::norm1 (line 166) ... ok
[INFO] [stderr] error: test failed, to rerun pass '--doc'
[INFO] [stderr] 
[INFO] [stderr] Caused by:
[INFO] [stderr]   process didn't exit successfully: `rustdoc --edition=2018 --crate-type lib --crate-name iron_shapes --test /opt/rustwide/workdir/src/lib.rs -L dependency=/opt/rustwide/target/debug/deps -L dependency=/opt/rustwide/target/debug/deps --extern iron_shapes=/opt/rustwide/target/debug/deps/libiron_shapes-3dd9f05aa9d1641e.rlib --extern itertools=/opt/rustwide/target/debug/deps/libitertools-6b844899321ff5c6.rlib --extern num_integer=/opt/rustwide/target/debug/deps/libnum_integer-14a43334321bcbad.rlib --extern num_rational=/opt/rustwide/target/debug/deps/libnum_rational-25d968e17abd84cd.rlib --extern num_traits=/opt/rustwide/target/debug/deps/libnum_traits-d2f26dc32356e531.rlib --extern rand=/opt/rustwide/target/debug/deps/librand-cffb600999f2b930.rlib -C embed-bitcode=no --error-format human` (signal: 9, SIGKILL: kill)
[INFO] running `Command { std: "docker" "inspect" "c3f3ad26f116f503a952be007b6ef030eadcd7f5fe9a38053667fc865aad1c38", kill_on_drop: false }`
[INFO] running `Command { std: "docker" "rm" "-f" "c3f3ad26f116f503a952be007b6ef030eadcd7f5fe9a38053667fc865aad1c38", kill_on_drop: false }`
[INFO] [stdout] c3f3ad26f116f503a952be007b6ef030eadcd7f5fe9a38053667fc865aad1c38
