[INFO] fetching crate ipify_api 1.0.0...
[INFO] testing ipify_api-1.0.0 against 1.54.0 for beta-1.55-1
[INFO] extracting crate ipify_api 1.0.0 into /workspace/builds/worker-15/source
[INFO] validating manifest of crates.io crate ipify_api 1.0.0 on toolchain 1.54.0
[INFO] running `Command { std: "/workspace/cargo-home/bin/cargo" "+1.54.0" "metadata" "--manifest-path" "Cargo.toml" "--no-deps", kill_on_drop: false }`
[INFO] started tweaking crates.io crate ipify_api 1.0.0
[INFO] finished tweaking crates.io crate ipify_api 1.0.0
[INFO] tweaked toml for crates.io crate ipify_api 1.0.0 written to /workspace/builds/worker-15/source/Cargo.toml
[INFO] running `Command { std: "/workspace/cargo-home/bin/cargo" "+1.54.0" "generate-lockfile" "--manifest-path" "Cargo.toml" "-Zno-index-update", kill_on_drop: false }`
[INFO] running `Command { std: "/workspace/cargo-home/bin/cargo" "+1.54.0" "fetch" "--manifest-path" "Cargo.toml", kill_on_drop: false }`
[INFO] [stderr]     Blocking waiting for file lock on package cache
[INFO] running `Command { std: "docker" "create" "-v" "/var/lib/crater-agent-workspace/builds/worker-15/target:/opt/rustwide/target:rw,Z" "-v" "/var/lib/crater-agent-workspace/builds/worker-15/source:/opt/rustwide/workdir:ro,Z" "-v" "/var/lib/crater-agent-workspace/cargo-home:/opt/rustwide/cargo-home:ro,Z" "-v" "/var/lib/crater-agent-workspace/rustup-home:/opt/rustwide/rustup-home:ro,Z" "-e" "SOURCE_DIR=/opt/rustwide/workdir" "-e" "CARGO_TARGET_DIR=/opt/rustwide/target" "-e" "CARGO_HOME=/opt/rustwide/cargo-home" "-e" "RUSTUP_HOME=/opt/rustwide/rustup-home" "-w" "/opt/rustwide/workdir" "-m" "1610612736" "--user" "0:0" "--network" "none" "ghcr.io/rust-lang/crates-build-env/linux@sha256:34b6a614d2c27851fe6cbf88fbd1137609cefab8b10d0615aaeb6fd47975d74e" "/opt/rustwide/cargo-home/bin/cargo" "+1.54.0" "metadata" "--no-deps" "--format-version=1", kill_on_drop: false }`
[INFO] [stdout] db2a30acd5dad9a8a02c51c29cd9023a24428af89e2cef298a916e68830902cc
[INFO] running `Command { std: "docker" "start" "-a" "db2a30acd5dad9a8a02c51c29cd9023a24428af89e2cef298a916e68830902cc", kill_on_drop: false }`
[INFO] running `Command { std: "docker" "inspect" "db2a30acd5dad9a8a02c51c29cd9023a24428af89e2cef298a916e68830902cc", kill_on_drop: false }`
[INFO] running `Command { std: "docker" "rm" "-f" "db2a30acd5dad9a8a02c51c29cd9023a24428af89e2cef298a916e68830902cc", kill_on_drop: false }`
[INFO] [stdout] db2a30acd5dad9a8a02c51c29cd9023a24428af89e2cef298a916e68830902cc
[INFO] running `Command { std: "docker" "create" "-v" "/var/lib/crater-agent-workspace/builds/worker-15/target:/opt/rustwide/target:rw,Z" "-v" "/var/lib/crater-agent-workspace/builds/worker-15/source:/opt/rustwide/workdir:ro,Z" "-v" "/var/lib/crater-agent-workspace/cargo-home:/opt/rustwide/cargo-home:ro,Z" "-v" "/var/lib/crater-agent-workspace/rustup-home:/opt/rustwide/rustup-home:ro,Z" "-e" "SOURCE_DIR=/opt/rustwide/workdir" "-e" "CARGO_TARGET_DIR=/opt/rustwide/target" "-e" "CARGO_INCREMENTAL=0" "-e" "RUST_BACKTRACE=full" "-e" "RUSTFLAGS=--cap-lints=warn" "-e" "CARGO_HOME=/opt/rustwide/cargo-home" "-e" "RUSTUP_HOME=/opt/rustwide/rustup-home" "-w" "/opt/rustwide/workdir" "-m" "1610612736" "--user" "0:0" "--network" "none" "ghcr.io/rust-lang/crates-build-env/linux@sha256:34b6a614d2c27851fe6cbf88fbd1137609cefab8b10d0615aaeb6fd47975d74e" "/opt/rustwide/cargo-home/bin/cargo" "+1.54.0" "build" "--frozen" "--message-format=json", kill_on_drop: false }`
[INFO] [stdout] e8b74f126bf46ae0e2a89915082ba624fad881e3f6d366c93adb68e00fc1d876
[INFO] running `Command { std: "docker" "start" "-a" "e8b74f126bf46ae0e2a89915082ba624fad881e3f6d366c93adb68e00fc1d876", kill_on_drop: false }`
[INFO] [stderr]     Blocking waiting for file lock on package cache
[INFO] [stderr]    Compiling futures v0.1.31
[INFO] [stderr]    Compiling byteorder v1.4.3
[INFO] [stderr]    Compiling either v1.6.1
[INFO] [stderr]    Compiling crossbeam-utils v0.7.2
[INFO] [stderr]    Compiling memoffset v0.5.6
[INFO] [stderr]    Compiling crossbeam-epoch v0.8.2
[INFO] [stderr]    Compiling lock_api v0.3.4
[INFO] [stderr]    Compiling iovec v0.1.4
[INFO] [stderr]    Compiling parking_lot_core v0.6.2
[INFO] [stderr]    Compiling parking_lot v0.9.0
[INFO] [stderr]    Compiling smallvec v0.6.14
[INFO] [stderr]    Compiling net2 v0.2.37
[INFO] [stderr]    Compiling hyper v0.12.36
[INFO] [stderr]    Compiling bytes v0.4.12
[INFO] [stderr]    Compiling mio v0.6.23
[INFO] [stderr]    Compiling http v0.1.21
[INFO] [stderr]    Compiling string v0.2.1
[INFO] [stderr]    Compiling tokio-io v0.1.13
[INFO] [stderr]    Compiling tokio-sync v0.1.8
[INFO] [stderr]    Compiling tokio-buf v0.1.1
[INFO] [stderr]    Compiling want v0.2.0
[INFO] [stderr]    Compiling futures-cpupool v0.1.8
[INFO] [stderr]    Compiling tokio-executor v0.1.10
[INFO] [stderr]    Compiling crossbeam-queue v0.2.3
[INFO] [stderr]    Compiling tokio-reactor v0.1.12
[INFO] [stderr]    Compiling tokio-timer v0.2.13
[INFO] [stderr]    Compiling tokio-current-thread v0.1.7
[INFO] [stderr]    Compiling crossbeam-deque v0.7.4
[INFO] [stderr]    Compiling tokio-threadpool v0.1.18
[INFO] [stderr]    Compiling tokio-tcp v0.1.4
[INFO] [stderr]    Compiling http-body v0.1.0
[INFO] [stderr]    Compiling h2 v0.1.26
[INFO] [stderr]    Compiling tokio v0.1.22
[INFO] [stderr]    Compiling ipify_api v1.0.0 (/opt/rustwide/workdir)
[INFO] [stderr]     Finished dev [unoptimized + debuginfo] target(s) in 16.81s
[INFO] running `Command { std: "docker" "inspect" "e8b74f126bf46ae0e2a89915082ba624fad881e3f6d366c93adb68e00fc1d876", kill_on_drop: false }`
[INFO] running `Command { std: "docker" "rm" "-f" "e8b74f126bf46ae0e2a89915082ba624fad881e3f6d366c93adb68e00fc1d876", kill_on_drop: false }`
[INFO] [stdout] e8b74f126bf46ae0e2a89915082ba624fad881e3f6d366c93adb68e00fc1d876
[INFO] running `Command { std: "docker" "create" "-v" "/var/lib/crater-agent-workspace/builds/worker-15/target:/opt/rustwide/target:rw,Z" "-v" "/var/lib/crater-agent-workspace/builds/worker-15/source:/opt/rustwide/workdir:ro,Z" "-v" "/var/lib/crater-agent-workspace/cargo-home:/opt/rustwide/cargo-home:ro,Z" "-v" "/var/lib/crater-agent-workspace/rustup-home:/opt/rustwide/rustup-home:ro,Z" "-e" "SOURCE_DIR=/opt/rustwide/workdir" "-e" "CARGO_TARGET_DIR=/opt/rustwide/target" "-e" "CARGO_INCREMENTAL=0" "-e" "RUST_BACKTRACE=full" "-e" "RUSTFLAGS=--cap-lints=warn" "-e" "CARGO_HOME=/opt/rustwide/cargo-home" "-e" "RUSTUP_HOME=/opt/rustwide/rustup-home" "-w" "/opt/rustwide/workdir" "-m" "1610612736" "--user" "0:0" "--network" "none" "ghcr.io/rust-lang/crates-build-env/linux@sha256:34b6a614d2c27851fe6cbf88fbd1137609cefab8b10d0615aaeb6fd47975d74e" "/opt/rustwide/cargo-home/bin/cargo" "+1.54.0" "test" "--frozen" "--no-run" "--message-format=json", kill_on_drop: false }`
[INFO] [stdout] c8810b72b695b4c7f2d2a36b056515d5c41a169888460aa76de8235ee786dad0
[INFO] running `Command { std: "docker" "start" "-a" "c8810b72b695b4c7f2d2a36b056515d5c41a169888460aa76de8235ee786dad0", kill_on_drop: false }`
[INFO] [stderr]    Compiling ipify_api v1.0.0 (/opt/rustwide/workdir)
[INFO] [stderr]     Finished test [unoptimized + debuginfo] target(s) in 6.56s
[INFO] running `Command { std: "docker" "inspect" "c8810b72b695b4c7f2d2a36b056515d5c41a169888460aa76de8235ee786dad0", kill_on_drop: false }`
[INFO] running `Command { std: "docker" "rm" "-f" "c8810b72b695b4c7f2d2a36b056515d5c41a169888460aa76de8235ee786dad0", kill_on_drop: false }`
[INFO] [stdout] c8810b72b695b4c7f2d2a36b056515d5c41a169888460aa76de8235ee786dad0
[INFO] running `Command { std: "docker" "create" "-v" "/var/lib/crater-agent-workspace/builds/worker-15/target:/opt/rustwide/target:rw,Z" "-v" "/var/lib/crater-agent-workspace/builds/worker-15/source:/opt/rustwide/workdir:ro,Z" "-v" "/var/lib/crater-agent-workspace/cargo-home:/opt/rustwide/cargo-home:ro,Z" "-v" "/var/lib/crater-agent-workspace/rustup-home:/opt/rustwide/rustup-home:ro,Z" "-e" "SOURCE_DIR=/opt/rustwide/workdir" "-e" "CARGO_TARGET_DIR=/opt/rustwide/target" "-e" "CARGO_INCREMENTAL=0" "-e" "RUST_BACKTRACE=full" "-e" "RUSTFLAGS=--cap-lints=warn" "-e" "CARGO_HOME=/opt/rustwide/cargo-home" "-e" "RUSTUP_HOME=/opt/rustwide/rustup-home" "-w" "/opt/rustwide/workdir" "-m" "1610612736" "--user" "0:0" "--network" "none" "ghcr.io/rust-lang/crates-build-env/linux@sha256:34b6a614d2c27851fe6cbf88fbd1137609cefab8b10d0615aaeb6fd47975d74e" "/opt/rustwide/cargo-home/bin/cargo" "+1.54.0" "test" "--frozen", kill_on_drop: false }`
[INFO] [stdout] 9625d3d30c4527228f47e40f297e832fd185acb9a2040d70b1af80b8880522d3
[INFO] running `Command { std: "docker" "start" "-a" "9625d3d30c4527228f47e40f297e832fd185acb9a2040d70b1af80b8880522d3", kill_on_drop: false }`
[INFO] [stderr]     Blocking waiting for file lock on package cache
[INFO] [stderr]     Finished test [unoptimized + debuginfo] target(s) in 0.13s
[INFO] [stderr]      Running unittests (/opt/rustwide/target/debug/deps/ipify_api-ee6a2cb28101acbc)
[INFO] [stdout] 
[INFO] [stdout] running 0 tests
[INFO] [stdout] 
[INFO] [stdout] test result: ok. 0 passed; 0 failed; 0 ignored; 0 measured; 0 filtered out; finished in 0.00s
[INFO] [stdout] 
[INFO] [stderr]    Doc-tests ipify_api
[INFO] [stdout] 
[INFO] [stdout] running 2 tests
[INFO] [stdout] test src/lib.rs - (line 14) ... FAILED
[INFO] [stderr] error: test failed, to rerun pass '--doc'
[INFO] [stdout] test src/lib.rs - get_ip (line 24) ... FAILED
[INFO] [stdout] 
[INFO] [stdout] failures:
[INFO] [stdout] 
[INFO] [stdout] ---- src/lib.rs - (line 14) stdout ----
[INFO] [stdout] error[E0463]: can't find crate for `ipify`
[INFO] [stdout]  --> src/lib.rs:14:2
[INFO] [stdout]   |
[INFO] [stdout] 2 |  extern crate ipify;
[INFO] [stdout]   |  ^^^^^^^^^^^^^^^^^^^ can't find crate
[INFO] [stdout] 
[INFO] [stdout] error: aborting due to previous error
[INFO] [stdout] 
[INFO] [stdout] For more information about this error, try `rustc --explain E0463`.
[INFO] [stdout] Couldn't compile the test.
[INFO] [stdout] ---- src/lib.rs - get_ip (line 24) stdout ----
[INFO] [stdout] error: expected one of `)`, `,`, `.`, `?`, or an operator, found `;`
[INFO] [stdout]   --> src/lib.rs:33:41
[INFO] [stdout]    |
[INFO] [stdout] 10 |          .map_err(|e| println!("{}", e));
[INFO] [stdout]    |                                         ^ expected one of `)`, `,`, `.`, `?`, or an operator
[INFO] [stdout] 
[INFO] [stdout] error[E0463]: can't find crate for `restructure`
[INFO] [stdout]  --> src/lib.rs:25:14
[INFO] [stdout]   |
[INFO] [stdout] 2 | #[macro_use] extern crate restructure;
[INFO] [stdout]   |              ^^^^^^^^^^^^^^^^^^^^^^^^^ can't find crate
[INFO] [stdout] 
[INFO] [stdout] error: aborting due to 2 previous errors
[INFO] [stdout] 
[INFO] [stdout] For more information about this error, try `rustc --explain E0463`.
[INFO] [stdout] Couldn't compile the test.
[INFO] [stdout] 
[INFO] [stdout] failures:
[INFO] [stdout]     src/lib.rs - (line 14)
[INFO] [stdout]     src/lib.rs - get_ip (line 24)
[INFO] [stdout] 
[INFO] [stdout] test result: FAILED. 0 passed; 2 failed; 0 ignored; 0 measured; 0 filtered out; finished in 0.09s
[INFO] [stdout] 
[INFO] running `Command { std: "docker" "inspect" "9625d3d30c4527228f47e40f297e832fd185acb9a2040d70b1af80b8880522d3", kill_on_drop: false }`
[INFO] running `Command { std: "docker" "rm" "-f" "9625d3d30c4527228f47e40f297e832fd185acb9a2040d70b1af80b8880522d3", kill_on_drop: false }`
[INFO] [stdout] 9625d3d30c4527228f47e40f297e832fd185acb9a2040d70b1af80b8880522d3
