[INFO] fetching crate intspan 0.4.14...
[INFO] testing intspan-0.4.14 against beta-2021-08-01 for beta-1.55-1
[INFO] extracting crate intspan 0.4.14 into /workspace/builds/worker-35/source
[INFO] validating manifest of crates.io crate intspan 0.4.14 on toolchain beta-2021-08-01
[INFO] running `Command { std: "/workspace/cargo-home/bin/cargo" "+beta-2021-08-01" "metadata" "--manifest-path" "Cargo.toml" "--no-deps", kill_on_drop: false }`
[INFO] started tweaking crates.io crate intspan 0.4.14
[INFO] removed 0 missing examples
[INFO] finished tweaking crates.io crate intspan 0.4.14
[INFO] tweaked toml for crates.io crate intspan 0.4.14 written to /workspace/builds/worker-35/source/Cargo.toml
[INFO] crate crates.io crate intspan 0.4.14 already has a lockfile, it will not be regenerated
[INFO] running `Command { std: "/workspace/cargo-home/bin/cargo" "+beta-2021-08-01" "fetch" "--manifest-path" "Cargo.toml", kill_on_drop: false }`
[INFO] [stderr]     Blocking waiting for file lock on package cache
[INFO] [stderr]     Blocking waiting for file lock on package cache
[INFO] [stderr]  Downloading crates ...
[INFO] [stderr]   Downloaded strum_macros v0.16.0
[INFO] [stderr]   Downloaded getset v0.0.9
[INFO] [stderr]   Downloaded ndarray v0.13.0
[INFO] [stderr]   Downloaded bv v0.11.1
[INFO] [stderr]   Downloaded bio-types v0.6.0
[INFO] [stderr]   Downloaded feature-probe v0.1.1
[INFO] [stderr]   Downloaded newtype_derive v0.1.6
[INFO] [stderr]   Downloaded multimap v0.6.0
[INFO] [stderr]   Downloaded statrs v0.11.0
[INFO] [stderr]   Downloaded bio v0.30.0
[INFO] running `Command { std: "docker" "create" "-v" "/var/lib/crater-agent-workspace/builds/worker-35/target:/opt/rustwide/target:rw,Z" "-v" "/var/lib/crater-agent-workspace/builds/worker-35/source:/opt/rustwide/workdir:ro,Z" "-v" "/var/lib/crater-agent-workspace/cargo-home:/opt/rustwide/cargo-home:ro,Z" "-v" "/var/lib/crater-agent-workspace/rustup-home:/opt/rustwide/rustup-home:ro,Z" "-e" "SOURCE_DIR=/opt/rustwide/workdir" "-e" "CARGO_TARGET_DIR=/opt/rustwide/target" "-e" "CARGO_HOME=/opt/rustwide/cargo-home" "-e" "RUSTUP_HOME=/opt/rustwide/rustup-home" "-w" "/opt/rustwide/workdir" "-m" "1610612736" "--user" "0:0" "--network" "none" "ghcr.io/rust-lang/crates-build-env/linux@sha256:34b6a614d2c27851fe6cbf88fbd1137609cefab8b10d0615aaeb6fd47975d74e" "/opt/rustwide/cargo-home/bin/cargo" "+beta-2021-08-01" "metadata" "--no-deps" "--format-version=1", kill_on_drop: false }`
[INFO] [stdout] 6d65dc2fe3ee7b05eb354d60305863ae3abcf424613170b06d50dd7aa7f157cd
[INFO] running `Command { std: "docker" "start" "-a" "6d65dc2fe3ee7b05eb354d60305863ae3abcf424613170b06d50dd7aa7f157cd", kill_on_drop: false }`
[INFO] running `Command { std: "docker" "inspect" "6d65dc2fe3ee7b05eb354d60305863ae3abcf424613170b06d50dd7aa7f157cd", kill_on_drop: false }`
[INFO] running `Command { std: "docker" "rm" "-f" "6d65dc2fe3ee7b05eb354d60305863ae3abcf424613170b06d50dd7aa7f157cd", kill_on_drop: false }`
[INFO] [stdout] 6d65dc2fe3ee7b05eb354d60305863ae3abcf424613170b06d50dd7aa7f157cd
[INFO] running `Command { std: "docker" "create" "-v" "/var/lib/crater-agent-workspace/builds/worker-35/target:/opt/rustwide/target:rw,Z" "-v" "/var/lib/crater-agent-workspace/builds/worker-35/source:/opt/rustwide/workdir:ro,Z" "-v" "/var/lib/crater-agent-workspace/cargo-home:/opt/rustwide/cargo-home:ro,Z" "-v" "/var/lib/crater-agent-workspace/rustup-home:/opt/rustwide/rustup-home:ro,Z" "-e" "SOURCE_DIR=/opt/rustwide/workdir" "-e" "CARGO_TARGET_DIR=/opt/rustwide/target" "-e" "CARGO_INCREMENTAL=0" "-e" "RUST_BACKTRACE=full" "-e" "RUSTFLAGS=--cap-lints=warn" "-e" "CARGO_HOME=/opt/rustwide/cargo-home" "-e" "RUSTUP_HOME=/opt/rustwide/rustup-home" "-w" "/opt/rustwide/workdir" "-m" "1610612736" "--user" "0:0" "--network" "none" "ghcr.io/rust-lang/crates-build-env/linux@sha256:34b6a614d2c27851fe6cbf88fbd1137609cefab8b10d0615aaeb6fd47975d74e" "/opt/rustwide/cargo-home/bin/cargo" "+beta-2021-08-01" "build" "--frozen" "--message-format=json", kill_on_drop: false }`
[INFO] [stdout] d710932b9f4e753e29f4d6fb9bf4b5b3c895bf6740fb314284f12030660471c5
[INFO] running `Command { std: "docker" "start" "-a" "d710932b9f4e753e29f4d6fb9bf4b5b3c895bf6740fb314284f12030660471c5", kill_on_drop: false }`
[INFO] [stderr]    Compiling proc-macro2 v1.0.10
[INFO] [stderr]    Compiling syn v1.0.17
[INFO] [stderr]    Compiling libc v0.2.68
[INFO] [stderr]    Compiling serde v1.0.106
[INFO] [stderr]    Compiling cc v1.0.50
[INFO] [stderr]    Compiling syn v0.15.44
[INFO] [stderr]    Compiling semver v0.1.20
[INFO] [stderr]    Compiling doc-comment v0.3.3
[INFO] [stderr]    Compiling feature-probe v0.1.1
[INFO] [stderr]    Compiling ryu v1.0.3
[INFO] [stderr]    Compiling regex-syntax v0.6.17
[INFO] [stderr]    Compiling unicode-segmentation v1.6.0
[INFO] [stderr]    Compiling ndarray v0.13.0
[INFO] [stderr]    Compiling crc32fast v1.2.0
[INFO] [stderr]    Compiling unicode-width v0.1.7
[INFO] [stderr]    Compiling linked-hash-map v0.5.2
[INFO] [stderr]    Compiling bit-vec v0.5.1
[INFO] [stderr]    Compiling adler32 v1.0.4
[INFO] [stderr]    Compiling fixedbitset v0.1.9
[INFO] [stderr]    Compiling bio v0.30.0
[INFO] [stderr]    Compiling ordermap v0.3.5
[INFO] [stderr]    Compiling itoa v0.4.5
[INFO] [stderr]    Compiling custom_derive v0.1.7
[INFO] [stderr]    Compiling dtoa v0.4.5
[INFO] [stderr]    Compiling bytecount v0.6.0
[INFO] [stderr]    Compiling strum v0.16.0
[INFO] [stderr]    Compiling num-traits v0.2.11
[INFO] [stderr]    Compiling num-complex v0.2.4
[INFO] [stderr]    Compiling num-integer v0.1.42
[INFO] [stderr]    Compiling indexmap v1.3.2
[INFO] [stderr]    Compiling matrixmultiply v0.2.3
[INFO] [stderr]    Compiling csv-core v0.1.10
[INFO] [stderr]    Compiling fxhash v0.2.1
[INFO] [stderr]    Compiling miniz_oxide v0.3.6
[INFO] [stderr]    Compiling bv v0.11.1
[INFO] [stderr]    Compiling bit-set v0.5.1
[INFO] [stderr]    Compiling petgraph v0.4.13
[INFO] [stderr]    Compiling yaml-rust v0.4.3
[INFO] [stderr]    Compiling textwrap v0.11.0
[INFO] [stderr]    Compiling rustc_version v0.1.7
[INFO] [stderr]    Compiling heck v0.3.1
[INFO] [stderr]    Compiling newtype_derive v0.1.6
[INFO] [stderr]    Compiling backtrace-sys v0.1.35
[INFO] [stderr]    Compiling quote v1.0.3
[INFO] [stderr]    Compiling rand_os v0.1.3
[INFO] [stderr]    Compiling atty v0.2.14
[INFO] [stderr]    Compiling flate2 v1.0.14
[INFO] [stderr]    Compiling rand v0.6.5
[INFO] [stderr]    Compiling approx v0.3.2
[INFO] [stderr]    Compiling ordered-float v1.0.2
[INFO] [stderr]    Compiling itertools-num v0.1.3
[INFO] [stderr]    Compiling regex v1.3.6
[INFO] [stderr]    Compiling backtrace v0.3.46
[INFO] [stderr]    Compiling statrs v0.11.0
[INFO] [stderr]    Compiling snafu-derive v0.5.0
[INFO] [stderr]    Compiling serde_derive v1.0.106
[INFO] [stderr]    Compiling derive-new v0.5.8
[INFO] [stderr]    Compiling getset v0.0.9
[INFO] [stderr]    Compiling strum_macros v0.16.0
[INFO] [stderr]    Compiling snafu v0.5.0
[INFO] [stderr]    Compiling vec_map v0.8.1
[INFO] [stderr]    Compiling bstr v0.2.12
[INFO] [stderr]    Compiling multimap v0.6.0
[INFO] [stderr]    Compiling bio-types v0.6.0
[INFO] [stderr]    Compiling serde_yaml v0.8.11
[INFO] [stderr]    Compiling clap v2.33.0
[INFO] [stderr]    Compiling csv v1.1.3
[INFO] [stderr]    Compiling intspan v0.4.14 (/opt/rustwide/workdir)
[INFO] [stdout] warning: unused import: `std::collections::HashSet`
[INFO] [stdout]  --> src/cmd_far/region.rs:4:5
[INFO] [stdout]   |
[INFO] [stdout] 4 | use std::collections::HashSet;
[INFO] [stdout]   |     ^^^^^^^^^^^^^^^^^^^^^^^^^
[INFO] [stdout]   |
[INFO] [stdout]   = note: `#[warn(unused_imports)]` on by default
[INFO] [stdout] 
[INFO] [stdout] 
[INFO] [stdout] warning: unused import: `std::collections::HashSet`
[INFO] [stdout]  --> src/cmd_far/size.rs:4:5
[INFO] [stdout]   |
[INFO] [stdout] 4 | use std::collections::HashSet;
[INFO] [stdout]   |     ^^^^^^^^^^^^^^^^^^^^^^^^^
[INFO] [stdout] 
[INFO] [stdout] 
[INFO] [stdout] warning: 2 warnings emitted
[INFO] [stdout] 
[INFO] [stdout] 
[INFO] [stderr]     Finished dev [unoptimized + debuginfo] target(s) in 39.49s
[INFO] running `Command { std: "docker" "inspect" "d710932b9f4e753e29f4d6fb9bf4b5b3c895bf6740fb314284f12030660471c5", kill_on_drop: false }`
[INFO] running `Command { std: "docker" "rm" "-f" "d710932b9f4e753e29f4d6fb9bf4b5b3c895bf6740fb314284f12030660471c5", kill_on_drop: false }`
[INFO] [stdout] d710932b9f4e753e29f4d6fb9bf4b5b3c895bf6740fb314284f12030660471c5
[INFO] running `Command { std: "docker" "create" "-v" "/var/lib/crater-agent-workspace/builds/worker-35/target:/opt/rustwide/target:rw,Z" "-v" "/var/lib/crater-agent-workspace/builds/worker-35/source:/opt/rustwide/workdir:ro,Z" "-v" "/var/lib/crater-agent-workspace/cargo-home:/opt/rustwide/cargo-home:ro,Z" "-v" "/var/lib/crater-agent-workspace/rustup-home:/opt/rustwide/rustup-home:ro,Z" "-e" "SOURCE_DIR=/opt/rustwide/workdir" "-e" "CARGO_TARGET_DIR=/opt/rustwide/target" "-e" "CARGO_INCREMENTAL=0" "-e" "RUST_BACKTRACE=full" "-e" "RUSTFLAGS=--cap-lints=warn" "-e" "CARGO_HOME=/opt/rustwide/cargo-home" "-e" "RUSTUP_HOME=/opt/rustwide/rustup-home" "-w" "/opt/rustwide/workdir" "-m" "1610612736" "--user" "0:0" "--network" "none" "ghcr.io/rust-lang/crates-build-env/linux@sha256:34b6a614d2c27851fe6cbf88fbd1137609cefab8b10d0615aaeb6fd47975d74e" "/opt/rustwide/cargo-home/bin/cargo" "+beta-2021-08-01" "test" "--frozen" "--no-run" "--message-format=json", kill_on_drop: false }`
[INFO] [stdout] b5c3faef9f08f42489c55e1e314c28aaf98354942030b5d4c82967de79baad83
[INFO] running `Command { std: "docker" "start" "-a" "b5c3faef9f08f42489c55e1e314c28aaf98354942030b5d4c82967de79baad83", kill_on_drop: false }`
[INFO] [stderr]     Blocking waiting for file lock on package cache
[INFO] [stderr]    Compiling escargot v0.4.0
[INFO] [stderr]    Compiling predicates-core v1.0.0
[INFO] [stderr]    Compiling normalize-line-endings v0.3.0
[INFO] [stderr]    Compiling difference v2.0.0
[INFO] [stderr]    Compiling treeline v0.1.0
[INFO] [stderr]    Compiling log v0.4.8
[INFO] [stderr]    Compiling getrandom v0.1.14
[INFO] [stderr]    Compiling float-cmp v0.6.0
[INFO] [stderr]    Compiling serde_json v1.0.51
[INFO] [stdout] warning: unused import: `std::collections::HashSet`
[INFO] [stdout]  --> src/cmd_far/region.rs:4:5
[INFO] [stdout]   |
[INFO] [stdout] 4 | use std::collections::HashSet;
[INFO] [stdout]   |     ^^^^^^^^^^^^^^^^^^^^^^^^^
[INFO] [stdout]   |
[INFO] [stdout]   = note: `#[warn(unused_imports)]` on by default
[INFO] [stdout] 
[INFO] [stdout] 
[INFO] [stdout] warning: unused import: `std::collections::HashSet`
[INFO] [stdout]  --> src/cmd_far/size.rs:4:5
[INFO] [stdout]   |
[INFO] [stdout] 4 | use std::collections::HashSet;
[INFO] [stdout]   |     ^^^^^^^^^^^^^^^^^^^^^^^^^
[INFO] [stdout] 
[INFO] [stdout] 
[INFO] [stdout] warning: 2 warnings emitted
[INFO] [stdout] 
[INFO] [stdout] 
[INFO] [stderr]    Compiling predicates-tree v1.0.0
[INFO] [stderr]    Compiling predicates v1.0.4
[INFO] [stderr]    Compiling rand_core v0.5.1
[INFO] [stderr]    Compiling rand_chacha v0.2.2
[INFO] [stderr]    Compiling rand v0.7.3
[INFO] [stderr]    Compiling tempfile v3.1.0
[INFO] [stderr]    Compiling assert_cmd v0.11.1
[INFO] [stderr]    Compiling intspan v0.4.14 (/opt/rustwide/workdir)
[INFO] [stdout] warning: unused import: `std::collections::HashSet`
[INFO] [stdout]  --> src/cmd_far/region.rs:4:5
[INFO] [stdout]   |
[INFO] [stdout] 4 | use std::collections::HashSet;
[INFO] [stdout]   |     ^^^^^^^^^^^^^^^^^^^^^^^^^
[INFO] [stdout]   |
[INFO] [stdout]   = note: `#[warn(unused_imports)]` on by default
[INFO] [stdout] 
[INFO] [stdout] 
[INFO] [stdout] warning: unused import: `std::collections::HashSet`
[INFO] [stdout]  --> src/cmd_far/size.rs:4:5
[INFO] [stdout]   |
[INFO] [stdout] 4 | use std::collections::HashSet;
[INFO] [stdout]   |     ^^^^^^^^^^^^^^^^^^^^^^^^^
[INFO] [stdout] 
[INFO] [stdout] 
[INFO] [stdout] warning: 2 warnings emitted
[INFO] [stdout] 
[INFO] [stdout] 
[INFO] [stderr]     Finished test [unoptimized + debuginfo] target(s) in 9.02s
[INFO] running `Command { std: "docker" "inspect" "b5c3faef9f08f42489c55e1e314c28aaf98354942030b5d4c82967de79baad83", kill_on_drop: false }`
[INFO] running `Command { std: "docker" "rm" "-f" "b5c3faef9f08f42489c55e1e314c28aaf98354942030b5d4c82967de79baad83", kill_on_drop: false }`
[INFO] [stdout] b5c3faef9f08f42489c55e1e314c28aaf98354942030b5d4c82967de79baad83
[INFO] running `Command { std: "docker" "create" "-v" "/var/lib/crater-agent-workspace/builds/worker-35/target:/opt/rustwide/target:rw,Z" "-v" "/var/lib/crater-agent-workspace/builds/worker-35/source:/opt/rustwide/workdir:ro,Z" "-v" "/var/lib/crater-agent-workspace/cargo-home:/opt/rustwide/cargo-home:ro,Z" "-v" "/var/lib/crater-agent-workspace/rustup-home:/opt/rustwide/rustup-home:ro,Z" "-e" "SOURCE_DIR=/opt/rustwide/workdir" "-e" "CARGO_TARGET_DIR=/opt/rustwide/target" "-e" "CARGO_INCREMENTAL=0" "-e" "RUST_BACKTRACE=full" "-e" "RUSTFLAGS=--cap-lints=warn" "-e" "CARGO_HOME=/opt/rustwide/cargo-home" "-e" "RUSTUP_HOME=/opt/rustwide/rustup-home" "-w" "/opt/rustwide/workdir" "-m" "1610612736" "--user" "0:0" "--network" "none" "ghcr.io/rust-lang/crates-build-env/linux@sha256:34b6a614d2c27851fe6cbf88fbd1137609cefab8b10d0615aaeb6fd47975d74e" "/opt/rustwide/cargo-home/bin/cargo" "+beta-2021-08-01" "test" "--frozen", kill_on_drop: false }`
[INFO] [stdout] e6d6da96f2b3e7ccd11b102f177e76dccee54bdb17fd2c3ad6863cffea845787
[INFO] running `Command { std: "docker" "start" "-a" "e6d6da96f2b3e7ccd11b102f177e76dccee54bdb17fd2c3ad6863cffea845787", kill_on_drop: false }`
[INFO] [stderr]     Blocking waiting for file lock on package cache
[INFO] [stderr]     Blocking waiting for file lock on package cache
[INFO] [stderr] warning: unused import: `std::collections::HashSet`
[INFO] [stderr]  --> src/cmd_far/region.rs:4:5
[INFO] [stderr]   |
[INFO] [stderr] 4 | use std::collections::HashSet;
[INFO] [stderr]   |     ^^^^^^^^^^^^^^^^^^^^^^^^^
[INFO] [stderr]   |
[INFO] [stderr]   = note: `#[warn(unused_imports)]` on by default
[INFO] [stderr] 
[INFO] [stderr] warning: unused import: `std::collections::HashSet`
[INFO] [stderr]  --> src/cmd_far/size.rs:4:5
[INFO] [stderr]   |
[INFO] [stderr] 4 | use std::collections::HashSet;
[INFO] [stderr]   |     ^^^^^^^^^^^^^^^^^^^^^^^^^
[INFO] [stderr] 
[INFO] [stderr] warning: `intspan` (bin "far") generated 2 warnings
[INFO] [stderr] warning: `intspan` (bin "far" test) generated 2 warnings (2 duplicates)
[INFO] [stderr]     Finished test [unoptimized + debuginfo] target(s) in 1.54s
[INFO] [stdout] 
[INFO] [stderr]      Running unittests (/opt/rustwide/target/debug/deps/intspan-f9e86359b65f97a7)
[INFO] [stdout] running 21 tests
[INFO] [stdout] test libs::intspan::binary::test_binary ... ok
[INFO] [stdout] test libs::intspan::create::test_create ... ok
[INFO] [stdout] test libs::intspan::mutate::test_mutate ... ok
[INFO] [stdout] test libs::intspan::relation::test_relation ... ok
[INFO] [stdout] test libs::intspan::span::excise_fill ... ok
[INFO] [stdout] test libs::intspan::index::test_index ... ok
[INFO] [stdout] test libs::intspan::span::cover_holes ... ok
[INFO] [stdout] test libs::intspan::span::inset ... ok
[INFO] [stdout] test libs::intspan::create::panic_runlist - should panic ... ok
[INFO] [stdout] test libs::intspan::create::panic_pair - should panic ... ok
[INFO] [stdout] test libs::intspan::index::panic_at_3 - should panic ... ok
[INFO] [stdout] test libs::intspan::create::panic_runlist_2 - should panic ... ok
[INFO] [stdout] test libs::intspan::index::panic_index_1 - should panic ... ok
[INFO] [stdout] test libs::intspan::index::panic_at_1 - should panic ... ok
[INFO] [stdout] test libs::intspan::index::panic_index_2 - should panic ... ok
[INFO] [stdout] test libs::intspan::index::panic_at_2 - should panic ... ok
[INFO] [stdout] test libs::overlap::ovlp_line ... ok
[INFO] [stdout] test utils::read_write::test_write_lines ... ok
[INFO] [stdout] test libs::overlap::paf_line ... ok
[INFO] [stdout] test utils::read_write::test_read_write_runlist ... FAILED
[INFO] [stdout] test libs::range::fa_headers ... ok
[INFO] [stdout] 
[INFO] [stdout] failures:
[INFO] [stdout] 
[INFO] [stdout] ---- utils::read_write::test_read_write_runlist stdout ----
[INFO] [stdout] thread 'utils::read_write::test_read_write_runlist' panicked at 'attempted to leave type `linked_hash_map::Node<value::Value, value::Value>` uninitialized, which is invalid', /rustc/53fd98ca776cb875bc9e5514f56b52eb74f9e7a9/library/core/src/mem/mod.rs:663:9
[INFO] [stdout] stack backtrace:
[INFO] [stdout]    0:     0x563e2337f260 - std::backtrace_rs::backtrace::libunwind::trace::hff4d1766e93f64f1
[INFO] [stdout]                                at /rustc/53fd98ca776cb875bc9e5514f56b52eb74f9e7a9/library/std/src/../../backtrace/src/backtrace/libunwind.rs:90:5
[INFO] [stdout]    1:     0x563e2337f260 - std::backtrace_rs::backtrace::trace_unsynchronized::h56bbc8eb78770bcb
[INFO] [stdout]                                at /rustc/53fd98ca776cb875bc9e5514f56b52eb74f9e7a9/library/std/src/../../backtrace/src/backtrace/mod.rs:66:5
[INFO] [stdout]    2:     0x563e2337f260 - std::sys_common::backtrace::_print_fmt::h5c8e75464faca780
[INFO] [stdout]                                at /rustc/53fd98ca776cb875bc9e5514f56b52eb74f9e7a9/library/std/src/sys_common/backtrace.rs:67:5
[INFO] [stdout]    3:     0x563e2337f260 - <std::sys_common::backtrace::_print::DisplayBacktrace as core::fmt::Display>::fmt::h48b88277def8b362
[INFO] [stdout]                                at /rustc/53fd98ca776cb875bc9e5514f56b52eb74f9e7a9/library/std/src/sys_common/backtrace.rs:46:22
[INFO] [stdout]    4:     0x563e233a482c - core::fmt::write::h3381b3176fe2b3d3
[INFO] [stdout]                                at /rustc/53fd98ca776cb875bc9e5514f56b52eb74f9e7a9/library/core/src/fmt/mod.rs:1115:17
[INFO] [stdout]    5:     0x563e2337bd75 - std::io::Write::write_fmt::h5f34a676f60246b5
[INFO] [stdout]                                at /rustc/53fd98ca776cb875bc9e5514f56b52eb74f9e7a9/library/std/src/io/mod.rs:1665:15
[INFO] [stdout]    6:     0x563e2338198b - std::sys_common::backtrace::_print::ha537687d6c17dd0d
[INFO] [stdout]                                at /rustc/53fd98ca776cb875bc9e5514f56b52eb74f9e7a9/library/std/src/sys_common/backtrace.rs:49:5
[INFO] [stdout]    7:     0x563e2338198b - std::sys_common::backtrace::print::h61376ae57d131d72
[INFO] [stdout]                                at /rustc/53fd98ca776cb875bc9e5514f56b52eb74f9e7a9/library/std/src/sys_common/backtrace.rs:36:9
[INFO] [stdout]    8:     0x563e2338198b - std::panicking::default_hook::{{closure}}::h0f7208c0b9644a54
[INFO] [stdout]                                at /rustc/53fd98ca776cb875bc9e5514f56b52eb74f9e7a9/library/std/src/panicking.rs:208:50
[INFO] [stdout]    9:     0x563e2338149c - std::panicking::default_hook::hdac7fc06578c14ce
[INFO] [stdout]                                at /rustc/53fd98ca776cb875bc9e5514f56b52eb74f9e7a9/library/std/src/panicking.rs:222:9
[INFO] [stdout]   10:     0x563e23382054 - std::panicking::rust_panic_with_hook::h72b21c283da3d1ef
[INFO] [stdout]                                at /rustc/53fd98ca776cb875bc9e5514f56b52eb74f9e7a9/library/std/src/panicking.rs:622:17
[INFO] [stdout]   11:     0x563e23381b07 - std::panicking::begin_panic_handler::{{closure}}::he5778f1729cff84a
[INFO] [stdout]                                at /rustc/53fd98ca776cb875bc9e5514f56b52eb74f9e7a9/library/std/src/panicking.rs:517:13
[INFO] [stdout]   12:     0x563e2337f73c - std::sys_common::backtrace::__rust_end_short_backtrace::h2d11ca8b453b4b1d
[INFO] [stdout]                                at /rustc/53fd98ca776cb875bc9e5514f56b52eb74f9e7a9/library/std/src/sys_common/backtrace.rs:141:18
[INFO] [stdout]   13:     0x563e23381a99 - rust_begin_unwind
[INFO] [stdout]                                at /rustc/53fd98ca776cb875bc9e5514f56b52eb74f9e7a9/library/std/src/panicking.rs:515:5
[INFO] [stdout]   14:     0x563e23054951 - core::panicking::panic_fmt::hf9de31d4acbce4db
[INFO] [stdout]                                at /rustc/53fd98ca776cb875bc9e5514f56b52eb74f9e7a9/library/core/src/panicking.rs:92:14
[INFO] [stdout]   15:     0x563e2305489d - core::panicking::panic::h8a6bc58a21c6c095
[INFO] [stdout]                                at /rustc/53fd98ca776cb875bc9e5514f56b52eb74f9e7a9/library/core/src/panicking.rs:50:5
[INFO] [stdout]   16:     0x563e2314c29a - core::mem::uninitialized::hc1c3010871f77a9a
[INFO] [stdout]                                at /rustc/53fd98ca776cb875bc9e5514f56b52eb74f9e7a9/library/core/src/mem/mod.rs:663:9
[INFO] [stdout]   17:     0x563e2314c29a - linked_hash_map::LinkedHashMap<K,V,S>::ensure_guard_node::hdb07e22b677db840
[INFO] [stdout]                                at /opt/rustwide/cargo-home/registry/src/github.com-1ecc6299db9ec823/linked-hash-map-0.5.2/src/lib.rs:174:52
[INFO] [stdout]   18:     0x563e2314c4bc - linked_hash_map::LinkedHashMap<K,V,S>::insert::hdf5279c5a1bfa7eb
[INFO] [stdout]                                at /opt/rustwide/cargo-home/registry/src/github.com-1ecc6299db9ec823/linked-hash-map-0.5.2/src/lib.rs:304:9
[INFO] [stdout]   19:     0x563e2305d99d - serde_yaml::mapping::Mapping::insert::haad4c4e885fe3465
[INFO] [stdout]                                at /opt/rustwide/cargo-home/registry/src/github.com-1ecc6299db9ec823/serde_yaml-0.8.11/src/mapping.rs:53:9
[INFO] [stdout]   20:     0x563e2305de37 - <serde_yaml::value::de::<impl serde::de::Deserialize for serde_yaml::value::Value>::deserialize::ValueVisitor as serde::de::Visitor>::visit_map::h8b26d8f97136ad03
[INFO] [stdout]                                at /opt/rustwide/cargo-home/registry/src/github.com-1ecc6299db9ec823/serde_yaml-0.8.11/src/value/de.rs:107:21
[INFO] [stdout]   21:     0x563e23072b26 - serde_yaml::de::Deserializer::visit_mapping::{{closure}}::h07a4aaf9fe173031
[INFO] [stdout]                                at /opt/rustwide/cargo-home/registry/src/github.com-1ecc6299db9ec823/serde_yaml-0.8.11/src/de.rs:175:25
[INFO] [stdout]   22:     0x563e2307369e - serde_yaml::de::Deserializer::recursion_check::he2858e2795d2cc0f
[INFO] [stdout]                                at /opt/rustwide/cargo-home/registry/src/github.com-1ecc6299db9ec823/serde_yaml-0.8.11/src/de.rs:239:22
[INFO] [stdout]   23:     0x563e2307286b - serde_yaml::de::Deserializer::visit_mapping::hf1669c951200b219
[INFO] [stdout]                                at /opt/rustwide/cargo-home/registry/src/github.com-1ecc6299db9ec823/serde_yaml-0.8.11/src/de.rs:169:28
[INFO] [stdout]   24:     0x563e230799f3 - <&mut serde_yaml::de::Deserializer as serde::de::Deserializer>::deserialize_any::h69257cbafd4291cf
[INFO] [stdout]                                at /opt/rustwide/cargo-home/registry/src/github.com-1ecc6299db9ec823/serde_yaml-0.8.11/src/de.rs:657:36
[INFO] [stdout]   25:     0x563e230a6ba6 - serde_yaml::value::de::<impl serde::de::Deserialize for serde_yaml::value::Value>::deserialize::h2ae4e82b5c91fa37
[INFO] [stdout]                                at /opt/rustwide/cargo-home/registry/src/github.com-1ecc6299db9ec823/serde_yaml-0.8.11/src/value/de.rs:114:9
[INFO] [stdout]   26:     0x563e23062125 - <core::marker::PhantomData<T> as serde::de::DeserializeSeed>::deserialize::hf67f02ed8785238f
[INFO] [stdout]                                at /opt/rustwide/cargo-home/registry/src/github.com-1ecc6299db9ec823/serde-1.0.106/src/de/mod.rs:786:9
[INFO] [stdout]   27:     0x563e230794d7 - <serde_yaml::de::MapAccess as serde::de::MapAccess>::next_value_seed::hc5a7d96442a7de5b
[INFO] [stdout]                                at /opt/rustwide/cargo-home/registry/src/github.com-1ecc6299db9ec823/serde_yaml-0.8.11/src/de.rs:365:9
[INFO] [stdout]   28:     0x563e23078717 - serde::de::MapAccess::next_entry_seed::h3605ff5a551b4b47
[INFO] [stdout]                                at /opt/rustwide/cargo-home/registry/src/github.com-1ecc6299db9ec823/serde-1.0.106/src/de/mod.rs:1813:34
[INFO] [stdout]   29:     0x563e23078586 - serde::de::MapAccess::next_entry::h96e23b63fdd25339
[INFO] [stdout]                                at /opt/rustwide/cargo-home/registry/src/github.com-1ecc6299db9ec823/serde-1.0.106/src/de/mod.rs:1861:9
[INFO] [stdout]   30:     0x563e230784d9 - <&mut A as serde::de::MapAccess>::next_entry::h61902266a1256af5
[INFO] [stdout]                                at /opt/rustwide/cargo-home/registry/src/github.com-1ecc6299db9ec823/serde-1.0.106/src/de/mod.rs:1912:9
[INFO] [stdout]   31:     0x563e230a7571 - <serde::de::impls::<impl serde::de::Deserialize for alloc::collections::btree::map::BTreeMap<K,V>>::deserialize::MapVisitor<K,V> as serde::de::Visitor>::visit_map::hf0bcd3142cdc4cef
[INFO] [stdout]                                at /opt/rustwide/cargo-home/registry/src/github.com-1ecc6299db9ec823/serde-1.0.106/src/de/impls.rs:1222:61
[INFO] [stdout]   32:     0x563e23072c76 - serde_yaml::de::Deserializer::visit_mapping::{{closure}}::h8430b1780fb49aca
[INFO] [stdout]                                at /opt/rustwide/cargo-home/registry/src/github.com-1ecc6299db9ec823/serde_yaml-0.8.11/src/de.rs:175:25
[INFO] [stdout]   33:     0x563e230732de - serde_yaml::de::Deserializer::recursion_check::h35f4d190470489cb
[INFO] [stdout]                                at /opt/rustwide/cargo-home/registry/src/github.com-1ecc6299db9ec823/serde_yaml-0.8.11/src/de.rs:239:22
[INFO] [stdout]   34:     0x563e2307266b - serde_yaml::de::Deserializer::visit_mapping::h9bd363a6f1ee191a
[INFO] [stdout]                                at /opt/rustwide/cargo-home/registry/src/github.com-1ecc6299db9ec823/serde_yaml-0.8.11/src/de.rs:169:28
[INFO] [stdout]   35:     0x563e23079e2d - <&mut serde_yaml::de::Deserializer as serde::de::Deserializer>::deserialize_map::hb35f5d248cbaccef
[INFO] [stdout]                                at /opt/rustwide/cargo-home/registry/src/github.com-1ecc6299db9ec823/serde_yaml-0.8.11/src/de.rs:902:36
[INFO] [stdout]   36:     0x563e23096605 - serde::de::impls::<impl serde::de::Deserialize for alloc::collections::btree::map::BTreeMap<K,V>>::deserialize::h113f4aac2d5cb95c
[INFO] [stdout]                                at /opt/rustwide/cargo-home/registry/src/github.com-1ecc6299db9ec823/serde-1.0.106/src/de/impls.rs:1231:17
[INFO] [stdout]   37:     0x563e230620e5 - <core::marker::PhantomData<T> as serde::de::DeserializeSeed>::deserialize::h0848bd550c126429
[INFO] [stdout]                                at /opt/rustwide/cargo-home/registry/src/github.com-1ecc6299db9ec823/serde-1.0.106/src/de/mod.rs:786:9
[INFO] [stdout]   38:     0x563e2307418f - serde_yaml::de::from_str_seed::hc36addd46899fce7
[INFO] [stdout]                                at /opt/rustwide/cargo-home/registry/src/github.com-1ecc6299db9ec823/serde_yaml-0.8.11/src/de.rs:1042:17
[INFO] [stdout]   39:     0x563e2307595a - serde_yaml::de::from_str::hacee8a79c3716e89
[INFO] [stdout]                                at /opt/rustwide/cargo-home/registry/src/github.com-1ecc6299db9ec823/serde_yaml-0.8.11/src/de.rs:1012:5
[INFO] [stdout]   40:     0x563e2308e4a3 - intspan::utils::read_yaml::h064871f4061a6dd6
[INFO] [stdout]                                at /opt/rustwide/workdir/src/utils.rs:120:5
[INFO] [stdout]   41:     0x563e23092259 - intspan::utils::read_write::test_read_write_runlist::h510d3659cf270177
[INFO] [stdout]                                at /opt/rustwide/workdir/src/utils.rs:383:20
[INFO] [stdout]   42:     0x563e2309214a - intspan::utils::read_write::test_read_write_runlist::{{closure}}::h244b55608ff12b59
[INFO] [stdout]                                at /opt/rustwide/workdir/src/utils.rs:374:5
[INFO] [stdout]   43:     0x563e2307649e - core::ops::function::FnOnce::call_once::hf2d2d903a58dfc5d
[INFO] [stdout]                                at /rustc/53fd98ca776cb875bc9e5514f56b52eb74f9e7a9/library/core/src/ops/function.rs:227:5
[INFO] [stdout]   44:     0x563e230f1ff3 - core::ops::function::FnOnce::call_once::hbb52c4519d3137b0
[INFO] [stdout]                                at /rustc/53fd98ca776cb875bc9e5514f56b52eb74f9e7a9/library/core/src/ops/function.rs:227:5
[INFO] [stdout]   45:     0x563e230f1ff3 - test::__rust_begin_short_backtrace::h86fe3a2a5a5121af
[INFO] [stdout]                                at /rustc/53fd98ca776cb875bc9e5514f56b52eb74f9e7a9/library/test/src/lib.rs:578:5
[INFO] [stdout]   46:     0x563e230f0aa8 - <alloc::boxed::Box<F,A> as core::ops::function::FnOnce<Args>>::call_once::hfd956bc3d57399be
[INFO] [stdout]                                at /rustc/53fd98ca776cb875bc9e5514f56b52eb74f9e7a9/library/alloc/src/boxed.rs:1572:9
[INFO] [stdout]   47:     0x563e230f0aa8 - <std::panic::AssertUnwindSafe<F> as core::ops::function::FnOnce<()>>::call_once::h40dc93e0ddb5938a
[INFO] [stdout]                                at /rustc/53fd98ca776cb875bc9e5514f56b52eb74f9e7a9/library/std/src/panic.rs:347:9
[INFO] [stdout]   48:     0x563e230f0aa8 - std::panicking::try::do_call::h90d07750cb47c562
[INFO] [stdout]                                at /rustc/53fd98ca776cb875bc9e5514f56b52eb74f9e7a9/library/std/src/panicking.rs:401:40
[INFO] [stdout]   49:     0x563e230f0aa8 - std::panicking::try::h063c84733ad2a629
[INFO] [stdout]                                at /rustc/53fd98ca776cb875bc9e5514f56b52eb74f9e7a9/library/std/src/panicking.rs:365:19
[INFO] [stdout]   50:     0x563e230f0aa8 - std::panic::catch_unwind::h0c464836a84e7c08
[INFO] [stdout]                                at /rustc/53fd98ca776cb875bc9e5514f56b52eb74f9e7a9/library/std/src/panic.rs:434:14
[INFO] [stdout]   51:     0x563e230f0aa8 - test::run_test_in_process::h5cb06ef620b157fc
[INFO] [stdout]                                at /rustc/53fd98ca776cb875bc9e5514f56b52eb74f9e7a9/library/test/src/lib.rs:601:18
[INFO] [stdout]   52:     0x563e230f0aa8 - test::run_test::run_test_inner::{{closure}}::h76f677f4b93f9828
[INFO] [stdout]                                at /rustc/53fd98ca776cb875bc9e5514f56b52eb74f9e7a9/library/test/src/lib.rs:493:39
[INFO] [stdout]   53:     0x563e230bf23d - test::run_test::run_test_inner::{{closure}}::h366d01fe04f4d67a
[INFO] [stdout]                                at /rustc/53fd98ca776cb875bc9e5514f56b52eb74f9e7a9/library/test/src/lib.rs:520:37
[INFO] [stdout]   54:     0x563e230bf23d - std::sys_common::backtrace::__rust_begin_short_backtrace::h7dfa0de4eb395af2
[INFO] [stdout]                                at /rustc/53fd98ca776cb875bc9e5514f56b52eb74f9e7a9/library/std/src/sys_common/backtrace.rs:125:18
[INFO] [stdout]   55:     0x563e230c3a08 - std::thread::Builder::spawn_unchecked::{{closure}}::{{closure}}::hf0a74bb58798037f
[INFO] [stdout]                                at /rustc/53fd98ca776cb875bc9e5514f56b52eb74f9e7a9/library/std/src/thread/mod.rs:476:17
[INFO] [stdout]   56:     0x563e230c3a08 - <std::panic::AssertUnwindSafe<F> as core::ops::function::FnOnce<()>>::call_once::hb024e854818586ac
[INFO] [stdout]                                at /rustc/53fd98ca776cb875bc9e5514f56b52eb74f9e7a9/library/std/src/panic.rs:347:9
[INFO] [stdout]   57:     0x563e230c3a08 - std::panicking::try::do_call::hb2dd9f1d0d48e41d
[INFO] [stdout]                                at /rustc/53fd98ca776cb875bc9e5514f56b52eb74f9e7a9/library/std/src/panicking.rs:401:40
[INFO] [stdout]   58:     0x563e230c3a08 - std::panicking::try::h4717ae7bac8b2bf3
[INFO] [stdout]                                at /rustc/53fd98ca776cb875bc9e5514f56b52eb74f9e7a9/library/std/src/panicking.rs:365:19
[INFO] [stdout]   59:     0x563e230c3a08 - std::panic::catch_unwind::h0dc8a061326ce8d8
[INFO] [stdout]                                at /rustc/53fd98ca776cb875bc9e5514f56b52eb74f9e7a9/library/std/src/panic.rs:434:14
[INFO] [stdout]   60:     0x563e230c3a08 - std::thread::Builder::spawn_unchecked::{{closure}}::haa369e2d6fd00aa1
[INFO] [stdout]                                at /rustc/53fd98ca776cb875bc9e5514f56b52eb74f9e7a9/library/std/src/thread/mod.rs:475:30
[INFO] [stdout]   61:     0x563e230c3a08 - core::ops::function::FnOnce::call_once{{vtable.shim}}::h36dcf3de8b056f17
[INFO] [stdout]                                at /rustc/53fd98ca776cb875bc9e5514f56b52eb74f9e7a9/library/core/src/ops/function.rs:227:5
[INFO] [stdout]   62:     0x563e23387797 - <alloc::boxed::Box<F,A> as core::ops::function::FnOnce<Args>>::call_once::h65c29e4642be2358
[INFO] [stdout]                                at /rustc/53fd98ca776cb875bc9e5514f56b52eb74f9e7a9/library/alloc/src/boxed.rs:1572:9
[INFO] [stdout]   63:     0x563e23387797 - <alloc::boxed::Box<F,A> as core::ops::function::FnOnce<Args>>::call_once::hd0f8f7fbbd9fffbf
[INFO] [stdout]                                at /rustc/53fd98ca776cb875bc9e5514f56b52eb74f9e7a9/library/alloc/src/boxed.rs:1572:9
[INFO] [stdout]   64:     0x563e23387797 - std::sys::unix::thread::Thread::new::thread_start::h2fd22fee3ca77b65
[INFO] [stdout]                                at /rustc/53fd98ca776cb875bc9e5514f56b52eb74f9e7a9/library/std/src/sys/unix/thread.rs:74:17
[INFO] [stdout]   65:     0x7efc8d832609 - start_thread
[INFO] [stdout]   66:     0x7efc8d60a293 - clone
[INFO] [stdout]   67:                0x0 - <unknown>
[INFO] [stdout] 
[INFO] [stdout] 
[INFO] [stdout] failures:
[INFO] [stdout]     utils::read_write::test_read_write_runlist
[INFO] [stdout] 
[INFO] [stdout] test result: FAILED. 20 passed; 1 failed; 0 ignored; 0 measured; 0 filtered out; finished in 0.22s
[INFO] [stdout] 
[INFO] [stderr] error: test failed, to rerun pass '--lib'
[INFO] running `Command { std: "docker" "inspect" "e6d6da96f2b3e7ccd11b102f177e76dccee54bdb17fd2c3ad6863cffea845787", kill_on_drop: false }`
[INFO] running `Command { std: "docker" "rm" "-f" "e6d6da96f2b3e7ccd11b102f177e76dccee54bdb17fd2c3ad6863cffea845787", kill_on_drop: false }`
[INFO] [stdout] e6d6da96f2b3e7ccd11b102f177e76dccee54bdb17fd2c3ad6863cffea845787
