[INFO] fetching crate intarray 0.1.0...
[INFO] testing intarray-0.1.0 against 1.54.0 for beta-1.55-1
[INFO] extracting crate intarray 0.1.0 into /workspace/builds/worker-14/source
[INFO] validating manifest of crates.io crate intarray 0.1.0 on toolchain 1.54.0
[INFO] running `Command { std: "/workspace/cargo-home/bin/cargo" "+1.54.0" "metadata" "--manifest-path" "Cargo.toml" "--no-deps", kill_on_drop: false }`
[INFO] started tweaking crates.io crate intarray 0.1.0
[INFO] removed 0 missing examples
[INFO] finished tweaking crates.io crate intarray 0.1.0
[INFO] tweaked toml for crates.io crate intarray 0.1.0 written to /workspace/builds/worker-14/source/Cargo.toml
[INFO] crate crates.io crate intarray 0.1.0 already has a lockfile, it will not be regenerated
[INFO] running `Command { std: "/workspace/cargo-home/bin/cargo" "+1.54.0" "fetch" "--manifest-path" "Cargo.toml", kill_on_drop: false }`
[INFO] running `Command { std: "docker" "create" "-v" "/var/lib/crater-agent-workspace/builds/worker-14/target:/opt/rustwide/target:rw,Z" "-v" "/var/lib/crater-agent-workspace/builds/worker-14/source:/opt/rustwide/workdir:ro,Z" "-v" "/var/lib/crater-agent-workspace/cargo-home:/opt/rustwide/cargo-home:ro,Z" "-v" "/var/lib/crater-agent-workspace/rustup-home:/opt/rustwide/rustup-home:ro,Z" "-e" "SOURCE_DIR=/opt/rustwide/workdir" "-e" "CARGO_TARGET_DIR=/opt/rustwide/target" "-e" "CARGO_HOME=/opt/rustwide/cargo-home" "-e" "RUSTUP_HOME=/opt/rustwide/rustup-home" "-w" "/opt/rustwide/workdir" "-m" "1610612736" "--user" "0:0" "--network" "none" "ghcr.io/rust-lang/crates-build-env/linux@sha256:34b6a614d2c27851fe6cbf88fbd1137609cefab8b10d0615aaeb6fd47975d74e" "/opt/rustwide/cargo-home/bin/cargo" "+1.54.0" "metadata" "--no-deps" "--format-version=1", kill_on_drop: false }`
[INFO] [stderr] WARNING: Your kernel does not support swap limit capabilities or the cgroup is not mounted. Memory limited without swap.
[INFO] [stdout] b05a447cbb8331809d20bd62c1482c667921a741f484d5cc1e206bd80fc652dc
[INFO] running `Command { std: "docker" "start" "-a" "b05a447cbb8331809d20bd62c1482c667921a741f484d5cc1e206bd80fc652dc", kill_on_drop: false }`
[INFO] running `Command { std: "docker" "inspect" "b05a447cbb8331809d20bd62c1482c667921a741f484d5cc1e206bd80fc652dc", kill_on_drop: false }`
[INFO] running `Command { std: "docker" "rm" "-f" "b05a447cbb8331809d20bd62c1482c667921a741f484d5cc1e206bd80fc652dc", kill_on_drop: false }`
[INFO] [stdout] b05a447cbb8331809d20bd62c1482c667921a741f484d5cc1e206bd80fc652dc
[INFO] running `Command { std: "docker" "create" "-v" "/var/lib/crater-agent-workspace/builds/worker-14/target:/opt/rustwide/target:rw,Z" "-v" "/var/lib/crater-agent-workspace/builds/worker-14/source:/opt/rustwide/workdir:ro,Z" "-v" "/var/lib/crater-agent-workspace/cargo-home:/opt/rustwide/cargo-home:ro,Z" "-v" "/var/lib/crater-agent-workspace/rustup-home:/opt/rustwide/rustup-home:ro,Z" "-e" "SOURCE_DIR=/opt/rustwide/workdir" "-e" "CARGO_TARGET_DIR=/opt/rustwide/target" "-e" "CARGO_INCREMENTAL=0" "-e" "RUST_BACKTRACE=full" "-e" "RUSTFLAGS=--cap-lints=warn" "-e" "CARGO_HOME=/opt/rustwide/cargo-home" "-e" "RUSTUP_HOME=/opt/rustwide/rustup-home" "-w" "/opt/rustwide/workdir" "-m" "1610612736" "--user" "0:0" "--network" "none" "ghcr.io/rust-lang/crates-build-env/linux@sha256:34b6a614d2c27851fe6cbf88fbd1137609cefab8b10d0615aaeb6fd47975d74e" "/opt/rustwide/cargo-home/bin/cargo" "+1.54.0" "build" "--frozen" "--message-format=json", kill_on_drop: false }`
[INFO] [stdout] bd7c8f68f498656670a0837aa4d7e9d2d0f9b65888356d620cf9cb13843de5c9
[INFO] [stderr] WARNING: Your kernel does not support swap limit capabilities or the cgroup is not mounted. Memory limited without swap.
[INFO] running `Command { std: "docker" "start" "-a" "bd7c8f68f498656670a0837aa4d7e9d2d0f9b65888356d620cf9cb13843de5c9", kill_on_drop: false }`
[INFO] [stderr]    Compiling libc v0.2.62
[INFO] [stderr]    Compiling getrandom v0.1.11
[INFO] [stderr]    Compiling serde v1.0.99
[INFO] [stderr]    Compiling regex-syntax v0.6.12
[INFO] [stderr]    Compiling c2-chacha v0.2.2
[INFO] [stderr]    Compiling log v0.4.8
[INFO] [stderr]    Compiling aho-corasick v0.7.6
[INFO] [stderr]    Compiling atty v0.2.13
[INFO] [stderr]    Compiling rand_core v0.5.1
[INFO] [stderr]    Compiling rand_chacha v0.2.1
[INFO] [stderr]    Compiling rand v0.7.0
[INFO] [stderr]    Compiling regex v1.3.1
[INFO] [stderr]    Compiling env_logger v0.6.2
[INFO] [stderr]    Compiling intarray v0.1.0 (/opt/rustwide/workdir)
[INFO] [stderr]     Finished dev [unoptimized + debuginfo] target(s) in 16.75s
[INFO] running `Command { std: "docker" "inspect" "bd7c8f68f498656670a0837aa4d7e9d2d0f9b65888356d620cf9cb13843de5c9", kill_on_drop: false }`
[INFO] running `Command { std: "docker" "rm" "-f" "bd7c8f68f498656670a0837aa4d7e9d2d0f9b65888356d620cf9cb13843de5c9", kill_on_drop: false }`
[INFO] [stdout] bd7c8f68f498656670a0837aa4d7e9d2d0f9b65888356d620cf9cb13843de5c9
[INFO] running `Command { std: "docker" "create" "-v" "/var/lib/crater-agent-workspace/builds/worker-14/target:/opt/rustwide/target:rw,Z" "-v" "/var/lib/crater-agent-workspace/builds/worker-14/source:/opt/rustwide/workdir:ro,Z" "-v" "/var/lib/crater-agent-workspace/cargo-home:/opt/rustwide/cargo-home:ro,Z" "-v" "/var/lib/crater-agent-workspace/rustup-home:/opt/rustwide/rustup-home:ro,Z" "-e" "SOURCE_DIR=/opt/rustwide/workdir" "-e" "CARGO_TARGET_DIR=/opt/rustwide/target" "-e" "CARGO_INCREMENTAL=0" "-e" "RUST_BACKTRACE=full" "-e" "RUSTFLAGS=--cap-lints=warn" "-e" "CARGO_HOME=/opt/rustwide/cargo-home" "-e" "RUSTUP_HOME=/opt/rustwide/rustup-home" "-w" "/opt/rustwide/workdir" "-m" "1610612736" "--user" "0:0" "--network" "none" "ghcr.io/rust-lang/crates-build-env/linux@sha256:34b6a614d2c27851fe6cbf88fbd1137609cefab8b10d0615aaeb6fd47975d74e" "/opt/rustwide/cargo-home/bin/cargo" "+1.54.0" "test" "--frozen" "--no-run" "--message-format=json", kill_on_drop: false }`
[INFO] [stdout] 836b71bdac6e7919957783b10c42e7fb8f468494dfe2328d346c4c0909189813
[INFO] [stderr] WARNING: Your kernel does not support swap limit capabilities or the cgroup is not mounted. Memory limited without swap.
[INFO] running `Command { std: "docker" "start" "-a" "836b71bdac6e7919957783b10c42e7fb8f468494dfe2328d346c4c0909189813", kill_on_drop: false }`
[INFO] [stderr]    Compiling proc-macro2 v1.0.2
[INFO] [stderr]    Compiling byteorder v1.3.2
[INFO] [stderr]    Compiling syn v0.15.44
[INFO] [stderr]    Compiling bitflags v1.1.0
[INFO] [stderr]    Compiling ryu v1.0.0
[INFO] [stderr]    Compiling unicode-width v0.1.6
[INFO] [stderr]    Compiling linked-hash-map v0.5.2
[INFO] [stderr]    Compiling block-padding v0.1.4
[INFO] [stderr]    Compiling textwrap v0.11.0
[INFO] [stderr]    Compiling yaml-rust v0.4.3
[INFO] [stderr]    Compiling clap v2.33.0
[INFO] [stderr]    Compiling serde_json v1.0.40
[INFO] [stderr]    Compiling block-buffer v0.7.3
[INFO] [stderr]    Compiling serde_yaml v0.8.9
[INFO] [stderr]    Compiling sha2 v0.8.0
[INFO] [stderr]    Compiling quote v1.0.2
[INFO] [stderr]    Compiling syn v1.0.5
[INFO] [stderr]    Compiling test-env-log v0.1.0
[INFO] [stderr]    Compiling serde_derive v1.0.99
[INFO] [stderr]    Compiling intarray v0.1.0 (/opt/rustwide/workdir)
[INFO] [stderr]     Finished test [unoptimized + debuginfo] target(s) in 24.04s
[INFO] running `Command { std: "docker" "inspect" "836b71bdac6e7919957783b10c42e7fb8f468494dfe2328d346c4c0909189813", kill_on_drop: false }`
[INFO] running `Command { std: "docker" "rm" "-f" "836b71bdac6e7919957783b10c42e7fb8f468494dfe2328d346c4c0909189813", kill_on_drop: false }`
[INFO] [stdout] 836b71bdac6e7919957783b10c42e7fb8f468494dfe2328d346c4c0909189813
[INFO] running `Command { std: "docker" "create" "-v" "/var/lib/crater-agent-workspace/builds/worker-14/target:/opt/rustwide/target:rw,Z" "-v" "/var/lib/crater-agent-workspace/builds/worker-14/source:/opt/rustwide/workdir:ro,Z" "-v" "/var/lib/crater-agent-workspace/cargo-home:/opt/rustwide/cargo-home:ro,Z" "-v" "/var/lib/crater-agent-workspace/rustup-home:/opt/rustwide/rustup-home:ro,Z" "-e" "SOURCE_DIR=/opt/rustwide/workdir" "-e" "CARGO_TARGET_DIR=/opt/rustwide/target" "-e" "CARGO_INCREMENTAL=0" "-e" "RUST_BACKTRACE=full" "-e" "RUSTFLAGS=--cap-lints=warn" "-e" "CARGO_HOME=/opt/rustwide/cargo-home" "-e" "RUSTUP_HOME=/opt/rustwide/rustup-home" "-w" "/opt/rustwide/workdir" "-m" "1610612736" "--user" "0:0" "--network" "none" "ghcr.io/rust-lang/crates-build-env/linux@sha256:34b6a614d2c27851fe6cbf88fbd1137609cefab8b10d0615aaeb6fd47975d74e" "/opt/rustwide/cargo-home/bin/cargo" "+1.54.0" "test" "--frozen", kill_on_drop: false }`
[INFO] [stdout] 04e9443fe9beb3fc6c3613315adec2e716737e1acf83427ad2befaa184d82c1f
[INFO] [stderr] WARNING: Your kernel does not support swap limit capabilities or the cgroup is not mounted. Memory limited without swap.
[INFO] running `Command { std: "docker" "start" "-a" "04e9443fe9beb3fc6c3613315adec2e716737e1acf83427ad2befaa184d82c1f", kill_on_drop: false }`
[INFO] [stderr]     Finished test [unoptimized + debuginfo] target(s) in 0.05s
[INFO] [stdout] 
[INFO] [stderr]      Running unittests (/opt/rustwide/target/debug/deps/intarray-2643e17e19002482)
[INFO] [stdout] running 36 tests
[INFO] [stdout] test tests::add2_64_overflow::f ... ok
[INFO] [stdout] test tests::add64::f ... ok
[INFO] [stdout] test tests::addsub::f ... ok
[INFO] [stdout] test tests::extend_fast::f ... ok
[INFO] [stdout] test tests::assign_array::f ... ok
[INFO] [stdout] test tests::iterate2::f ... ok
[INFO] [stdout] test tests::getmask::f ... ok
[INFO] [stdout] test tests::construct::f ... ok
[INFO] [stdout] test tests::construct_withiter::f ... ok
[INFO] [stdout] test tests::construct_withvec::f ... ok
[INFO] [stdout] test tests::element_add::f ... ok
[INFO] [stdout] test tests::element_sum::f ... ok
[INFO] [stdout] test tests::extend::f ... ok
[INFO] [stdout] test tests::json::f ... ok
[INFO] [stdout] test tests::iterate3::f ... ok
[INFO] [stdout] test tests::shape::f ... ok
[INFO] [stdout] test tests::sub2_64_underflow::f ... ok
[INFO] [stdout] test tests::iterate1::f ... ok
[INFO] [stdout] test tests::limit_incdec::f ... ok
[INFO] [stdout] test tests::clone1::f ... ok
[INFO] [stdout] test tests::cat::f ... ok
[INFO] [stdout] test tests::assign_int::f ... ok
[INFO] [stdout] test tests::sum_1::f ... ok
[INFO] [stdout] test tests::maxmin::f ... ok
[INFO] [stdout] test tests::modify::f ... ok
[INFO] [stdout] test tests::u64test::f ... ok
[INFO] [stdout] test tests::zerowidth::f ... ok
[INFO] [stdout] test tests::test_subarray::f ... ok
[INFO] [stdout] test tests::pushpop::f ... ok
[INFO] [stdout] test tests::test_bits::f ... ok
[INFO] [stdout] test tests::large::f - should panic ... ok
[INFO] [stdout] test tests::construct_withvec_bad::f - should panic ... ok
[INFO] [stdout] test tests::out_of_bounds::f - should panic ... ok
[INFO] [stdout] test tests::yaml::f ... FAILED
[INFO] [stdout] test tests::construct_withiter2::f ... ok
[INFO] [stdout] test tests::sumx::f ... ok
[INFO] [stdout] 
[INFO] [stdout] failures:
[INFO] [stdout] 
[INFO] [stdout] ---- tests::yaml::f stdout ----
[INFO] [stdout] thread 'tests::yaml::f' panicked at 'attempted to leave type `linked_hash_map::Node<yaml::Yaml, yaml::Yaml>` uninitialized, which is invalid', /rustc/a178d0322ce20e33eac124758e837cbd80a6f633/library/core/src/mem/mod.rs:660:9
[INFO] [stdout] stack backtrace:
[INFO] [stdout]    0:     0x559e6d287f90 - std::backtrace_rs::backtrace::libunwind::trace::h34055254b57d8e79
[INFO] [stdout]                                at /rustc/a178d0322ce20e33eac124758e837cbd80a6f633/library/std/src/../../backtrace/src/backtrace/libunwind.rs:90:5
[INFO] [stdout]    1:     0x559e6d287f90 - std::backtrace_rs::backtrace::trace_unsynchronized::h8f1e3fbd9afff6ec
[INFO] [stdout]                                at /rustc/a178d0322ce20e33eac124758e837cbd80a6f633/library/std/src/../../backtrace/src/backtrace/mod.rs:66:5
[INFO] [stdout]    2:     0x559e6d287f90 - std::sys_common::backtrace::_print_fmt::h3a99a796b770c360
[INFO] [stdout]                                at /rustc/a178d0322ce20e33eac124758e837cbd80a6f633/library/std/src/sys_common/backtrace.rs:67:5
[INFO] [stdout]    3:     0x559e6d287f90 - <std::sys_common::backtrace::_print::DisplayBacktrace as core::fmt::Display>::fmt::h32d1f94a80615d18
[INFO] [stdout]                                at /rustc/a178d0322ce20e33eac124758e837cbd80a6f633/library/std/src/sys_common/backtrace.rs:46:22
[INFO] [stdout]    4:     0x559e6d2abb2c - core::fmt::write::h306731c068f7162c
[INFO] [stdout]                                at /rustc/a178d0322ce20e33eac124758e837cbd80a6f633/library/core/src/fmt/mod.rs:1110:17
[INFO] [stdout]    5:     0x559e6d284de5 - std::io::Write::write_fmt::h87f19b0a2cd190bc
[INFO] [stdout]                                at /rustc/a178d0322ce20e33eac124758e837cbd80a6f633/library/std/src/io/mod.rs:1588:15
[INFO] [stdout]    6:     0x559e6d28a0fb - std::sys_common::backtrace::_print::h5abaa2601a852287
[INFO] [stdout]                                at /rustc/a178d0322ce20e33eac124758e837cbd80a6f633/library/std/src/sys_common/backtrace.rs:49:5
[INFO] [stdout]    7:     0x559e6d28a0fb - std::sys_common::backtrace::print::h8d81445442bb638f
[INFO] [stdout]                                at /rustc/a178d0322ce20e33eac124758e837cbd80a6f633/library/std/src/sys_common/backtrace.rs:36:9
[INFO] [stdout]    8:     0x559e6d28a0fb - std::panicking::default_hook::{{closure}}::hcfe804496a9fa747
[INFO] [stdout]                                at /rustc/a178d0322ce20e33eac124758e837cbd80a6f633/library/std/src/panicking.rs:208:50
[INFO] [stdout]    9:     0x559e6d289c0c - std::panicking::default_hook::hbea8e3ccf2ba8901
[INFO] [stdout]                                at /rustc/a178d0322ce20e33eac124758e837cbd80a6f633/library/std/src/panicking.rs:222:9
[INFO] [stdout]   10:     0x559e6d28a7c4 - std::panicking::rust_panic_with_hook::h7ee9e1a2d0f8975a
[INFO] [stdout]                                at /rustc/a178d0322ce20e33eac124758e837cbd80a6f633/library/std/src/panicking.rs:622:17
[INFO] [stdout]   11:     0x559e6d28a277 - std::panicking::begin_panic_handler::{{closure}}::h8ab3b4491718b2c7
[INFO] [stdout]                                at /rustc/a178d0322ce20e33eac124758e837cbd80a6f633/library/std/src/panicking.rs:517:13
[INFO] [stdout]   12:     0x559e6d28848c - std::sys_common::backtrace::__rust_end_short_backtrace::hd489062ffa586a9f
[INFO] [stdout]                                at /rustc/a178d0322ce20e33eac124758e837cbd80a6f633/library/std/src/sys_common/backtrace.rs:141:18
[INFO] [stdout]   13:     0x559e6d28a209 - rust_begin_unwind
[INFO] [stdout]                                at /rustc/a178d0322ce20e33eac124758e837cbd80a6f633/library/std/src/panicking.rs:515:5
[INFO] [stdout]   14:     0x559e6cff6b41 - core::panicking::panic_fmt::hca6330e3e14086b4
[INFO] [stdout]                                at /rustc/a178d0322ce20e33eac124758e837cbd80a6f633/library/core/src/panicking.rs:92:14
[INFO] [stdout]   15:     0x559e6cff6a8d - core::panicking::panic::h1a48d878ff3dcd40
[INFO] [stdout]                                at /rustc/a178d0322ce20e33eac124758e837cbd80a6f633/library/core/src/panicking.rs:50:5
[INFO] [stdout]   16:     0x559e6d2135aa - core::mem::uninitialized::h32818301dbfb5861
[INFO] [stdout]                                at /rustc/a178d0322ce20e33eac124758e837cbd80a6f633/library/core/src/mem/mod.rs:660:9
[INFO] [stdout]   17:     0x559e6d2135aa - linked_hash_map::LinkedHashMap<K,V,S>::ensure_guard_node::ha6610ce41106ad21
[INFO] [stdout]                                at /opt/rustwide/cargo-home/registry/src/github.com-1ecc6299db9ec823/linked-hash-map-0.5.2/src/lib.rs:174:52
[INFO] [stdout]   18:     0x559e6d2137dc - linked_hash_map::LinkedHashMap<K,V,S>::insert::haa458d324b13468a
[INFO] [stdout]                                at /opt/rustwide/cargo-home/registry/src/github.com-1ecc6299db9ec823/linked-hash-map-0.5.2/src/lib.rs:304:9
[INFO] [stdout]   19:     0x559e6d019ba0 - <serde_yaml::ser::SerializeStruct as serde::ser::SerializeStruct>::serialize_field::ha50ed292b415c9d4
[INFO] [stdout]                                at /opt/rustwide/cargo-home/registry/src/github.com-1ecc6299db9ec823/serde_yaml-0.8.9/src/ser.rs:363:9
[INFO] [stdout]   20:     0x559e6cffaf17 - intarray::tests::_IMPL_SERIALIZE_FOR_Ex::<impl serde::ser::Serialize for intarray::tests::Ex>::serialize::h733dc16a74719190
[INFO] [stdout]                                at /opt/rustwide/workdir/src/tests.rs:179:10
[INFO] [stdout]   21:     0x559e6cff7448 - serde::ser::impls::<impl serde::ser::Serialize for &T>::serialize::h7095d954e0139b36
[INFO] [stdout]                                at /opt/rustwide/cargo-home/registry/src/github.com-1ecc6299db9ec823/serde-1.0.99/src/ser/impls.rs:390:17
[INFO] [stdout]   22:     0x559e6d01892b - serde_yaml::ser::to_yaml::h04cbc535f947e7b9
[INFO] [stdout]                                at /opt/rustwide/cargo-home/registry/src/github.com-1ecc6299db9ec823/serde_yaml-0.8.9/src/ser.rs:452:5
[INFO] [stdout]   23:     0x559e6d018be9 - serde_yaml::ser::to_writer::h5a42725312deb332
[INFO] [stdout]                                at /opt/rustwide/cargo-home/registry/src/github.com-1ecc6299db9ec823/serde_yaml-0.8.9/src/ser.rs:398:15
[INFO] [stdout]   24:     0x559e6d0187ba - serde_yaml::ser::to_vec::h67b988a7da369b03
[INFO] [stdout]                                at /opt/rustwide/cargo-home/registry/src/github.com-1ecc6299db9ec823/serde_yaml-0.8.9/src/ser.rs:415:5
[INFO] [stdout]   25:     0x559e6d018a25 - serde_yaml::ser::to_string::h4995dc764591c2b6
[INFO] [stdout]                                at /opt/rustwide/cargo-home/registry/src/github.com-1ecc6299db9ec823/serde_yaml-0.8.9/src/ser.rs:427:26
[INFO] [stdout]   26:     0x559e6cffb3c5 - intarray::tests::yaml::h6cad387b50a7a777
[INFO] [stdout]                                at /opt/rustwide/workdir/src/tests.rs:203:22
[INFO] [stdout]   27:     0x559e6d010093 - intarray::tests::yaml::f::h014008aa738f19d2
[INFO] [stdout]                                at /opt/rustwide/workdir/src/tests.rs:196:1
[INFO] [stdout]   28:     0x559e6d00fffa - intarray::tests::yaml::f::{{closure}}::h5d18e742984323c2
[INFO] [stdout]                                at /opt/rustwide/workdir/src/tests.rs:196:1
[INFO] [stdout]   29:     0x559e6d01707e - core::ops::function::FnOnce::call_once::hbf8c13cd12802d44
[INFO] [stdout]                                at /rustc/a178d0322ce20e33eac124758e837cbd80a6f633/library/core/src/ops/function.rs:227:5
[INFO] [stdout]   30:     0x559e6d1f55c3 - core::ops::function::FnOnce::call_once::h152e7e439ff59e19
[INFO] [stdout]                                at /rustc/a178d0322ce20e33eac124758e837cbd80a6f633/library/core/src/ops/function.rs:227:5
[INFO] [stdout]   31:     0x559e6d1f55c3 - test::__rust_begin_short_backtrace::h0908f3b1fdbb72ab
[INFO] [stdout]                                at /rustc/a178d0322ce20e33eac124758e837cbd80a6f633/library/test/src/lib.rs:577:5
[INFO] [stdout]   32:     0x559e6d1f4080 - <alloc::boxed::Box<F,A> as core::ops::function::FnOnce<Args>>::call_once::hf6d2a51e5587546c
[INFO] [stdout]                                at /rustc/a178d0322ce20e33eac124758e837cbd80a6f633/library/alloc/src/boxed.rs:1575:9
[INFO] [stdout]   33:     0x559e6d1f4080 - <std::panic::AssertUnwindSafe<F> as core::ops::function::FnOnce<()>>::call_once::h8af660f3a89ef593
[INFO] [stdout]                                at /rustc/a178d0322ce20e33eac124758e837cbd80a6f633/library/std/src/panic.rs:347:9
[INFO] [stdout]   34:     0x559e6d1f4080 - std::panicking::try::do_call::hd36aef60f84b6d36
[INFO] [stdout]                                at /rustc/a178d0322ce20e33eac124758e837cbd80a6f633/library/std/src/panicking.rs:401:40
[INFO] [stdout]   35:     0x559e6d1f4080 - std::panicking::try::h9932b4480e69817c
[INFO] [stdout]                                at /rustc/a178d0322ce20e33eac124758e837cbd80a6f633/library/std/src/panicking.rs:365:19
[INFO] [stdout]   36:     0x559e6d1f4080 - std::panic::catch_unwind::h6aa177099cfff5f8
[INFO] [stdout]                                at /rustc/a178d0322ce20e33eac124758e837cbd80a6f633/library/std/src/panic.rs:434:14
[INFO] [stdout]   37:     0x559e6d1f4080 - test::run_test_in_process::h5884d6f2d99e20c3
[INFO] [stdout]                                at /rustc/a178d0322ce20e33eac124758e837cbd80a6f633/library/test/src/lib.rs:600:18
[INFO] [stdout]   38:     0x559e6d1f4080 - test::run_test::run_test_inner::{{closure}}::h6fdc58c6d5f5b6e3
[INFO] [stdout]                                at /rustc/a178d0322ce20e33eac124758e837cbd80a6f633/library/test/src/lib.rs:492:39
[INFO] [stdout]   39:     0x559e6d1cd732 - test::run_test::run_test_inner::{{closure}}::h408365d67a78ade8
[INFO] [stdout]                                at /rustc/a178d0322ce20e33eac124758e837cbd80a6f633/library/test/src/lib.rs:519:37
[INFO] [stdout]   40:     0x559e6d1cd732 - std::sys_common::backtrace::__rust_begin_short_backtrace::hb560b77c4f701523
[INFO] [stdout]                                at /rustc/a178d0322ce20e33eac124758e837cbd80a6f633/library/std/src/sys_common/backtrace.rs:125:18
[INFO] [stdout]   41:     0x559e6d1d12e8 - std::thread::Builder::spawn_unchecked::{{closure}}::{{closure}}::hf2e7831dad93c597
[INFO] [stdout]                                at /rustc/a178d0322ce20e33eac124758e837cbd80a6f633/library/std/src/thread/mod.rs:481:17
[INFO] [stdout]   42:     0x559e6d1d12e8 - <std::panic::AssertUnwindSafe<F> as core::ops::function::FnOnce<()>>::call_once::hd2e08783d8be4d02
[INFO] [stdout]                                at /rustc/a178d0322ce20e33eac124758e837cbd80a6f633/library/std/src/panic.rs:347:9
[INFO] [stdout]   43:     0x559e6d1d12e8 - std::panicking::try::do_call::h062597b7acfd6b82
[INFO] [stdout]                                at /rustc/a178d0322ce20e33eac124758e837cbd80a6f633/library/std/src/panicking.rs:401:40
[INFO] [stdout]   44:     0x559e6d1d12e8 - std::panicking::try::h0d7b79db04c14552
[INFO] [stdout]                                at /rustc/a178d0322ce20e33eac124758e837cbd80a6f633/library/std/src/panicking.rs:365:19
[INFO] [stdout]   45:     0x559e6d1d12e8 - std::panic::catch_unwind::hb01a0b5e7c8cd43b
[INFO] [stdout]                                at /rustc/a178d0322ce20e33eac124758e837cbd80a6f633/library/std/src/panic.rs:434:14
[INFO] [stdout]   46:     0x559e6d1d12e8 - std::thread::Builder::spawn_unchecked::{{closure}}::h5bde48cc887e0d1e
[INFO] [stdout]                                at /rustc/a178d0322ce20e33eac124758e837cbd80a6f633/library/std/src/thread/mod.rs:480:30
[INFO] [stdout]   47:     0x559e6d1d12e8 - core::ops::function::FnOnce::call_once{{vtable.shim}}::h745ea30807a29e55
[INFO] [stdout]                                at /rustc/a178d0322ce20e33eac124758e837cbd80a6f633/library/core/src/ops/function.rs:227:5
[INFO] [stdout]   48:     0x559e6d28f2e7 - <alloc::boxed::Box<F,A> as core::ops::function::FnOnce<Args>>::call_once::h7ece6cfefaff1005
[INFO] [stdout]                                at /rustc/a178d0322ce20e33eac124758e837cbd80a6f633/library/alloc/src/boxed.rs:1575:9
[INFO] [stdout]   49:     0x559e6d28f2e7 - <alloc::boxed::Box<F,A> as core::ops::function::FnOnce<Args>>::call_once::hb8b48e55c21f193e
[INFO] [stdout]                                at /rustc/a178d0322ce20e33eac124758e837cbd80a6f633/library/alloc/src/boxed.rs:1575:9
[INFO] [stdout]   50:     0x559e6d28f2e7 - std::sys::unix::thread::Thread::new::thread_start::h8c7c4450dba62914
[INFO] [stdout]                                at /rustc/a178d0322ce20e33eac124758e837cbd80a6f633/library/std/src/sys/unix/thread.rs:71:17
[INFO] [stdout]   51:     0x7fa51b4ef609 - start_thread
[INFO] [stdout]   52:     0x7fa51b77a293 - clone
[INFO] [stdout]   53:                0x0 - <unknown>
[INFO] [stdout] 
[INFO] [stdout] 
[INFO] [stdout] failures:
[INFO] [stdout]     tests::yaml::f
[INFO] [stdout] 
[INFO] [stdout] test result: FAILED. 35 passed; 1 failed; 0 ignored; 0 measured; 0 filtered out; finished in 3.00s
[INFO] [stdout] 
[INFO] [stderr] error: test failed, to rerun pass '--lib'
[INFO] running `Command { std: "docker" "inspect" "04e9443fe9beb3fc6c3613315adec2e716737e1acf83427ad2befaa184d82c1f", kill_on_drop: false }`
[INFO] running `Command { std: "docker" "rm" "-f" "04e9443fe9beb3fc6c3613315adec2e716737e1acf83427ad2befaa184d82c1f", kill_on_drop: false }`
[INFO] [stdout] 04e9443fe9beb3fc6c3613315adec2e716737e1acf83427ad2befaa184d82c1f
