[INFO] fetching crate input-actions 0.1.0...
[INFO] testing input-actions-0.1.0 against beta-2021-08-01 for beta-1.55-1
[INFO] extracting crate input-actions 0.1.0 into /workspace/builds/worker-8/source
[INFO] validating manifest of crates.io crate input-actions 0.1.0 on toolchain beta-2021-08-01
[INFO] running `Command { std: "/workspace/cargo-home/bin/cargo" "+beta-2021-08-01" "metadata" "--manifest-path" "Cargo.toml" "--no-deps", kill_on_drop: false }`
[INFO] started tweaking crates.io crate input-actions 0.1.0
[INFO] finished tweaking crates.io crate input-actions 0.1.0
[INFO] tweaked toml for crates.io crate input-actions 0.1.0 written to /workspace/builds/worker-8/source/Cargo.toml
[INFO] running `Command { std: "/workspace/cargo-home/bin/cargo" "+beta-2021-08-01" "generate-lockfile" "--manifest-path" "Cargo.toml" "-Zno-index-update", kill_on_drop: false }`
[INFO] running `Command { std: "/workspace/cargo-home/bin/cargo" "+beta-2021-08-01" "fetch" "--manifest-path" "Cargo.toml", kill_on_drop: false }`
[INFO] [stderr]  Downloading crates ...
[INFO] [stderr]   Downloaded ndk-glue v0.3.0
[INFO] [stderr]   Downloaded gilrs-core v0.3.1
[INFO] [stderr]   Downloaded mio-misc v1.2.1
[INFO] [stderr]   Downloaded rusty-xinput v1.2.0
[INFO] [stderr]   Downloaded core-foundation v0.6.4
[INFO] [stderr]   Downloaded core-foundation-sys v0.6.2
[INFO] [stderr]   Downloaded winit v0.25.0
[INFO] [stderr]   Downloaded gilrs v0.8.1
[INFO] [stderr]   Downloaded ndk v0.3.0
[INFO] [stderr]   Downloaded io-kit-sys v0.1.0
[INFO] running `Command { std: "docker" "create" "-v" "/var/lib/crater-agent-workspace/builds/worker-8/target:/opt/rustwide/target:rw,Z" "-v" "/var/lib/crater-agent-workspace/builds/worker-8/source:/opt/rustwide/workdir:ro,Z" "-v" "/var/lib/crater-agent-workspace/cargo-home:/opt/rustwide/cargo-home:ro,Z" "-v" "/var/lib/crater-agent-workspace/rustup-home:/opt/rustwide/rustup-home:ro,Z" "-e" "SOURCE_DIR=/opt/rustwide/workdir" "-e" "CARGO_TARGET_DIR=/opt/rustwide/target" "-e" "CARGO_HOME=/opt/rustwide/cargo-home" "-e" "RUSTUP_HOME=/opt/rustwide/rustup-home" "-w" "/opt/rustwide/workdir" "-m" "1610612736" "--user" "0:0" "--network" "none" "ghcr.io/rust-lang/crates-build-env/linux@sha256:34b6a614d2c27851fe6cbf88fbd1137609cefab8b10d0615aaeb6fd47975d74e" "/opt/rustwide/cargo-home/bin/cargo" "+beta-2021-08-01" "metadata" "--no-deps" "--format-version=1", kill_on_drop: false }`
[INFO] [stderr] WARNING: Your kernel does not support swap limit capabilities or the cgroup is not mounted. Memory limited without swap.
[INFO] [stdout] 0928aac8f1bfa1ac3e82666383bb6effba59af083f4c50ef3491331d0ebd464c
[INFO] running `Command { std: "docker" "start" "-a" "0928aac8f1bfa1ac3e82666383bb6effba59af083f4c50ef3491331d0ebd464c", kill_on_drop: false }`
[INFO] running `Command { std: "docker" "inspect" "0928aac8f1bfa1ac3e82666383bb6effba59af083f4c50ef3491331d0ebd464c", kill_on_drop: false }`
[INFO] running `Command { std: "docker" "rm" "-f" "0928aac8f1bfa1ac3e82666383bb6effba59af083f4c50ef3491331d0ebd464c", kill_on_drop: false }`
[INFO] [stdout] 0928aac8f1bfa1ac3e82666383bb6effba59af083f4c50ef3491331d0ebd464c
[INFO] running `Command { std: "docker" "create" "-v" "/var/lib/crater-agent-workspace/builds/worker-8/target:/opt/rustwide/target:rw,Z" "-v" "/var/lib/crater-agent-workspace/builds/worker-8/source:/opt/rustwide/workdir:ro,Z" "-v" "/var/lib/crater-agent-workspace/cargo-home:/opt/rustwide/cargo-home:ro,Z" "-v" "/var/lib/crater-agent-workspace/rustup-home:/opt/rustwide/rustup-home:ro,Z" "-e" "SOURCE_DIR=/opt/rustwide/workdir" "-e" "CARGO_TARGET_DIR=/opt/rustwide/target" "-e" "CARGO_INCREMENTAL=0" "-e" "RUST_BACKTRACE=full" "-e" "RUSTFLAGS=--cap-lints=warn" "-e" "CARGO_HOME=/opt/rustwide/cargo-home" "-e" "RUSTUP_HOME=/opt/rustwide/rustup-home" "-w" "/opt/rustwide/workdir" "-m" "1610612736" "--user" "0:0" "--network" "none" "ghcr.io/rust-lang/crates-build-env/linux@sha256:34b6a614d2c27851fe6cbf88fbd1137609cefab8b10d0615aaeb6fd47975d74e" "/opt/rustwide/cargo-home/bin/cargo" "+beta-2021-08-01" "build" "--frozen" "--message-format=json", kill_on_drop: false }`
[INFO] [stdout] be65fa4be595216e18417bc05e8536f734d14b9db08f21b3a2f745bd9cec1a29
[INFO] [stderr] WARNING: Your kernel does not support swap limit capabilities or the cgroup is not mounted. Memory limited without swap.
[INFO] running `Command { std: "docker" "start" "-a" "be65fa4be595216e18417bc05e8536f734d14b9db08f21b3a2f745bd9cec1a29", kill_on_drop: false }`
[INFO] [stderr]     Blocking waiting for file lock on package cache
[INFO] [stderr]     Blocking waiting for file lock on package cache
[INFO] [stderr]    Compiling libc v0.2.98
[INFO] [stderr]    Compiling crossbeam-utils v0.8.5
[INFO] [stderr]    Compiling memchr v2.3.4
[INFO] [stderr]    Compiling crossbeam-queue v0.3.2
[INFO] [stderr]    Compiling ttf-parser v0.6.2
[INFO] [stderr]    Compiling nix v0.18.0
[INFO] [stderr]    Compiling winit v0.25.0
[INFO] [stderr]    Compiling uuid v0.8.2
[INFO] [stderr]    Compiling wayland-sys v0.28.6
[INFO] [stderr]    Compiling nom v6.2.1
[INFO] [stderr]    Compiling dlib v0.5.0
[INFO] [stderr]    Compiling dlib v0.4.2
[INFO] [stderr]    Compiling wayland-scanner v0.28.6
[INFO] [stderr]    Compiling crossbeam-epoch v0.9.5
[INFO] [stderr]    Compiling crossbeam-channel v0.5.1
[INFO] [stderr]    Compiling wayland-client v0.28.6
[INFO] [stderr]    Compiling wayland-protocols v0.28.6
[INFO] [stderr]    Compiling crossbeam-deque v0.8.1
[INFO] [stderr]    Compiling owned_ttf_parser v0.6.0
[INFO] [stderr]    Compiling rusttype v0.9.2
[INFO] [stderr]    Compiling crossbeam v0.8.1
[INFO] [stderr]    Compiling andrew v0.3.1
[INFO] [stderr]    Compiling nix v0.20.0
[INFO] [stderr]    Compiling mio v0.7.13
[INFO] [stderr]    Compiling libudev-sys v0.1.4
[INFO] [stderr]    Compiling memmap2 v0.1.0
[INFO] [stderr]    Compiling parking_lot_core v0.8.3
[INFO] [stderr]    Compiling x11-dl v2.18.5
[INFO] [stderr]    Compiling raw-window-handle v0.3.3
[INFO] [stderr]    Compiling xcursor v0.3.3
[INFO] [stderr]    Compiling parking_lot v0.11.1
[INFO] [stderr]    Compiling mio-misc v1.2.1
[INFO] [stderr]    Compiling calloop v0.6.5
[INFO] [stderr]    Compiling wayland-commons v0.28.6
[INFO] [stderr]    Compiling gilrs-core v0.3.1
[INFO] [stderr]    Compiling gilrs v0.8.1
[INFO] [stderr]    Compiling wayland-cursor v0.28.6
[INFO] [stderr]    Compiling smithay-client-toolkit v0.12.3
[INFO] [stderr]    Compiling input-actions v0.1.0 (/opt/rustwide/workdir)
[INFO] [stderr]     Finished dev [unoptimized + debuginfo] target(s) in 1m 13s
[INFO] running `Command { std: "docker" "inspect" "be65fa4be595216e18417bc05e8536f734d14b9db08f21b3a2f745bd9cec1a29", kill_on_drop: false }`
[INFO] running `Command { std: "docker" "rm" "-f" "be65fa4be595216e18417bc05e8536f734d14b9db08f21b3a2f745bd9cec1a29", kill_on_drop: false }`
[INFO] [stdout] be65fa4be595216e18417bc05e8536f734d14b9db08f21b3a2f745bd9cec1a29
[INFO] running `Command { std: "docker" "create" "-v" "/var/lib/crater-agent-workspace/builds/worker-8/target:/opt/rustwide/target:rw,Z" "-v" "/var/lib/crater-agent-workspace/builds/worker-8/source:/opt/rustwide/workdir:ro,Z" "-v" "/var/lib/crater-agent-workspace/cargo-home:/opt/rustwide/cargo-home:ro,Z" "-v" "/var/lib/crater-agent-workspace/rustup-home:/opt/rustwide/rustup-home:ro,Z" "-e" "SOURCE_DIR=/opt/rustwide/workdir" "-e" "CARGO_TARGET_DIR=/opt/rustwide/target" "-e" "CARGO_INCREMENTAL=0" "-e" "RUST_BACKTRACE=full" "-e" "RUSTFLAGS=--cap-lints=warn" "-e" "CARGO_HOME=/opt/rustwide/cargo-home" "-e" "RUSTUP_HOME=/opt/rustwide/rustup-home" "-w" "/opt/rustwide/workdir" "-m" "1610612736" "--user" "0:0" "--network" "none" "ghcr.io/rust-lang/crates-build-env/linux@sha256:34b6a614d2c27851fe6cbf88fbd1137609cefab8b10d0615aaeb6fd47975d74e" "/opt/rustwide/cargo-home/bin/cargo" "+beta-2021-08-01" "test" "--frozen" "--no-run" "--message-format=json", kill_on_drop: false }`
[INFO] [stdout] d543ceaf7fb73f31a20cfe72017ddf19c6bdab8e68b2413977651cd7ba6c8c5b
[INFO] [stderr] WARNING: Your kernel does not support swap limit capabilities or the cgroup is not mounted. Memory limited without swap.
[INFO] running `Command { std: "docker" "start" "-a" "d543ceaf7fb73f31a20cfe72017ddf19c6bdab8e68b2413977651cd7ba6c8c5b", kill_on_drop: false }`
[INFO] [stderr]    Compiling input-actions v0.1.0 (/opt/rustwide/workdir)
[INFO] [stderr]     Finished test [unoptimized + debuginfo] target(s) in 1.79s
[INFO] running `Command { std: "docker" "inspect" "d543ceaf7fb73f31a20cfe72017ddf19c6bdab8e68b2413977651cd7ba6c8c5b", kill_on_drop: false }`
[INFO] running `Command { std: "docker" "rm" "-f" "d543ceaf7fb73f31a20cfe72017ddf19c6bdab8e68b2413977651cd7ba6c8c5b", kill_on_drop: false }`
[INFO] [stdout] d543ceaf7fb73f31a20cfe72017ddf19c6bdab8e68b2413977651cd7ba6c8c5b
[INFO] running `Command { std: "docker" "create" "-v" "/var/lib/crater-agent-workspace/builds/worker-8/target:/opt/rustwide/target:rw,Z" "-v" "/var/lib/crater-agent-workspace/builds/worker-8/source:/opt/rustwide/workdir:ro,Z" "-v" "/var/lib/crater-agent-workspace/cargo-home:/opt/rustwide/cargo-home:ro,Z" "-v" "/var/lib/crater-agent-workspace/rustup-home:/opt/rustwide/rustup-home:ro,Z" "-e" "SOURCE_DIR=/opt/rustwide/workdir" "-e" "CARGO_TARGET_DIR=/opt/rustwide/target" "-e" "CARGO_INCREMENTAL=0" "-e" "RUST_BACKTRACE=full" "-e" "RUSTFLAGS=--cap-lints=warn" "-e" "CARGO_HOME=/opt/rustwide/cargo-home" "-e" "RUSTUP_HOME=/opt/rustwide/rustup-home" "-w" "/opt/rustwide/workdir" "-m" "1610612736" "--user" "0:0" "--network" "none" "ghcr.io/rust-lang/crates-build-env/linux@sha256:34b6a614d2c27851fe6cbf88fbd1137609cefab8b10d0615aaeb6fd47975d74e" "/opt/rustwide/cargo-home/bin/cargo" "+beta-2021-08-01" "test" "--frozen", kill_on_drop: false }`
[INFO] [stderr] WARNING: Your kernel does not support swap limit capabilities or the cgroup is not mounted. Memory limited without swap.
[INFO] [stdout] 6f442c4cfe3f53a6d3f816080fbafcd99f3ee6528a8846edcbfa9d276f66ca2e
[INFO] running `Command { std: "docker" "start" "-a" "6f442c4cfe3f53a6d3f816080fbafcd99f3ee6528a8846edcbfa9d276f66ca2e", kill_on_drop: false }`
[INFO] [stderr]     Finished test [unoptimized + debuginfo] target(s) in 0.10s
[INFO] [stderr]      Running unittests (/opt/rustwide/target/debug/deps/input_actions-7a6a47ee6c7716ec)
[INFO] [stderr]    Doc-tests input-actions
[INFO] [stdout] 
[INFO] [stdout] running 0 tests
[INFO] [stdout] 
[INFO] [stdout] test result: ok. 0 passed; 0 failed; 0 ignored; 0 measured; 0 filtered out; finished in 0.00s
[INFO] [stdout] 
[INFO] [stdout] 
[INFO] [stdout] running 2 tests
[INFO] [stdout] test src/lib.rs - (line 14) ... FAILED
[INFO] [stdout] test src/lib.rs - (line 96) ... FAILED
[INFO] [stdout] 
[INFO] [stdout] failures:
[INFO] [stdout] 
[INFO] [stdout] ---- src/lib.rs - (line 14) stdout ----
[INFO] [stdout] error[E0433]: failed to resolve: use of undeclared type `Kind`
[INFO] [stdout]   --> src/lib.rs:22:37
[INFO] [stdout]    |
[INFO] [stdout] 10 |     .add_action("button1", Action::new(Kind::Button))
[INFO] [stdout]    |                                        ^^^^ use of undeclared type `Kind`
[INFO] [stdout] 
[INFO] [stdout] error[E0433]: failed to resolve: use of undeclared type `Kind`
[INFO] [stdout]   --> src/lib.rs:23:37
[INFO] [stdout]    |
[INFO] [stdout] 11 |     .add_action("button2", Action::new(Kind::Button))
[INFO] [stdout]    |                                        ^^^^ use of undeclared type `Kind`
[INFO] [stdout] 
[INFO] [stdout] error[E0433]: failed to resolve: use of undeclared type `Kind`
[INFO] [stdout]   --> src/lib.rs:24:35
[INFO] [stdout]    |
[INFO] [stdout] 12 |     .add_action("axis1", Action::new(Kind::Axis))
[INFO] [stdout]    |                                      ^^^^ use of undeclared type `Kind`
[INFO] [stdout] 
[INFO] [stdout] error[E0433]: failed to resolve: use of undeclared type `Kind`
[INFO] [stdout]   --> src/lib.rs:25:35
[INFO] [stdout]    |
[INFO] [stdout] 13 |     .add_action("axis2", Action::new(Kind::Axis))
[INFO] [stdout]    |                                      ^^^^ use of undeclared type `Kind`
[INFO] [stdout] 
[INFO] [stdout] error[E0433]: failed to resolve: use of undeclared crate or module `source`
[INFO] [stdout]   --> src/lib.rs:40:33
[INFO] [stdout]    |
[INFO] [stdout] 28 |                         binding::Source::Keyboard(source::Key::Return).bound(),
[INFO] [stdout]    |                                                   ^^^^^^ use of undeclared crate or module `source`
[INFO] [stdout] 
[INFO] [stdout] error[E0433]: failed to resolve: use of undeclared crate or module `source`
[INFO] [stdout]   --> src/lib.rs:41:33
[INFO] [stdout]    |
[INFO] [stdout] 29 |                         binding::Source::Keyboard(source::Key::NumpadEnter).bound(),
[INFO] [stdout]    |                                                   ^^^^^^ use of undeclared crate or module `source`
[INFO] [stdout] 
[INFO] [stdout] error[E0433]: failed to resolve: use of undeclared type `GamepadKind`
[INFO] [stdout]   --> src/lib.rs:42:32
[INFO] [stdout]    |
[INFO] [stdout] 30 |                         binding::Source::Gamepad(GamepadKind::DualAxisGamepad,
[INFO] [stdout]    |                                                  ^^^^^^^^^^^ use of undeclared type `GamepadKind`
[INFO] [stdout] 
[INFO] [stdout] error[E0433]: failed to resolve: use of undeclared crate or module `source`
[INFO] [stdout]   --> src/lib.rs:43:32
[INFO] [stdout]    |
[INFO] [stdout] 31 | ...                   binding::Source::Button(source::Button::VirtualConfirm
[INFO] [stdout]    |                                               ^^^^^^ use of undeclared crate or module `source`
[INFO] [stdout] 
[INFO] [stdout] error[E0433]: failed to resolve: use of undeclared crate or module `source`
[INFO] [stdout]   --> src/lib.rs:50:33
[INFO] [stdout]    |
[INFO] [stdout] 38 |                         binding::Source::Keyboard(source::Key::Escape).bound(),
[INFO] [stdout]    |                                                   ^^^^^^ use of undeclared crate or module `source`
[INFO] [stdout] 
[INFO] [stdout] error[E0433]: failed to resolve: use of undeclared type `GamepadKind`
[INFO] [stdout]   --> src/lib.rs:51:32
[INFO] [stdout]    |
[INFO] [stdout] 39 |                         binding::Source::Gamepad(GamepadKind::DualAxisGamepad,
[INFO] [stdout]    |                                                  ^^^^^^^^^^^ use of undeclared type `GamepadKind`
[INFO] [stdout] 
[INFO] [stdout] error[E0433]: failed to resolve: use of undeclared crate or module `source`
[INFO] [stdout]   --> src/lib.rs:52:32
[INFO] [stdout]    |
[INFO] [stdout] 40 | ...                   binding::Source::Button(source::Button::VirtualDeny)
[INFO] [stdout]    |                                               ^^^^^^ use of undeclared crate or module `source`
[INFO] [stdout] 
[INFO] [stdout] error[E0433]: failed to resolve: use of undeclared crate or module `source`
[INFO] [stdout]   --> src/lib.rs:59:33
[INFO] [stdout]    |
[INFO] [stdout] 47 |                         binding::Source::Keyboard(source::Key::W).with_modifier(1.0),
[INFO] [stdout]    |                                                   ^^^^^^ use of undeclared crate or module `source`
[INFO] [stdout] 
[INFO] [stdout] error[E0433]: failed to resolve: use of undeclared crate or module `source`
[INFO] [stdout]   --> src/lib.rs:60:33
[INFO] [stdout]    |
[INFO] [stdout] 48 |                         binding::Source::Keyboard(source::Key::S).with_modifier(-1.0),
[INFO] [stdout]    |                                                   ^^^^^^ use of undeclared crate or module `source`
[INFO] [stdout] 
[INFO] [stdout] error[E0433]: failed to resolve: use of undeclared type `GamepadKind`
[INFO] [stdout]   --> src/lib.rs:61:32
[INFO] [stdout]    |
[INFO] [stdout] 49 |                         binding::Source::Gamepad(GamepadKind::DualAxisGamepad,
[INFO] [stdout]    |                                                  ^^^^^^^^^^^ use of undeclared type `GamepadKind`
[INFO] [stdout] 
[INFO] [stdout] error[E0433]: failed to resolve: use of undeclared crate or module `source`
[INFO] [stdout]   --> src/lib.rs:62:30
[INFO] [stdout]    |
[INFO] [stdout] 50 | ...                   binding::Source::Axis(source::Axis::LThumbstickX)
[INFO] [stdout]    |                                             ^^^^^^ use of undeclared crate or module `source`
[INFO] [stdout] 
[INFO] [stdout] error[E0433]: failed to resolve: use of undeclared crate or module `source`
[INFO] [stdout]   --> src/lib.rs:69:33
[INFO] [stdout]    |
[INFO] [stdout] 57 |                         binding::Source::Keyboard(source::Key::A).with_modifier(-1.0),
[INFO] [stdout]    |                                                   ^^^^^^ use of undeclared crate or module `source`
[INFO] [stdout] 
[INFO] [stdout] error[E0433]: failed to resolve: use of undeclared crate or module `source`
[INFO] [stdout]   --> src/lib.rs:70:33
[INFO] [stdout]    |
[INFO] [stdout] 58 |                         binding::Source::Keyboard(source::Key::D).with_modifier(1.0),
[INFO] [stdout]    |                                                   ^^^^^^ use of undeclared crate or module `source`
[INFO] [stdout] 
[INFO] [stdout] error[E0433]: failed to resolve: use of undeclared type `GamepadKind`
[INFO] [stdout]   --> src/lib.rs:71:32
[INFO] [stdout]    |
[INFO] [stdout] 59 |                         binding::Source::Gamepad(GamepadKind::DualAxisGamepad,
[INFO] [stdout]    |                                                  ^^^^^^^^^^^ use of undeclared type `GamepadKind`
[INFO] [stdout] 
[INFO] [stdout] error[E0433]: failed to resolve: use of undeclared crate or module `source`
[INFO] [stdout]   --> src/lib.rs:72:30
[INFO] [stdout]    |
[INFO] [stdout] 60 | ...                   binding::Source::Axis(source::Axis::LThumbstickY)
[INFO] [stdout]    |                                             ^^^^^^ use of undeclared crate or module `source`
[INFO] [stdout] 
[INFO] [stdout] error[E0433]: failed to resolve: use of undeclared type `System`
[INFO] [stdout]  --> src/lib.rs:15:21
[INFO] [stdout]   |
[INFO] [stdout] 3 | let mut input_sys = System::new();
[INFO] [stdout]   |                     ^^^^^^ not found in this scope
[INFO] [stdout]   |
[INFO] [stdout] help: consider importing one of these items
[INFO] [stdout]   |
[INFO] [stdout] 2 | use input_actions::System;
[INFO] [stdout]   |
[INFO] [stdout] 2 | use std::alloc::System;
[INFO] [stdout]   |
[INFO] [stdout] 
[INFO] [stdout] error[E0433]: failed to resolve: use of undeclared type `Action`
[INFO] [stdout]    --> src/lib.rs:22:25
[INFO] [stdout]     |
[INFO] [stdout] 10  |       .add_action("button1", Action::new(Kind::Button))
[INFO] [stdout]     |                              ^^^^^^
[INFO] [stdout]     |
[INFO] [stdout] help: an enum with a similar name exists
[INFO] [stdout]     |
[INFO] [stdout] 10  |     .add_action("button1", Option::new(Kind::Button))
[INFO] [stdout]     |                            ^^^^^^
[INFO] [stdout] help: consider importing this struct
[INFO] [stdout]     |
[INFO] [stdout] 2   | use input_actions::action::Action;
[INFO] [stdout]     |
[INFO] [stdout] 
[INFO] [stdout] error[E0433]: failed to resolve: use of undeclared type `Action`
[INFO] [stdout]    --> src/lib.rs:23:25
[INFO] [stdout]     |
[INFO] [stdout] 11  |       .add_action("button2", Action::new(Kind::Button))
[INFO] [stdout]     |                              ^^^^^^
[INFO] [stdout]     |
[INFO] [stdout] help: an enum with a similar name exists
[INFO] [stdout]     |
[INFO] [stdout] 11  |     .add_action("button2", Option::new(Kind::Button))
[INFO] [stdout]     |                            ^^^^^^
[INFO] [stdout] help: consider importing this struct
[INFO] [stdout]     |
[INFO] [stdout] 2   | use input_actions::action::Action;
[INFO] [stdout]     |
[INFO] [stdout] 
[INFO] [stdout] error[E0433]: failed to resolve: use of undeclared type `Action`
[INFO] [stdout]    --> src/lib.rs:24:23
[INFO] [stdout]     |
[INFO] [stdout] 12  |       .add_action("axis1", Action::new(Kind::Axis))
[INFO] [stdout]     |                            ^^^^^^
[INFO] [stdout]     |
[INFO] [stdout] help: an enum with a similar name exists
[INFO] [stdout]     |
[INFO] [stdout] 12  |     .add_action("axis1", Option::new(Kind::Axis))
[INFO] [stdout]     |                          ^^^^^^
[INFO] [stdout] help: consider importing this struct
[INFO] [stdout]     |
[INFO] [stdout] 2   | use input_actions::action::Action;
[INFO] [stdout]     |
[INFO] [stdout] 
[INFO] [stdout] error[E0433]: failed to resolve: use of undeclared type `Action`
[INFO] [stdout]    --> src/lib.rs:25:23
[INFO] [stdout]     |
[INFO] [stdout] 13  |       .add_action("axis2", Action::new(Kind::Axis))
[INFO] [stdout]     |                            ^^^^^^
[INFO] [stdout]     |
[INFO] [stdout] help: an enum with a similar name exists
[INFO] [stdout]     |
[INFO] [stdout] 13  |     .add_action("axis2", Option::new(Kind::Axis))
[INFO] [stdout]     |                          ^^^^^^
[INFO] [stdout] help: consider importing this struct
[INFO] [stdout]     |
[INFO] [stdout] 2   | use input_actions::action::Action;
[INFO] [stdout]     |
[INFO] [stdout] 
[INFO] [stdout] error[E0433]: failed to resolve: use of undeclared type `LayoutId`
[INFO] [stdout]   --> src/lib.rs:27:14
[INFO] [stdout]    |
[INFO] [stdout] 15 |     .add_layout(LayoutId::default())
[INFO] [stdout]    |                 ^^^^^^^^ not found in this scope
[INFO] [stdout]    |
[INFO] [stdout] help: consider importing this type alias
[INFO] [stdout]    |
[INFO] [stdout] 2  | use input_actions::binding::LayoutId;
[INFO] [stdout]    |
[INFO] [stdout] 
[INFO] [stdout] error[E0433]: failed to resolve: use of undeclared type `ActionSetId`
[INFO] [stdout]   --> src/lib.rs:32:3
[INFO] [stdout]    |
[INFO] [stdout] 20 |         ActionSetId::default(),
[INFO] [stdout]    |         ^^^^^^^^^^^ not found in this scope
[INFO] [stdout]    |
[INFO] [stdout] help: consider importing this type alias
[INFO] [stdout]    |
[INFO] [stdout] 2  | use input_actions::binding::ActionSetId;
[INFO] [stdout]    |
[INFO] [stdout] 
[INFO] [stdout] error[E0433]: failed to resolve: use of undeclared type `ActionSet`
[INFO] [stdout]   --> src/lib.rs:33:3
[INFO] [stdout]    |
[INFO] [stdout] 21 |         ActionSet::default().with(
[INFO] [stdout]    |         ^^^^^^^^^ not found in this scope
[INFO] [stdout]    |
[INFO] [stdout] help: consider importing this struct
[INFO] [stdout]    |
[INFO] [stdout] 2  | use input_actions::binding::ActionSet;
[INFO] [stdout]    |
[INFO] [stdout] 
[INFO] [stdout] error[E0433]: failed to resolve: use of undeclared type `LayoutId`
[INFO] [stdout]   --> src/lib.rs:35:4
[INFO] [stdout]    |
[INFO] [stdout] 23 |             LayoutId::default(),
[INFO] [stdout]    |             ^^^^^^^^ not found in this scope
[INFO] [stdout]    |
[INFO] [stdout] help: consider importing this type alias
[INFO] [stdout]    |
[INFO] [stdout] 2  | use input_actions::binding::LayoutId;
[INFO] [stdout]    |
[INFO] [stdout] 
[INFO] [stdout] error[E0433]: failed to resolve: use of undeclared type `ActionMap`
[INFO] [stdout]   --> src/lib.rs:36:4
[INFO] [stdout]    |
[INFO] [stdout] 24 |             ActionMap::default()
[INFO] [stdout]    |             ^^^^^^^^^ not found in this scope
[INFO] [stdout]    |
[INFO] [stdout] help: consider importing this struct
[INFO] [stdout]    |
[INFO] [stdout] 2  | use input_actions::binding::ActionMap;
[INFO] [stdout]    |
[INFO] [stdout] 
[INFO] [stdout] error[E0433]: failed to resolve: use of undeclared crate or module `binding`
[INFO] [stdout]   --> src/lib.rs:40:16
[INFO] [stdout]    |
[INFO] [stdout] 28 |                         binding::Source::Keyboard(source::Key::Return).bound(),
[INFO] [stdout]    |                                  ^^^^^^ not found in `binding`
[INFO] [stdout]    |
[INFO] [stdout] help: consider importing one of these items
[INFO] [stdout]    |
[INFO] [stdout] 2  | use input_actions::binding::Source;
[INFO] [stdout]    |
[INFO] [stdout] 2  | use input_actions::event::Source;
[INFO] [stdout]    |
[INFO] [stdout] 
[INFO] [stdout] error[E0433]: failed to resolve: use of undeclared crate or module `binding`
[INFO] [stdout]   --> src/lib.rs:41:16
[INFO] [stdout]    |
[INFO] [stdout] 29 |                         binding::Source::Keyboard(source::Key::NumpadEnter).bound(),
[INFO] [stdout]    |                                  ^^^^^^ not found in `binding`
[INFO] [stdout]    |
[INFO] [stdout] help: consider importing one of these items
[INFO] [stdout]    |
[INFO] [stdout] 2  | use input_actions::binding::Source;
[INFO] [stdout]    |
[INFO] [stdout] 2  | use input_actions::event::Source;
[INFO] [stdout]    |
[INFO] [stdout] 
[INFO] [stdout] error[E0433]: failed to resolve: use of undeclared crate or module `binding`
[INFO] [stdout]   --> src/lib.rs:42:16
[INFO] [stdout]    |
[INFO] [stdout] 30 |                         binding::Source::Gamepad(GamepadKind::DualAxisGamepad,
[INFO] [stdout]    |                                  ^^^^^^ not found in `binding`
[INFO] [stdout]    |
[INFO] [stdout] help: consider importing one of these items
[INFO] [stdout]    |
[INFO] [stdout] 2  | use input_actions::binding::Source;
[INFO] [stdout]    |
[INFO] [stdout] 2  | use input_actions::event::Source;
[INFO] [stdout]    |
[INFO] [stdout] 
[INFO] [stdout] error[E0433]: failed to resolve: use of undeclared crate or module `binding`
[INFO] [stdout]   --> src/lib.rs:43:17
[INFO] [stdout]    |
[INFO] [stdout] 31 | ...                   binding::Source::Button(source::Button::VirtualConfirm
[INFO] [stdout]    |                                ^^^^^^ not found in `binding`
[INFO] [stdout]    |
[INFO] [stdout] help: consider importing one of these items
[INFO] [stdout]    |
[INFO] [stdout] 2  | use input_actions::binding::Source;
[INFO] [stdout]    |
[INFO] [stdout] 2  | use input_actions::event::Source;
[INFO] [stdout]    |
[INFO] [stdout] 
[INFO] [stdout] error[E0433]: failed to resolve: use of undeclared crate or module `binding`
[INFO] [stdout]   --> src/lib.rs:50:16
[INFO] [stdout]    |
[INFO] [stdout] 38 |                         binding::Source::Keyboard(source::Key::Escape).bound(),
[INFO] [stdout]    |                                  ^^^^^^ not found in `binding`
[INFO] [stdout]    |
[INFO] [stdout] help: consider importing one of these items
[INFO] [stdout]    |
[INFO] [stdout] 2  | use input_actions::binding::Source;
[INFO] [stdout]    |
[INFO] [stdout] 2  | use input_actions::event::Source;
[INFO] [stdout]    |
[INFO] [stdout] 
[INFO] [stdout] error[E0433]: failed to resolve: use of undeclared crate or module `binding`
[INFO] [stdout]   --> src/lib.rs:51:16
[INFO] [stdout]    |
[INFO] [stdout] 39 |                         binding::Source::Gamepad(GamepadKind::DualAxisGamepad,
[INFO] [stdout]    |                                  ^^^^^^ not found in `binding`
[INFO] [stdout]    |
[INFO] [stdout] help: consider importing one of these items
[INFO] [stdout]    |
[INFO] [stdout] 2  | use input_actions::binding::Source;
[INFO] [stdout]    |
[INFO] [stdout] 2  | use input_actions::event::Source;
[INFO] [stdout]    |
[INFO] [stdout] 
[INFO] [stdout] error[E0433]: failed to resolve: use of undeclared crate or module `binding`
[INFO] [stdout]   --> src/lib.rs:52:17
[INFO] [stdout]    |
[INFO] [stdout] 40 | ...                   binding::Source::Button(source::Button::VirtualDeny)
[INFO] [stdout]    |                                ^^^^^^ not found in `binding`
[INFO] [stdout]    |
[INFO] [stdout] help: consider importing one of these items
[INFO] [stdout]    |
[INFO] [stdout] 2  | use input_actions::binding::Source;
[INFO] [stdout]    |
[INFO] [stdout] 2  | use input_actions::event::Source;
[INFO] [stdout]    |
[INFO] [stdout] 
[INFO] [stdout] error[E0433]: failed to resolve: use of undeclared crate or module `binding`
[INFO] [stdout]   --> src/lib.rs:59:16
[INFO] [stdout]    |
[INFO] [stdout] 47 |                         binding::Source::Keyboard(source::Key::W).with_modifier(1.0),
[INFO] [stdout]    |                                  ^^^^^^ not found in `binding`
[INFO] [stdout]    |
[INFO] [stdout] help: consider importing one of these items
[INFO] [stdout]    |
[INFO] [stdout] 2  | use input_actions::binding::Source;
[INFO] [stdout]    |
[INFO] [stdout] 2  | use input_actions::event::Source;
[INFO] [stdout]    |
[INFO] [stdout] 
[INFO] [stdout] error[E0433]: failed to resolve: use of undeclared crate or module `binding`
[INFO] [stdout]   --> src/lib.rs:60:16
[INFO] [stdout]    |
[INFO] [stdout] 48 |                         binding::Source::Keyboard(source::Key::S).with_modifier(-1.0),
[INFO] [stdout]    |                                  ^^^^^^ not found in `binding`
[INFO] [stdout]    |
[INFO] [stdout] help: consider importing one of these items
[INFO] [stdout]    |
[INFO] [stdout] 2  | use input_actions::binding::Source;
[INFO] [stdout]    |
[INFO] [stdout] 2  | use input_actions::event::Source;
[INFO] [stdout]    |
[INFO] [stdout] 
[INFO] [stdout] error[E0433]: failed to resolve: use of undeclared crate or module `binding`
[INFO] [stdout]   --> src/lib.rs:61:16
[INFO] [stdout]    |
[INFO] [stdout] 49 |                         binding::Source::Gamepad(GamepadKind::DualAxisGamepad,
[INFO] [stdout]    |                                  ^^^^^^ not found in `binding`
[INFO] [stdout]    |
[INFO] [stdout] help: consider importing one of these items
[INFO] [stdout]    |
[INFO] [stdout] 2  | use input_actions::binding::Source;
[INFO] [stdout]    |
[INFO] [stdout] 2  | use input_actions::event::Source;
[INFO] [stdout]    |
[INFO] [stdout] 
[INFO] [stdout] error[E0433]: failed to resolve: use of undeclared crate or module `binding`
[INFO] [stdout]   --> src/lib.rs:62:17
[INFO] [stdout]    |
[INFO] [stdout] 50 | ...                   binding::Source::Axis(source::Axis::LThumbstickX)
[INFO] [stdout]    |                                ^^^^^^ not found in `binding`
[INFO] [stdout]    |
[INFO] [stdout] help: consider importing one of these items
[INFO] [stdout]    |
[INFO] [stdout] 2  | use input_actions::binding::Source;
[INFO] [stdout]    |
[INFO] [stdout] 2  | use input_actions::event::Source;
[INFO] [stdout]    |
[INFO] [stdout] 
[INFO] [stdout] error[E0433]: failed to resolve: use of undeclared crate or module `binding`
[INFO] [stdout]   --> src/lib.rs:69:16
[INFO] [stdout]    |
[INFO] [stdout] 57 |                         binding::Source::Keyboard(source::Key::A).with_modifier(-1.0),
[INFO] [stdout]    |                                  ^^^^^^ not found in `binding`
[INFO] [stdout]    |
[INFO] [stdout] help: consider importing one of these items
[INFO] [stdout]    |
[INFO] [stdout] 2  | use input_actions::binding::Source;
[INFO] [stdout]    |
[INFO] [stdout] 2  | use input_actions::event::Source;
[INFO] [stdout]    |
[INFO] [stdout] 
[INFO] [stdout] error[E0433]: failed to resolve: use of undeclared crate or module `binding`
[INFO] [stdout]   --> src/lib.rs:70:16
[INFO] [stdout]    |
[INFO] [stdout] 58 |                         binding::Source::Keyboard(source::Key::D).with_modifier(1.0),
[INFO] [stdout]    |                                  ^^^^^^ not found in `binding`
[INFO] [stdout]    |
[INFO] [stdout] help: consider importing one of these items
[INFO] [stdout]    |
[INFO] [stdout] 2  | use input_actions::binding::Source;
[INFO] [stdout]    |
[INFO] [stdout] 2  | use input_actions::event::Source;
[INFO] [stdout]    |
[INFO] [stdout] 
[INFO] [stdout] error[E0433]: failed to resolve: use of undeclared crate or module `binding`
[INFO] [stdout]   --> src/lib.rs:71:16
[INFO] [stdout]    |
[INFO] [stdout] 59 |                         binding::Source::Gamepad(GamepadKind::DualAxisGamepad,
[INFO] [stdout]    |                                  ^^^^^^ not found in `binding`
[INFO] [stdout]    |
[INFO] [stdout] help: consider importing one of these items
[INFO] [stdout]    |
[INFO] [stdout] 2  | use input_actions::binding::Source;
[INFO] [stdout]    |
[INFO] [stdout] 2  | use input_actions::event::Source;
[INFO] [stdout]    |
[INFO] [stdout] 
[INFO] [stdout] error[E0433]: failed to resolve: use of undeclared crate or module `binding`
[INFO] [stdout]   --> src/lib.rs:72:17
[INFO] [stdout]    |
[INFO] [stdout] 60 | ...                   binding::Source::Axis(source::Axis::LThumbstickY)
[INFO] [stdout]    |                                ^^^^^^ not found in `binding`
[INFO] [stdout]    |
[INFO] [stdout] help: consider importing one of these items
[INFO] [stdout]    |
[INFO] [stdout] 2  | use input_actions::binding::Source;
[INFO] [stdout]    |
[INFO] [stdout] 2  | use input_actions::event::Source;
[INFO] [stdout]    |
[INFO] [stdout] 
[INFO] [stdout] error[E0433]: failed to resolve: use of undeclared type `ActionSetId`
[INFO] [stdout]   --> src/lib.rs:81:29
[INFO] [stdout]    |
[INFO] [stdout] 69 |     .enable_action_set_for_all(ActionSetId::default());
[INFO] [stdout]    |                                ^^^^^^^^^^^ not found in this scope
[INFO] [stdout]    |
[INFO] [stdout] help: consider importing this type alias
[INFO] [stdout]    |
[INFO] [stdout] 2  | use input_actions::binding::ActionSetId;
[INFO] [stdout]    |
[INFO] [stdout] 
[INFO] [stdout] error: aborting due to 45 previous errors
[INFO] [stdout] 
[INFO] [stdout] For more information about this error, try `rustc --explain E0433`.
[INFO] [stdout] Couldn't compile the test.
[INFO] [stdout] ---- src/lib.rs - (line 96) stdout ----
[INFO] [stdout] error: mismatched closing delimiter: `}`
[INFO] [stdout]  --> src/lib.rs:102:1
[INFO] [stdout]   |
[INFO] [stdout] 2 | fn main() { #[allow(non_snake_case)] fn _doctest_main_src_lib_rs_96_0() {
[INFO] [stdout]   |                                                                         - closing delimiter possibly meant for this
[INFO] [stdout] 3 | event_loop.run(move |event, _, _| {
[INFO] [stdout]   |               - unclosed delimiter
[INFO] [stdout] ...
[INFO] [stdout] 8 | } _doctest_main_src_lib_rs_96_0() }
[INFO] [stdout]   | ^ mismatched closing delimiter
[INFO] [stdout] 
[INFO] [stdout] error[E0433]: failed to resolve: use of undeclared crate or module `input`
[INFO] [stdout]  --> src/lib.rs:98:37
[INFO] [stdout]   |
[INFO] [stdout] 4 |     if let Ok((source, input_event)) = input::winit::parse_winit_event(&event) {
[INFO] [stdout]   |                                        ^^^^^ use of undeclared crate or module `input`
[INFO] [stdout] 
[INFO] [stdout] error[E0425]: cannot find value `event_loop` in this scope
[INFO] [stdout]  --> src/lib.rs:97:1
[INFO] [stdout]   |
[INFO] [stdout] 3 | event_loop.run(move |event, _, _| {
[INFO] [stdout]   | ^^^^^^^^^^ not found in this scope
[INFO] [stdout] 
[INFO] [stdout] error[E0425]: cannot find value `input_sys` in this scope
[INFO] [stdout]  --> src/lib.rs:99:3
[INFO] [stdout]   |
[INFO] [stdout] 5 |         input_sys.send_event(source, input_event);
[INFO] [stdout]   |         ^^^^^^^^^ not found in this scope
[INFO] [stdout] 
[INFO] [stdout] error: aborting due to 4 previous errors
[INFO] [stdout] 
[INFO] [stdout] Some errors have detailed explanations: E0425, E0433.
[INFO] [stdout] For more information about an error, try `rustc --explain E0425`.
[INFO] [stdout] Couldn't compile the test.
[INFO] [stdout] 
[INFO] [stdout] failures:
[INFO] [stdout]     src/lib.rs - (line 14)
[INFO] [stdout]     src/lib.rs - (line 96)
[INFO] [stdout] 
[INFO] [stdout] test result: FAILED. 0 passed; 2 failed; 0 ignored; 0 measured; 0 filtered out; finished in 0.73s
[INFO] [stdout] 
[INFO] [stderr] error: test failed, to rerun pass '--doc'
[INFO] running `Command { std: "docker" "inspect" "6f442c4cfe3f53a6d3f816080fbafcd99f3ee6528a8846edcbfa9d276f66ca2e", kill_on_drop: false }`
[INFO] running `Command { std: "docker" "rm" "-f" "6f442c4cfe3f53a6d3f816080fbafcd99f3ee6528a8846edcbfa9d276f66ca2e", kill_on_drop: false }`
[INFO] [stdout] 6f442c4cfe3f53a6d3f816080fbafcd99f3ee6528a8846edcbfa9d276f66ca2e
