[INFO] fetching crate inline_tweak 1.0.8...
[INFO] testing inline_tweak-1.0.8 against beta-2021-08-01 for beta-1.55-1
[INFO] extracting crate inline_tweak 1.0.8 into /workspace/builds/worker-0/source
[INFO] validating manifest of crates.io crate inline_tweak 1.0.8 on toolchain beta-2021-08-01
[INFO] running `Command { std: "/workspace/cargo-home/bin/cargo" "+beta-2021-08-01" "metadata" "--manifest-path" "Cargo.toml" "--no-deps", kill_on_drop: false }`
[INFO] started tweaking crates.io crate inline_tweak 1.0.8
[INFO] removed 0 missing examples
[INFO] finished tweaking crates.io crate inline_tweak 1.0.8
[INFO] tweaked toml for crates.io crate inline_tweak 1.0.8 written to /workspace/builds/worker-0/source/Cargo.toml
[INFO] crate crates.io crate inline_tweak 1.0.8 already has a lockfile, it will not be regenerated
[INFO] running `Command { std: "/workspace/cargo-home/bin/cargo" "+beta-2021-08-01" "fetch" "--manifest-path" "Cargo.toml", kill_on_drop: false }`
[INFO] running `Command { std: "docker" "create" "-v" "/var/lib/crater-agent-workspace/builds/worker-0/target:/opt/rustwide/target:rw,Z" "-v" "/var/lib/crater-agent-workspace/builds/worker-0/source:/opt/rustwide/workdir:ro,Z" "-v" "/var/lib/crater-agent-workspace/cargo-home:/opt/rustwide/cargo-home:ro,Z" "-v" "/var/lib/crater-agent-workspace/rustup-home:/opt/rustwide/rustup-home:ro,Z" "-e" "SOURCE_DIR=/opt/rustwide/workdir" "-e" "CARGO_TARGET_DIR=/opt/rustwide/target" "-e" "CARGO_HOME=/opt/rustwide/cargo-home" "-e" "RUSTUP_HOME=/opt/rustwide/rustup-home" "-w" "/opt/rustwide/workdir" "-m" "1610612736" "--user" "0:0" "--network" "none" "ghcr.io/rust-lang/crates-build-env/linux@sha256:34b6a614d2c27851fe6cbf88fbd1137609cefab8b10d0615aaeb6fd47975d74e" "/opt/rustwide/cargo-home/bin/cargo" "+beta-2021-08-01" "metadata" "--no-deps" "--format-version=1", kill_on_drop: false }`
[INFO] [stdout] ebb02af260cd46b1d29fb6d55d5fd9c55cc9473d2f87ee149277e29458d2f566
[INFO] [stderr] WARNING: Your kernel does not support swap limit capabilities or the cgroup is not mounted. Memory limited without swap.
[INFO] running `Command { std: "docker" "start" "-a" "ebb02af260cd46b1d29fb6d55d5fd9c55cc9473d2f87ee149277e29458d2f566", kill_on_drop: false }`
[INFO] running `Command { std: "docker" "inspect" "ebb02af260cd46b1d29fb6d55d5fd9c55cc9473d2f87ee149277e29458d2f566", kill_on_drop: false }`
[INFO] running `Command { std: "docker" "rm" "-f" "ebb02af260cd46b1d29fb6d55d5fd9c55cc9473d2f87ee149277e29458d2f566", kill_on_drop: false }`
[INFO] [stdout] ebb02af260cd46b1d29fb6d55d5fd9c55cc9473d2f87ee149277e29458d2f566
[INFO] running `Command { std: "docker" "create" "-v" "/var/lib/crater-agent-workspace/builds/worker-0/target:/opt/rustwide/target:rw,Z" "-v" "/var/lib/crater-agent-workspace/builds/worker-0/source:/opt/rustwide/workdir:ro,Z" "-v" "/var/lib/crater-agent-workspace/cargo-home:/opt/rustwide/cargo-home:ro,Z" "-v" "/var/lib/crater-agent-workspace/rustup-home:/opt/rustwide/rustup-home:ro,Z" "-e" "SOURCE_DIR=/opt/rustwide/workdir" "-e" "CARGO_TARGET_DIR=/opt/rustwide/target" "-e" "CARGO_INCREMENTAL=0" "-e" "RUST_BACKTRACE=full" "-e" "RUSTFLAGS=--cap-lints=warn" "-e" "CARGO_HOME=/opt/rustwide/cargo-home" "-e" "RUSTUP_HOME=/opt/rustwide/rustup-home" "-w" "/opt/rustwide/workdir" "-m" "1610612736" "--user" "0:0" "--network" "none" "ghcr.io/rust-lang/crates-build-env/linux@sha256:34b6a614d2c27851fe6cbf88fbd1137609cefab8b10d0615aaeb6fd47975d74e" "/opt/rustwide/cargo-home/bin/cargo" "+beta-2021-08-01" "build" "--frozen" "--message-format=json", kill_on_drop: false }`
[INFO] [stderr] WARNING: Your kernel does not support swap limit capabilities or the cgroup is not mounted. Memory limited without swap.
[INFO] [stdout] 418423f77422bce4e039f4e059baaf7ea0afae512b14e68a8de532a8ece1e9f1
[INFO] running `Command { std: "docker" "start" "-a" "418423f77422bce4e039f4e059baaf7ea0afae512b14e68a8de532a8ece1e9f1", kill_on_drop: false }`
[INFO] [stderr]    Compiling inline_tweak v1.0.8 (/opt/rustwide/workdir)
[INFO] [stderr]     Finished dev [unoptimized + debuginfo] target(s) in 2.15s
[INFO] running `Command { std: "docker" "inspect" "418423f77422bce4e039f4e059baaf7ea0afae512b14e68a8de532a8ece1e9f1", kill_on_drop: false }`
[INFO] running `Command { std: "docker" "rm" "-f" "418423f77422bce4e039f4e059baaf7ea0afae512b14e68a8de532a8ece1e9f1", kill_on_drop: false }`
[INFO] [stdout] 418423f77422bce4e039f4e059baaf7ea0afae512b14e68a8de532a8ece1e9f1
[INFO] running `Command { std: "docker" "create" "-v" "/var/lib/crater-agent-workspace/builds/worker-0/target:/opt/rustwide/target:rw,Z" "-v" "/var/lib/crater-agent-workspace/builds/worker-0/source:/opt/rustwide/workdir:ro,Z" "-v" "/var/lib/crater-agent-workspace/cargo-home:/opt/rustwide/cargo-home:ro,Z" "-v" "/var/lib/crater-agent-workspace/rustup-home:/opt/rustwide/rustup-home:ro,Z" "-e" "SOURCE_DIR=/opt/rustwide/workdir" "-e" "CARGO_TARGET_DIR=/opt/rustwide/target" "-e" "CARGO_INCREMENTAL=0" "-e" "RUST_BACKTRACE=full" "-e" "RUSTFLAGS=--cap-lints=warn" "-e" "CARGO_HOME=/opt/rustwide/cargo-home" "-e" "RUSTUP_HOME=/opt/rustwide/rustup-home" "-w" "/opt/rustwide/workdir" "-m" "1610612736" "--user" "0:0" "--network" "none" "ghcr.io/rust-lang/crates-build-env/linux@sha256:34b6a614d2c27851fe6cbf88fbd1137609cefab8b10d0615aaeb6fd47975d74e" "/opt/rustwide/cargo-home/bin/cargo" "+beta-2021-08-01" "test" "--frozen" "--no-run" "--message-format=json", kill_on_drop: false }`
[INFO] [stdout] be4bfd2d6e832fea3271e49ba3f3753eb0b6f3cce4194e4095810e8ed98d35cd
[INFO] [stderr] WARNING: Your kernel does not support swap limit capabilities or the cgroup is not mounted. Memory limited without swap.
[INFO] running `Command { std: "docker" "start" "-a" "be4bfd2d6e832fea3271e49ba3f3753eb0b6f3cce4194e4095810e8ed98d35cd", kill_on_drop: false }`
[INFO] [stderr]    Compiling inline_tweak v1.0.8 (/opt/rustwide/workdir)
[INFO] [stderr]     Finished test [unoptimized + debuginfo] target(s) in 4.73s
[INFO] running `Command { std: "docker" "inspect" "be4bfd2d6e832fea3271e49ba3f3753eb0b6f3cce4194e4095810e8ed98d35cd", kill_on_drop: false }`
[INFO] running `Command { std: "docker" "rm" "-f" "be4bfd2d6e832fea3271e49ba3f3753eb0b6f3cce4194e4095810e8ed98d35cd", kill_on_drop: false }`
[INFO] [stdout] be4bfd2d6e832fea3271e49ba3f3753eb0b6f3cce4194e4095810e8ed98d35cd
[INFO] running `Command { std: "docker" "create" "-v" "/var/lib/crater-agent-workspace/builds/worker-0/target:/opt/rustwide/target:rw,Z" "-v" "/var/lib/crater-agent-workspace/builds/worker-0/source:/opt/rustwide/workdir:ro,Z" "-v" "/var/lib/crater-agent-workspace/cargo-home:/opt/rustwide/cargo-home:ro,Z" "-v" "/var/lib/crater-agent-workspace/rustup-home:/opt/rustwide/rustup-home:ro,Z" "-e" "SOURCE_DIR=/opt/rustwide/workdir" "-e" "CARGO_TARGET_DIR=/opt/rustwide/target" "-e" "CARGO_INCREMENTAL=0" "-e" "RUST_BACKTRACE=full" "-e" "RUSTFLAGS=--cap-lints=warn" "-e" "CARGO_HOME=/opt/rustwide/cargo-home" "-e" "RUSTUP_HOME=/opt/rustwide/rustup-home" "-w" "/opt/rustwide/workdir" "-m" "1610612736" "--user" "0:0" "--network" "none" "ghcr.io/rust-lang/crates-build-env/linux@sha256:34b6a614d2c27851fe6cbf88fbd1137609cefab8b10d0615aaeb6fd47975d74e" "/opt/rustwide/cargo-home/bin/cargo" "+beta-2021-08-01" "test" "--frozen", kill_on_drop: false }`
[INFO] [stdout] 9a181cb153ad83eda5061bc9eaa41f1048c40ed03f0e450e4381b7f6d6f19315
[INFO] [stderr] WARNING: Your kernel does not support swap limit capabilities or the cgroup is not mounted. Memory limited without swap.
[INFO] running `Command { std: "docker" "start" "-a" "9a181cb153ad83eda5061bc9eaa41f1048c40ed03f0e450e4381b7f6d6f19315", kill_on_drop: false }`
[INFO] [stderr]     Blocking waiting for file lock on package cache
[INFO] [stderr]     Finished test [unoptimized + debuginfo] target(s) in 0.71s
[INFO] [stdout] 
[INFO] [stderr]      Running unittests (/opt/rustwide/target/debug/deps/inline_tweak-7511b217d9d14056)
[INFO] [stdout] running 0 tests
[INFO] [stderr]    Doc-tests inline_tweak
[INFO] [stdout] 
[INFO] [stdout] test result: ok. 0 passed; 0 failed; 0 ignored; 0 measured; 0 filtered out; finished in 0.00s
[INFO] [stdout] 
[INFO] [stdout] 
[INFO] [stdout] running 4 tests
[INFO] [stdout] test src/lib.rs - (line 37) ... FAILED
[INFO] [stdout] test src/lib.rs - (line 21) ... FAILED
[INFO] [stdout] test src/lib.rs - (line 32) ... FAILED
[INFO] [stdout] test src/lib.rs - (line 9) has been running for over 60 seconds
[ERROR] error running command: no output for 300 seconds
[INFO] running `Command { std: "docker" "inspect" "9a181cb153ad83eda5061bc9eaa41f1048c40ed03f0e450e4381b7f6d6f19315", kill_on_drop: false }`
[INFO] running `Command { std: "docker" "rm" "-f" "9a181cb153ad83eda5061bc9eaa41f1048c40ed03f0e450e4381b7f6d6f19315", kill_on_drop: false }`
[INFO] [stdout] 9a181cb153ad83eda5061bc9eaa41f1048c40ed03f0e450e4381b7f6d6f19315
