[INFO] fetching crate inline-proc 0.1.0...
[INFO] testing inline-proc-0.1.0 against 1.54.0 for beta-1.55-1
[INFO] extracting crate inline-proc 0.1.0 into /workspace/builds/worker-13/source
[INFO] validating manifest of crates.io crate inline-proc 0.1.0 on toolchain 1.54.0
[INFO] running `Command { std: "/workspace/cargo-home/bin/cargo" "+1.54.0" "metadata" "--manifest-path" "Cargo.toml" "--no-deps", kill_on_drop: false }`
[INFO] started tweaking crates.io crate inline-proc 0.1.0
[INFO] finished tweaking crates.io crate inline-proc 0.1.0
[INFO] tweaked toml for crates.io crate inline-proc 0.1.0 written to /workspace/builds/worker-13/source/Cargo.toml
[INFO] running `Command { std: "/workspace/cargo-home/bin/cargo" "+1.54.0" "generate-lockfile" "--manifest-path" "Cargo.toml" "-Zno-index-update", kill_on_drop: false }`
[INFO] running `Command { std: "/workspace/cargo-home/bin/cargo" "+1.54.0" "fetch" "--manifest-path" "Cargo.toml", kill_on_drop: false }`
[INFO] running `Command { std: "docker" "create" "-v" "/var/lib/crater-agent-workspace/builds/worker-13/target:/opt/rustwide/target:rw,Z" "-v" "/var/lib/crater-agent-workspace/builds/worker-13/source:/opt/rustwide/workdir:ro,Z" "-v" "/var/lib/crater-agent-workspace/cargo-home:/opt/rustwide/cargo-home:ro,Z" "-v" "/var/lib/crater-agent-workspace/rustup-home:/opt/rustwide/rustup-home:ro,Z" "-e" "SOURCE_DIR=/opt/rustwide/workdir" "-e" "CARGO_TARGET_DIR=/opt/rustwide/target" "-e" "CARGO_HOME=/opt/rustwide/cargo-home" "-e" "RUSTUP_HOME=/opt/rustwide/rustup-home" "-w" "/opt/rustwide/workdir" "-m" "1610612736" "--user" "0:0" "--network" "none" "ghcr.io/rust-lang/crates-build-env/linux@sha256:34b6a614d2c27851fe6cbf88fbd1137609cefab8b10d0615aaeb6fd47975d74e" "/opt/rustwide/cargo-home/bin/cargo" "+1.54.0" "metadata" "--no-deps" "--format-version=1", kill_on_drop: false }`
[INFO] [stdout] f38cfea5ff410cf9dffba32ed7477faf0a26d52dbcd7e001590b12c3d2187ce9
[INFO] [stderr] WARNING: Your kernel does not support swap limit capabilities or the cgroup is not mounted. Memory limited without swap.
[INFO] running `Command { std: "docker" "start" "-a" "f38cfea5ff410cf9dffba32ed7477faf0a26d52dbcd7e001590b12c3d2187ce9", kill_on_drop: false }`
[INFO] running `Command { std: "docker" "inspect" "f38cfea5ff410cf9dffba32ed7477faf0a26d52dbcd7e001590b12c3d2187ce9", kill_on_drop: false }`
[INFO] running `Command { std: "docker" "rm" "-f" "f38cfea5ff410cf9dffba32ed7477faf0a26d52dbcd7e001590b12c3d2187ce9", kill_on_drop: false }`
[INFO] [stdout] f38cfea5ff410cf9dffba32ed7477faf0a26d52dbcd7e001590b12c3d2187ce9
[INFO] running `Command { std: "docker" "create" "-v" "/var/lib/crater-agent-workspace/builds/worker-13/target:/opt/rustwide/target:rw,Z" "-v" "/var/lib/crater-agent-workspace/builds/worker-13/source:/opt/rustwide/workdir:ro,Z" "-v" "/var/lib/crater-agent-workspace/cargo-home:/opt/rustwide/cargo-home:ro,Z" "-v" "/var/lib/crater-agent-workspace/rustup-home:/opt/rustwide/rustup-home:ro,Z" "-e" "SOURCE_DIR=/opt/rustwide/workdir" "-e" "CARGO_TARGET_DIR=/opt/rustwide/target" "-e" "CARGO_INCREMENTAL=0" "-e" "RUST_BACKTRACE=full" "-e" "RUSTFLAGS=--cap-lints=warn" "-e" "CARGO_HOME=/opt/rustwide/cargo-home" "-e" "RUSTUP_HOME=/opt/rustwide/rustup-home" "-w" "/opt/rustwide/workdir" "-m" "1610612736" "--user" "0:0" "--network" "none" "ghcr.io/rust-lang/crates-build-env/linux@sha256:34b6a614d2c27851fe6cbf88fbd1137609cefab8b10d0615aaeb6fd47975d74e" "/opt/rustwide/cargo-home/bin/cargo" "+1.54.0" "build" "--frozen" "--message-format=json", kill_on_drop: false }`
[INFO] [stdout] 6367588f45d53b1af2b74cc5024ee648f2ee1ea9f77a60e2009a0064b3138ca8
[INFO] [stderr] WARNING: Your kernel does not support swap limit capabilities or the cgroup is not mounted. Memory limited without swap.
[INFO] running `Command { std: "docker" "start" "-a" "6367588f45d53b1af2b74cc5024ee648f2ee1ea9f77a60e2009a0064b3138ca8", kill_on_drop: false }`
[INFO] [stderr]    Compiling libloading v0.6.7
[INFO] [stderr]    Compiling proc-macro-error-attr v1.0.4
[INFO] [stderr]    Compiling serde_json v1.0.66
[INFO] [stderr]    Compiling cargo_toml v0.8.1
[INFO] [stderr]    Compiling proc-macro-error v1.0.4
[INFO] [stderr]    Compiling cargo_metadata v0.11.4
[INFO] [stderr]    Compiling inline-proc v0.1.0 (/opt/rustwide/workdir)
[INFO] [stderr]     Finished dev [unoptimized + debuginfo] target(s) in 27.93s
[INFO] running `Command { std: "docker" "inspect" "6367588f45d53b1af2b74cc5024ee648f2ee1ea9f77a60e2009a0064b3138ca8", kill_on_drop: false }`
[INFO] running `Command { std: "docker" "rm" "-f" "6367588f45d53b1af2b74cc5024ee648f2ee1ea9f77a60e2009a0064b3138ca8", kill_on_drop: false }`
[INFO] [stdout] 6367588f45d53b1af2b74cc5024ee648f2ee1ea9f77a60e2009a0064b3138ca8
[INFO] running `Command { std: "docker" "create" "-v" "/var/lib/crater-agent-workspace/builds/worker-13/target:/opt/rustwide/target:rw,Z" "-v" "/var/lib/crater-agent-workspace/builds/worker-13/source:/opt/rustwide/workdir:ro,Z" "-v" "/var/lib/crater-agent-workspace/cargo-home:/opt/rustwide/cargo-home:ro,Z" "-v" "/var/lib/crater-agent-workspace/rustup-home:/opt/rustwide/rustup-home:ro,Z" "-e" "SOURCE_DIR=/opt/rustwide/workdir" "-e" "CARGO_TARGET_DIR=/opt/rustwide/target" "-e" "CARGO_INCREMENTAL=0" "-e" "RUST_BACKTRACE=full" "-e" "RUSTFLAGS=--cap-lints=warn" "-e" "CARGO_HOME=/opt/rustwide/cargo-home" "-e" "RUSTUP_HOME=/opt/rustwide/rustup-home" "-w" "/opt/rustwide/workdir" "-m" "1610612736" "--user" "0:0" "--network" "none" "ghcr.io/rust-lang/crates-build-env/linux@sha256:34b6a614d2c27851fe6cbf88fbd1137609cefab8b10d0615aaeb6fd47975d74e" "/opt/rustwide/cargo-home/bin/cargo" "+1.54.0" "test" "--frozen" "--no-run" "--message-format=json", kill_on_drop: false }`
[INFO] [stdout] 9d50ac0f3de7e8f5165004a85f8a388d24e51193e7ba4f96225d64da6ef39e3d
[INFO] [stderr] WARNING: Your kernel does not support swap limit capabilities or the cgroup is not mounted. Memory limited without swap.
[INFO] running `Command { std: "docker" "start" "-a" "9d50ac0f3de7e8f5165004a85f8a388d24e51193e7ba4f96225d64da6ef39e3d", kill_on_drop: false }`
[INFO] [stderr]    Compiling inline-proc v0.1.0 (/opt/rustwide/workdir)
[INFO] [stderr]     Finished test [unoptimized + debuginfo] target(s) in 2.00s
[INFO] running `Command { std: "docker" "inspect" "9d50ac0f3de7e8f5165004a85f8a388d24e51193e7ba4f96225d64da6ef39e3d", kill_on_drop: false }`
[INFO] running `Command { std: "docker" "rm" "-f" "9d50ac0f3de7e8f5165004a85f8a388d24e51193e7ba4f96225d64da6ef39e3d", kill_on_drop: false }`
[INFO] [stdout] 9d50ac0f3de7e8f5165004a85f8a388d24e51193e7ba4f96225d64da6ef39e3d
[INFO] running `Command { std: "docker" "create" "-v" "/var/lib/crater-agent-workspace/builds/worker-13/target:/opt/rustwide/target:rw,Z" "-v" "/var/lib/crater-agent-workspace/builds/worker-13/source:/opt/rustwide/workdir:ro,Z" "-v" "/var/lib/crater-agent-workspace/cargo-home:/opt/rustwide/cargo-home:ro,Z" "-v" "/var/lib/crater-agent-workspace/rustup-home:/opt/rustwide/rustup-home:ro,Z" "-e" "SOURCE_DIR=/opt/rustwide/workdir" "-e" "CARGO_TARGET_DIR=/opt/rustwide/target" "-e" "CARGO_INCREMENTAL=0" "-e" "RUST_BACKTRACE=full" "-e" "RUSTFLAGS=--cap-lints=warn" "-e" "CARGO_HOME=/opt/rustwide/cargo-home" "-e" "RUSTUP_HOME=/opt/rustwide/rustup-home" "-w" "/opt/rustwide/workdir" "-m" "1610612736" "--user" "0:0" "--network" "none" "ghcr.io/rust-lang/crates-build-env/linux@sha256:34b6a614d2c27851fe6cbf88fbd1137609cefab8b10d0615aaeb6fd47975d74e" "/opt/rustwide/cargo-home/bin/cargo" "+1.54.0" "test" "--frozen", kill_on_drop: false }`
[INFO] [stdout] 5140350d7141326c0e2c19126ced97a354673e85aee64e6eb992c5dc9857d3b2
[INFO] [stderr] WARNING: Your kernel does not support swap limit capabilities or the cgroup is not mounted. Memory limited without swap.
[INFO] running `Command { std: "docker" "start" "-a" "5140350d7141326c0e2c19126ced97a354673e85aee64e6eb992c5dc9857d3b2", kill_on_drop: false }`
[INFO] [stderr]     Finished test [unoptimized + debuginfo] target(s) in 0.03s
[INFO] [stderr]      Running unittests (/opt/rustwide/target/debug/deps/inline_proc-f26c2660ac2c0b42)
[INFO] [stdout] 
[INFO] [stderr]    Doc-tests inline-proc
[INFO] [stdout] running 0 tests
[INFO] [stdout] 
[INFO] [stdout] test result: ok. 0 passed; 0 failed; 0 ignored; 0 measured; 0 filtered out; finished in 0.00s
[INFO] [stdout] 
[INFO] [stdout] 
[INFO] [stdout] running 10 tests
[INFO] [stdout] test src/lib.rs - inline_attr (line 341) ... ignored
[INFO] [stdout] test src/lib.rs - inline_attr (line 346) ... ignored
[INFO] [stdout] test src/lib.rs - inline_derive (line 381) ... ignored
[INFO] [stdout] test src/lib.rs - inline_derive (line 387) ... ignored
[INFO] [stdout] test src/lib.rs - inline_proc (line 308) ... ignored
[INFO] [stdout] test src/lib.rs - inline_proc (line 220) ... FAILED
[INFO] [stdout] test src/lib.rs - (line 146) ... FAILED
[INFO] [stdout] test src/lib.rs - (line 7) ... FAILED
[INFO] [stdout] test src/lib.rs - (line 102) ... FAILED
[INFO] [stdout] test src/lib.rs - (line 63) ... FAILED
[INFO] [stdout] 
[INFO] [stdout] failures:
[INFO] [stdout] 
[INFO] [stdout] ---- src/lib.rs - inline_proc (line 220) stdout ----
[INFO] [stdout] SOURCE: ( cargo : "cargo" , color : true , clippy : true , edition : "2018" , dependencies : { "proc-macro2" : "1" , "syn" : ( version : "1" , features : [ "full"]) ,} , inline_proc_path : "::inline_proc" , exports : ( bang_macros : { "my_nice_macro" : "my_nice_macro" , "my_public_macro" : ( function : "my_nice_macro" , export : true) ,} , derives : { "MyDeriveMacro" : "my_derive_macro" ,} , attributes : { "my_attribute_macro" : "my_attribute_macro" ,} ,))
[INFO] [stdout] error: Unknown format ron
[INFO] [stdout] 
[INFO] [stdout]   = help: There are no supported formats. Try enabling the `json` or `ron` features of this crate.
[INFO] [stdout] 
[INFO] [stdout] 
[INFO] [stdout]  --> src/lib.rs:225:15
[INFO] [stdout]   |
[INFO] [stdout] 8 |     metadata::ron!(
[INFO] [stdout]   |               ^^^
[INFO] [stdout] 
[INFO] [stdout] error: aborting due to previous error
[INFO] [stdout] 
[INFO] [stdout] Couldn't compile the test.
[INFO] [stdout] ---- src/lib.rs - (line 146) stdout ----
[INFO] [stdout] SOURCE: ( edition : "2018" , dependencies : {} , exports : ( bang_macros : { "my_macro" : ( function : "my_macro" , export : true)} ,) ,)
[INFO] [stdout] error: Unknown format ron
[INFO] [stdout] 
[INFO] [stdout]   = help: There are no supported formats. Try enabling the `json` or `ron` features of this crate.
[INFO] [stdout] 
[INFO] [stdout] 
[INFO] [stdout]  --> src/lib.rs:149:15
[INFO] [stdout]   |
[INFO] [stdout] 6 |     metadata::ron!(
[INFO] [stdout]   |               ^^^
[INFO] [stdout] 
[INFO] [stdout] error: aborting due to previous error
[INFO] [stdout] 
[INFO] [stdout] Couldn't compile the test.
[INFO] [stdout] ---- src/lib.rs - (line 7) stdout ----
[INFO] [stdout] SOURCE: ( edition : "2018" , clippy : true , dependencies : { "quote" : "1" ,} , exports : ( bang_macros : { "def_func" : "define_function" ,} ,) ,)
[INFO] [stdout] error: Unknown format ron
[INFO] [stdout] 
[INFO] [stdout]   = help: There are no supported formats. Try enabling the `json` or `ron` features of this crate.
[INFO] [stdout] 
[INFO] [stdout] 
[INFO] [stdout]  --> src/lib.rs:12:15
[INFO] [stdout]   |
[INFO] [stdout] 8 |     metadata::ron!(
[INFO] [stdout]   |               ^^^
[INFO] [stdout] 
[INFO] [stdout] error: cannot find macro `def_func` in this scope
[INFO] [stdout]   --> src/lib.rs:34:1
[INFO] [stdout]    |
[INFO] [stdout] 30 | def_func!();
[INFO] [stdout]    | ^^^^^^^^
[INFO] [stdout] 
[INFO] [stdout] error[E0425]: cannot find function `macro_function` in this scope
[INFO] [stdout]   --> src/lib.rs:36:1
[INFO] [stdout]    |
[INFO] [stdout] 32 | macro_function();
[INFO] [stdout]    | ^^^^^^^^^^^^^^ not found in this scope
[INFO] [stdout] 
[INFO] [stdout] error: aborting due to 3 previous errors
[INFO] [stdout] 
[INFO] [stdout] For more information about this error, try `rustc --explain E0425`.
[INFO] [stdout] Couldn't compile the test.
[INFO] [stdout] ---- src/lib.rs - (line 102) stdout ----
[INFO] [stdout] SOURCE: ( edition : "2018" , dependencies : {} , exports : ( derives : { "MyDeriveMacro" : "my_derive_macro"} , attributes : { "my_attribute_macro" : "my_attribute_macro"} ,) ,)
[INFO] [stdout] error: Unknown format ron
[INFO] [stdout] 
[INFO] [stdout]   = help: There are no supported formats. Try enabling the `json` or `ron` features of this crate.
[INFO] [stdout] 
[INFO] [stdout] 
[INFO] [stdout]  --> src/lib.rs:106:15
[INFO] [stdout]   |
[INFO] [stdout] 7 |     metadata::ron!(
[INFO] [stdout]   |               ^^^
[INFO] [stdout] 
[INFO] [stdout] error: cannot find macro `MyDeriveMacro` in this scope
[INFO] [stdout]   --> src/lib.rs:126:17
[INFO] [stdout]    |
[INFO] [stdout] 27 | #[inline_derive(MyDeriveMacro)]
[INFO] [stdout]    |                 ^^^^^^^^^^^^^
[INFO] [stdout] 
[INFO] [stdout] error: cannot find macro `my_attribute_macro` in this scope
[INFO] [stdout]   --> src/lib.rs:129:15
[INFO] [stdout]    |
[INFO] [stdout] 30 | #[inline_attr[my_attribute_macro(attribute tokens)]]
[INFO] [stdout]    |               ^^^^^^^^^^^^^^^^^^
[INFO] [stdout] 
[INFO] [stdout] error: aborting due to 3 previous errors
[INFO] [stdout] 
[INFO] [stdout] Couldn't compile the test.
[INFO] [stdout] ---- src/lib.rs - (line 63) stdout ----
[INFO] [stdout] SOURCE: ( edition : "2018" , dependencies : {} , exports : ( bang_macros : { "my_bang_macro" : "my_bang_macro"} , derives : { "MyDeriveMacro" : "my_derive_macro"} , attributes : { "my_attribute_macro" : "my_attribute_macro"} ,) ,)
[INFO] [stdout] error: Unknown format ron
[INFO] [stdout] 
[INFO] [stdout]   = help: There are no supported formats. Try enabling the `json` or `ron` features of this crate.
[INFO] [stdout] 
[INFO] [stdout] 
[INFO] [stdout]  --> src/lib.rs:68:15
[INFO] [stdout]   |
[INFO] [stdout] 8 |     metadata::ron!(
[INFO] [stdout]   |               ^^^
[INFO] [stdout] 
[INFO] [stdout] error: cannot find macro `my_bang_macro` in this scope
[INFO] [stdout]   --> src/lib.rs:93:1
[INFO] [stdout]    |
[INFO] [stdout] 33 | my_bang_macro!(input tokens);
[INFO] [stdout]    | ^^^^^^^^^^^^^
[INFO] [stdout] 
[INFO] [stdout] error: cannot find macro `MyDeriveMacro` in this scope
[INFO] [stdout]   --> src/lib.rs:94:1
[INFO] [stdout]    |
[INFO] [stdout] 34 | MyDeriveMacro!(struct InnerItem;);
[INFO] [stdout]    | ^^^^^^^^^^^^^
[INFO] [stdout] 
[INFO] [stdout] error: cannot find macro `my_attribute_macro` in this scope
[INFO] [stdout]   --> src/lib.rs:95:1
[INFO] [stdout]    |
[INFO] [stdout] 35 | my_attribute_macro!((attribute tokens) struct InnerItem;);
[INFO] [stdout]    | ^^^^^^^^^^^^^^^^^^
[INFO] [stdout] 
[INFO] [stdout] error: aborting due to 4 previous errors
[INFO] [stdout] 
[INFO] [stdout] Couldn't compile the test.
[INFO] [stdout] 
[INFO] [stdout] failures:
[INFO] [stdout]     src/lib.rs - (line 102)
[INFO] [stdout]     src/lib.rs - (line 146)
[INFO] [stdout]     src/lib.rs - (line 63)
[INFO] [stdout]     src/lib.rs - (line 7)
[INFO] [stdout]     src/lib.rs - inline_proc (line 220)
[INFO] [stdout] 
[INFO] [stdout] test result: FAILED. 0 passed; 5 failed; 5 ignored; 0 measured; 0 filtered out; finished in 1.01s
[INFO] [stdout] 
[INFO] [stderr] error: test failed, to rerun pass '--doc'
[INFO] running `Command { std: "docker" "inspect" "5140350d7141326c0e2c19126ced97a354673e85aee64e6eb992c5dc9857d3b2", kill_on_drop: false }`
[INFO] running `Command { std: "docker" "rm" "-f" "5140350d7141326c0e2c19126ced97a354673e85aee64e6eb992c5dc9857d3b2", kill_on_drop: false }`
[INFO] [stdout] 5140350d7141326c0e2c19126ced97a354673e85aee64e6eb992c5dc9857d3b2
