[INFO] fetching crate injex 0.1.0...
[INFO] testing injex-0.1.0 against beta-2021-08-01 for beta-1.55-1
[INFO] extracting crate injex 0.1.0 into /workspace/builds/worker-12/source
[INFO] validating manifest of crates.io crate injex 0.1.0 on toolchain beta-2021-08-01
[INFO] running `Command { std: "/workspace/cargo-home/bin/cargo" "+beta-2021-08-01" "metadata" "--manifest-path" "Cargo.toml" "--no-deps", kill_on_drop: false }`
[INFO] started tweaking crates.io crate injex 0.1.0
[INFO] finished tweaking crates.io crate injex 0.1.0
[INFO] tweaked toml for crates.io crate injex 0.1.0 written to /workspace/builds/worker-12/source/Cargo.toml
[INFO] crate crates.io crate injex 0.1.0 already has a lockfile, it will not be regenerated
[INFO] running `Command { std: "/workspace/cargo-home/bin/cargo" "+beta-2021-08-01" "fetch" "--manifest-path" "Cargo.toml", kill_on_drop: false }`
[INFO] [stderr]  Downloading crates ...
[INFO] [stderr]   Downloaded hex v0.4.2
[INFO] [stderr]   Downloaded const_fn v0.4.4
[INFO] [stderr]   Downloaded scroll_derive v0.10.4
[INFO] [stderr]   Downloaded scroll v0.10.2
[INFO] [stderr]   Downloaded memmap v0.7.0
[INFO] [stderr]   Downloaded syn v1.0.54
[INFO] [stderr]   Downloaded procfs v0.9.1
[INFO] [stderr]   Downloaded goblin v0.4.0
[INFO] [stderr]   Downloaded dynasm v1.0.0
[INFO] [stderr]   Downloaded dynasmrt v1.0.0
[INFO] [stderr]   Downloaded regex-syntax v0.6.21
[INFO] [stderr]   Downloaded regex v1.4.2
[INFO] [stderr]   Downloaded sysinfo v0.17.2
[INFO] running `Command { std: "docker" "create" "-v" "/var/lib/crater-agent-workspace/builds/worker-12/target:/opt/rustwide/target:rw,Z" "-v" "/var/lib/crater-agent-workspace/builds/worker-12/source:/opt/rustwide/workdir:ro,Z" "-v" "/var/lib/crater-agent-workspace/cargo-home:/opt/rustwide/cargo-home:ro,Z" "-v" "/var/lib/crater-agent-workspace/rustup-home:/opt/rustwide/rustup-home:ro,Z" "-e" "SOURCE_DIR=/opt/rustwide/workdir" "-e" "CARGO_TARGET_DIR=/opt/rustwide/target" "-e" "CARGO_HOME=/opt/rustwide/cargo-home" "-e" "RUSTUP_HOME=/opt/rustwide/rustup-home" "-w" "/opt/rustwide/workdir" "-m" "1610612736" "--user" "0:0" "--network" "none" "ghcr.io/rust-lang/crates-build-env/linux@sha256:34b6a614d2c27851fe6cbf88fbd1137609cefab8b10d0615aaeb6fd47975d74e" "/opt/rustwide/cargo-home/bin/cargo" "+beta-2021-08-01" "metadata" "--no-deps" "--format-version=1", kill_on_drop: false }`
[INFO] [stdout] e5c9523c77bd6cd6b3a537b4e4b36161c5d88ae5a6cced370ee663be7e9e658c
[INFO] [stderr] WARNING: Your kernel does not support swap limit capabilities or the cgroup is not mounted. Memory limited without swap.
[INFO] running `Command { std: "docker" "start" "-a" "e5c9523c77bd6cd6b3a537b4e4b36161c5d88ae5a6cced370ee663be7e9e658c", kill_on_drop: false }`
[INFO] running `Command { std: "docker" "inspect" "e5c9523c77bd6cd6b3a537b4e4b36161c5d88ae5a6cced370ee663be7e9e658c", kill_on_drop: false }`
[INFO] running `Command { std: "docker" "rm" "-f" "e5c9523c77bd6cd6b3a537b4e4b36161c5d88ae5a6cced370ee663be7e9e658c", kill_on_drop: false }`
[INFO] [stdout] e5c9523c77bd6cd6b3a537b4e4b36161c5d88ae5a6cced370ee663be7e9e658c
[INFO] running `Command { std: "docker" "create" "-v" "/var/lib/crater-agent-workspace/builds/worker-12/target:/opt/rustwide/target:rw,Z" "-v" "/var/lib/crater-agent-workspace/builds/worker-12/source:/opt/rustwide/workdir:ro,Z" "-v" "/var/lib/crater-agent-workspace/cargo-home:/opt/rustwide/cargo-home:ro,Z" "-v" "/var/lib/crater-agent-workspace/rustup-home:/opt/rustwide/rustup-home:ro,Z" "-e" "SOURCE_DIR=/opt/rustwide/workdir" "-e" "CARGO_TARGET_DIR=/opt/rustwide/target" "-e" "CARGO_INCREMENTAL=0" "-e" "RUST_BACKTRACE=full" "-e" "RUSTFLAGS=--cap-lints=warn" "-e" "CARGO_HOME=/opt/rustwide/cargo-home" "-e" "RUSTUP_HOME=/opt/rustwide/rustup-home" "-w" "/opt/rustwide/workdir" "-m" "1610612736" "--user" "0:0" "--network" "none" "ghcr.io/rust-lang/crates-build-env/linux@sha256:34b6a614d2c27851fe6cbf88fbd1137609cefab8b10d0615aaeb6fd47975d74e" "/opt/rustwide/cargo-home/bin/cargo" "+beta-2021-08-01" "build" "--frozen" "--message-format=json", kill_on_drop: false }`
[INFO] [stderr] WARNING: Your kernel does not support swap limit capabilities or the cgroup is not mounted. Memory limited without swap.
[INFO] [stdout] 47f2ad9c2bc99a8caaf8d60b6e8402c0efe56523ad9c23665bfab6f37a53778b
[INFO] running `Command { std: "docker" "start" "-a" "47f2ad9c2bc99a8caaf8d60b6e8402c0efe56523ad9c23665bfab6f37a53778b", kill_on_drop: false }`
[INFO] [stderr]    Compiling libc v0.2.93
[INFO] [stderr]    Compiling syn v1.0.54
[INFO] [stderr]    Compiling const_fn v0.4.4
[INFO] [stderr]    Compiling byteorder v1.3.4
[INFO] [stderr]    Compiling sysinfo v0.17.2
[INFO] [stderr]    Compiling crossbeam-utils v0.8.1
[INFO] [stderr]    Compiling memoffset v0.6.1
[INFO] [stderr]    Compiling crossbeam-epoch v0.9.1
[INFO] [stderr]    Compiling crossbeam-channel v0.5.0
[INFO] [stderr]    Compiling crossbeam-deque v0.8.0
[INFO] [stderr]    Compiling num_cpus v1.13.0
[INFO] [stderr]    Compiling time v0.1.44
[INFO] [stderr]    Compiling flate2 v1.0.19
[INFO] [stderr]    Compiling memmap v0.7.0
[INFO] [stderr]    Compiling nix v0.20.0
[INFO] [stderr]    Compiling rayon-core v1.9.0
[INFO] [stderr]    Compiling chrono v0.4.19
[INFO] [stderr]    Compiling rayon v1.5.0
[INFO] [stderr]    Compiling procfs v0.9.1
[INFO] [stderr]    Compiling proc-macro-error v1.0.4
[INFO] [stderr]    Compiling scroll_derive v0.10.4
[INFO] [stderr]    Compiling dynasm v1.0.0
[INFO] [stderr]    Compiling scroll v0.10.2
[INFO] [stderr]    Compiling goblin v0.4.0
[INFO] [stderr]    Compiling dynasmrt v1.0.0
[INFO] [stderr]    Compiling injex v0.1.0 (/opt/rustwide/workdir)
[INFO] [stderr]     Finished dev [unoptimized + debuginfo] target(s) in 42.60s
[INFO] running `Command { std: "docker" "inspect" "47f2ad9c2bc99a8caaf8d60b6e8402c0efe56523ad9c23665bfab6f37a53778b", kill_on_drop: false }`
[INFO] running `Command { std: "docker" "rm" "-f" "47f2ad9c2bc99a8caaf8d60b6e8402c0efe56523ad9c23665bfab6f37a53778b", kill_on_drop: false }`
[INFO] [stdout] 47f2ad9c2bc99a8caaf8d60b6e8402c0efe56523ad9c23665bfab6f37a53778b
[INFO] running `Command { std: "docker" "create" "-v" "/var/lib/crater-agent-workspace/builds/worker-12/target:/opt/rustwide/target:rw,Z" "-v" "/var/lib/crater-agent-workspace/builds/worker-12/source:/opt/rustwide/workdir:ro,Z" "-v" "/var/lib/crater-agent-workspace/cargo-home:/opt/rustwide/cargo-home:ro,Z" "-v" "/var/lib/crater-agent-workspace/rustup-home:/opt/rustwide/rustup-home:ro,Z" "-e" "SOURCE_DIR=/opt/rustwide/workdir" "-e" "CARGO_TARGET_DIR=/opt/rustwide/target" "-e" "CARGO_INCREMENTAL=0" "-e" "RUST_BACKTRACE=full" "-e" "RUSTFLAGS=--cap-lints=warn" "-e" "CARGO_HOME=/opt/rustwide/cargo-home" "-e" "RUSTUP_HOME=/opt/rustwide/rustup-home" "-w" "/opt/rustwide/workdir" "-m" "1610612736" "--user" "0:0" "--network" "none" "ghcr.io/rust-lang/crates-build-env/linux@sha256:34b6a614d2c27851fe6cbf88fbd1137609cefab8b10d0615aaeb6fd47975d74e" "/opt/rustwide/cargo-home/bin/cargo" "+beta-2021-08-01" "test" "--frozen" "--no-run" "--message-format=json", kill_on_drop: false }`
[INFO] [stderr] WARNING: Your kernel does not support swap limit capabilities or the cgroup is not mounted. Memory limited without swap.
[INFO] [stdout] 96e429181546f4ea9b2dde0dcc89ae45da462bf28e724f2988c204222073e33b
[INFO] running `Command { std: "docker" "start" "-a" "96e429181546f4ea9b2dde0dcc89ae45da462bf28e724f2988c204222073e33b", kill_on_drop: false }`
[INFO] [stderr]    Compiling injex v0.1.0 (/opt/rustwide/workdir)
[INFO] [stderr]     Finished test [unoptimized + debuginfo] target(s) in 4.97s
[INFO] running `Command { std: "docker" "inspect" "96e429181546f4ea9b2dde0dcc89ae45da462bf28e724f2988c204222073e33b", kill_on_drop: false }`
[INFO] running `Command { std: "docker" "rm" "-f" "96e429181546f4ea9b2dde0dcc89ae45da462bf28e724f2988c204222073e33b", kill_on_drop: false }`
[INFO] [stdout] 96e429181546f4ea9b2dde0dcc89ae45da462bf28e724f2988c204222073e33b
[INFO] running `Command { std: "docker" "create" "-v" "/var/lib/crater-agent-workspace/builds/worker-12/target:/opt/rustwide/target:rw,Z" "-v" "/var/lib/crater-agent-workspace/builds/worker-12/source:/opt/rustwide/workdir:ro,Z" "-v" "/var/lib/crater-agent-workspace/cargo-home:/opt/rustwide/cargo-home:ro,Z" "-v" "/var/lib/crater-agent-workspace/rustup-home:/opt/rustwide/rustup-home:ro,Z" "-e" "SOURCE_DIR=/opt/rustwide/workdir" "-e" "CARGO_TARGET_DIR=/opt/rustwide/target" "-e" "CARGO_INCREMENTAL=0" "-e" "RUST_BACKTRACE=full" "-e" "RUSTFLAGS=--cap-lints=warn" "-e" "CARGO_HOME=/opt/rustwide/cargo-home" "-e" "RUSTUP_HOME=/opt/rustwide/rustup-home" "-w" "/opt/rustwide/workdir" "-m" "1610612736" "--user" "0:0" "--network" "none" "ghcr.io/rust-lang/crates-build-env/linux@sha256:34b6a614d2c27851fe6cbf88fbd1137609cefab8b10d0615aaeb6fd47975d74e" "/opt/rustwide/cargo-home/bin/cargo" "+beta-2021-08-01" "test" "--frozen", kill_on_drop: false }`
[INFO] [stdout] defbf8a0578b68ddc39c93c925f3ed04e7515d4b8e250f8b352014f9dfeb1371
[INFO] [stderr] WARNING: Your kernel does not support swap limit capabilities or the cgroup is not mounted. Memory limited without swap.
[INFO] running `Command { std: "docker" "start" "-a" "defbf8a0578b68ddc39c93c925f3ed04e7515d4b8e250f8b352014f9dfeb1371", kill_on_drop: false }`
[INFO] [stderr]     Finished test [unoptimized + debuginfo] target(s) in 0.05s
[INFO] [stderr]      Running unittests (/opt/rustwide/target/debug/deps/injex-3f66896a3c3069dc)
[INFO] [stdout] 
[INFO] [stderr]    Doc-tests injex
[INFO] [stdout] running 0 tests
[INFO] [stdout] 
[INFO] [stdout] test result: ok. 0 passed; 0 failed; 0 ignored; 0 measured; 0 filtered out; finished in 0.00s
[INFO] [stdout] 
[INFO] [stdout] 
[INFO] [stdout] running 2 tests
[INFO] [stdout] test src/lib.rs - (line 17) ... FAILED
[INFO] [stdout] test src/lib.rs - (line 5) ... FAILED
[INFO] [stdout] 
[INFO] [stdout] failures:
[INFO] [stdout] 
[INFO] [stdout] ---- src/lib.rs - (line 17) stdout ----
[INFO] [stdout] error: expected `;`, found `println`
[INFO] [stdout]   --> src/lib.rs:28:48
[INFO] [stdout]    |
[INFO] [stdout] 14 |        let manipulator = InternalManipulator {}
[INFO] [stdout]    |                                                ^ help: add `;` here
[INFO] [stdout] 15 |        println!("{:?}", manipulator.memory_maps());
[INFO] [stdout]    |        ------- unexpected token
[INFO] [stdout] 
[INFO] [stdout] error: aborting due to previous error
[INFO] [stdout] 
[INFO] [stdout] Couldn't compile the test.
[INFO] [stdout] ---- src/lib.rs - (line 5) stdout ----
[INFO] [stdout] Test executable failed (exit code 1).
[INFO] [stdout] 
[INFO] [stdout] stderr:
[INFO] [stdout] Error: ProcessNotFound("game_name")
[INFO] [stdout] 
[INFO] [stdout] 
[INFO] [stdout] 
[INFO] [stdout] failures:
[INFO] [stdout]     src/lib.rs - (line 17)
[INFO] [stdout]     src/lib.rs - (line 5)
[INFO] [stdout] 
[INFO] [stdout] test result: FAILED. 0 passed; 2 failed; 0 ignored; 0 measured; 0 filtered out; finished in 3.51s
[INFO] [stdout] 
[INFO] [stderr] error: test failed, to rerun pass '--doc'
[INFO] running `Command { std: "docker" "inspect" "defbf8a0578b68ddc39c93c925f3ed04e7515d4b8e250f8b352014f9dfeb1371", kill_on_drop: false }`
[INFO] running `Command { std: "docker" "rm" "-f" "defbf8a0578b68ddc39c93c925f3ed04e7515d4b8e250f8b352014f9dfeb1371", kill_on_drop: false }`
[INFO] [stdout] defbf8a0578b68ddc39c93c925f3ed04e7515d4b8e250f8b352014f9dfeb1371
