[INFO] fetching crate init_tree 0.2.2...
[INFO] testing init_tree-0.2.2 against beta-2021-08-01 for beta-1.55-1
[INFO] extracting crate init_tree 0.2.2 into /workspace/builds/worker-5/source
[INFO] validating manifest of crates.io crate init_tree 0.2.2 on toolchain beta-2021-08-01
[INFO] running `Command { std: "/workspace/cargo-home/bin/cargo" "+beta-2021-08-01" "metadata" "--manifest-path" "Cargo.toml" "--no-deps", kill_on_drop: false }`
[INFO] started tweaking crates.io crate init_tree 0.2.2
[INFO] finished tweaking crates.io crate init_tree 0.2.2
[INFO] tweaked toml for crates.io crate init_tree 0.2.2 written to /workspace/builds/worker-5/source/Cargo.toml
[INFO] crate crates.io crate init_tree 0.2.2 already has a lockfile, it will not be regenerated
[INFO] running `Command { std: "/workspace/cargo-home/bin/cargo" "+beta-2021-08-01" "fetch" "--manifest-path" "Cargo.toml", kill_on_drop: false }`
[INFO] [stderr]  Downloading crates ...
[INFO] [stderr]   Downloaded itoa v0.4.5
[INFO] [stderr]   Downloaded quote v1.0.3
[INFO] [stderr]   Downloaded itertools v0.8.0
[INFO] [stderr]   Downloaded serde v1.0.106
[INFO] [stderr]   Downloaded trybuild v1.0.25
[INFO] [stderr]   Downloaded syn v1.0.17
[INFO] [stderr]   Downloaded ryu v1.0.3
[INFO] [stderr]   Downloaded proc-macro2 v1.0.10
[INFO] [stderr]   Downloaded winapi-util v0.1.4
[INFO] [stderr]   Downloaded serde_json v1.0.51
[INFO] [stderr]   Downloaded serde_derive v1.0.106
[INFO] running `Command { std: "docker" "create" "-v" "/var/lib/crater-agent-workspace/builds/worker-5/target:/opt/rustwide/target:rw,Z" "-v" "/var/lib/crater-agent-workspace/builds/worker-5/source:/opt/rustwide/workdir:ro,Z" "-v" "/var/lib/crater-agent-workspace/cargo-home:/opt/rustwide/cargo-home:ro,Z" "-v" "/var/lib/crater-agent-workspace/rustup-home:/opt/rustwide/rustup-home:ro,Z" "-e" "SOURCE_DIR=/opt/rustwide/workdir" "-e" "CARGO_TARGET_DIR=/opt/rustwide/target" "-e" "CARGO_HOME=/opt/rustwide/cargo-home" "-e" "RUSTUP_HOME=/opt/rustwide/rustup-home" "-w" "/opt/rustwide/workdir" "-m" "1610612736" "--user" "0:0" "--network" "none" "ghcr.io/rust-lang/crates-build-env/linux@sha256:34b6a614d2c27851fe6cbf88fbd1137609cefab8b10d0615aaeb6fd47975d74e" "/opt/rustwide/cargo-home/bin/cargo" "+beta-2021-08-01" "metadata" "--no-deps" "--format-version=1", kill_on_drop: false }`
[INFO] [stderr] WARNING: Your kernel does not support swap limit capabilities or the cgroup is not mounted. Memory limited without swap.
[INFO] [stdout] 0b61a5c65dd2812ca296f53ae0015873c8d2308507cbee47e9d54e2432f86d4d
[INFO] running `Command { std: "docker" "start" "-a" "0b61a5c65dd2812ca296f53ae0015873c8d2308507cbee47e9d54e2432f86d4d", kill_on_drop: false }`
[INFO] running `Command { std: "docker" "inspect" "0b61a5c65dd2812ca296f53ae0015873c8d2308507cbee47e9d54e2432f86d4d", kill_on_drop: false }`
[INFO] running `Command { std: "docker" "rm" "-f" "0b61a5c65dd2812ca296f53ae0015873c8d2308507cbee47e9d54e2432f86d4d", kill_on_drop: false }`
[INFO] [stdout] 0b61a5c65dd2812ca296f53ae0015873c8d2308507cbee47e9d54e2432f86d4d
[INFO] running `Command { std: "docker" "create" "-v" "/var/lib/crater-agent-workspace/builds/worker-5/target:/opt/rustwide/target:rw,Z" "-v" "/var/lib/crater-agent-workspace/builds/worker-5/source:/opt/rustwide/workdir:ro,Z" "-v" "/var/lib/crater-agent-workspace/cargo-home:/opt/rustwide/cargo-home:ro,Z" "-v" "/var/lib/crater-agent-workspace/rustup-home:/opt/rustwide/rustup-home:ro,Z" "-e" "SOURCE_DIR=/opt/rustwide/workdir" "-e" "CARGO_TARGET_DIR=/opt/rustwide/target" "-e" "CARGO_INCREMENTAL=0" "-e" "RUST_BACKTRACE=full" "-e" "RUSTFLAGS=--cap-lints=warn" "-e" "CARGO_HOME=/opt/rustwide/cargo-home" "-e" "RUSTUP_HOME=/opt/rustwide/rustup-home" "-w" "/opt/rustwide/workdir" "-m" "1610612736" "--user" "0:0" "--network" "none" "ghcr.io/rust-lang/crates-build-env/linux@sha256:34b6a614d2c27851fe6cbf88fbd1137609cefab8b10d0615aaeb6fd47975d74e" "/opt/rustwide/cargo-home/bin/cargo" "+beta-2021-08-01" "build" "--frozen" "--message-format=json", kill_on_drop: false }`
[INFO] [stdout] 2c439e9b14f81219e607ac15924ab9f0839a0575b11c2511b43bb81bcd65ea8e
[INFO] [stderr] WARNING: Your kernel does not support swap limit capabilities or the cgroup is not mounted. Memory limited without swap.
[INFO] running `Command { std: "docker" "start" "-a" "2c439e9b14f81219e607ac15924ab9f0839a0575b11c2511b43bb81bcd65ea8e", kill_on_drop: false }`
[INFO] [stderr]    Compiling syn v1.0.17
[INFO] [stderr]    Compiling itertools v0.8.0
[INFO] [stderr]    Compiling serde_derive v1.0.106
[INFO] [stderr]    Compiling serde v1.0.106
[INFO] [stderr]    Compiling init_tree v0.2.2 (/opt/rustwide/workdir)
[INFO] [stderr]     Finished dev [unoptimized + debuginfo] target(s) in 21.37s
[INFO] running `Command { std: "docker" "inspect" "2c439e9b14f81219e607ac15924ab9f0839a0575b11c2511b43bb81bcd65ea8e", kill_on_drop: false }`
[INFO] running `Command { std: "docker" "rm" "-f" "2c439e9b14f81219e607ac15924ab9f0839a0575b11c2511b43bb81bcd65ea8e", kill_on_drop: false }`
[INFO] [stdout] 2c439e9b14f81219e607ac15924ab9f0839a0575b11c2511b43bb81bcd65ea8e
[INFO] running `Command { std: "docker" "create" "-v" "/var/lib/crater-agent-workspace/builds/worker-5/target:/opt/rustwide/target:rw,Z" "-v" "/var/lib/crater-agent-workspace/builds/worker-5/source:/opt/rustwide/workdir:ro,Z" "-v" "/var/lib/crater-agent-workspace/cargo-home:/opt/rustwide/cargo-home:ro,Z" "-v" "/var/lib/crater-agent-workspace/rustup-home:/opt/rustwide/rustup-home:ro,Z" "-e" "SOURCE_DIR=/opt/rustwide/workdir" "-e" "CARGO_TARGET_DIR=/opt/rustwide/target" "-e" "CARGO_INCREMENTAL=0" "-e" "RUST_BACKTRACE=full" "-e" "RUSTFLAGS=--cap-lints=warn" "-e" "CARGO_HOME=/opt/rustwide/cargo-home" "-e" "RUSTUP_HOME=/opt/rustwide/rustup-home" "-w" "/opt/rustwide/workdir" "-m" "1610612736" "--user" "0:0" "--network" "none" "ghcr.io/rust-lang/crates-build-env/linux@sha256:34b6a614d2c27851fe6cbf88fbd1137609cefab8b10d0615aaeb6fd47975d74e" "/opt/rustwide/cargo-home/bin/cargo" "+beta-2021-08-01" "test" "--frozen" "--no-run" "--message-format=json", kill_on_drop: false }`
[INFO] [stderr] WARNING: Your kernel does not support swap limit capabilities or the cgroup is not mounted. Memory limited without swap.
[INFO] [stdout] 20b4ace9b1eece10718430dee695ac7847627b77acda69f92fc534f79462a0aa
[INFO] running `Command { std: "docker" "start" "-a" "20b4ace9b1eece10718430dee695ac7847627b77acda69f92fc534f79462a0aa", kill_on_drop: false }`
[INFO] [stderr]    Compiling toml v0.5.6
[INFO] [stderr]    Compiling serde_json v1.0.51
[INFO] [stderr]    Compiling trybuild v1.0.25
[INFO] [stderr]    Compiling init_tree v0.2.2 (/opt/rustwide/workdir)
[INFO] [stderr]     Finished test [unoptimized + debuginfo] target(s) in 8.11s
[INFO] running `Command { std: "docker" "inspect" "20b4ace9b1eece10718430dee695ac7847627b77acda69f92fc534f79462a0aa", kill_on_drop: false }`
[INFO] running `Command { std: "docker" "rm" "-f" "20b4ace9b1eece10718430dee695ac7847627b77acda69f92fc534f79462a0aa", kill_on_drop: false }`
[INFO] [stdout] 20b4ace9b1eece10718430dee695ac7847627b77acda69f92fc534f79462a0aa
[INFO] running `Command { std: "docker" "create" "-v" "/var/lib/crater-agent-workspace/builds/worker-5/target:/opt/rustwide/target:rw,Z" "-v" "/var/lib/crater-agent-workspace/builds/worker-5/source:/opt/rustwide/workdir:ro,Z" "-v" "/var/lib/crater-agent-workspace/cargo-home:/opt/rustwide/cargo-home:ro,Z" "-v" "/var/lib/crater-agent-workspace/rustup-home:/opt/rustwide/rustup-home:ro,Z" "-e" "SOURCE_DIR=/opt/rustwide/workdir" "-e" "CARGO_TARGET_DIR=/opt/rustwide/target" "-e" "CARGO_INCREMENTAL=0" "-e" "RUST_BACKTRACE=full" "-e" "RUSTFLAGS=--cap-lints=warn" "-e" "CARGO_HOME=/opt/rustwide/cargo-home" "-e" "RUSTUP_HOME=/opt/rustwide/rustup-home" "-w" "/opt/rustwide/workdir" "-m" "1610612736" "--user" "0:0" "--network" "none" "ghcr.io/rust-lang/crates-build-env/linux@sha256:34b6a614d2c27851fe6cbf88fbd1137609cefab8b10d0615aaeb6fd47975d74e" "/opt/rustwide/cargo-home/bin/cargo" "+beta-2021-08-01" "test" "--frozen", kill_on_drop: false }`
[INFO] [stdout] 269420d3eed94163949f1d2ff84168402aeaa95dafd8206e720b474378efe717
[INFO] [stderr] WARNING: Your kernel does not support swap limit capabilities or the cgroup is not mounted. Memory limited without swap.
[INFO] running `Command { std: "docker" "start" "-a" "269420d3eed94163949f1d2ff84168402aeaa95dafd8206e720b474378efe717", kill_on_drop: false }`
[INFO] [stderr]     Finished test [unoptimized + debuginfo] target(s) in 0.03s
[INFO] [stderr]      Running unittests (/opt/rustwide/target/debug/deps/init_tree-edf59cbe1bc67202)
[INFO] [stdout] 
[INFO] [stdout] running 8 tests
[INFO] [stdout] test tests::test_basic_init ... ok
[INFO] [stdout] test tests::test_caching_with_indices_equal_to_len ... ok
[INFO] [stdout] test tests::test_caching ... ok
[INFO] [stdout] test tests::test_layers_with_shared_dep ... ok
[INFO] [stdout] test tests::test_caching_with_massive_indices ... ok
[INFO] [stdout] test tests::test_self_referential_init - should panic ... ok
[INFO] [stdout] test tests::test_panic - should panic ... ok
[INFO] [stderr]    Compiling proc-macro2 v1.0.28
[INFO] [stderr]    Compiling unicode-xid v0.2.2
[INFO] [stderr]    Compiling syn v1.0.74
[INFO] [stderr]    Compiling serde_derive v1.0.127
[INFO] [stderr]    Compiling serde v1.0.127
[INFO] [stderr]     Checking either v1.6.1
[INFO] [stderr]     Checking itertools v0.8.0
[INFO] [stderr]    Compiling quote v1.0.9
[INFO] [stderr]     Checking init_tree v0.2.2 (/opt/rustwide/workdir)
[INFO] [stderr]     Checking init_tree-tests v0.0.0 (/opt/rustwide/target/tests/init_tree)
[INFO] [stderr]     Finished dev [unoptimized + debuginfo] target(s) in 23.35s
[INFO] [stderr] 
[INFO] [stderr] 
[INFO] [stdout] test tests::test_compile_fail ... FAILED
[INFO] [stderr] test tests/ui/shouldnt_compile.rs ... mismatch
[INFO] [stdout] 
[INFO] [stderr] 
[INFO] [stdout] failures:
[INFO] [stderr] EXPECTED:
[INFO] [stdout] 
[INFO] [stderr] ┈┈┈┈┈┈┈┈┈┈┈┈┈┈┈┈┈┈┈┈┈┈┈┈┈┈┈┈┈┈┈┈┈┈┈┈┈┈┈┈┈┈┈┈┈┈┈┈┈┈┈┈┈┈┈┈┈┈┈┈
[INFO] [stdout] ---- tests::test_compile_fail stdout ----
[INFO] [stderr] error[E0277]: the trait bound `NoInit: std::default::Default` is not satisfied
[INFO] [stdout] thread 'tests::test_compile_fail' panicked at '1 of 1 tests failed', /opt/rustwide/cargo-home/registry/src/github.com-1ecc6299db9ec823/trybuild-1.0.25/src/run.rs:60:13
[INFO] [stderr]   --> $DIR/shouldnt_compile.rs:9:1
[INFO] [stdout] stack backtrace:
[INFO] [stderr]    |
[INFO] [stdout]    0:     0x5573e4a06630 - std::backtrace_rs::backtrace::libunwind::trace::hff4d1766e93f64f1
[INFO] [stderr] 9  | / impl_init!(NeedsNoInit; (_no_init: &mut NoInit) {
[INFO] [stdout]                                at /rustc/53fd98ca776cb875bc9e5514f56b52eb74f9e7a9/library/std/src/../../backtrace/src/backtrace/libunwind.rs:90:5
[INFO] [stderr] 10 | |     NeedsNoInit
[INFO] [stdout]    1:     0x5573e4a06630 - std::backtrace_rs::backtrace::trace_unsynchronized::h56bbc8eb78770bcb
[INFO] [stderr] 11 | | });
[INFO] [stdout]                                at /rustc/53fd98ca776cb875bc9e5514f56b52eb74f9e7a9/library/std/src/../../backtrace/src/backtrace/mod.rs:66:5
[INFO] [stderr]    | |___^ the trait `std::default::Default` is not implemented for `NoInit`
[INFO] [stdout]    2:     0x5573e4a06630 - std::sys_common::backtrace::_print_fmt::h5c8e75464faca780
[INFO] [stderr]    |
[INFO] [stdout]                                at /rustc/53fd98ca776cb875bc9e5514f56b52eb74f9e7a9/library/std/src/sys_common/backtrace.rs:67:5
[INFO] [stderr]    = note: required because of the requirements on the impl of `init_tree::Init` for `NoInit`
[INFO] [stdout]    3:     0x5573e4a06630 - <std::sys_common::backtrace::_print::DisplayBacktrace as core::fmt::Display>::fmt::h48b88277def8b362
[INFO] [stderr]    = note: required by `init_tree::Init::deps_list`
[INFO] [stdout]                                at /rustc/53fd98ca776cb875bc9e5514f56b52eb74f9e7a9/library/std/src/sys_common/backtrace.rs:46:22
[INFO] [stderr]    = note: this error originates in a macro outside of the current crate (in Nightly builds, run with -Z external-macro-backtrace for more info)
[INFO] [stdout]    4:     0x5573e4a2aa8c - core::fmt::write::h3381b3176fe2b3d3
[INFO] [stderr] 
[INFO] [stdout]                                at /rustc/53fd98ca776cb875bc9e5514f56b52eb74f9e7a9/library/core/src/fmt/mod.rs:1115:17
[INFO] [stderr] error[E0277]: the trait bound `NoInit: std::default::Default` is not satisfied
[INFO] [stdout]    5:     0x5573e4a02bc5 - std::io::Write::write_fmt::h5f34a676f60246b5
[INFO] [stderr]   --> $DIR/shouldnt_compile.rs:9:1
[INFO] [stdout]                                at /rustc/53fd98ca776cb875bc9e5514f56b52eb74f9e7a9/library/std/src/io/mod.rs:1665:15
[INFO] [stderr]    |
[INFO] [stdout]    6:     0x5573e4a0895b - std::sys_common::backtrace::_print::ha537687d6c17dd0d
[INFO] [stderr] 9  | / impl_init!(NeedsNoInit; (_no_init: &mut NoInit) {
[INFO] [stdout]                                at /rustc/53fd98ca776cb875bc9e5514f56b52eb74f9e7a9/library/std/src/sys_common/backtrace.rs:49:5
[INFO] [stderr] 10 | |     NeedsNoInit
[INFO] [stdout]    7:     0x5573e4a0895b - std::sys_common::backtrace::print::h61376ae57d131d72
[INFO] [stderr] 11 | | });
[INFO] [stdout]                                at /rustc/53fd98ca776cb875bc9e5514f56b52eb74f9e7a9/library/std/src/sys_common/backtrace.rs:36:9
[INFO] [stderr]    | |___^ the trait `std::default::Default` is not implemented for `NoInit`
[INFO] [stdout]    8:     0x5573e4a0895b - std::panicking::default_hook::{{closure}}::h0f7208c0b9644a54
[INFO] [stderr]    |
[INFO] [stdout]                                at /rustc/53fd98ca776cb875bc9e5514f56b52eb74f9e7a9/library/std/src/panicking.rs:208:50
[INFO] [stderr]    = note: required because of the requirements on the impl of `init_tree::Init` for `NoInit`
[INFO] [stdout]    9:     0x5573e4a0846c - std::panicking::default_hook::hdac7fc06578c14ce
[INFO] [stderr]    = note: required by `init_tree::Init::deep_deps_list`
[INFO] [stdout]                                at /rustc/53fd98ca776cb875bc9e5514f56b52eb74f9e7a9/library/std/src/panicking.rs:222:9
[INFO] [stderr]    = note: this error originates in a macro outside of the current crate (in Nightly builds, run with -Z external-macro-backtrace for more info)
[INFO] [stdout]   10:     0x5573e4a09024 - std::panicking::rust_panic_with_hook::h72b21c283da3d1ef
[INFO] [stderr] ┈┈┈┈┈┈┈┈┈┈┈┈┈┈┈┈┈┈┈┈┈┈┈┈┈┈┈┈┈┈┈┈┈┈┈┈┈┈┈┈┈┈┈┈┈┈┈┈┈┈┈┈┈┈┈┈┈┈┈┈
[INFO] [stdout]                                at /rustc/53fd98ca776cb875bc9e5514f56b52eb74f9e7a9/library/std/src/panicking.rs:622:17
[INFO] [stderr] 
[INFO] [stdout]   11:     0x5573e4a08b07 - std::panicking::begin_panic_handler::{{closure}}::he5778f1729cff84a
[INFO] [stderr] ACTUAL OUTPUT:
[INFO] [stdout]                                at /rustc/53fd98ca776cb875bc9e5514f56b52eb74f9e7a9/library/std/src/panicking.rs:519:13
[INFO] [stderr] ┈┈┈┈┈┈┈┈┈┈┈┈┈┈┈┈┈┈┈┈┈┈┈┈┈┈┈┈┈┈┈┈┈┈┈┈┈┈┈┈┈┈┈┈┈┈┈┈┈┈┈┈┈┈┈┈┈┈┈┈
[INFO] [stdout]   12:     0x5573e4a06b0c - std::sys_common::backtrace::__rust_end_short_backtrace::h2d11ca8b453b4b1d
[INFO] [stderr] error[E0277]: the trait bound `NoInit: Default` is not satisfied
[INFO] [stdout]                                at /rustc/53fd98ca776cb875bc9e5514f56b52eb74f9e7a9/library/std/src/sys_common/backtrace.rs:141:18
[INFO] [stderr]    --> $DIR/shouldnt_compile.rs:9:1
[INFO] [stdout]   13:     0x5573e4a08a69 - rust_begin_unwind
[INFO] [stderr]     |
[INFO] [stdout]                                at /rustc/53fd98ca776cb875bc9e5514f56b52eb74f9e7a9/library/std/src/panicking.rs:515:5
[INFO] [stderr] 9   | / impl_init!(NeedsNoInit; (_no_init: &mut NoInit) {
[INFO] [stdout]   14:     0x5573e47c6c9b - std::panicking::begin_panic_fmt::h746518bde832d259
[INFO] [stderr] 10  | |     NeedsNoInit
[INFO] [stdout]                                at /rustc/53fd98ca776cb875bc9e5514f56b52eb74f9e7a9/library/std/src/panicking.rs:457:5
[INFO] [stderr] 11  | | });
[INFO] [stdout]   15:     0x5573e47f8975 - trybuild::run::<impl trybuild::Runner>::run::hc33cec7c73c7894a
[INFO] [stderr]     | |___^ the trait `Default` is not implemented for `NoInit`
[INFO] [stdout]                                at /opt/rustwide/cargo-home/registry/src/github.com-1ecc6299db9ec823/trybuild-1.0.25/src/run.rs:60:13
[INFO] [stderr]     |
[INFO] [stdout]   16:     0x5573e47fce54 - <trybuild::TestCases as core::ops::drop::Drop>::drop::h1ed1512cd097053c
[INFO] [stderr]     = note: required because of the requirements on the impl of `Init` for `NoInit`
[INFO] [stdout]                                at /opt/rustwide/cargo-home/registry/src/github.com-1ecc6299db9ec823/trybuild-1.0.25/src/lib.rs:274:13
[INFO] [stderr] note: required by `deps_list`
[INFO] [stdout]   17:     0x5573e47d4357 - core::ptr::drop_in_place<trybuild::TestCases>::h851a1ecdea23b3eb
[INFO] [stderr]    --> $DIR/lib.rs:232:5
[INFO] [stdout]                                at /rustc/53fd98ca776cb875bc9e5514f56b52eb74f9e7a9/library/core/src/ptr/mod.rs:192:1
[INFO] [stderr]     |
[INFO] [stdout]   18:     0x5573e47dcde1 - init_tree::tests::test_compile_fail::h20dde473dc2ebb15
[INFO] [stderr] 232 |     fn deps_list() -> &'static [internal::TypeInitDef];
[INFO] [stdout]                                at /opt/rustwide/workdir/src/lib.rs:587:5
[INFO] [stderr]     |     ^^^^^^^^^^^^^^^^^^^^^^^^^^^^^^^^^^^^^^^^^^^^^^^^^^^
[INFO] [stdout]   19:     0x5573e47dcd9a - init_tree::tests::test_compile_fail::{{closure}}::h2424d211cf1c0bf6
[INFO] [stderr]     = note: this error originates in the macro `impl_init` (in Nightly builds, run with -Z macro-backtrace for more info)
[INFO] [stdout]                                at /opt/rustwide/workdir/src/lib.rs:584:5
[INFO] [stderr] 
[INFO] [stdout]   20:     0x5573e47d414e - core::ops::function::FnOnce::call_once::hf5ee2e930332549e
[INFO] [stderr] error[E0277]: the trait bound `NoInit: Default` is not satisfied
[INFO] [stdout]                                at /rustc/53fd98ca776cb875bc9e5514f56b52eb74f9e7a9/library/core/src/ops/function.rs:227:5
[INFO] [stderr]    --> $DIR/shouldnt_compile.rs:9:1
[INFO] [stdout]   21:     0x5573e49e4e93 - core::ops::function::FnOnce::call_once::hbb52c4519d3137b0
[INFO] [stderr]     |
[INFO] [stdout]                                at /rustc/53fd98ca776cb875bc9e5514f56b52eb74f9e7a9/library/core/src/ops/function.rs:227:5
[INFO] [stderr] 9   | / impl_init!(NeedsNoInit; (_no_init: &mut NoInit) {
[INFO] [stdout]   22:     0x5573e49e4e93 - test::__rust_begin_short_backtrace::h86fe3a2a5a5121af
[INFO] [stderr] 10  | |     NeedsNoInit
[INFO] [stdout]                                at /rustc/53fd98ca776cb875bc9e5514f56b52eb74f9e7a9/library/test/src/lib.rs:578:5
[INFO] [stderr] 11  | | });
[INFO] [stdout]   23:     0x5573e49e3948 - <alloc::boxed::Box<F,A> as core::ops::function::FnOnce<Args>>::call_once::hfd956bc3d57399be
[INFO] [stderr]     | |___^ the trait `Default` is not implemented for `NoInit`
[INFO] [stdout]                                at /rustc/53fd98ca776cb875bc9e5514f56b52eb74f9e7a9/library/alloc/src/boxed.rs:1572:9
[INFO] [stderr]     |
[INFO] [stdout]   24:     0x5573e49e3948 - <std::panic::AssertUnwindSafe<F> as core::ops::function::FnOnce<()>>::call_once::h40dc93e0ddb5938a
[INFO] [stderr]     = note: required because of the requirements on the impl of `Init` for `NoInit`
[INFO] [stdout]                                at /rustc/53fd98ca776cb875bc9e5514f56b52eb74f9e7a9/library/std/src/panic.rs:347:9
[INFO] [stderr] note: required by `deep_deps_list`
[INFO] [stdout]   25:     0x5573e49e3948 - std::panicking::try::do_call::h90d07750cb47c562
[INFO] [stderr]    --> $DIR/lib.rs:233:5
[INFO] [stdout]                                at /rustc/53fd98ca776cb875bc9e5514f56b52eb74f9e7a9/library/std/src/panicking.rs:401:40
[INFO] [stderr]     |
[INFO] [stdout]   26:     0x5573e49e3948 - std::panicking::try::h063c84733ad2a629
[INFO] [stderr] 233 |     fn deep_deps_list(t: &mut Vec<internal::TypeInitDef>, call_depth: u32);
[INFO] [stdout]                                at /rustc/53fd98ca776cb875bc9e5514f56b52eb74f9e7a9/library/std/src/panicking.rs:365:19
[INFO] [stderr]     |     ^^^^^^^^^^^^^^^^^^^^^^^^^^^^^^^^^^^^^^^^^^^^^^^^^^^^^^^^^^^^^^^^^^^^^^^
[INFO] [stdout]   27:     0x5573e49e3948 - std::panic::catch_unwind::h0c464836a84e7c08
[INFO] [stderr]     = note: this error originates in the macro `impl_init` (in Nightly builds, run with -Z macro-backtrace for more info)
[INFO] [stdout]                                at /rustc/53fd98ca776cb875bc9e5514f56b52eb74f9e7a9/library/std/src/panic.rs:434:14
[INFO] [stderr] ┈┈┈┈┈┈┈┈┈┈┈┈┈┈┈┈┈┈┈┈┈┈┈┈┈┈┈┈┈┈┈┈┈┈┈┈┈┈┈┈┈┈┈┈┈┈┈┈┈┈┈┈┈┈┈┈┈┈┈┈
[INFO] [stdout]   28:     0x5573e49e3948 - test::run_test_in_process::h5cb06ef620b157fc
[INFO] [stderr] note: If the actual output is the correct output you can bless it by rerunning
[INFO] [stdout]                                at /rustc/53fd98ca776cb875bc9e5514f56b52eb74f9e7a9/library/test/src/lib.rs:601:18
[INFO] [stderr]       your test with the environment variable TRYBUILD=overwrite
[INFO] [stdout]   29:     0x5573e49e3948 - test::run_test::run_test_inner::{{closure}}::h76f677f4b93f9828
[INFO] [stderr] 
[INFO] [stdout]                                at /rustc/53fd98ca776cb875bc9e5514f56b52eb74f9e7a9/library/test/src/lib.rs:493:39
[INFO] [stderr] 
[INFO] [stdout]   30:     0x5573e49b20dd - test::run_test::run_test_inner::{{closure}}::h366d01fe04f4d67a
[INFO] [stderr] 
[INFO] [stdout]                                at /rustc/53fd98ca776cb875bc9e5514f56b52eb74f9e7a9/library/test/src/lib.rs:520:37
[INFO] [stderr] error: test failed, to rerun pass '--lib'
[INFO] [stdout]   31:     0x5573e49b20dd - std::sys_common::backtrace::__rust_begin_short_backtrace::h7dfa0de4eb395af2
[INFO] [stdout]                                at /rustc/53fd98ca776cb875bc9e5514f56b52eb74f9e7a9/library/std/src/sys_common/backtrace.rs:125:18
[INFO] [stdout]   32:     0x5573e49b68a8 - std::thread::Builder::spawn_unchecked::{{closure}}::{{closure}}::hf0a74bb58798037f
[INFO] [stdout]                                at /rustc/53fd98ca776cb875bc9e5514f56b52eb74f9e7a9/library/std/src/thread/mod.rs:476:17
[INFO] [stdout]   33:     0x5573e49b68a8 - <std::panic::AssertUnwindSafe<F> as core::ops::function::FnOnce<()>>::call_once::hb024e854818586ac
[INFO] [stdout]                                at /rustc/53fd98ca776cb875bc9e5514f56b52eb74f9e7a9/library/std/src/panic.rs:347:9
[INFO] [stdout]   34:     0x5573e49b68a8 - std::panicking::try::do_call::hb2dd9f1d0d48e41d
[INFO] [stdout]                                at /rustc/53fd98ca776cb875bc9e5514f56b52eb74f9e7a9/library/std/src/panicking.rs:401:40
[INFO] [stdout]   35:     0x5573e49b68a8 - std::panicking::try::h4717ae7bac8b2bf3
[INFO] [stdout]                                at /rustc/53fd98ca776cb875bc9e5514f56b52eb74f9e7a9/library/std/src/panicking.rs:365:19
[INFO] [stdout]   36:     0x5573e49b68a8 - std::panic::catch_unwind::h0dc8a061326ce8d8
[INFO] [stdout]                                at /rustc/53fd98ca776cb875bc9e5514f56b52eb74f9e7a9/library/std/src/panic.rs:434:14
[INFO] [stdout]   37:     0x5573e49b68a8 - std::thread::Builder::spawn_unchecked::{{closure}}::haa369e2d6fd00aa1
[INFO] [stdout]                                at /rustc/53fd98ca776cb875bc9e5514f56b52eb74f9e7a9/library/std/src/thread/mod.rs:475:30
[INFO] [stdout]   38:     0x5573e49b68a8 - core::ops::function::FnOnce::call_once{{vtable.shim}}::h36dcf3de8b056f17
[INFO] [stdout]                                at /rustc/53fd98ca776cb875bc9e5514f56b52eb74f9e7a9/library/core/src/ops/function.rs:227:5
[INFO] [stdout]   39:     0x5573e4a0e527 - <alloc::boxed::Box<F,A> as core::ops::function::FnOnce<Args>>::call_once::h65c29e4642be2358
[INFO] [stdout]                                at /rustc/53fd98ca776cb875bc9e5514f56b52eb74f9e7a9/library/alloc/src/boxed.rs:1572:9
[INFO] [stdout]   40:     0x5573e4a0e527 - <alloc::boxed::Box<F,A> as core::ops::function::FnOnce<Args>>::call_once::hd0f8f7fbbd9fffbf
[INFO] [stdout]                                at /rustc/53fd98ca776cb875bc9e5514f56b52eb74f9e7a9/library/alloc/src/boxed.rs:1572:9
[INFO] [stdout]   41:     0x5573e4a0e527 - std::sys::unix::thread::Thread::new::thread_start::h2fd22fee3ca77b65
[INFO] [stdout]                                at /rustc/53fd98ca776cb875bc9e5514f56b52eb74f9e7a9/library/std/src/sys/unix/thread.rs:74:17
[INFO] [stdout]   42:     0x7f99f0867609 - start_thread
[INFO] [stdout]   43:     0x7f99f0639293 - clone
[INFO] [stdout]   44:                0x0 - <unknown>
[INFO] [stdout] 
[INFO] [stdout] 
[INFO] [stdout] failures:
[INFO] [stdout]     tests::test_compile_fail
[INFO] [stdout] 
[INFO] [stdout] test result: FAILED. 7 passed; 1 failed; 0 ignored; 0 measured; 0 filtered out; finished in 23.93s
[INFO] [stdout] 
[INFO] running `Command { std: "docker" "inspect" "269420d3eed94163949f1d2ff84168402aeaa95dafd8206e720b474378efe717", kill_on_drop: false }`
[INFO] running `Command { std: "docker" "rm" "-f" "269420d3eed94163949f1d2ff84168402aeaa95dafd8206e720b474378efe717", kill_on_drop: false }`
[INFO] [stdout] 269420d3eed94163949f1d2ff84168402aeaa95dafd8206e720b474378efe717
