[INFO] fetching crate init_project 0.1.5...
[INFO] testing init_project-0.1.5 against beta-2021-08-01 for beta-1.55-1
[INFO] extracting crate init_project 0.1.5 into /workspace/builds/worker-9/source
[INFO] validating manifest of crates.io crate init_project 0.1.5 on toolchain beta-2021-08-01
[INFO] running `Command { std: "/workspace/cargo-home/bin/cargo" "+beta-2021-08-01" "metadata" "--manifest-path" "Cargo.toml" "--no-deps", kill_on_drop: false }`
[INFO] started tweaking crates.io crate init_project 0.1.5
[INFO] finished tweaking crates.io crate init_project 0.1.5
[INFO] tweaked toml for crates.io crate init_project 0.1.5 written to /workspace/builds/worker-9/source/Cargo.toml
[INFO] crate crates.io crate init_project 0.1.5 already has a lockfile, it will not be regenerated
[INFO] running `Command { std: "/workspace/cargo-home/bin/cargo" "+beta-2021-08-01" "fetch" "--manifest-path" "Cargo.toml", kill_on_drop: false }`
[INFO] [stderr]  Downloading crates ...
[INFO] [stderr]   Downloaded humantime v2.0.1
[INFO] [stderr]   Downloaded env_logger v0.8.1
[INFO] [stderr]   Downloaded libc v0.2.80
[INFO] running `Command { std: "docker" "create" "-v" "/var/lib/crater-agent-workspace/builds/worker-9/target:/opt/rustwide/target:rw,Z" "-v" "/var/lib/crater-agent-workspace/builds/worker-9/source:/opt/rustwide/workdir:ro,Z" "-v" "/var/lib/crater-agent-workspace/cargo-home:/opt/rustwide/cargo-home:ro,Z" "-v" "/var/lib/crater-agent-workspace/rustup-home:/opt/rustwide/rustup-home:ro,Z" "-e" "SOURCE_DIR=/opt/rustwide/workdir" "-e" "CARGO_TARGET_DIR=/opt/rustwide/target" "-e" "CARGO_HOME=/opt/rustwide/cargo-home" "-e" "RUSTUP_HOME=/opt/rustwide/rustup-home" "-w" "/opt/rustwide/workdir" "-m" "1610612736" "--user" "0:0" "--network" "none" "ghcr.io/rust-lang/crates-build-env/linux@sha256:34b6a614d2c27851fe6cbf88fbd1137609cefab8b10d0615aaeb6fd47975d74e" "/opt/rustwide/cargo-home/bin/cargo" "+beta-2021-08-01" "metadata" "--no-deps" "--format-version=1", kill_on_drop: false }`
[INFO] [stdout] a92ec0b5ff02d86d8365a579ff63f65add17d6a0e3cbff1ba009c41564871f68
[INFO] [stderr] WARNING: Your kernel does not support swap limit capabilities or the cgroup is not mounted. Memory limited without swap.
[INFO] running `Command { std: "docker" "start" "-a" "a92ec0b5ff02d86d8365a579ff63f65add17d6a0e3cbff1ba009c41564871f68", kill_on_drop: false }`
[INFO] running `Command { std: "docker" "inspect" "a92ec0b5ff02d86d8365a579ff63f65add17d6a0e3cbff1ba009c41564871f68", kill_on_drop: false }`
[INFO] running `Command { std: "docker" "rm" "-f" "a92ec0b5ff02d86d8365a579ff63f65add17d6a0e3cbff1ba009c41564871f68", kill_on_drop: false }`
[INFO] [stdout] a92ec0b5ff02d86d8365a579ff63f65add17d6a0e3cbff1ba009c41564871f68
[INFO] running `Command { std: "docker" "create" "-v" "/var/lib/crater-agent-workspace/builds/worker-9/target:/opt/rustwide/target:rw,Z" "-v" "/var/lib/crater-agent-workspace/builds/worker-9/source:/opt/rustwide/workdir:ro,Z" "-v" "/var/lib/crater-agent-workspace/cargo-home:/opt/rustwide/cargo-home:ro,Z" "-v" "/var/lib/crater-agent-workspace/rustup-home:/opt/rustwide/rustup-home:ro,Z" "-e" "SOURCE_DIR=/opt/rustwide/workdir" "-e" "CARGO_TARGET_DIR=/opt/rustwide/target" "-e" "CARGO_INCREMENTAL=0" "-e" "RUST_BACKTRACE=full" "-e" "RUSTFLAGS=--cap-lints=warn" "-e" "CARGO_HOME=/opt/rustwide/cargo-home" "-e" "RUSTUP_HOME=/opt/rustwide/rustup-home" "-w" "/opt/rustwide/workdir" "-m" "1610612736" "--user" "0:0" "--network" "none" "ghcr.io/rust-lang/crates-build-env/linux@sha256:34b6a614d2c27851fe6cbf88fbd1137609cefab8b10d0615aaeb6fd47975d74e" "/opt/rustwide/cargo-home/bin/cargo" "+beta-2021-08-01" "build" "--frozen" "--message-format=json", kill_on_drop: false }`
[INFO] [stderr] WARNING: Your kernel does not support swap limit capabilities or the cgroup is not mounted. Memory limited without swap.
[INFO] [stdout] 86b1465bbad1399d2ab3930e422bc8958b87739aeb4c12f2f1553d23807d0c23
[INFO] running `Command { std: "docker" "start" "-a" "86b1465bbad1399d2ab3930e422bc8958b87739aeb4c12f2f1553d23807d0c23", kill_on_drop: false }`
[INFO] [stderr]    Compiling libc v0.2.80
[INFO] [stderr]    Compiling regex-syntax v0.6.21
[INFO] [stderr]    Compiling atty v0.2.14
[INFO] [stderr]    Compiling regex v1.4.2
[INFO] [stderr]    Compiling clap v2.33.3
[INFO] [stderr]    Compiling env_logger v0.8.1
[INFO] [stderr]    Compiling init_project v0.1.5 (/opt/rustwide/workdir)
[INFO] [stderr]     Finished dev [unoptimized + debuginfo] target(s) in 14.20s
[INFO] running `Command { std: "docker" "inspect" "86b1465bbad1399d2ab3930e422bc8958b87739aeb4c12f2f1553d23807d0c23", kill_on_drop: false }`
[INFO] running `Command { std: "docker" "rm" "-f" "86b1465bbad1399d2ab3930e422bc8958b87739aeb4c12f2f1553d23807d0c23", kill_on_drop: false }`
[INFO] [stdout] 86b1465bbad1399d2ab3930e422bc8958b87739aeb4c12f2f1553d23807d0c23
[INFO] running `Command { std: "docker" "create" "-v" "/var/lib/crater-agent-workspace/builds/worker-9/target:/opt/rustwide/target:rw,Z" "-v" "/var/lib/crater-agent-workspace/builds/worker-9/source:/opt/rustwide/workdir:ro,Z" "-v" "/var/lib/crater-agent-workspace/cargo-home:/opt/rustwide/cargo-home:ro,Z" "-v" "/var/lib/crater-agent-workspace/rustup-home:/opt/rustwide/rustup-home:ro,Z" "-e" "SOURCE_DIR=/opt/rustwide/workdir" "-e" "CARGO_TARGET_DIR=/opt/rustwide/target" "-e" "CARGO_INCREMENTAL=0" "-e" "RUST_BACKTRACE=full" "-e" "RUSTFLAGS=--cap-lints=warn" "-e" "CARGO_HOME=/opt/rustwide/cargo-home" "-e" "RUSTUP_HOME=/opt/rustwide/rustup-home" "-w" "/opt/rustwide/workdir" "-m" "1610612736" "--user" "0:0" "--network" "none" "ghcr.io/rust-lang/crates-build-env/linux@sha256:34b6a614d2c27851fe6cbf88fbd1137609cefab8b10d0615aaeb6fd47975d74e" "/opt/rustwide/cargo-home/bin/cargo" "+beta-2021-08-01" "test" "--frozen" "--no-run" "--message-format=json", kill_on_drop: false }`
[INFO] [stderr] WARNING: Your kernel does not support swap limit capabilities or the cgroup is not mounted. Memory limited without swap.
[INFO] [stdout] 0f132aa39152daadc8a568d6434f7ef09dcad5343fe8c7292e8154319fc53c45
[INFO] running `Command { std: "docker" "start" "-a" "0f132aa39152daadc8a568d6434f7ef09dcad5343fe8c7292e8154319fc53c45", kill_on_drop: false }`
[INFO] [stderr]    Compiling init_project v0.1.5 (/opt/rustwide/workdir)
[INFO] [stderr]     Finished test [unoptimized + debuginfo] target(s) in 1.15s
[INFO] running `Command { std: "docker" "inspect" "0f132aa39152daadc8a568d6434f7ef09dcad5343fe8c7292e8154319fc53c45", kill_on_drop: false }`
[INFO] running `Command { std: "docker" "rm" "-f" "0f132aa39152daadc8a568d6434f7ef09dcad5343fe8c7292e8154319fc53c45", kill_on_drop: false }`
[INFO] [stdout] 0f132aa39152daadc8a568d6434f7ef09dcad5343fe8c7292e8154319fc53c45
[INFO] running `Command { std: "docker" "create" "-v" "/var/lib/crater-agent-workspace/builds/worker-9/target:/opt/rustwide/target:rw,Z" "-v" "/var/lib/crater-agent-workspace/builds/worker-9/source:/opt/rustwide/workdir:ro,Z" "-v" "/var/lib/crater-agent-workspace/cargo-home:/opt/rustwide/cargo-home:ro,Z" "-v" "/var/lib/crater-agent-workspace/rustup-home:/opt/rustwide/rustup-home:ro,Z" "-e" "SOURCE_DIR=/opt/rustwide/workdir" "-e" "CARGO_TARGET_DIR=/opt/rustwide/target" "-e" "CARGO_INCREMENTAL=0" "-e" "RUST_BACKTRACE=full" "-e" "RUSTFLAGS=--cap-lints=warn" "-e" "CARGO_HOME=/opt/rustwide/cargo-home" "-e" "RUSTUP_HOME=/opt/rustwide/rustup-home" "-w" "/opt/rustwide/workdir" "-m" "1610612736" "--user" "0:0" "--network" "none" "ghcr.io/rust-lang/crates-build-env/linux@sha256:34b6a614d2c27851fe6cbf88fbd1137609cefab8b10d0615aaeb6fd47975d74e" "/opt/rustwide/cargo-home/bin/cargo" "+beta-2021-08-01" "test" "--frozen", kill_on_drop: false }`
[INFO] [stderr] WARNING: Your kernel does not support swap limit capabilities or the cgroup is not mounted. Memory limited without swap.
[INFO] [stdout] 80383a00dfa5df4b631481ca0d31e7f19a768797aad4fba37845b4fe03451ef8
[INFO] running `Command { std: "docker" "start" "-a" "80383a00dfa5df4b631481ca0d31e7f19a768797aad4fba37845b4fe03451ef8", kill_on_drop: false }`
[INFO] [stdout] 
[INFO] [stderr]     Finished test [unoptimized + debuginfo] target(s) in 0.03s
[INFO] [stdout] running 0 tests
[INFO] [stderr]      Running unittests (/opt/rustwide/target/debug/deps/init_project-27c9a26cc6906f30)
[INFO] [stdout] 
[INFO] [stderr]      Running unittests (/opt/rustwide/target/debug/deps/init_project-f81f7a977b5f8e6d)
[INFO] [stdout] test result: ok. 0 passed; 0 failed; 0 ignored; 0 measured; 0 filtered out; finished in 0.00s
[INFO] [stdout] 
[INFO] [stdout] 
[INFO] [stdout] running 0 tests
[INFO] [stdout] 
[INFO] [stdout] test result: ok. 0 passed; 0 failed; 0 ignored; 0 measured; 0 filtered out; finished in 0.00s
[INFO] [stdout] 
[INFO] [stderr]    Doc-tests init_project
[INFO] [stdout] 
[INFO] [stdout] running 4 tests
[INFO] [stdout] test src/suggestions.rs - suggestions::Project::generate_project (line 169) ... FAILED
[INFO] [stdout] test src/suggestions.rs - suggestions::Project::display (line 97) ... FAILED
[INFO] [stdout] test src/suggestions.rs - suggestions::Project::new (line 39) ... FAILED
[INFO] [stdout] test src/suggestions.rs - suggestions::Project::choose (line 131) ... FAILED
[INFO] [stdout] 
[INFO] [stdout] failures:
[INFO] [stdout] 
[INFO] [stdout] ---- src/suggestions.rs - suggestions::Project::generate_project (line 169) stdout ----
[INFO] [stdout] error[E0433]: failed to resolve: use of undeclared type `Project`
[INFO] [stdout]  --> src/suggestions.rs:171:15
[INFO] [stdout]   |
[INFO] [stdout] 3 | let project = Project::new();
[INFO] [stdout]   |               ^^^^^^^ not found in this scope
[INFO] [stdout]   |
[INFO] [stdout] help: consider importing this struct
[INFO] [stdout]   |
[INFO] [stdout] 2 | use init_project::suggestions::Project;
[INFO] [stdout]   |
[INFO] [stdout] 
[INFO] [stdout] error: aborting due to previous error
[INFO] [stdout] 
[INFO] [stdout] For more information about this error, try `rustc --explain E0433`.
[INFO] [stdout] Couldn't compile the test.
[INFO] [stdout] ---- src/suggestions.rs - suggestions::Project::display (line 97) stdout ----
[INFO] [stdout] error[E0433]: failed to resolve: use of undeclared type `Project`
[INFO] [stdout]  --> src/suggestions.rs:99:15
[INFO] [stdout]   |
[INFO] [stdout] 3 | let project = Project::new();
[INFO] [stdout]   |               ^^^^^^^ not found in this scope
[INFO] [stdout]   |
[INFO] [stdout] help: consider importing this struct
[INFO] [stdout]   |
[INFO] [stdout] 2 | use init_project::suggestions::Project;
[INFO] [stdout]   |
[INFO] [stdout] 
[INFO] [stdout] error: aborting due to previous error
[INFO] [stdout] 
[INFO] [stdout] For more information about this error, try `rustc --explain E0433`.
[INFO] [stdout] Couldn't compile the test.
[INFO] [stdout] ---- src/suggestions.rs - suggestions::Project::new (line 39) stdout ----
[INFO] [stdout] error[E0433]: failed to resolve: use of undeclared type `Project`
[INFO] [stdout]  --> src/suggestions.rs:41:15
[INFO] [stdout]   |
[INFO] [stdout] 3 | let project = Project::new();
[INFO] [stdout]   |               ^^^^^^^ not found in this scope
[INFO] [stdout]   |
[INFO] [stdout] help: consider importing this struct
[INFO] [stdout]   |
[INFO] [stdout] 2 | use init_project::suggestions::Project;
[INFO] [stdout]   |
[INFO] [stdout] 
[INFO] [stdout] error: aborting due to previous error
[INFO] [stdout] 
[INFO] [stdout] For more information about this error, try `rustc --explain E0433`.
[INFO] [stdout] Couldn't compile the test.
[INFO] [stdout] ---- src/suggestions.rs - suggestions::Project::choose (line 131) stdout ----
[INFO] [stdout] error[E0433]: failed to resolve: use of undeclared type `Project`
[INFO] [stdout]  --> src/suggestions.rs:133:15
[INFO] [stdout]   |
[INFO] [stdout] 3 | let project = Project::new();
[INFO] [stdout]   |               ^^^^^^^ not found in this scope
[INFO] [stdout]   |
[INFO] [stdout] help: consider importing this struct
[INFO] [stdout]   |
[INFO] [stdout] 2 | use init_project::suggestions::Project;
[INFO] [stdout]   |
[INFO] [stdout] 
[INFO] [stdout] error: aborting due to previous error
[INFO] [stdout] 
[INFO] [stdout] For more information about this error, try `rustc --explain E0433`.
[INFO] [stdout] Couldn't compile the test.
[INFO] [stdout] 
[INFO] [stdout] failures:
[INFO] [stdout]     src/suggestions.rs - suggestions::Project::choose (line 131)
[INFO] [stdout]     src/suggestions.rs - suggestions::Project::display (line 97)
[INFO] [stdout]     src/suggestions.rs - suggestions::Project::generate_project (line 169)
[INFO] [stdout]     src/suggestions.rs - suggestions::Project::new (line 39)
[INFO] [stdout] 
[INFO] [stdout] test result: FAILED. 0 passed; 4 failed; 0 ignored; 0 measured; 0 filtered out; finished in 0.33s
[INFO] [stdout] 
[INFO] [stderr] error: test failed, to rerun pass '--doc'
[INFO] running `Command { std: "docker" "inspect" "80383a00dfa5df4b631481ca0d31e7f19a768797aad4fba37845b4fe03451ef8", kill_on_drop: false }`
[INFO] running `Command { std: "docker" "rm" "-f" "80383a00dfa5df4b631481ca0d31e7f19a768797aad4fba37845b4fe03451ef8", kill_on_drop: false }`
[INFO] [stdout] 80383a00dfa5df4b631481ca0d31e7f19a768797aad4fba37845b4fe03451ef8
