[INFO] fetching crate imxrt-ral 0.4.2...
[INFO] testing imxrt-ral-0.4.2 against 1.54.0 for beta-1.55-1
[INFO] extracting crate imxrt-ral 0.4.2 into /workspace/builds/worker-5/source
[INFO] validating manifest of crates.io crate imxrt-ral 0.4.2 on toolchain 1.54.0
[INFO] running `Command { std: "/workspace/cargo-home/bin/cargo" "+1.54.0" "metadata" "--manifest-path" "Cargo.toml" "--no-deps", kill_on_drop: false }`
[INFO] started tweaking crates.io crate imxrt-ral 0.4.2
[INFO] finished tweaking crates.io crate imxrt-ral 0.4.2
[INFO] tweaked toml for crates.io crate imxrt-ral 0.4.2 written to /workspace/builds/worker-5/source/Cargo.toml
[INFO] running `Command { std: "/workspace/cargo-home/bin/cargo" "+1.54.0" "generate-lockfile" "--manifest-path" "Cargo.toml" "-Zno-index-update", kill_on_drop: false }`
[INFO] [stderr]     Blocking waiting for file lock on package cache
[INFO] running `Command { std: "/workspace/cargo-home/bin/cargo" "+1.54.0" "fetch" "--manifest-path" "Cargo.toml", kill_on_drop: false }`
[INFO] running `Command { std: "docker" "create" "-v" "/var/lib/crater-agent-workspace/builds/worker-5/target:/opt/rustwide/target:rw,Z" "-v" "/var/lib/crater-agent-workspace/builds/worker-5/source:/opt/rustwide/workdir:ro,Z" "-v" "/var/lib/crater-agent-workspace/cargo-home:/opt/rustwide/cargo-home:ro,Z" "-v" "/var/lib/crater-agent-workspace/rustup-home:/opt/rustwide/rustup-home:ro,Z" "-e" "SOURCE_DIR=/opt/rustwide/workdir" "-e" "CARGO_TARGET_DIR=/opt/rustwide/target" "-e" "CARGO_HOME=/opt/rustwide/cargo-home" "-e" "RUSTUP_HOME=/opt/rustwide/rustup-home" "-w" "/opt/rustwide/workdir" "-m" "1610612736" "--user" "0:0" "--network" "none" "ghcr.io/rust-lang/crates-build-env/linux@sha256:34b6a614d2c27851fe6cbf88fbd1137609cefab8b10d0615aaeb6fd47975d74e" "/opt/rustwide/cargo-home/bin/cargo" "+1.54.0" "metadata" "--no-deps" "--format-version=1", kill_on_drop: false }`
[INFO] [stdout] e6e1493a10c9e6f3eda3bc30cbae7a5b4c0221958a3baaf258437d603562492d
[INFO] [stderr] WARNING: Your kernel does not support swap limit capabilities or the cgroup is not mounted. Memory limited without swap.
[INFO] running `Command { std: "docker" "start" "-a" "e6e1493a10c9e6f3eda3bc30cbae7a5b4c0221958a3baaf258437d603562492d", kill_on_drop: false }`
[INFO] running `Command { std: "docker" "inspect" "e6e1493a10c9e6f3eda3bc30cbae7a5b4c0221958a3baaf258437d603562492d", kill_on_drop: false }`
[INFO] running `Command { std: "docker" "rm" "-f" "e6e1493a10c9e6f3eda3bc30cbae7a5b4c0221958a3baaf258437d603562492d", kill_on_drop: false }`
[INFO] [stdout] e6e1493a10c9e6f3eda3bc30cbae7a5b4c0221958a3baaf258437d603562492d
[INFO] running `Command { std: "docker" "create" "-v" "/var/lib/crater-agent-workspace/builds/worker-5/target:/opt/rustwide/target:rw,Z" "-v" "/var/lib/crater-agent-workspace/builds/worker-5/source:/opt/rustwide/workdir:ro,Z" "-v" "/var/lib/crater-agent-workspace/cargo-home:/opt/rustwide/cargo-home:ro,Z" "-v" "/var/lib/crater-agent-workspace/rustup-home:/opt/rustwide/rustup-home:ro,Z" "-e" "SOURCE_DIR=/opt/rustwide/workdir" "-e" "CARGO_TARGET_DIR=/opt/rustwide/target" "-e" "CARGO_INCREMENTAL=0" "-e" "RUST_BACKTRACE=full" "-e" "RUSTFLAGS=--cap-lints=warn" "-e" "CARGO_HOME=/opt/rustwide/cargo-home" "-e" "RUSTUP_HOME=/opt/rustwide/rustup-home" "-w" "/opt/rustwide/workdir" "-m" "1610612736" "--user" "0:0" "--network" "none" "ghcr.io/rust-lang/crates-build-env/linux@sha256:34b6a614d2c27851fe6cbf88fbd1137609cefab8b10d0615aaeb6fd47975d74e" "/opt/rustwide/cargo-home/bin/cargo" "+1.54.0" "build" "--frozen" "--message-format=json", kill_on_drop: false }`
[INFO] [stdout] 13e09a3fd4b6a855b35ef4f0048e7727c2307fa62b133a7c34a74357690b82f8
[INFO] [stderr] WARNING: Your kernel does not support swap limit capabilities or the cgroup is not mounted. Memory limited without swap.
[INFO] running `Command { std: "docker" "start" "-a" "13e09a3fd4b6a855b35ef4f0048e7727c2307fa62b133a7c34a74357690b82f8", kill_on_drop: false }`
[INFO] [stderr]    Compiling imxrt-ral v0.4.2 (/opt/rustwide/workdir)
[INFO] [stderr]     Finished dev [unoptimized + debuginfo] target(s) in 0.96s
[INFO] running `Command { std: "docker" "inspect" "13e09a3fd4b6a855b35ef4f0048e7727c2307fa62b133a7c34a74357690b82f8", kill_on_drop: false }`
[INFO] running `Command { std: "docker" "rm" "-f" "13e09a3fd4b6a855b35ef4f0048e7727c2307fa62b133a7c34a74357690b82f8", kill_on_drop: false }`
[INFO] [stdout] 13e09a3fd4b6a855b35ef4f0048e7727c2307fa62b133a7c34a74357690b82f8
[INFO] running `Command { std: "docker" "create" "-v" "/var/lib/crater-agent-workspace/builds/worker-5/target:/opt/rustwide/target:rw,Z" "-v" "/var/lib/crater-agent-workspace/builds/worker-5/source:/opt/rustwide/workdir:ro,Z" "-v" "/var/lib/crater-agent-workspace/cargo-home:/opt/rustwide/cargo-home:ro,Z" "-v" "/var/lib/crater-agent-workspace/rustup-home:/opt/rustwide/rustup-home:ro,Z" "-e" "SOURCE_DIR=/opt/rustwide/workdir" "-e" "CARGO_TARGET_DIR=/opt/rustwide/target" "-e" "CARGO_INCREMENTAL=0" "-e" "RUST_BACKTRACE=full" "-e" "RUSTFLAGS=--cap-lints=warn" "-e" "CARGO_HOME=/opt/rustwide/cargo-home" "-e" "RUSTUP_HOME=/opt/rustwide/rustup-home" "-w" "/opt/rustwide/workdir" "-m" "1610612736" "--user" "0:0" "--network" "none" "ghcr.io/rust-lang/crates-build-env/linux@sha256:34b6a614d2c27851fe6cbf88fbd1137609cefab8b10d0615aaeb6fd47975d74e" "/opt/rustwide/cargo-home/bin/cargo" "+1.54.0" "test" "--frozen" "--no-run" "--message-format=json", kill_on_drop: false }`
[INFO] [stdout] 7e2d8430b75ea8f5cd7588b89cf64c8f6dc5508807c6a8cc5a22c2a7358b6958
[INFO] [stderr] WARNING: Your kernel does not support swap limit capabilities or the cgroup is not mounted. Memory limited without swap.
[INFO] running `Command { std: "docker" "start" "-a" "7e2d8430b75ea8f5cd7588b89cf64c8f6dc5508807c6a8cc5a22c2a7358b6958", kill_on_drop: false }`
[INFO] [stderr]     Finished test [unoptimized + debuginfo] target(s) in 0.01s
[INFO] running `Command { std: "docker" "inspect" "7e2d8430b75ea8f5cd7588b89cf64c8f6dc5508807c6a8cc5a22c2a7358b6958", kill_on_drop: false }`
[INFO] running `Command { std: "docker" "rm" "-f" "7e2d8430b75ea8f5cd7588b89cf64c8f6dc5508807c6a8cc5a22c2a7358b6958", kill_on_drop: false }`
[INFO] [stdout] 7e2d8430b75ea8f5cd7588b89cf64c8f6dc5508807c6a8cc5a22c2a7358b6958
[INFO] running `Command { std: "docker" "create" "-v" "/var/lib/crater-agent-workspace/builds/worker-5/target:/opt/rustwide/target:rw,Z" "-v" "/var/lib/crater-agent-workspace/builds/worker-5/source:/opt/rustwide/workdir:ro,Z" "-v" "/var/lib/crater-agent-workspace/cargo-home:/opt/rustwide/cargo-home:ro,Z" "-v" "/var/lib/crater-agent-workspace/rustup-home:/opt/rustwide/rustup-home:ro,Z" "-e" "SOURCE_DIR=/opt/rustwide/workdir" "-e" "CARGO_TARGET_DIR=/opt/rustwide/target" "-e" "CARGO_INCREMENTAL=0" "-e" "RUST_BACKTRACE=full" "-e" "RUSTFLAGS=--cap-lints=warn" "-e" "CARGO_HOME=/opt/rustwide/cargo-home" "-e" "RUSTUP_HOME=/opt/rustwide/rustup-home" "-w" "/opt/rustwide/workdir" "-m" "1610612736" "--user" "0:0" "--network" "none" "ghcr.io/rust-lang/crates-build-env/linux@sha256:34b6a614d2c27851fe6cbf88fbd1137609cefab8b10d0615aaeb6fd47975d74e" "/opt/rustwide/cargo-home/bin/cargo" "+1.54.0" "test" "--frozen", kill_on_drop: false }`
[INFO] [stdout] 390f9468bd9751111cc734750820e3952719b88a78fd55859884d24b78ecb9ba
[INFO] [stderr] WARNING: Your kernel does not support swap limit capabilities or the cgroup is not mounted. Memory limited without swap.
[INFO] running `Command { std: "docker" "start" "-a" "390f9468bd9751111cc734750820e3952719b88a78fd55859884d24b78ecb9ba", kill_on_drop: false }`
[INFO] [stderr]     Finished test [unoptimized + debuginfo] target(s) in 0.01s
[INFO] [stderr]    Doc-tests imxrt-ral
[INFO] [stdout] 
[INFO] [stdout] running 23 tests
[INFO] [stdout] test src/register.rs - modify_reg (line 267) - compile ... FAILED
[INFO] [stdout] test src/register.rs - modify_reg (line 330) - compile ... FAILED
[INFO] [stdout] test src/register.rs - read_reg (line 430) - compile ... FAILED
[INFO] [stdout] test src/register.rs - modify_reg (line 314) - compile ... FAILED
[INFO] [stdout] test src/register.rs - modify_reg (line 305) - compile ... FAILED
[INFO] [stdout] test src/register.rs - read_reg (line 396) - compile ... FAILED
[INFO] [stdout] test src/register.rs - modify_reg (line 340) - compile ... FAILED
[INFO] [stdout] test src/register.rs - reset_reg (line 511) - compile ... FAILED
[INFO] [stdout] test src/register.rs - modify_reg (line 296) - compile ... FAILED
[INFO] [stdout] test src/register.rs - reset_reg (line 547) - compile ... FAILED
[INFO] [stdout] test src/register.rs - write_reg (line 180) - compile ... FAILED
[INFO] [stdout] test src/register.rs - read_reg (line 439) - compile ... FAILED
[INFO] [stdout] test src/register.rs - read_reg (line 461) - compile ... FAILED
[INFO] [stdout] test src/register.rs - reset_reg (line 538) - compile ... FAILED
[INFO] [stdout] test src/register.rs - reset_reg (line 569) - compile ... FAILED
[INFO] [stdout] test src/register.rs - write_reg (line 220) - compile ... FAILED
[INFO] [stdout] test src/register.rs - write_reg (line 189) - compile ... FAILED
[INFO] [stdout] test src/register.rs - read_reg (line 475) - compile ... FAILED
[INFO] [stdout] test src/register.rs - write_reg (line 152) - compile ... FAILED
[INFO] [stdout] test src/register.rs - write_reg (line 210) - compile ... FAILED
[INFO] [stdout] test src/register.rs - modify_reg (line 369) - compile ... FAILED
[INFO] [stdout] test src/register.rs - write_reg (line 240) - compile ... FAILED
[INFO] [stdout] test src/register.rs - write_reg (line 197) - compile ... FAILED
[INFO] [stdout] 
[INFO] [stdout] failures:
[INFO] [stdout] 
[INFO] [stdout] ---- src/register.rs - modify_reg (line 267) stdout ----
[INFO] [stdout] error[E0432]: unresolved import `imxrt_ral::gpio`
[INFO] [stdout]  --> src/register.rs:273:24
[INFO] [stdout]   |
[INFO] [stdout] 8 | modify_reg!(imxrt_ral::gpio, gpio, DR, |reg| reg | (1<<3));
[INFO] [stdout]   |                        ^^^^ could not find `gpio` in `imxrt_ral`
[INFO] [stdout] 
[INFO] [stdout] error[E0433]: failed to resolve: could not find `gpio` in `imxrt_ral`
[INFO] [stdout]   --> src/register.rs:276:24
[INFO] [stdout]    |
[INFO] [stdout] 11 | modify_reg!(imxrt_ral::gpio, gpio, ICR1, ICR3: FALLING_EDGE, ICR4: LOW_LEVEL);
[INFO] [stdout]    |                        ^^^^ could not find `gpio` in `imxrt_ral`
[INFO] [stdout] 
[INFO] [stdout] error[E0432]: unresolved import `imxrt_ral::gpio`
[INFO] [stdout]   --> src/register.rs:276:24
[INFO] [stdout]    |
[INFO] [stdout] 11 | modify_reg!(imxrt_ral::gpio, gpio, ICR1, ICR3: FALLING_EDGE, ICR4: LOW_LEVEL);
[INFO] [stdout]    |                        ^^^^ could not find `gpio` in `imxrt_ral`
[INFO] [stdout] 
[INFO] [stdout] error[E0433]: failed to resolve: could not find `gpio` in `imxrt_ral`
[INFO] [stdout]   --> src/register.rs:279:33
[INFO] [stdout]    |
[INFO] [stdout] 14 | unsafe { modify_reg!(imxrt_ral::gpio, GPIO1, ICR1, ICR3: FALLING_EDGE, ICR4: LOW_LEVEL) };
[INFO] [stdout]    |                                 ^^^^ could not find `gpio` in `imxrt_ral`
[INFO] [stdout] 
[INFO] [stdout] error[E0432]: unresolved import `imxrt_ral::gpio`
[INFO] [stdout]   --> src/register.rs:279:33
[INFO] [stdout]    |
[INFO] [stdout] 14 | unsafe { modify_reg!(imxrt_ral::gpio, GPIO1, ICR1, ICR3: FALLING_EDGE, ICR4: LOW_LEVEL) };
[INFO] [stdout]    |                                 ^^^^ could not find `gpio` in `imxrt_ral`
[INFO] [stdout] 
[INFO] [stdout] error[E0433]: failed to resolve: could not find `gpio` in `imxrt_ral`
[INFO] [stdout]  --> src/register.rs:270:23
[INFO] [stdout]   |
[INFO] [stdout] 5 | let gpio = imxrt_ral::gpio::GPIO1::take().unwrap();
[INFO] [stdout]   |                       ^^^^ could not find `gpio` in `imxrt_ral`
[INFO] [stdout] 
[INFO] [stdout] error[E0425]: cannot find value `mask` in this scope
[INFO] [stdout]   --> src/register.rs:276:1
[INFO] [stdout]    |
[INFO] [stdout] 11 | modify_reg!(imxrt_ral::gpio, gpio, ICR1, ICR3: FALLING_EDGE, ICR4: LOW_LEVEL);
[INFO] [stdout]    | ^^^^^^^^^^^^^^^^^^^^^^^^^^^^^^^^^^^^^^^^^^^^^^^^^^^^^^^^^^^^^^^^^^^^^^^^^^^^^^ not found in this scope
[INFO] [stdout]    |
[INFO] [stdout]    = note: this error originates in the macro `modify_reg` (in Nightly builds, run with -Z macro-backtrace for more info)
[INFO] [stdout] 
[INFO] [stdout] error[E0425]: cannot find value `FALLING_EDGE` in this scope
[INFO] [stdout]   --> src/register.rs:276:48
[INFO] [stdout]    |
[INFO] [stdout] 11 | modify_reg!(imxrt_ral::gpio, gpio, ICR1, ICR3: FALLING_EDGE, ICR4: LOW_LEVEL);
[INFO] [stdout]    |                                                ^^^^^^^^^^^^ not found in this scope
[INFO] [stdout] 
[INFO] [stdout] error[E0425]: cannot find value `offset` in this scope
[INFO] [stdout]   --> src/register.rs:276:1
[INFO] [stdout]    |
[INFO] [stdout] 11 | modify_reg!(imxrt_ral::gpio, gpio, ICR1, ICR3: FALLING_EDGE, ICR4: LOW_LEVEL);
[INFO] [stdout]    | ^^^^^^^^^^^^^^^^^^^^^^^^^^^^^^^^^^^^^^^^^^^^^^^^^^^^^^^^^^^^^^^^^^^^^^^^^^^^^^ not found in this scope
[INFO] [stdout]    |
[INFO] [stdout]    = note: this error originates in the macro `modify_reg` (in Nightly builds, run with -Z macro-backtrace for more info)
[INFO] [stdout] help: consider importing one of these items
[INFO] [stdout]    |
[INFO] [stdout] 3  | use core::intrinsics::offset;
[INFO] [stdout]    |
[INFO] [stdout] 3  | use std::intrinsics::offset;
[INFO] [stdout]    |
[INFO] [stdout] 
[INFO] [stdout] error[E0425]: cannot find value `mask` in this scope
[INFO] [stdout]   --> src/register.rs:276:1
[INFO] [stdout]    |
[INFO] [stdout] 11 | modify_reg!(imxrt_ral::gpio, gpio, ICR1, ICR3: FALLING_EDGE, ICR4: LOW_LEVEL);
[INFO] [stdout]    | ^^^^^^^^^^^^^^^^^^^^^^^^^^^^^^^^^^^^^^^^^^^^^^^^^^^^^^^^^^^^^^^^^^^^^^^^^^^^^^ not found in this scope
[INFO] [stdout]    |
[INFO] [stdout]    = note: this error originates in the macro `modify_reg` (in Nightly builds, run with -Z macro-backtrace for more info)
[INFO] [stdout] 
[INFO] [stdout] error[E0425]: cannot find value `LOW_LEVEL` in this scope
[INFO] [stdout]   --> src/register.rs:276:68
[INFO] [stdout]    |
[INFO] [stdout] 11 | modify_reg!(imxrt_ral::gpio, gpio, ICR1, ICR3: FALLING_EDGE, ICR4: LOW_LEVEL);
[INFO] [stdout]    |                                                                    ^^^^^^^^^ not found in this scope
[INFO] [stdout] 
[INFO] [stdout] error[E0425]: cannot find value `GPIO1` in this scope
[INFO] [stdout]   --> src/register.rs:279:39
[INFO] [stdout]    |
[INFO] [stdout] 14 | unsafe { modify_reg!(imxrt_ral::gpio, GPIO1, ICR1, ICR3: FALLING_EDGE, ICR4: LOW_LEVEL) };
[INFO] [stdout]    |                                       ^^^^^ not found in this scope
[INFO] [stdout] 
[INFO] [stdout] error[E0425]: cannot find value `mask` in this scope
[INFO] [stdout]   --> src/register.rs:279:10
[INFO] [stdout]    |
[INFO] [stdout] 14 | unsafe { modify_reg!(imxrt_ral::gpio, GPIO1, ICR1, ICR3: FALLING_EDGE, ICR4: LOW_LEVEL) };
[INFO] [stdout]    |          ^^^^^^^^^^^^^^^^^^^^^^^^^^^^^^^^^^^^^^^^^^^^^^^^^^^^^^^^^^^^^^^^^^^^^^^^^^^^^^ not found in this scope
[INFO] [stdout]    |
[INFO] [stdout]    = note: this error originates in the macro `modify_reg` (in Nightly builds, run with -Z macro-backtrace for more info)
[INFO] [stdout] 
[INFO] [stdout] error[E0425]: cannot find value `FALLING_EDGE` in this scope
[INFO] [stdout]   --> src/register.rs:279:58
[INFO] [stdout]    |
[INFO] [stdout] 14 | unsafe { modify_reg!(imxrt_ral::gpio, GPIO1, ICR1, ICR3: FALLING_EDGE, ICR4: LOW_LEVEL) };
[INFO] [stdout]    |                                                          ^^^^^^^^^^^^ not found in this scope
[INFO] [stdout] 
[INFO] [stdout] error[E0425]: cannot find value `offset` in this scope
[INFO] [stdout]   --> src/register.rs:279:10
[INFO] [stdout]    |
[INFO] [stdout] 14 | unsafe { modify_reg!(imxrt_ral::gpio, GPIO1, ICR1, ICR3: FALLING_EDGE, ICR4: LOW_LEVEL) };
[INFO] [stdout]    |          ^^^^^^^^^^^^^^^^^^^^^^^^^^^^^^^^^^^^^^^^^^^^^^^^^^^^^^^^^^^^^^^^^^^^^^^^^^^^^^ not found in this scope
[INFO] [stdout]    |
[INFO] [stdout]    = note: this error originates in the macro `modify_reg` (in Nightly builds, run with -Z macro-backtrace for more info)
[INFO] [stdout] help: consider importing one of these items
[INFO] [stdout]    |
[INFO] [stdout] 3  | use core::intrinsics::offset;
[INFO] [stdout]    |
[INFO] [stdout] 3  | use std::intrinsics::offset;
[INFO] [stdout]    |
[INFO] [stdout] 
[INFO] [stdout] error[E0425]: cannot find value `mask` in this scope
[INFO] [stdout]   --> src/register.rs:279:10
[INFO] [stdout]    |
[INFO] [stdout] 14 | unsafe { modify_reg!(imxrt_ral::gpio, GPIO1, ICR1, ICR3: FALLING_EDGE, ICR4: LOW_LEVEL) };
[INFO] [stdout]    |          ^^^^^^^^^^^^^^^^^^^^^^^^^^^^^^^^^^^^^^^^^^^^^^^^^^^^^^^^^^^^^^^^^^^^^^^^^^^^^^ not found in this scope
[INFO] [stdout]    |
[INFO] [stdout]    = note: this error originates in the macro `modify_reg` (in Nightly builds, run with -Z macro-backtrace for more info)
[INFO] [stdout] 
[INFO] [stdout] error[E0425]: cannot find value `LOW_LEVEL` in this scope
[INFO] [stdout]   --> src/register.rs:279:78
[INFO] [stdout]    |
[INFO] [stdout] 14 | unsafe { modify_reg!(imxrt_ral::gpio, GPIO1, ICR1, ICR3: FALLING_EDGE, ICR4: LOW_LEVEL) };
[INFO] [stdout]    |                                                                              ^^^^^^^^^ not found in this scope
[INFO] [stdout] 
[INFO] [stdout] error: aborting due to 17 previous errors
[INFO] [stdout] 
[INFO] [stdout] Some errors have detailed explanations: E0425, E0432, E0433.
[INFO] [stdout] For more information about an error, try `rustc --explain E0425`.
[INFO] [stdout] Couldn't compile the test.
[INFO] [stdout] ---- src/register.rs - modify_reg (line 330) stdout ----
[INFO] [stdout] error[E0433]: failed to resolve: could not find `gpio` in `imxrt_ral`
[INFO] [stdout]  --> src/register.rs:334:24
[INFO] [stdout]   |
[INFO] [stdout] 6 | modify_reg!(imxrt_ral::gpio, gpio, ICR1, ICR3: imxrt_ral::gpio::ICR1::ICR3::RW::FALLING_EDGE,
[INFO] [stdout]   |                        ^^^^ could not find `gpio` in `imxrt_ral`
[INFO] [stdout] 
[INFO] [stdout] error[E0432]: unresolved import `imxrt_ral::gpio`
[INFO] [stdout]  --> src/register.rs:334:24
[INFO] [stdout]   |
[INFO] [stdout] 6 | modify_reg!(imxrt_ral::gpio, gpio, ICR1, ICR3: imxrt_ral::gpio::ICR1::ICR3::RW::FALLING_EDGE,
[INFO] [stdout]   |                        ^^^^ could not find `gpio` in `imxrt_ral`
[INFO] [stdout] 
[INFO] [stdout] error[E0433]: failed to resolve: could not find `gpio` in `imxrt_ral`
[INFO] [stdout]  --> src/register.rs:332:23
[INFO] [stdout]   |
[INFO] [stdout] 4 | let gpio = imxrt_ral::gpio::GPIO1::take().unwrap();
[INFO] [stdout]   |                       ^^^^ could not find `gpio` in `imxrt_ral`
[INFO] [stdout] 
[INFO] [stdout] error[E0433]: failed to resolve: could not find `gpio` in `imxrt_ral`
[INFO] [stdout]  --> src/register.rs:334:59
[INFO] [stdout]   |
[INFO] [stdout] 6 | modify_reg!(imxrt_ral::gpio, gpio, ICR1, ICR3: imxrt_ral::gpio::ICR1::ICR3::RW::FALLING_EDGE,
[INFO] [stdout]   |                                                           ^^^^ could not find `gpio` in `imxrt_ral`
[INFO] [stdout] 
[INFO] [stdout] error[E0433]: failed to resolve: could not find `gpio` in `imxrt_ral`
[INFO] [stdout]  --> src/register.rs:335:60
[INFO] [stdout]   |
[INFO] [stdout] 7 | ...                   ICR4: imxrt_ral::gpio::ICR1::ICR4::RW::LOW_LEVEL);
[INFO] [stdout]   |                                        ^^^^ could not find `gpio` in `imxrt_ral`
[INFO] [stdout] 
[INFO] [stdout] error[E0425]: cannot find value `mask` in this scope
[INFO] [stdout]  --> src/register.rs:334:1
[INFO] [stdout]   |
[INFO] [stdout] 6 | / modify_reg!(imxrt_ral::gpio, gpio, ICR1, ICR3: imxrt_ral::gpio::ICR1::ICR3::RW::FALLING_EDGE,
[INFO] [stdout] 7 | |                                           ICR4: imxrt_ral::gpio::ICR1::ICR4::RW::LOW_LEVEL);
[INFO] [stdout]   | |____________________________________________________________________________________________^ not found in this scope
[INFO] [stdout]   |
[INFO] [stdout]   = note: this error originates in the macro `modify_reg` (in Nightly builds, run with -Z macro-backtrace for more info)
[INFO] [stdout] 
[INFO] [stdout] error[E0425]: cannot find value `offset` in this scope
[INFO] [stdout]  --> src/register.rs:334:1
[INFO] [stdout]   |
[INFO] [stdout] 6 | / modify_reg!(imxrt_ral::gpio, gpio, ICR1, ICR3: imxrt_ral::gpio::ICR1::ICR3::RW::FALLING_EDGE,
[INFO] [stdout] 7 | |                                           ICR4: imxrt_ral::gpio::ICR1::ICR4::RW::LOW_LEVEL);
[INFO] [stdout]   | |____________________________________________________________________________________________^ not found in this scope
[INFO] [stdout]   |
[INFO] [stdout]   = note: this error originates in the macro `modify_reg` (in Nightly builds, run with -Z macro-backtrace for more info)
[INFO] [stdout] help: consider importing one of these items
[INFO] [stdout]   |
[INFO] [stdout] 3 | use core::intrinsics::offset;
[INFO] [stdout]   |
[INFO] [stdout] 3 | use std::intrinsics::offset;
[INFO] [stdout]   |
[INFO] [stdout] 
[INFO] [stdout] error[E0425]: cannot find value `mask` in this scope
[INFO] [stdout]  --> src/register.rs:334:1
[INFO] [stdout]   |
[INFO] [stdout] 6 | / modify_reg!(imxrt_ral::gpio, gpio, ICR1, ICR3: imxrt_ral::gpio::ICR1::ICR3::RW::FALLING_EDGE,
[INFO] [stdout] 7 | |                                           ICR4: imxrt_ral::gpio::ICR1::ICR4::RW::LOW_LEVEL);
[INFO] [stdout]   | |____________________________________________________________________________________________^ not found in this scope
[INFO] [stdout]   |
[INFO] [stdout]   = note: this error originates in the macro `modify_reg` (in Nightly builds, run with -Z macro-backtrace for more info)
[INFO] [stdout] 
[INFO] [stdout] error: aborting due to 8 previous errors
[INFO] [stdout] 
[INFO] [stdout] Some errors have detailed explanations: E0425, E0432, E0433.
[INFO] [stdout] For more information about an error, try `rustc --explain E0425`.
[INFO] [stdout] Couldn't compile the test.
[INFO] [stdout] ---- src/register.rs - read_reg (line 430) stdout ----
[INFO] [stdout] error[E0432]: unresolved import `imxrt_ral::gpio`
[INFO] [stdout]  --> src/register.rs:434:32
[INFO] [stdout]   |
[INFO] [stdout] 6 | let val = read_reg!(imxrt_ral::gpio, gpio, ICR2);
[INFO] [stdout]   |                                ^^^^ could not find `gpio` in `imxrt_ral`
[INFO] [stdout] 
[INFO] [stdout] error[E0433]: failed to resolve: could not find `gpio` in `imxrt_ral`
[INFO] [stdout]  --> src/register.rs:432:23
[INFO] [stdout]   |
[INFO] [stdout] 4 | let gpio = imxrt_ral::gpio::GPIO1::take().unwrap();
[INFO] [stdout]   |                       ^^^^ could not find `gpio` in `imxrt_ral`
[INFO] [stdout] 
[INFO] [stdout] error: aborting due to 2 previous errors
[INFO] [stdout] 
[INFO] [stdout] Some errors have detailed explanations: E0432, E0433.
[INFO] [stdout] For more information about an error, try `rustc --explain E0432`.
[INFO] [stdout] Couldn't compile the test.
[INFO] [stdout] ---- src/register.rs - modify_reg (line 314) stdout ----
[INFO] [stdout] error[E0433]: failed to resolve: could not find `gpio` in `imxrt_ral`
[INFO] [stdout]  --> src/register.rs:318:24
[INFO] [stdout]   |
[INFO] [stdout] 6 | modify_reg!(imxrt_ral::gpio, gpio, ICR1, ICR3: FALLING_EDGE, ICR4: LOW_LEVEL);
[INFO] [stdout]   |                        ^^^^ could not find `gpio` in `imxrt_ral`
[INFO] [stdout] 
[INFO] [stdout] error[E0432]: unresolved import `imxrt_ral::gpio`
[INFO] [stdout]  --> src/register.rs:318:24
[INFO] [stdout]   |
[INFO] [stdout] 6 | modify_reg!(imxrt_ral::gpio, gpio, ICR1, ICR3: FALLING_EDGE, ICR4: LOW_LEVEL);
[INFO] [stdout]   |                        ^^^^ could not find `gpio` in `imxrt_ral`
[INFO] [stdout] 
[INFO] [stdout] error[E0433]: failed to resolve: could not find `gpio` in `imxrt_ral`
[INFO] [stdout]  --> src/register.rs:316:23
[INFO] [stdout]   |
[INFO] [stdout] 4 | let gpio = imxrt_ral::gpio::GPIO1::take().unwrap();
[INFO] [stdout]   |                       ^^^^ could not find `gpio` in `imxrt_ral`
[INFO] [stdout] 
[INFO] [stdout] error[E0425]: cannot find value `mask` in this scope
[INFO] [stdout]  --> src/register.rs:318:1
[INFO] [stdout]   |
[INFO] [stdout] 6 | modify_reg!(imxrt_ral::gpio, gpio, ICR1, ICR3: FALLING_EDGE, ICR4: LOW_LEVEL);
[INFO] [stdout]   | ^^^^^^^^^^^^^^^^^^^^^^^^^^^^^^^^^^^^^^^^^^^^^^^^^^^^^^^^^^^^^^^^^^^^^^^^^^^^^^ not found in this scope
[INFO] [stdout]   |
[INFO] [stdout]   = note: this error originates in the macro `modify_reg` (in Nightly builds, run with -Z macro-backtrace for more info)
[INFO] [stdout] 
[INFO] [stdout] error[E0425]: cannot find value `FALLING_EDGE` in this scope
[INFO] [stdout]  --> src/register.rs:318:48
[INFO] [stdout]   |
[INFO] [stdout] 6 | modify_reg!(imxrt_ral::gpio, gpio, ICR1, ICR3: FALLING_EDGE, ICR4: LOW_LEVEL);
[INFO] [stdout]   |                                                ^^^^^^^^^^^^ not found in this scope
[INFO] [stdout] 
[INFO] [stdout] error[E0425]: cannot find value `offset` in this scope
[INFO] [stdout]  --> src/register.rs:318:1
[INFO] [stdout]   |
[INFO] [stdout] 6 | modify_reg!(imxrt_ral::gpio, gpio, ICR1, ICR3: FALLING_EDGE, ICR4: LOW_LEVEL);
[INFO] [stdout]   | ^^^^^^^^^^^^^^^^^^^^^^^^^^^^^^^^^^^^^^^^^^^^^^^^^^^^^^^^^^^^^^^^^^^^^^^^^^^^^^ not found in this scope
[INFO] [stdout]   |
[INFO] [stdout]   = note: this error originates in the macro `modify_reg` (in Nightly builds, run with -Z macro-backtrace for more info)
[INFO] [stdout] help: consider importing one of these items
[INFO] [stdout]   |
[INFO] [stdout] 3 | use core::intrinsics::offset;
[INFO] [stdout]   |
[INFO] [stdout] 3 | use std::intrinsics::offset;
[INFO] [stdout]   |
[INFO] [stdout] 
[INFO] [stdout] error[E0425]: cannot find value `mask` in this scope
[INFO] [stdout]  --> src/register.rs:318:1
[INFO] [stdout]   |
[INFO] [stdout] 6 | modify_reg!(imxrt_ral::gpio, gpio, ICR1, ICR3: FALLING_EDGE, ICR4: LOW_LEVEL);
[INFO] [stdout]   | ^^^^^^^^^^^^^^^^^^^^^^^^^^^^^^^^^^^^^^^^^^^^^^^^^^^^^^^^^^^^^^^^^^^^^^^^^^^^^^ not found in this scope
[INFO] [stdout]   |
[INFO] [stdout]   = note: this error originates in the macro `modify_reg` (in Nightly builds, run with -Z macro-backtrace for more info)
[INFO] [stdout] 
[INFO] [stdout] error[E0425]: cannot find value `LOW_LEVEL` in this scope
[INFO] [stdout]  --> src/register.rs:318:68
[INFO] [stdout]   |
[INFO] [stdout] 6 | modify_reg!(imxrt_ral::gpio, gpio, ICR1, ICR3: FALLING_EDGE, ICR4: LOW_LEVEL);
[INFO] [stdout]   |                                                                    ^^^^^^^^^ not found in this scope
[INFO] [stdout] 
[INFO] [stdout] error: aborting due to 8 previous errors
[INFO] [stdout] 
[INFO] [stdout] Some errors have detailed explanations: E0425, E0432, E0433.
[INFO] [stdout] For more information about an error, try `rustc --explain E0425`.
[INFO] [stdout] Couldn't compile the test.
[INFO] [stdout] ---- src/register.rs - modify_reg (line 305) stdout ----
[INFO] [stdout] error[E0433]: failed to resolve: could not find `gpio` in `imxrt_ral`
[INFO] [stdout]  --> src/register.rs:309:24
[INFO] [stdout]   |
[INFO] [stdout] 6 | modify_reg!(imxrt_ral::gpio, gpio, ICR1, ICR3: 0b01, ICR4: 0b11);
[INFO] [stdout]   |                        ^^^^ could not find `gpio` in `imxrt_ral`
[INFO] [stdout] 
[INFO] [stdout] error[E0432]: unresolved import `imxrt_ral::gpio`
[INFO] [stdout]  --> src/register.rs:309:24
[INFO] [stdout]   |
[INFO] [stdout] 6 | modify_reg!(imxrt_ral::gpio, gpio, ICR1, ICR3: 0b01, ICR4: 0b11);
[INFO] [stdout]   |                        ^^^^ could not find `gpio` in `imxrt_ral`
[INFO] [stdout] 
[INFO] [stdout] error[E0433]: failed to resolve: could not find `gpio` in `imxrt_ral`
[INFO] [stdout]  --> src/register.rs:307:23
[INFO] [stdout]   |
[INFO] [stdout] 4 | let gpio = imxrt_ral::gpio::GPIO1::take().unwrap();
[INFO] [stdout]   |                       ^^^^ could not find `gpio` in `imxrt_ral`
[INFO] [stdout] 
[INFO] [stdout] error[E0425]: cannot find value `mask` in this scope
[INFO] [stdout]  --> src/register.rs:309:1
[INFO] [stdout]   |
[INFO] [stdout] 6 | modify_reg!(imxrt_ral::gpio, gpio, ICR1, ICR3: 0b01, ICR4: 0b11);
[INFO] [stdout]   | ^^^^^^^^^^^^^^^^^^^^^^^^^^^^^^^^^^^^^^^^^^^^^^^^^^^^^^^^^^^^^^^^^ not found in this scope
[INFO] [stdout]   |
[INFO] [stdout]   = note: this error originates in the macro `modify_reg` (in Nightly builds, run with -Z macro-backtrace for more info)
[INFO] [stdout] 
[INFO] [stdout] error[E0425]: cannot find value `offset` in this scope
[INFO] [stdout]  --> src/register.rs:309:1
[INFO] [stdout]   |
[INFO] [stdout] 6 | modify_reg!(imxrt_ral::gpio, gpio, ICR1, ICR3: 0b01, ICR4: 0b11);
[INFO] [stdout]   | ^^^^^^^^^^^^^^^^^^^^^^^^^^^^^^^^^^^^^^^^^^^^^^^^^^^^^^^^^^^^^^^^^ not found in this scope
[INFO] [stdout]   |
[INFO] [stdout]   = note: this error originates in the macro `modify_reg` (in Nightly builds, run with -Z macro-backtrace for more info)
[INFO] [stdout] help: consider importing one of these items
[INFO] [stdout]   |
[INFO] [stdout] 3 | use core::intrinsics::offset;
[INFO] [stdout]   |
[INFO] [stdout] 3 | use std::intrinsics::offset;
[INFO] [stdout]   |
[INFO] [stdout] 
[INFO] [stdout] error[E0425]: cannot find value `mask` in this scope
[INFO] [stdout]  --> src/register.rs:309:1
[INFO] [stdout]   |
[INFO] [stdout] 6 | modify_reg!(imxrt_ral::gpio, gpio, ICR1, ICR3: 0b01, ICR4: 0b11);
[INFO] [stdout]   | ^^^^^^^^^^^^^^^^^^^^^^^^^^^^^^^^^^^^^^^^^^^^^^^^^^^^^^^^^^^^^^^^^ not found in this scope
[INFO] [stdout]   |
[INFO] [stdout]   = note: this error originates in the macro `modify_reg` (in Nightly builds, run with -Z macro-backtrace for more info)
[INFO] [stdout] 
[INFO] [stdout] error: aborting due to 6 previous errors
[INFO] [stdout] 
[INFO] [stdout] Some errors have detailed explanations: E0425, E0432, E0433.
[INFO] [stdout] For more information about an error, try `rustc --explain E0425`.
[INFO] [stdout] Couldn't compile the test.
[INFO] [stdout] ---- src/register.rs - read_reg (line 396) stdout ----
[INFO] [stdout] error[E0432]: unresolved import `imxrt_ral::gpio`
[INFO] [stdout]  --> src/register.rs:402:32
[INFO] [stdout]   |
[INFO] [stdout] 8 | let val = read_reg!(imxrt_ral::gpio, gpio, ICR2);
[INFO] [stdout]   |                                ^^^^ could not find `gpio` in `imxrt_ral`
[INFO] [stdout] 
[INFO] [stdout] error[E0433]: failed to resolve: could not find `gpio` in `imxrt_ral`
[INFO] [stdout]   --> src/register.rs:405:32
[INFO] [stdout]    |
[INFO] [stdout] 11 | let val = read_reg!(imxrt_ral::gpio, gpio, ICR2, ICR29);
[INFO] [stdout]    |                                ^^^^ could not find `gpio` in `imxrt_ral`
[INFO] [stdout] 
[INFO] [stdout] error[E0432]: unresolved import `imxrt_ral::gpio`
[INFO] [stdout]   --> src/register.rs:405:32
[INFO] [stdout]    |
[INFO] [stdout] 11 | let val = read_reg!(imxrt_ral::gpio, gpio, ICR2, ICR29);
[INFO] [stdout]    |                                ^^^^ could not find `gpio` in `imxrt_ral`
[INFO] [stdout] 
[INFO] [stdout] error[E0433]: failed to resolve: could not find `gpio` in `imxrt_ral`
[INFO] [stdout]   --> src/register.rs:408:47
[INFO] [stdout]    |
[INFO] [stdout] 14 | let (val1, val2, val3) = read_reg!(imxrt_ral::gpio, gpio, ICR2, ICR16, ICR21, ICR29);
[INFO] [stdout]    |                                               ^^^^ could not find `gpio` in `imxrt_ral`
[INFO] [stdout] 
[INFO] [stdout] error[E0432]: unresolved import `imxrt_ral::gpio`
[INFO] [stdout]   --> src/register.rs:408:47
[INFO] [stdout]    |
[INFO] [stdout] 14 | let (val1, val2, val3) = read_reg!(imxrt_ral::gpio, gpio, ICR2, ICR16, ICR21, ICR29);
[INFO] [stdout]    |                                               ^^^^ could not find `gpio` in `imxrt_ral`
[INFO] [stdout] 
[INFO] [stdout] error[E0433]: failed to resolve: could not find `gpio` in `imxrt_ral`
[INFO] [stdout]   --> src/register.rs:411:28
[INFO] [stdout]    |
[INFO] [stdout] 17 | while read_reg!(imxrt_ral::gpio, gpio, ICR2, ICR29 == HIGH_LEVEL) {}
[INFO] [stdout]    |                            ^^^^ could not find `gpio` in `imxrt_ral`
[INFO] [stdout] 
[INFO] [stdout] error[E0432]: unresolved import `imxrt_ral::gpio`
[INFO] [stdout]   --> src/register.rs:411:28
[INFO] [stdout]    |
[INFO] [stdout] 17 | while read_reg!(imxrt_ral::gpio, gpio, ICR2, ICR29 == HIGH_LEVEL) {}
[INFO] [stdout]    |                            ^^^^ could not find `gpio` in `imxrt_ral`
[INFO] [stdout] 
[INFO] [stdout] error[E0432]: unresolved import `imxrt_ral::gpio`
[INFO] [stdout]   --> src/register.rs:414:41
[INFO] [stdout]    |
[INFO] [stdout] 20 | let val = unsafe { read_reg!(imxrt_ral::gpio, GPIO1, ICR2) };
[INFO] [stdout]    |                                         ^^^^ could not find `gpio` in `imxrt_ral`
[INFO] [stdout] 
[INFO] [stdout] error[E0433]: failed to resolve: could not find `gpio` in `imxrt_ral`
[INFO] [stdout]  --> src/register.rs:399:23
[INFO] [stdout]   |
[INFO] [stdout] 5 | let gpio = imxrt_ral::gpio::GPIO1::take().unwrap();
[INFO] [stdout]   |                       ^^^^ could not find `gpio` in `imxrt_ral`
[INFO] [stdout] 
[INFO] [stdout] error[E0425]: cannot find value `mask` in this scope
[INFO] [stdout]   --> src/register.rs:405:11
[INFO] [stdout]    |
[INFO] [stdout] 11 | let val = read_reg!(imxrt_ral::gpio, gpio, ICR2, ICR29);
[INFO] [stdout]    |           ^^^^^^^^^^^^^^^^^^^^^^^^^^^^^^^^^^^^^^^^^^^^^ not found in this scope
[INFO] [stdout]    |
[INFO] [stdout]    = note: this error originates in the macro `read_reg` (in Nightly builds, run with -Z macro-backtrace for more info)
[INFO] [stdout] 
[INFO] [stdout] error[E0425]: cannot find value `offset` in this scope
[INFO] [stdout]   --> src/register.rs:405:11
[INFO] [stdout]    |
[INFO] [stdout] 11 | let val = read_reg!(imxrt_ral::gpio, gpio, ICR2, ICR29);
[INFO] [stdout]    |           ^^^^^^^^^^^^^^^^^^^^^^^^^^^^^^^^^^^^^^^^^^^^^ not found in this scope
[INFO] [stdout]    |
[INFO] [stdout]    = note: this error originates in the macro `read_reg` (in Nightly builds, run with -Z macro-backtrace for more info)
[INFO] [stdout] help: consider importing one of these items
[INFO] [stdout]    |
[INFO] [stdout] 3  | use core::intrinsics::offset;
[INFO] [stdout]    |
[INFO] [stdout] 3  | use std::intrinsics::offset;
[INFO] [stdout]    |
[INFO] [stdout] 
[INFO] [stdout] error[E0425]: cannot find value `mask` in this scope
[INFO] [stdout]   --> src/register.rs:408:26
[INFO] [stdout]    |
[INFO] [stdout] 14 | let (val1, val2, val3) = read_reg!(imxrt_ral::gpio, gpio, ICR2, ICR16, ICR21, ICR29);
[INFO] [stdout]    |                          ^^^^^^^^^^^^^^^^^^^^^^^^^^^^^^^^^^^^^^^^^^^^^^^^^^^^^^^^^^^ not found in this scope
[INFO] [stdout]    |
[INFO] [stdout]    = note: this error originates in the macro `read_reg` (in Nightly builds, run with -Z macro-backtrace for more info)
[INFO] [stdout] 
[INFO] [stdout] error[E0425]: cannot find value `offset` in this scope
[INFO] [stdout]   --> src/register.rs:408:26
[INFO] [stdout]    |
[INFO] [stdout] 14 | let (val1, val2, val3) = read_reg!(imxrt_ral::gpio, gpio, ICR2, ICR16, ICR21, ICR29);
[INFO] [stdout]    |                          ^^^^^^^^^^^^^^^^^^^^^^^^^^^^^^^^^^^^^^^^^^^^^^^^^^^^^^^^^^^ not found in this scope
[INFO] [stdout]    |
[INFO] [stdout]    = note: this error originates in the macro `read_reg` (in Nightly builds, run with -Z macro-backtrace for more info)
[INFO] [stdout] help: consider importing one of these items
[INFO] [stdout]    |
[INFO] [stdout] 3  | use core::intrinsics::offset;
[INFO] [stdout]    |
[INFO] [stdout] 3  | use std::intrinsics::offset;
[INFO] [stdout]    |
[INFO] [stdout] 
[INFO] [stdout] error[E0425]: cannot find value `mask` in this scope
[INFO] [stdout]   --> src/register.rs:411:7
[INFO] [stdout]    |
[INFO] [stdout] 17 | while read_reg!(imxrt_ral::gpio, gpio, ICR2, ICR29 == HIGH_LEVEL) {}
[INFO] [stdout]    |       ^^^^^^^^^^^^^^^^^^^^^^^^^^^^^^^^^^^^^^^^^^^^^^^^^^^^^^^^^^^ not found in this scope
[INFO] [stdout]    |
[INFO] [stdout]    = note: this error originates in the macro `read_reg` (in Nightly builds, run with -Z macro-backtrace for more info)
[INFO] [stdout] 
[INFO] [stdout] error[E0425]: cannot find value `offset` in this scope
[INFO] [stdout]   --> src/register.rs:411:7
[INFO] [stdout]    |
[INFO] [stdout] 17 | while read_reg!(imxrt_ral::gpio, gpio, ICR2, ICR29 == HIGH_LEVEL) {}
[INFO] [stdout]    |       ^^^^^^^^^^^^^^^^^^^^^^^^^^^^^^^^^^^^^^^^^^^^^^^^^^^^^^^^^^^ not found in this scope
[INFO] [stdout]    |
[INFO] [stdout]    = note: this error originates in the macro `read_reg` (in Nightly builds, run with -Z macro-backtrace for more info)
[INFO] [stdout] help: consider importing one of these items
[INFO] [stdout]    |
[INFO] [stdout] 3  | use core::intrinsics::offset;
[INFO] [stdout]    |
[INFO] [stdout] 3  | use std::intrinsics::offset;
[INFO] [stdout]    |
[INFO] [stdout] 
[INFO] [stdout] error[E0425]: cannot find value `HIGH_LEVEL` in this scope
[INFO] [stdout]   --> src/register.rs:411:55
[INFO] [stdout]    |
[INFO] [stdout] 17 | while read_reg!(imxrt_ral::gpio, gpio, ICR2, ICR29 == HIGH_LEVEL) {}
[INFO] [stdout]    |                                                       ^^^^^^^^^^ not found in this scope
[INFO] [stdout] 
[INFO] [stdout] error[E0425]: cannot find value `GPIO1` in this scope
[INFO] [stdout]   --> src/register.rs:414:47
[INFO] [stdout]    |
[INFO] [stdout] 20 | let val = unsafe { read_reg!(imxrt_ral::gpio, GPIO1, ICR2) };
[INFO] [stdout]    |                                               ^^^^^ not found in this scope
[INFO] [stdout] 
[INFO] [stdout] error: aborting due to 17 previous errors
[INFO] [stdout] 
[INFO] [stdout] Some errors have detailed explanations: E0425, E0432, E0433.
[INFO] [stdout] For more information about an error, try `rustc --explain E0425`.
[INFO] [stdout] Couldn't compile the test.
[INFO] [stdout] ---- src/register.rs - modify_reg (line 340) stdout ----
[INFO] [stdout] error[E0433]: failed to resolve: could not find `gpio` in `imxrt_ral`
[INFO] [stdout]  --> src/register.rs:342:23
[INFO] [stdout]   |
[INFO] [stdout] 4 | let gpio = imxrt_ral::gpio::GPIO1::take().unwrap();
[INFO] [stdout]   |                       ^^^^ could not find `gpio` in `imxrt_ral`
[INFO] [stdout] 
[INFO] [stdout] error[E0433]: failed to resolve: could not find `gpio` in `imxrt_ral`
[INFO] [stdout]   --> src/register.rs:350:23
[INFO] [stdout]    |
[INFO] [stdout] 12 |         !( imxrt_ral::gpio::ICR1::ICR3::mask | imxrt_ral::gpio::ICR1::ICR4::mask )
[INFO] [stdout]    |                       ^^^^ could not find `gpio` in `imxrt_ral`
[INFO] [stdout] 
[INFO] [stdout] error[E0433]: failed to resolve: could not find `gpio` in `imxrt_ral`
[INFO] [stdout]   --> src/register.rs:350:59
[INFO] [stdout]    |
[INFO] [stdout] 12 |         !( imxrt_ral::gpio::ICR1::ICR3::mask | imxrt_ral::gpio::ICR1::ICR4::mask )
[INFO] [stdout]    |                                                           ^^^^ could not find `gpio` in `imxrt_ral`
[INFO] [stdout] 
[INFO] [stdout] error[E0433]: failed to resolve: could not find `gpio` in `imxrt_ral`
[INFO] [stdout]   --> src/register.rs:354:22
[INFO] [stdout]    |
[INFO] [stdout] 16 |         ((imxrt_ral::gpio::ICR1::ICR3::RW::FALLING_EDGE << imxrt_ral::gpio::ICR1::ICR3::offset)
[INFO] [stdout]    |                      ^^^^ could not find `gpio` in `imxrt_ral`
[INFO] [stdout] 
[INFO] [stdout] error[E0433]: failed to resolve: could not find `gpio` in `imxrt_ral`
[INFO] [stdout]   --> src/register.rs:354:71
[INFO] [stdout]    |
[INFO] [stdout] 16 |         ((imxrt_ral::gpio::ICR1::ICR3::RW::FALLING_EDGE << imxrt_ral::gpio::ICR1::ICR3::offset)
[INFO] [stdout]    |                                                                       ^^^^ could not find `gpio` in `imxrt_ral`
[INFO] [stdout] 
[INFO] [stdout] error[E0433]: failed to resolve: could not find `gpio` in `imxrt_ral`
[INFO] [stdout]   --> src/register.rs:355:23
[INFO] [stdout]    |
[INFO] [stdout] 17 |          & imxrt_ral::gpio::ICR1::ICR3::mask)
[INFO] [stdout]    |                       ^^^^ could not find `gpio` in `imxrt_ral`
[INFO] [stdout] 
[INFO] [stdout] error[E0433]: failed to resolve: could not find `gpio` in `imxrt_ral`
[INFO] [stdout]   --> src/register.rs:357:22
[INFO] [stdout]    |
[INFO] [stdout] 19 |         ((imxrt_ral::gpio::ICR1::ICR4::RW::LOW_LEVEL << imxrt_ral::gpio::ICR1::ICR4::offset)
[INFO] [stdout]    |                      ^^^^ could not find `gpio` in `imxrt_ral`
[INFO] [stdout] 
[INFO] [stdout] error[E0433]: failed to resolve: could not find `gpio` in `imxrt_ral`
[INFO] [stdout]   --> src/register.rs:357:68
[INFO] [stdout]    |
[INFO] [stdout] 19 |         ((imxrt_ral::gpio::ICR1::ICR4::RW::LOW_LEVEL << imxrt_ral::gpio::ICR1::ICR4::offset)
[INFO] [stdout]    |                                                                    ^^^^ could not find `gpio` in `imxrt_ral`
[INFO] [stdout] 
[INFO] [stdout] error[E0433]: failed to resolve: could not find `gpio` in `imxrt_ral`
[INFO] [stdout]   --> src/register.rs:358:23
[INFO] [stdout]    |
[INFO] [stdout] 20 |          & imxrt_ral::gpio::ICR1::ICR4::mask)
[INFO] [stdout]    |                       ^^^^ could not find `gpio` in `imxrt_ral`
[INFO] [stdout] 
[INFO] [stdout] error: aborting due to 9 previous errors
[INFO] [stdout] 
[INFO] [stdout] For more information about this error, try `rustc --explain E0433`.
[INFO] [stdout] Couldn't compile the test.
[INFO] [stdout] ---- src/register.rs - reset_reg (line 511) stdout ----
[INFO] [stdout] error[E0433]: failed to resolve: could not find `gpio` in `imxrt_ral`
[INFO] [stdout]  --> src/register.rs:517:23
[INFO] [stdout]   |
[INFO] [stdout] 8 | reset_reg!(imxrt_ral::gpio, gpio, GPIO1, ICR1, ICR9, ICR10);
[INFO] [stdout]   |                       ^^^^ could not find `gpio` in `imxrt_ral`
[INFO] [stdout] 
[INFO] [stdout] error[E0432]: unresolved import `imxrt_ral::gpio`
[INFO] [stdout]  --> src/register.rs:517:23
[INFO] [stdout]   |
[INFO] [stdout] 8 | reset_reg!(imxrt_ral::gpio, gpio, GPIO1, ICR1, ICR9, ICR10);
[INFO] [stdout]   |                       ^^^^ could not find `gpio` in `imxrt_ral`
[INFO] [stdout] 
[INFO] [stdout] error[E0433]: failed to resolve: could not find `gpio` in `imxrt_ral`
[INFO] [stdout]   --> src/register.rs:520:23
[INFO] [stdout]    |
[INFO] [stdout] 11 | reset_reg!(imxrt_ral::gpio, gpio, GPIO1, ICR1);
[INFO] [stdout]    |                       ^^^^ could not find `gpio` in `imxrt_ral`
[INFO] [stdout] 
[INFO] [stdout] error[E0432]: unresolved import `imxrt_ral::gpio`
[INFO] [stdout]   --> src/register.rs:520:23
[INFO] [stdout]    |
[INFO] [stdout] 11 | reset_reg!(imxrt_ral::gpio, gpio, GPIO1, ICR1);
[INFO] [stdout]    |                       ^^^^ could not find `gpio` in `imxrt_ral`
[INFO] [stdout] 
[INFO] [stdout] error[E0433]: failed to resolve: could not find `gpio` in `imxrt_ral`
[INFO] [stdout]  --> src/register.rs:514:23
[INFO] [stdout]   |
[INFO] [stdout] 5 | let gpio = imxrt_ral::gpio::GPIO1::take().unwrap();
[INFO] [stdout]   |                       ^^^^ could not find `gpio` in `imxrt_ral`
[INFO] [stdout] 
[INFO] [stdout] error[E0425]: cannot find value `mask` in this scope
[INFO] [stdout]  --> src/register.rs:517:1
[INFO] [stdout]   |
[INFO] [stdout] 8 | reset_reg!(imxrt_ral::gpio, gpio, GPIO1, ICR1, ICR9, ICR10);
[INFO] [stdout]   | ^^^^^^^^^^^^^^^^^^^^^^^^^^^^^^^^^^^^^^^^^^^^^^^^^^^^^^^^^^^^ not found in this scope
[INFO] [stdout]   |
[INFO] [stdout]   = note: this error originates in the macro `reset_reg` (in Nightly builds, run with -Z macro-backtrace for more info)
[INFO] [stdout] 
[INFO] [stdout] error[E0425]: cannot find value `reset` in this scope
[INFO] [stdout]  --> src/register.rs:517:1
[INFO] [stdout]   |
[INFO] [stdout] 8 | reset_reg!(imxrt_ral::gpio, gpio, GPIO1, ICR1, ICR9, ICR10);
[INFO] [stdout]   | ^^^^^^^^^^^^^^^^^^^^^^^^^^^^^^^^^^^^^^^^^^^^^^^^^^^^^^^^^^^^ not found in this scope
[INFO] [stdout]   |
[INFO] [stdout]   = note: this error originates in the macro `reset_reg` (in Nightly builds, run with -Z macro-backtrace for more info)
[INFO] [stdout] 
[INFO] [stdout] error[E0425]: cannot find value `reset` in this scope
[INFO] [stdout]   --> src/register.rs:520:1
[INFO] [stdout]    |
[INFO] [stdout] 11 | reset_reg!(imxrt_ral::gpio, gpio, GPIO1, ICR1);
[INFO] [stdout]    | ^^^^^^^^^^^^^^^^^^^^^^^^^^^^^^^^^^^^^^^^^^^^^^^ not found in this scope
[INFO] [stdout]    |
[INFO] [stdout]    = note: this error originates in the macro `reset_reg` (in Nightly builds, run with -Z macro-backtrace for more info)
[INFO] [stdout] 
[INFO] [stdout] error: aborting due to 8 previous errors
[INFO] [stdout] 
[INFO] [stdout] Some errors have detailed explanations: E0425, E0432, E0433.
[INFO] [stdout] For more information about an error, try `rustc --explain E0425`.
[INFO] [stdout] Couldn't compile the test.
[INFO] [stdout] ---- src/register.rs - modify_reg (line 296) stdout ----
[INFO] [stdout] error[E0432]: unresolved import `imxrt_ral::gpio`
[INFO] [stdout]  --> src/register.rs:300:24
[INFO] [stdout]   |
[INFO] [stdout] 6 | modify_reg!(imxrt_ral::gpio, gpio, DR, |reg| reg | (1<<3));
[INFO] [stdout]   |                        ^^^^ could not find `gpio` in `imxrt_ral`
[INFO] [stdout] 
[INFO] [stdout] error[E0433]: failed to resolve: could not find `gpio` in `imxrt_ral`
[INFO] [stdout]  --> src/register.rs:298:23
[INFO] [stdout]   |
[INFO] [stdout] 4 | let gpio = imxrt_ral::gpio::GPIO1::take().unwrap();
[INFO] [stdout]   |                       ^^^^ could not find `gpio` in `imxrt_ral`
[INFO] [stdout] 
[INFO] [stdout] error: aborting due to 2 previous errors
[INFO] [stdout] 
[INFO] [stdout] Some errors have detailed explanations: E0432, E0433.
[INFO] [stdout] For more information about an error, try `rustc --explain E0432`.
[INFO] [stdout] Couldn't compile the test.
[INFO] [stdout] ---- src/register.rs - reset_reg (line 547) stdout ----
[INFO] [stdout] error[E0433]: failed to resolve: could not find `gpio` in `imxrt_ral`
[INFO] [stdout]  --> src/register.rs:551:23
[INFO] [stdout]   |
[INFO] [stdout] 6 | reset_reg!(imxrt_ral::gpio, gpio, GPIO1, ICR1, ICR5, ICR6, ICR7);
[INFO] [stdout]   |                       ^^^^ could not find `gpio` in `imxrt_ral`
[INFO] [stdout] 
[INFO] [stdout] error[E0432]: unresolved import `imxrt_ral::gpio`
[INFO] [stdout]  --> src/register.rs:551:23
[INFO] [stdout]   |
[INFO] [stdout] 6 | reset_reg!(imxrt_ral::gpio, gpio, GPIO1, ICR1, ICR5, ICR6, ICR7);
[INFO] [stdout]   |                       ^^^^ could not find `gpio` in `imxrt_ral`
[INFO] [stdout] 
[INFO] [stdout] error[E0433]: failed to resolve: could not find `gpio` in `imxrt_ral`
[INFO] [stdout]  --> src/register.rs:552:23
[INFO] [stdout]   |
[INFO] [stdout] 7 | reset_reg!(imxrt_ral::gpio, gpio, GPIO2, ICR1, ICR1, ICR2);
[INFO] [stdout]   |                       ^^^^ could not find `gpio` in `imxrt_ral`
[INFO] [stdout] 
[INFO] [stdout] error[E0432]: unresolved import `imxrt_ral::gpio`
[INFO] [stdout]  --> src/register.rs:552:23
[INFO] [stdout]   |
[INFO] [stdout] 7 | reset_reg!(imxrt_ral::gpio, gpio, GPIO2, ICR1, ICR1, ICR2);
[INFO] [stdout]   |                       ^^^^ could not find `gpio` in `imxrt_ral`
[INFO] [stdout] 
[INFO] [stdout] error[E0433]: failed to resolve: could not find `gpio` in `imxrt_ral`
[INFO] [stdout]  --> src/register.rs:549:23
[INFO] [stdout]   |
[INFO] [stdout] 4 | let gpio = imxrt_ral::gpio::GPIO1::take().unwrap();
[INFO] [stdout]   |                       ^^^^ could not find `gpio` in `imxrt_ral`
[INFO] [stdout] 
[INFO] [stdout] error[E0425]: cannot find value `mask` in this scope
[INFO] [stdout]  --> src/register.rs:551:1
[INFO] [stdout]   |
[INFO] [stdout] 6 | reset_reg!(imxrt_ral::gpio, gpio, GPIO1, ICR1, ICR5, ICR6, ICR7);
[INFO] [stdout]   | ^^^^^^^^^^^^^^^^^^^^^^^^^^^^^^^^^^^^^^^^^^^^^^^^^^^^^^^^^^^^^^^^^ not found in this scope
[INFO] [stdout]   |
[INFO] [stdout]   = note: this error originates in the macro `reset_reg` (in Nightly builds, run with -Z macro-backtrace for more info)
[INFO] [stdout] 
[INFO] [stdout] error[E0425]: cannot find value `reset` in this scope
[INFO] [stdout]  --> src/register.rs:551:1
[INFO] [stdout]   |
[INFO] [stdout] 6 | reset_reg!(imxrt_ral::gpio, gpio, GPIO1, ICR1, ICR5, ICR6, ICR7);
[INFO] [stdout]   | ^^^^^^^^^^^^^^^^^^^^^^^^^^^^^^^^^^^^^^^^^^^^^^^^^^^^^^^^^^^^^^^^^ not found in this scope
[INFO] [stdout]   |
[INFO] [stdout]   = note: this error originates in the macro `reset_reg` (in Nightly builds, run with -Z macro-backtrace for more info)
[INFO] [stdout] 
[INFO] [stdout] error[E0425]: cannot find value `mask` in this scope
[INFO] [stdout]  --> src/register.rs:552:1
[INFO] [stdout]   |
[INFO] [stdout] 7 | reset_reg!(imxrt_ral::gpio, gpio, GPIO2, ICR1, ICR1, ICR2);
[INFO] [stdout]   | ^^^^^^^^^^^^^^^^^^^^^^^^^^^^^^^^^^^^^^^^^^^^^^^^^^^^^^^^^^^ not found in this scope
[INFO] [stdout]   |
[INFO] [stdout]   = note: this error originates in the macro `reset_reg` (in Nightly builds, run with -Z macro-backtrace for more info)
[INFO] [stdout] 
[INFO] [stdout] error[E0425]: cannot find value `reset` in this scope
[INFO] [stdout]  --> src/register.rs:552:1
[INFO] [stdout]   |
[INFO] [stdout] 7 | reset_reg!(imxrt_ral::gpio, gpio, GPIO2, ICR1, ICR1, ICR2);
[INFO] [stdout]   | ^^^^^^^^^^^^^^^^^^^^^^^^^^^^^^^^^^^^^^^^^^^^^^^^^^^^^^^^^^^ not found in this scope
[INFO] [stdout]   |
[INFO] [stdout]   = note: this error originates in the macro `reset_reg` (in Nightly builds, run with -Z macro-backtrace for more info)
[INFO] [stdout] 
[INFO] [stdout] error: aborting due to 9 previous errors
[INFO] [stdout] 
[INFO] [stdout] Some errors have detailed explanations: E0425, E0432, E0433.
[INFO] [stdout] For more information about an error, try `rustc --explain E0425`.
[INFO] [stdout] Couldn't compile the test.
[INFO] [stdout] ---- src/register.rs - write_reg (line 180) stdout ----
[INFO] [stdout] error[E0432]: unresolved import `imxrt_ral::gpio`
[INFO] [stdout]  --> src/register.rs:184:23
[INFO] [stdout]   |
[INFO] [stdout] 6 | write_reg!(imxrt_ral::gpio, gpio, DR, 1<<3);
[INFO] [stdout]   |                       ^^^^ could not find `gpio` in `imxrt_ral`
[INFO] [stdout] 
[INFO] [stdout] error[E0433]: failed to resolve: could not find `gpio` in `imxrt_ral`
[INFO] [stdout]  --> src/register.rs:182:23
[INFO] [stdout]   |
[INFO] [stdout] 4 | let gpio = imxrt_ral::gpio::GPIO1::take().unwrap();
[INFO] [stdout]   |                       ^^^^ could not find `gpio` in `imxrt_ral`
[INFO] [stdout] 
[INFO] [stdout] error: aborting due to 2 previous errors
[INFO] [stdout] 
[INFO] [stdout] Some errors have detailed explanations: E0432, E0433.
[INFO] [stdout] For more information about an error, try `rustc --explain E0432`.
[INFO] [stdout] Couldn't compile the test.
[INFO] [stdout] ---- src/register.rs - read_reg (line 439) stdout ----
[INFO] [stdout] error[E0433]: failed to resolve: could not find `gpio` in `imxrt_ral`
[INFO] [stdout]  --> src/register.rs:443:32
[INFO] [stdout]   |
[INFO] [stdout] 6 | let val = read_reg!(imxrt_ral::gpio, gpio, ICR2, ICR29);
[INFO] [stdout]   |                                ^^^^ could not find `gpio` in `imxrt_ral`
[INFO] [stdout] 
[INFO] [stdout] error[E0432]: unresolved import `imxrt_ral::gpio`
[INFO] [stdout]  --> src/register.rs:443:32
[INFO] [stdout]   |
[INFO] [stdout] 6 | let val = read_reg!(imxrt_ral::gpio, gpio, ICR2, ICR29);
[INFO] [stdout]   |                                ^^^^ could not find `gpio` in `imxrt_ral`
[INFO] [stdout] 
[INFO] [stdout] error[E0433]: failed to resolve: could not find `gpio` in `imxrt_ral`
[INFO] [stdout]   --> src/register.rs:450:41
[INFO] [stdout]    |
[INFO] [stdout] 13 | let (val1, val2) = read_reg!(imxrt_ral::gpio, gpio, ICR2, ICR29, ICR30);
[INFO] [stdout]    |                                         ^^^^ could not find `gpio` in `imxrt_ral`
[INFO] [stdout] 
[INFO] [stdout] error[E0432]: unresolved import `imxrt_ral::gpio`
[INFO] [stdout]   --> src/register.rs:450:41
[INFO] [stdout]    |
[INFO] [stdout] 13 | let (val1, val2) = read_reg!(imxrt_ral::gpio, gpio, ICR2, ICR29, ICR30);
[INFO] [stdout]    |                                         ^^^^ could not find `gpio` in `imxrt_ral`
[INFO] [stdout] 
[INFO] [stdout] error[E0433]: failed to resolve: could not find `gpio` in `imxrt_ral`
[INFO] [stdout]  --> src/register.rs:441:23
[INFO] [stdout]   |
[INFO] [stdout] 4 | let gpio = imxrt_ral::gpio::GPIO1::take().unwrap();
[INFO] [stdout]   |                       ^^^^ could not find `gpio` in `imxrt_ral`
[INFO] [stdout] 
[INFO] [stdout] error[E0433]: failed to resolve: could not find `gpio` in `imxrt_ral`
[INFO] [stdout]  --> src/register.rs:446:45
[INFO] [stdout]   |
[INFO] [stdout] 9 | let val = ((*gpio).ICR2.read() & imxrt_ral::gpio::ICR2::ICR29::mask)
[INFO] [stdout]   |                                             ^^^^ could not find `gpio` in `imxrt_ral`
[INFO] [stdout] 
[INFO] [stdout] error[E0433]: failed to resolve: could not find `gpio` in `imxrt_ral`
[INFO] [stdout]   --> src/register.rs:447:25
[INFO] [stdout]    |
[INFO] [stdout] 10 |           >> imxrt_ral::gpio::ICR2::ICR29::offset;
[INFO] [stdout]    |                         ^^^^ could not find `gpio` in `imxrt_ral`
[INFO] [stdout] 
[INFO] [stdout] error[E0433]: failed to resolve: could not find `gpio` in `imxrt_ral`
[INFO] [stdout]   --> src/register.rs:454:24
[INFO] [stdout]    |
[INFO] [stdout] 17 |     ((val & imxrt_ral::gpio::ICR2::ICR29::mask) >> imxrt_ral::gpio::ICR2::ICR29::offset,
[INFO] [stdout]    |                        ^^^^ could not find `gpio` in `imxrt_ral`
[INFO] [stdout] 
[INFO] [stdout] error[E0433]: failed to resolve: could not find `gpio` in `imxrt_ral`
[INFO] [stdout]   --> src/register.rs:454:63
[INFO] [stdout]    |
[INFO] [stdout] 17 |     ((val & imxrt_ral::gpio::ICR2::ICR29::mask) >> imxrt_ral::gpio::ICR2::ICR29::offset,
[INFO] [stdout]    |                                                               ^^^^ could not find `gpio` in `imxrt_ral`
[INFO] [stdout] 
[INFO] [stdout] error[E0433]: failed to resolve: could not find `gpio` in `imxrt_ral`
[INFO] [stdout]   --> src/register.rs:455:24
[INFO] [stdout]    |
[INFO] [stdout] 18 |      (val & imxrt_ral::gpio::ICR2::ICR30::mask) >> imxrt_ral::gpio::ICR2::ICR30::offset,
[INFO] [stdout]    |                        ^^^^ could not find `gpio` in `imxrt_ral`
[INFO] [stdout] 
[INFO] [stdout] error[E0433]: failed to resolve: could not find `gpio` in `imxrt_ral`
[INFO] [stdout]   --> src/register.rs:455:63
[INFO] [stdout]    |
[INFO] [stdout] 18 |      (val & imxrt_ral::gpio::ICR2::ICR30::mask) >> imxrt_ral::gpio::ICR2::ICR30::offset,
[INFO] [stdout]    |                                                               ^^^^ could not find `gpio` in `imxrt_ral`
[INFO] [stdout] 
[INFO] [stdout] error[E0425]: cannot find value `mask` in this scope
[INFO] [stdout]  --> src/register.rs:443:11
[INFO] [stdout]   |
[INFO] [stdout] 6 | let val = read_reg!(imxrt_ral::gpio, gpio, ICR2, ICR29);
[INFO] [stdout]   |           ^^^^^^^^^^^^^^^^^^^^^^^^^^^^^^^^^^^^^^^^^^^^^ not found in this scope
[INFO] [stdout]   |
[INFO] [stdout]   = note: this error originates in the macro `read_reg` (in Nightly builds, run with -Z macro-backtrace for more info)
[INFO] [stdout] 
[INFO] [stdout] error[E0425]: cannot find value `offset` in this scope
[INFO] [stdout]  --> src/register.rs:443:11
[INFO] [stdout]   |
[INFO] [stdout] 6 | let val = read_reg!(imxrt_ral::gpio, gpio, ICR2, ICR29);
[INFO] [stdout]   |           ^^^^^^^^^^^^^^^^^^^^^^^^^^^^^^^^^^^^^^^^^^^^^ not found in this scope
[INFO] [stdout]   |
[INFO] [stdout]   = note: this error originates in the macro `read_reg` (in Nightly builds, run with -Z macro-backtrace for more info)
[INFO] [stdout] help: consider importing one of these items
[INFO] [stdout]   |
[INFO] [stdout] 3 | use core::intrinsics::offset;
[INFO] [stdout]   |
[INFO] [stdout] 3 | use std::intrinsics::offset;
[INFO] [stdout]   |
[INFO] [stdout] 
[INFO] [stdout] error[E0425]: cannot find value `mask` in this scope
[INFO] [stdout]   --> src/register.rs:450:20
[INFO] [stdout]    |
[INFO] [stdout] 13 | let (val1, val2) = read_reg!(imxrt_ral::gpio, gpio, ICR2, ICR29, ICR30);
[INFO] [stdout]    |                    ^^^^^^^^^^^^^^^^^^^^^^^^^^^^^^^^^^^^^^^^^^^^^^^^^^^^ not found in this scope
[INFO] [stdout]    |
[INFO] [stdout]    = note: this error originates in the macro `read_reg` (in Nightly builds, run with -Z macro-backtrace for more info)
[INFO] [stdout] 
[INFO] [stdout] error[E0425]: cannot find value `offset` in this scope
[INFO] [stdout]   --> src/register.rs:450:20
[INFO] [stdout]    |
[INFO] [stdout] 13 | let (val1, val2) = read_reg!(imxrt_ral::gpio, gpio, ICR2, ICR29, ICR30);
[INFO] [stdout]    |                    ^^^^^^^^^^^^^^^^^^^^^^^^^^^^^^^^^^^^^^^^^^^^^^^^^^^^ not found in this scope
[INFO] [stdout]    |
[INFO] [stdout]    = note: this error originates in the macro `read_reg` (in Nightly builds, run with -Z macro-backtrace for more info)
[INFO] [stdout] help: consider importing one of these items
[INFO] [stdout]    |
[INFO] [stdout] 3  | use core::intrinsics::offset;
[INFO] [stdout]    |
[INFO] [stdout] 3  | use std::intrinsics::offset;
[INFO] [stdout]    |
[INFO] [stdout] 
[INFO] [stdout] error: aborting due to 15 previous errors
[INFO] [stdout] 
[INFO] [stdout] Some errors have detailed explanations: E0425, E0432, E0433.
[INFO] [stdout] For more information about an error, try `rustc --explain E0425`.
[INFO] [stdout] Couldn't compile the test.
[INFO] [stdout] ---- src/register.rs - read_reg (line 461) stdout ----
[INFO] [stdout] error[E0433]: failed to resolve: could not find `gpio` in `imxrt_ral`
[INFO] [stdout]  --> src/register.rs:465:28
[INFO] [stdout]   |
[INFO] [stdout] 6 | while read_reg!(imxrt_ral::gpio, gpio, ICR2, ICR29 == HIGH_LEVEL) {}
[INFO] [stdout]   |                            ^^^^ could not find `gpio` in `imxrt_ral`
[INFO] [stdout] 
[INFO] [stdout] error[E0432]: unresolved import `imxrt_ral::gpio`
[INFO] [stdout]  --> src/register.rs:465:28
[INFO] [stdout]   |
[INFO] [stdout] 6 | while read_reg!(imxrt_ral::gpio, gpio, ICR2, ICR29 == HIGH_LEVEL) {}
[INFO] [stdout]   |                            ^^^^ could not find `gpio` in `imxrt_ral`
[INFO] [stdout] 
[INFO] [stdout] error[E0433]: failed to resolve: could not find `gpio` in `imxrt_ral`
[INFO] [stdout]  --> src/register.rs:463:23
[INFO] [stdout]   |
[INFO] [stdout] 4 | let gpio = imxrt_ral::gpio::GPIO1::take().unwrap();
[INFO] [stdout]   |                       ^^^^ could not find `gpio` in `imxrt_ral`
[INFO] [stdout] 
[INFO] [stdout] error[E0425]: cannot find value `mask` in this scope
[INFO] [stdout]  --> src/register.rs:465:7
[INFO] [stdout]   |
[INFO] [stdout] 6 | while read_reg!(imxrt_ral::gpio, gpio, ICR2, ICR29 == HIGH_LEVEL) {}
[INFO] [stdout]   |       ^^^^^^^^^^^^^^^^^^^^^^^^^^^^^^^^^^^^^^^^^^^^^^^^^^^^^^^^^^^ not found in this scope
[INFO] [stdout]   |
[INFO] [stdout]   = note: this error originates in the macro `read_reg` (in Nightly builds, run with -Z macro-backtrace for more info)
[INFO] [stdout] 
[INFO] [stdout] error[E0425]: cannot find value `offset` in this scope
[INFO] [stdout]  --> src/register.rs:465:7
[INFO] [stdout]   |
[INFO] [stdout] 6 | while read_reg!(imxrt_ral::gpio, gpio, ICR2, ICR29 == HIGH_LEVEL) {}
[INFO] [stdout]   |       ^^^^^^^^^^^^^^^^^^^^^^^^^^^^^^^^^^^^^^^^^^^^^^^^^^^^^^^^^^^ not found in this scope
[INFO] [stdout]   |
[INFO] [stdout]   = note: this error originates in the macro `read_reg` (in Nightly builds, run with -Z macro-backtrace for more info)
[INFO] [stdout] help: consider importing one of these items
[INFO] [stdout]   |
[INFO] [stdout] 3 | use core::intrinsics::offset;
[INFO] [stdout]   |
[INFO] [stdout] 3 | use std::intrinsics::offset;
[INFO] [stdout]   |
[INFO] [stdout] 
[INFO] [stdout] error[E0425]: cannot find value `HIGH_LEVEL` in this scope
[INFO] [stdout]  --> src/register.rs:465:55
[INFO] [stdout]   |
[INFO] [stdout] 6 | while read_reg!(imxrt_ral::gpio, gpio, ICR2, ICR29 == HIGH_LEVEL) {}
[INFO] [stdout]   |                                                       ^^^^^^^^^^ not found in this scope
[INFO] [stdout] 
[INFO] [stdout] error: aborting due to 6 previous errors
[INFO] [stdout] 
[INFO] [stdout] Some errors have detailed explanations: E0425, E0432, E0433.
[INFO] [stdout] For more information about an error, try `rustc --explain E0425`.
[INFO] [stdout] Couldn't compile the test.
[INFO] [stdout] ---- src/register.rs - reset_reg (line 538) stdout ----
[INFO] [stdout] error[E0433]: failed to resolve: could not find `gpio` in `imxrt_ral`
[INFO] [stdout]  --> src/register.rs:542:23
[INFO] [stdout]   |
[INFO] [stdout] 6 | reset_reg!(imxrt_ral::gpio, gpio, GPIO1, ICR1);
[INFO] [stdout]   |                       ^^^^ could not find `gpio` in `imxrt_ral`
[INFO] [stdout] 
[INFO] [stdout] error[E0432]: unresolved import `imxrt_ral::gpio`
[INFO] [stdout]  --> src/register.rs:542:23
[INFO] [stdout]   |
[INFO] [stdout] 6 | reset_reg!(imxrt_ral::gpio, gpio, GPIO1, ICR1);
[INFO] [stdout]   |                       ^^^^ could not find `gpio` in `imxrt_ral`
[INFO] [stdout] 
[INFO] [stdout] error[E0433]: failed to resolve: could not find `gpio` in `imxrt_ral`
[INFO] [stdout]  --> src/register.rs:540:23
[INFO] [stdout]   |
[INFO] [stdout] 4 | let gpio = imxrt_ral::gpio::GPIO1::take().unwrap();
[INFO] [stdout]   |                       ^^^^ could not find `gpio` in `imxrt_ral`
[INFO] [stdout] 
[INFO] [stdout] error[E0425]: cannot find value `reset` in this scope
[INFO] [stdout]  --> src/register.rs:542:1
[INFO] [stdout]   |
[INFO] [stdout] 6 | reset_reg!(imxrt_ral::gpio, gpio, GPIO1, ICR1);
[INFO] [stdout]   | ^^^^^^^^^^^^^^^^^^^^^^^^^^^^^^^^^^^^^^^^^^^^^^^ not found in this scope
[INFO] [stdout]   |
[INFO] [stdout]   = note: this error originates in the macro `reset_reg` (in Nightly builds, run with -Z macro-backtrace for more info)
[INFO] [stdout] 
[INFO] [stdout] error: aborting due to 4 previous errors
[INFO] [stdout] 
[INFO] [stdout] Some errors have detailed explanations: E0425, E0432, E0433.
[INFO] [stdout] For more information about an error, try `rustc --explain E0425`.
[INFO] [stdout] Couldn't compile the test.
[INFO] [stdout] ---- src/register.rs - reset_reg (line 569) stdout ----
[INFO] [stdout] error[E0433]: failed to resolve: could not find `gpio` in `imxrt_ral`
[INFO] [stdout]  --> src/register.rs:571:32
[INFO] [stdout]   |
[INFO] [stdout] 4 | unsafe { reset_reg!(imxrt_ral::gpio, GPIO1, GPIO1, ICR1) };
[INFO] [stdout]   |                                ^^^^ could not find `gpio` in `imxrt_ral`
[INFO] [stdout] 
[INFO] [stdout] error[E0432]: unresolved import `imxrt_ral::gpio`
[INFO] [stdout]  --> src/register.rs:571:32
[INFO] [stdout]   |
[INFO] [stdout] 4 | unsafe { reset_reg!(imxrt_ral::gpio, GPIO1, GPIO1, ICR1) };
[INFO] [stdout]   |                                ^^^^ could not find `gpio` in `imxrt_ral`
[INFO] [stdout] 
[INFO] [stdout] error[E0425]: cannot find value `GPIO1` in this scope
[INFO] [stdout]  --> src/register.rs:571:38
[INFO] [stdout]   |
[INFO] [stdout] 4 | unsafe { reset_reg!(imxrt_ral::gpio, GPIO1, GPIO1, ICR1) };
[INFO] [stdout]   |                                      ^^^^^ not found in this scope
[INFO] [stdout] 
[INFO] [stdout] error[E0425]: cannot find value `reset` in this scope
[INFO] [stdout]  --> src/register.rs:571:10
[INFO] [stdout]   |
[INFO] [stdout] 4 | unsafe { reset_reg!(imxrt_ral::gpio, GPIO1, GPIO1, ICR1) };
[INFO] [stdout]   |          ^^^^^^^^^^^^^^^^^^^^^^^^^^^^^^^^^^^^^^^^^^^^^^^ not found in this scope
[INFO] [stdout]   |
[INFO] [stdout]   = note: this error originates in the macro `reset_reg` (in Nightly builds, run with -Z macro-backtrace for more info)
[INFO] [stdout] 
[INFO] [stdout] error: aborting due to 4 previous errors
[INFO] [stdout] 
[INFO] [stdout] Some errors have detailed explanations: E0425, E0432, E0433.
[INFO] [stdout] For more information about an error, try `rustc --explain E0425`.
[INFO] [stdout] Couldn't compile the test.
[INFO] [stdout] ---- src/register.rs - write_reg (line 220) stdout ----
[INFO] [stdout] error[E0433]: failed to resolve: could not find `gpio` in `imxrt_ral`
[INFO] [stdout]  --> src/register.rs:223:23
[INFO] [stdout]   |
[INFO] [stdout] 5 | let gpio = imxrt_ral::gpio::GPIO1::take().unwrap();
[INFO] [stdout]   |                       ^^^^ could not find `gpio` in `imxrt_ral`
[INFO] [stdout] 
[INFO] [stdout] error[E0433]: failed to resolve: could not find `gpio` in `imxrt_ral`
[INFO] [stdout]  --> src/register.rs:225:18
[INFO] [stdout]   |
[INFO] [stdout] 7 |     ((imxrt_ral::gpio::ICR1::ICR3::RW::FALLING_EDGE << imxrt_ral::gpio::ICR1::ICR3::offset)
[INFO] [stdout]   |                  ^^^^ could not find `gpio` in `imxrt_ral`
[INFO] [stdout] 
[INFO] [stdout] error[E0433]: failed to resolve: could not find `gpio` in `imxrt_ral`
[INFO] [stdout]  --> src/register.rs:225:67
[INFO] [stdout]   |
[INFO] [stdout] 7 |     ((imxrt_ral::gpio::ICR1::ICR3::RW::FALLING_EDGE << imxrt_ral::gpio::ICR1::ICR3::offset)
[INFO] [stdout]   |                                                                   ^^^^ could not find `gpio` in `imxrt_ral`
[INFO] [stdout] 
[INFO] [stdout] error[E0433]: failed to resolve: could not find `gpio` in `imxrt_ral`
[INFO] [stdout]  --> src/register.rs:226:19
[INFO] [stdout]   |
[INFO] [stdout] 8 |      & imxrt_ral::gpio::ICR1::ICR3::mask)
[INFO] [stdout]   |                   ^^^^ could not find `gpio` in `imxrt_ral`
[INFO] [stdout] 
[INFO] [stdout] error[E0433]: failed to resolve: could not find `gpio` in `imxrt_ral`
[INFO] [stdout]   --> src/register.rs:228:18
[INFO] [stdout]    |
[INFO] [stdout] 10 |     ((imxrt_ral::gpio::ICR1::ICR4::RW::LOW_LEVEL << imxrt_ral::gpio::ICR1::ICR4::offset)
[INFO] [stdout]    |                  ^^^^ could not find `gpio` in `imxrt_ral`
[INFO] [stdout] 
[INFO] [stdout] error[E0433]: failed to resolve: could not find `gpio` in `imxrt_ral`
[INFO] [stdout]   --> src/register.rs:228:64
[INFO] [stdout]    |
[INFO] [stdout] 10 |     ((imxrt_ral::gpio::ICR1::ICR4::RW::LOW_LEVEL << imxrt_ral::gpio::ICR1::ICR4::offset)
[INFO] [stdout]    |                                                                ^^^^ could not find `gpio` in `imxrt_ral`
[INFO] [stdout] 
[INFO] [stdout] error[E0433]: failed to resolve: could not find `gpio` in `imxrt_ral`
[INFO] [stdout]   --> src/register.rs:229:19
[INFO] [stdout]    |
[INFO] [stdout] 11 |      & imxrt_ral::gpio::ICR1::ICR4::mask)
[INFO] [stdout]    |                   ^^^^ could not find `gpio` in `imxrt_ral`
[INFO] [stdout] 
[INFO] [stdout] error: aborting due to 7 previous errors
[INFO] [stdout] 
[INFO] [stdout] For more information about this error, try `rustc --explain E0433`.
[INFO] [stdout] Couldn't compile the test.
[INFO] [stdout] ---- src/register.rs - write_reg (line 189) stdout ----
[INFO] [stdout] error[E0433]: failed to resolve: could not find `gpio` in `imxrt_ral`
[INFO] [stdout]  --> src/register.rs:193:23
[INFO] [stdout]   |
[INFO] [stdout] 6 | write_reg!(imxrt_ral::gpio, gpio, ICR1, ICR3: 0b01, ICR4: 0b11);
[INFO] [stdout]   |                       ^^^^ could not find `gpio` in `imxrt_ral`
[INFO] [stdout] 
[INFO] [stdout] error[E0432]: unresolved import `imxrt_ral::gpio`
[INFO] [stdout]  --> src/register.rs:193:23
[INFO] [stdout]   |
[INFO] [stdout] 6 | write_reg!(imxrt_ral::gpio, gpio, ICR1, ICR3: 0b01, ICR4: 0b11);
[INFO] [stdout]   |                       ^^^^ could not find `gpio` in `imxrt_ral`
[INFO] [stdout] 
[INFO] [stdout] error[E0433]: failed to resolve: could not find `gpio` in `imxrt_ral`
[INFO] [stdout]  --> src/register.rs:192:23
[INFO] [stdout]   |
[INFO] [stdout] 5 | let gpio = imxrt_ral::gpio::GPIO1::take().unwrap();
[INFO] [stdout]   |                       ^^^^ could not find `gpio` in `imxrt_ral`
[INFO] [stdout] 
[INFO] [stdout] error[E0425]: cannot find value `offset` in this scope
[INFO] [stdout]  --> src/register.rs:193:1
[INFO] [stdout]   |
[INFO] [stdout] 6 | write_reg!(imxrt_ral::gpio, gpio, ICR1, ICR3: 0b01, ICR4: 0b11);
[INFO] [stdout]   | ^^^^^^^^^^^^^^^^^^^^^^^^^^^^^^^^^^^^^^^^^^^^^^^^^^^^^^^^^^^^^^^^ not found in this scope
[INFO] [stdout]   |
[INFO] [stdout]   = note: this error originates in the macro `write_reg` (in Nightly builds, run with -Z macro-backtrace for more info)
[INFO] [stdout] help: consider importing one of these items
[INFO] [stdout]   |
[INFO] [stdout] 3 | use core::intrinsics::offset;
[INFO] [stdout]   |
[INFO] [stdout] 3 | use std::intrinsics::offset;
[INFO] [stdout]   |
[INFO] [stdout] 
[INFO] [stdout] error[E0425]: cannot find value `mask` in this scope
[INFO] [stdout]  --> src/register.rs:193:1
[INFO] [stdout]   |
[INFO] [stdout] 6 | write_reg!(imxrt_ral::gpio, gpio, ICR1, ICR3: 0b01, ICR4: 0b11);
[INFO] [stdout]   | ^^^^^^^^^^^^^^^^^^^^^^^^^^^^^^^^^^^^^^^^^^^^^^^^^^^^^^^^^^^^^^^^ not found in this scope
[INFO] [stdout]   |
[INFO] [stdout]   = note: this error originates in the macro `write_reg` (in Nightly builds, run with -Z macro-backtrace for more info)
[INFO] [stdout] 
[INFO] [stdout] error: aborting due to 5 previous errors
[INFO] [stdout] 
[INFO] [stdout] Some errors have detailed explanations: E0425, E0432, E0433.
[INFO] [stdout] For more information about an error, try `rustc --explain E0425`.
[INFO] [stdout] Couldn't compile the test.
[INFO] [stdout] ---- src/register.rs - read_reg (line 475) stdout ----
[INFO] [stdout] error[E0432]: unresolved import `imxrt_ral::gpio`
[INFO] [stdout]  --> src/register.rs:477:41
[INFO] [stdout]   |
[INFO] [stdout] 4 | let val = unsafe { read_reg!(imxrt_ral::gpio, GPIO1, ICR1) };
[INFO] [stdout]   |                                         ^^^^ could not find `gpio` in `imxrt_ral`
[INFO] [stdout] 
[INFO] [stdout] error[E0425]: cannot find value `GPIO1` in this scope
[INFO] [stdout]  --> src/register.rs:477:47
[INFO] [stdout]   |
[INFO] [stdout] 4 | let val = unsafe { read_reg!(imxrt_ral::gpio, GPIO1, ICR1) };
[INFO] [stdout]   |                                               ^^^^^ not found in this scope
[INFO] [stdout] 
[INFO] [stdout] error: aborting due to 2 previous errors
[INFO] [stdout] 
[INFO] [stdout] Some errors have detailed explanations: E0425, E0432.
[INFO] [stdout] For more information about an error, try `rustc --explain E0425`.
[INFO] [stdout] Couldn't compile the test.
[INFO] [stdout] ---- src/register.rs - write_reg (line 152) stdout ----
[INFO] [stdout] error[E0432]: unresolved import `imxrt_ral::gpio`
[INFO] [stdout]  --> src/register.rs:158:23
[INFO] [stdout]   |
[INFO] [stdout] 8 | write_reg!(imxrt_ral::gpio, gpio, ICR1, 0b11<<6);
[INFO] [stdout]   |                       ^^^^ could not find `gpio` in `imxrt_ral`
[INFO] [stdout] 
[INFO] [stdout] error[E0433]: failed to resolve: could not find `gpio` in `imxrt_ral`
[INFO] [stdout]   --> src/register.rs:161:23
[INFO] [stdout]    |
[INFO] [stdout] 11 | write_reg!(imxrt_ral::gpio, gpio, ICR1, ICR3: FALLING_EDGE, ICR4: LOW_LEVEL);
[INFO] [stdout]    |                       ^^^^ could not find `gpio` in `imxrt_ral`
[INFO] [stdout] 
[INFO] [stdout] error[E0432]: unresolved import `imxrt_ral::gpio`
[INFO] [stdout]   --> src/register.rs:161:23
[INFO] [stdout]    |
[INFO] [stdout] 11 | write_reg!(imxrt_ral::gpio, gpio, ICR1, ICR3: FALLING_EDGE, ICR4: LOW_LEVEL);
[INFO] [stdout]    |                       ^^^^ could not find `gpio` in `imxrt_ral`
[INFO] [stdout] 
[INFO] [stdout] error[E0433]: failed to resolve: could not find `gpio` in `imxrt_ral`
[INFO] [stdout]   --> src/register.rs:164:32
[INFO] [stdout]    |
[INFO] [stdout] 14 | unsafe { write_reg!(imxrt_ral::gpio, GPIO1, ICR1, ICR3: FALLING_EDGE, ICR4: LOW_LEVEL) };
[INFO] [stdout]    |                                ^^^^ could not find `gpio` in `imxrt_ral`
[INFO] [stdout] 
[INFO] [stdout] error[E0432]: unresolved import `imxrt_ral::gpio`
[INFO] [stdout]   --> src/register.rs:164:32
[INFO] [stdout]    |
[INFO] [stdout] 14 | unsafe { write_reg!(imxrt_ral::gpio, GPIO1, ICR1, ICR3: FALLING_EDGE, ICR4: LOW_LEVEL) };
[INFO] [stdout]    |                                ^^^^ could not find `gpio` in `imxrt_ral`
[INFO] [stdout] 
[INFO] [stdout] error[E0433]: failed to resolve: could not find `gpio` in `imxrt_ral`
[INFO] [stdout]  --> src/register.rs:155:23
[INFO] [stdout]   |
[INFO] [stdout] 5 | let gpio = imxrt_ral::gpio::GPIO1::take().unwrap();
[INFO] [stdout]   |                       ^^^^ could not find `gpio` in `imxrt_ral`
[INFO] [stdout] 
[INFO] [stdout] error[E0425]: cannot find value `FALLING_EDGE` in this scope
[INFO] [stdout]   --> src/register.rs:161:47
[INFO] [stdout]    |
[INFO] [stdout] 11 | write_reg!(imxrt_ral::gpio, gpio, ICR1, ICR3: FALLING_EDGE, ICR4: LOW_LEVEL);
[INFO] [stdout]    |                                               ^^^^^^^^^^^^ not found in this scope
[INFO] [stdout] 
[INFO] [stdout] error[E0425]: cannot find value `offset` in this scope
[INFO] [stdout]   --> src/register.rs:161:1
[INFO] [stdout]    |
[INFO] [stdout] 11 | write_reg!(imxrt_ral::gpio, gpio, ICR1, ICR3: FALLING_EDGE, ICR4: LOW_LEVEL);
[INFO] [stdout]    | ^^^^^^^^^^^^^^^^^^^^^^^^^^^^^^^^^^^^^^^^^^^^^^^^^^^^^^^^^^^^^^^^^^^^^^^^^^^^^ not found in this scope
[INFO] [stdout]    |
[INFO] [stdout]    = note: this error originates in the macro `write_reg` (in Nightly builds, run with -Z macro-backtrace for more info)
[INFO] [stdout] help: consider importing one of these items
[INFO] [stdout]    |
[INFO] [stdout] 3  | use core::intrinsics::offset;
[INFO] [stdout]    |
[INFO] [stdout] 3  | use std::intrinsics::offset;
[INFO] [stdout]    |
[INFO] [stdout] 
[INFO] [stdout] error[E0425]: cannot find value `mask` in this scope
[INFO] [stdout]   --> src/register.rs:161:1
[INFO] [stdout]    |
[INFO] [stdout] 11 | write_reg!(imxrt_ral::gpio, gpio, ICR1, ICR3: FALLING_EDGE, ICR4: LOW_LEVEL);
[INFO] [stdout]    | ^^^^^^^^^^^^^^^^^^^^^^^^^^^^^^^^^^^^^^^^^^^^^^^^^^^^^^^^^^^^^^^^^^^^^^^^^^^^^ not found in this scope
[INFO] [stdout]    |
[INFO] [stdout]    = note: this error originates in the macro `write_reg` (in Nightly builds, run with -Z macro-backtrace for more info)
[INFO] [stdout] 
[INFO] [stdout] error[E0425]: cannot find value `LOW_LEVEL` in this scope
[INFO] [stdout]   --> src/register.rs:161:67
[INFO] [stdout]    |
[INFO] [stdout] 11 | write_reg!(imxrt_ral::gpio, gpio, ICR1, ICR3: FALLING_EDGE, ICR4: LOW_LEVEL);
[INFO] [stdout]    |                                                                   ^^^^^^^^^ not found in this scope
[INFO] [stdout] 
[INFO] [stdout] error[E0425]: cannot find value `GPIO1` in this scope
[INFO] [stdout]   --> src/register.rs:164:38
[INFO] [stdout]    |
[INFO] [stdout] 14 | unsafe { write_reg!(imxrt_ral::gpio, GPIO1, ICR1, ICR3: FALLING_EDGE, ICR4: LOW_LEVEL) };
[INFO] [stdout]    |                                      ^^^^^ not found in this scope
[INFO] [stdout] 
[INFO] [stdout] error[E0425]: cannot find value `FALLING_EDGE` in this scope
[INFO] [stdout]   --> src/register.rs:164:57
[INFO] [stdout]    |
[INFO] [stdout] 14 | unsafe { write_reg!(imxrt_ral::gpio, GPIO1, ICR1, ICR3: FALLING_EDGE, ICR4: LOW_LEVEL) };
[INFO] [stdout]    |                                                         ^^^^^^^^^^^^ not found in this scope
[INFO] [stdout] 
[INFO] [stdout] error[E0425]: cannot find value `offset` in this scope
[INFO] [stdout]   --> src/register.rs:164:10
[INFO] [stdout]    |
[INFO] [stdout] 14 | unsafe { write_reg!(imxrt_ral::gpio, GPIO1, ICR1, ICR3: FALLING_EDGE, ICR4: LOW_LEVEL) };
[INFO] [stdout]    |          ^^^^^^^^^^^^^^^^^^^^^^^^^^^^^^^^^^^^^^^^^^^^^^^^^^^^^^^^^^^^^^^^^^^^^^^^^^^^^ not found in this scope
[INFO] [stdout]    |
[INFO] [stdout]    = note: this error originates in the macro `write_reg` (in Nightly builds, run with -Z macro-backtrace for more info)
[INFO] [stdout] help: consider importing one of these items
[INFO] [stdout]    |
[INFO] [stdout] 3  | use core::intrinsics::offset;
[INFO] [stdout]    |
[INFO] [stdout] 3  | use std::intrinsics::offset;
[INFO] [stdout]    |
[INFO] [stdout] 
[INFO] [stdout] error[E0425]: cannot find value `mask` in this scope
[INFO] [stdout]   --> src/register.rs:164:10
[INFO] [stdout]    |
[INFO] [stdout] 14 | unsafe { write_reg!(imxrt_ral::gpio, GPIO1, ICR1, ICR3: FALLING_EDGE, ICR4: LOW_LEVEL) };
[INFO] [stdout]    |          ^^^^^^^^^^^^^^^^^^^^^^^^^^^^^^^^^^^^^^^^^^^^^^^^^^^^^^^^^^^^^^^^^^^^^^^^^^^^^ not found in this scope
[INFO] [stdout]    |
[INFO] [stdout]    = note: this error originates in the macro `write_reg` (in Nightly builds, run with -Z macro-backtrace for more info)
[INFO] [stdout] 
[INFO] [stdout] error[E0425]: cannot find value `LOW_LEVEL` in this scope
[INFO] [stdout]   --> src/register.rs:164:77
[INFO] [stdout]    |
[INFO] [stdout] 14 | unsafe { write_reg!(imxrt_ral::gpio, GPIO1, ICR1, ICR3: FALLING_EDGE, ICR4: LOW_LEVEL) };
[INFO] [stdout]    |                                                                             ^^^^^^^^^ not found in this scope
[INFO] [stdout] 
[INFO] [stdout] error: aborting due to 15 previous errors
[INFO] [stdout] 
[INFO] [stdout] Some errors have detailed explanations: E0425, E0432, E0433.
[INFO] [stdout] For more information about an error, try `rustc --explain E0425`.
[INFO] [stdout] Couldn't compile the test.
[INFO] [stdout] ---- src/register.rs - write_reg (line 210) stdout ----
[INFO] [stdout] error[E0433]: failed to resolve: could not find `gpio` in `imxrt_ral`
[INFO] [stdout]  --> src/register.rs:214:23
[INFO] [stdout]   |
[INFO] [stdout] 6 | write_reg!(imxrt_ral::gpio, gpio, ICR1, ICR3: imxrt_ral::gpio::ICR1::ICR3::RW::FALLING_EDGE,
[INFO] [stdout]   |                       ^^^^ could not find `gpio` in `imxrt_ral`
[INFO] [stdout] 
[INFO] [stdout] error[E0432]: unresolved import `imxrt_ral::gpio`
[INFO] [stdout]  --> src/register.rs:214:23
[INFO] [stdout]   |
[INFO] [stdout] 6 | write_reg!(imxrt_ral::gpio, gpio, ICR1, ICR3: imxrt_ral::gpio::ICR1::ICR3::RW::FALLING_EDGE,
[INFO] [stdout]   |                       ^^^^ could not find `gpio` in `imxrt_ral`
[INFO] [stdout] 
[INFO] [stdout] error[E0433]: failed to resolve: could not find `gpio` in `imxrt_ral`
[INFO] [stdout]  --> src/register.rs:213:23
[INFO] [stdout]   |
[INFO] [stdout] 5 | let gpio = imxrt_ral::gpio::GPIO1::take().unwrap();
[INFO] [stdout]   |                       ^^^^ could not find `gpio` in `imxrt_ral`
[INFO] [stdout] 
[INFO] [stdout] error[E0433]: failed to resolve: could not find `gpio` in `imxrt_ral`
[INFO] [stdout]  --> src/register.rs:214:58
[INFO] [stdout]   |
[INFO] [stdout] 6 | write_reg!(imxrt_ral::gpio, gpio, ICR1, ICR3: imxrt_ral::gpio::ICR1::ICR3::RW::FALLING_EDGE,
[INFO] [stdout]   |                                                          ^^^^ could not find `gpio` in `imxrt_ral`
[INFO] [stdout] 
[INFO] [stdout] error[E0433]: failed to resolve: could not find `gpio` in `imxrt_ral`
[INFO] [stdout]  --> src/register.rs:215:59
[INFO] [stdout]   |
[INFO] [stdout] 7 | ...                   ICR4: imxrt_ral::gpio::ICR1::ICR4::RW::LOW_LEVEL);
[INFO] [stdout]   |                                        ^^^^ could not find `gpio` in `imxrt_ral`
[INFO] [stdout] 
[INFO] [stdout] error[E0425]: cannot find value `offset` in this scope
[INFO] [stdout]  --> src/register.rs:214:1
[INFO] [stdout]   |
[INFO] [stdout] 6 | / write_reg!(imxrt_ral::gpio, gpio, ICR1, ICR3: imxrt_ral::gpio::ICR1::ICR3::RW::FALLING_EDGE,
[INFO] [stdout] 7 | |                                          ICR4: imxrt_ral::gpio::ICR1::ICR4::RW::LOW_LEVEL);
[INFO] [stdout]   | |___________________________________________________________________________________________^ not found in this scope
[INFO] [stdout]   |
[INFO] [stdout]   = note: this error originates in the macro `write_reg` (in Nightly builds, run with -Z macro-backtrace for more info)
[INFO] [stdout] help: consider importing one of these items
[INFO] [stdout]   |
[INFO] [stdout] 3 | use core::intrinsics::offset;
[INFO] [stdout]   |
[INFO] [stdout] 3 | use std::intrinsics::offset;
[INFO] [stdout]   |
[INFO] [stdout] 
[INFO] [stdout] error[E0425]: cannot find value `mask` in this scope
[INFO] [stdout]  --> src/register.rs:214:1
[INFO] [stdout]   |
[INFO] [stdout] 6 | / write_reg!(imxrt_ral::gpio, gpio, ICR1, ICR3: imxrt_ral::gpio::ICR1::ICR3::RW::FALLING_EDGE,
[INFO] [stdout] 7 | |                                          ICR4: imxrt_ral::gpio::ICR1::ICR4::RW::LOW_LEVEL);
[INFO] [stdout]   | |___________________________________________________________________________________________^ not found in this scope
[INFO] [stdout]   |
[INFO] [stdout]   = note: this error originates in the macro `write_reg` (in Nightly builds, run with -Z macro-backtrace for more info)
[INFO] [stdout] 
[INFO] [stdout] error: aborting due to 7 previous errors
[INFO] [stdout] 
[INFO] [stdout] Some errors have detailed explanations: E0425, E0432, E0433.
[INFO] [stdout] For more information about an error, try `rustc --explain E0425`.
[INFO] [stdout] Couldn't compile the test.
[INFO] [stdout] ---- src/register.rs - modify_reg (line 369) stdout ----
[INFO] [stdout] error[E0433]: failed to resolve: could not find `gpio` in `imxrt_ral`
[INFO] [stdout]  --> src/register.rs:371:33
[INFO] [stdout]   |
[INFO] [stdout] 4 | unsafe { modify_reg!(imxrt_ral::gpio, GPIO1, ICR1, ICR3: FALLING_EDGE, ICR4: LOW_LEVEL) };
[INFO] [stdout]   |                                 ^^^^ could not find `gpio` in `imxrt_ral`
[INFO] [stdout] 
[INFO] [stdout] error[E0432]: unresolved import `imxrt_ral::gpio`
[INFO] [stdout]  --> src/register.rs:371:33
[INFO] [stdout]   |
[INFO] [stdout] 4 | unsafe { modify_reg!(imxrt_ral::gpio, GPIO1, ICR1, ICR3: FALLING_EDGE, ICR4: LOW_LEVEL) };
[INFO] [stdout]   |                                 ^^^^ could not find `gpio` in `imxrt_ral`
[INFO] [stdout] 
[INFO] [stdout] error[E0425]: cannot find value `GPIO1` in this scope
[INFO] [stdout]  --> src/register.rs:371:39
[INFO] [stdout]   |
[INFO] [stdout] 4 | unsafe { modify_reg!(imxrt_ral::gpio, GPIO1, ICR1, ICR3: FALLING_EDGE, ICR4: LOW_LEVEL) };
[INFO] [stdout]   |                                       ^^^^^ not found in this scope
[INFO] [stdout] 
[INFO] [stdout] error[E0425]: cannot find value `mask` in this scope
[INFO] [stdout]  --> src/register.rs:371:10
[INFO] [stdout]   |
[INFO] [stdout] 4 | unsafe { modify_reg!(imxrt_ral::gpio, GPIO1, ICR1, ICR3: FALLING_EDGE, ICR4: LOW_LEVEL) };
[INFO] [stdout]   |          ^^^^^^^^^^^^^^^^^^^^^^^^^^^^^^^^^^^^^^^^^^^^^^^^^^^^^^^^^^^^^^^^^^^^^^^^^^^^^^ not found in this scope
[INFO] [stdout]   |
[INFO] [stdout]   = note: this error originates in the macro `modify_reg` (in Nightly builds, run with -Z macro-backtrace for more info)
[INFO] [stdout] 
[INFO] [stdout] error[E0425]: cannot find value `FALLING_EDGE` in this scope
[INFO] [stdout]  --> src/register.rs:371:58
[INFO] [stdout]   |
[INFO] [stdout] 4 | unsafe { modify_reg!(imxrt_ral::gpio, GPIO1, ICR1, ICR3: FALLING_EDGE, ICR4: LOW_LEVEL) };
[INFO] [stdout]   |                                                          ^^^^^^^^^^^^ not found in this scope
[INFO] [stdout] 
[INFO] [stdout] error[E0425]: cannot find value `offset` in this scope
[INFO] [stdout]  --> src/register.rs:371:10
[INFO] [stdout]   |
[INFO] [stdout] 4 | unsafe { modify_reg!(imxrt_ral::gpio, GPIO1, ICR1, ICR3: FALLING_EDGE, ICR4: LOW_LEVEL) };
[INFO] [stdout]   |          ^^^^^^^^^^^^^^^^^^^^^^^^^^^^^^^^^^^^^^^^^^^^^^^^^^^^^^^^^^^^^^^^^^^^^^^^^^^^^^ not found in this scope
[INFO] [stdout]   |
[INFO] [stdout]   = note: this error originates in the macro `modify_reg` (in Nightly builds, run with -Z macro-backtrace for more info)
[INFO] [stdout] help: consider importing one of these items
[INFO] [stdout]   |
[INFO] [stdout] 3 | use core::intrinsics::offset;
[INFO] [stdout]   |
[INFO] [stdout] 3 | use std::intrinsics::offset;
[INFO] [stdout]   |
[INFO] [stdout] 
[INFO] [stdout] error[E0425]: cannot find value `mask` in this scope
[INFO] [stdout]  --> src/register.rs:371:10
[INFO] [stdout]   |
[INFO] [stdout] 4 | unsafe { modify_reg!(imxrt_ral::gpio, GPIO1, ICR1, ICR3: FALLING_EDGE, ICR4: LOW_LEVEL) };
[INFO] [stdout]   |          ^^^^^^^^^^^^^^^^^^^^^^^^^^^^^^^^^^^^^^^^^^^^^^^^^^^^^^^^^^^^^^^^^^^^^^^^^^^^^^ not found in this scope
[INFO] [stdout]   |
[INFO] [stdout]   = note: this error originates in the macro `modify_reg` (in Nightly builds, run with -Z macro-backtrace for more info)
[INFO] [stdout] 
[INFO] [stdout] error[E0425]: cannot find value `LOW_LEVEL` in this scope
[INFO] [stdout]  --> src/register.rs:371:78
[INFO] [stdout]   |
[INFO] [stdout] 4 | unsafe { modify_reg!(imxrt_ral::gpio, GPIO1, ICR1, ICR3: FALLING_EDGE, ICR4: LOW_LEVEL) };
[INFO] [stdout]   |                                                                              ^^^^^^^^^ not found in this scope
[INFO] [stdout] 
[INFO] [stdout] error: aborting due to 8 previous errors
[INFO] [stdout] 
[INFO] [stdout] Some errors have detailed explanations: E0425, E0432, E0433.
[INFO] [stdout] For more information about an error, try `rustc --explain E0425`.
[INFO] [stdout] Couldn't compile the test.
[INFO] [stdout] ---- src/register.rs - write_reg (line 240) stdout ----
[INFO] [stdout] error[E0433]: failed to resolve: could not find `gpio` in `imxrt_ral`
[INFO] [stdout]  --> src/register.rs:242:32
[INFO] [stdout]   |
[INFO] [stdout] 4 | unsafe { write_reg!(imxrt_ral::gpio, GPIO1, ICR1, ICR3: FALLING_EDGE, ICR4: LOW_LEVEL) };
[INFO] [stdout]   |                                ^^^^ could not find `gpio` in `imxrt_ral`
[INFO] [stdout] 
[INFO] [stdout] error[E0432]: unresolved import `imxrt_ral::gpio`
[INFO] [stdout]  --> src/register.rs:242:32
[INFO] [stdout]   |
[INFO] [stdout] 4 | unsafe { write_reg!(imxrt_ral::gpio, GPIO1, ICR1, ICR3: FALLING_EDGE, ICR4: LOW_LEVEL) };
[INFO] [stdout]   |                                ^^^^ could not find `gpio` in `imxrt_ral`
[INFO] [stdout] 
[INFO] [stdout] error[E0425]: cannot find value `GPIO1` in this scope
[INFO] [stdout]  --> src/register.rs:242:38
[INFO] [stdout]   |
[INFO] [stdout] 4 | unsafe { write_reg!(imxrt_ral::gpio, GPIO1, ICR1, ICR3: FALLING_EDGE, ICR4: LOW_LEVEL) };
[INFO] [stdout]   |                                      ^^^^^ not found in this scope
[INFO] [stdout] 
[INFO] [stdout] error[E0425]: cannot find value `FALLING_EDGE` in this scope
[INFO] [stdout]  --> src/register.rs:242:57
[INFO] [stdout]   |
[INFO] [stdout] 4 | unsafe { write_reg!(imxrt_ral::gpio, GPIO1, ICR1, ICR3: FALLING_EDGE, ICR4: LOW_LEVEL) };
[INFO] [stdout]   |                                                         ^^^^^^^^^^^^ not found in this scope
[INFO] [stdout] 
[INFO] [stdout] error[E0425]: cannot find value `offset` in this scope
[INFO] [stdout]  --> src/register.rs:242:10
[INFO] [stdout]   |
[INFO] [stdout] 4 | unsafe { write_reg!(imxrt_ral::gpio, GPIO1, ICR1, ICR3: FALLING_EDGE, ICR4: LOW_LEVEL) };
[INFO] [stdout]   |          ^^^^^^^^^^^^^^^^^^^^^^^^^^^^^^^^^^^^^^^^^^^^^^^^^^^^^^^^^^^^^^^^^^^^^^^^^^^^^ not found in this scope
[INFO] [stdout]   |
[INFO] [stdout]   = note: this error originates in the macro `write_reg` (in Nightly builds, run with -Z macro-backtrace for more info)
[INFO] [stdout] help: consider importing one of these items
[INFO] [stdout]   |
[INFO] [stdout] 3 | use core::intrinsics::offset;
[INFO] [stdout]   |
[INFO] [stdout] 3 | use std::intrinsics::offset;
[INFO] [stdout]   |
[INFO] [stdout] 
[INFO] [stdout] error[E0425]: cannot find value `mask` in this scope
[INFO] [stdout]  --> src/register.rs:242:10
[INFO] [stdout]   |
[INFO] [stdout] 4 | unsafe { write_reg!(imxrt_ral::gpio, GPIO1, ICR1, ICR3: FALLING_EDGE, ICR4: LOW_LEVEL) };
[INFO] [stdout]   |          ^^^^^^^^^^^^^^^^^^^^^^^^^^^^^^^^^^^^^^^^^^^^^^^^^^^^^^^^^^^^^^^^^^^^^^^^^^^^^ not found in this scope
[INFO] [stdout]   |
[INFO] [stdout]   = note: this error originates in the macro `write_reg` (in Nightly builds, run with -Z macro-backtrace for more info)
[INFO] [stdout] 
[INFO] [stdout] error[E0425]: cannot find value `LOW_LEVEL` in this scope
[INFO] [stdout]  --> src/register.rs:242:77
[INFO] [stdout]   |
[INFO] [stdout] 4 | unsafe { write_reg!(imxrt_ral::gpio, GPIO1, ICR1, ICR3: FALLING_EDGE, ICR4: LOW_LEVEL) };
[INFO] [stdout]   |                                                                             ^^^^^^^^^ not found in this scope
[INFO] [stdout] 
[INFO] [stdout] error: aborting due to 7 previous errors
[INFO] [stdout] 
[INFO] [stdout] Some errors have detailed explanations: E0425, E0432, E0433.
[INFO] [stdout] For more information about an error, try `rustc --explain E0425`.
[INFO] [stdout] Couldn't compile the test.
[INFO] [stdout] ---- src/register.rs - write_reg (line 197) stdout ----
[INFO] [stdout] error[E0433]: failed to resolve: could not find `gpio` in `imxrt_ral`
[INFO] [stdout]  --> src/register.rs:201:23
[INFO] [stdout]   |
[INFO] [stdout] 6 | write_reg!(imxrt_ral::gpio, gpio, ICR1, ICR3: FALLING_EDGE, ICR4: LOW_LEVEL);
[INFO] [stdout]   |                       ^^^^ could not find `gpio` in `imxrt_ral`
[INFO] [stdout] 
[INFO] [stdout] error[E0432]: unresolved import `imxrt_ral::gpio`
[INFO] [stdout]  --> src/register.rs:201:23
[INFO] [stdout]   |
[INFO] [stdout] 6 | write_reg!(imxrt_ral::gpio, gpio, ICR1, ICR3: FALLING_EDGE, ICR4: LOW_LEVEL);
[INFO] [stdout]   |                       ^^^^ could not find `gpio` in `imxrt_ral`
[INFO] [stdout] 
[INFO] [stdout] error[E0433]: failed to resolve: could not find `gpio` in `imxrt_ral`
[INFO] [stdout]  --> src/register.rs:200:23
[INFO] [stdout]   |
[INFO] [stdout] 5 | let gpio = imxrt_ral::gpio::GPIO1::take().unwrap();
[INFO] [stdout]   |                       ^^^^ could not find `gpio` in `imxrt_ral`
[INFO] [stdout] 
[INFO] [stdout] error[E0425]: cannot find value `FALLING_EDGE` in this scope
[INFO] [stdout]  --> src/register.rs:201:47
[INFO] [stdout]   |
[INFO] [stdout] 6 | write_reg!(imxrt_ral::gpio, gpio, ICR1, ICR3: FALLING_EDGE, ICR4: LOW_LEVEL);
[INFO] [stdout]   |                                               ^^^^^^^^^^^^ not found in this scope
[INFO] [stdout] 
[INFO] [stdout] error[E0425]: cannot find value `offset` in this scope
[INFO] [stdout]  --> src/register.rs:201:1
[INFO] [stdout]   |
[INFO] [stdout] 6 | write_reg!(imxrt_ral::gpio, gpio, ICR1, ICR3: FALLING_EDGE, ICR4: LOW_LEVEL);
[INFO] [stdout]   | ^^^^^^^^^^^^^^^^^^^^^^^^^^^^^^^^^^^^^^^^^^^^^^^^^^^^^^^^^^^^^^^^^^^^^^^^^^^^^ not found in this scope
[INFO] [stdout]   |
[INFO] [stdout]   = note: this error originates in the macro `write_reg` (in Nightly builds, run with -Z macro-backtrace for more info)
[INFO] [stdout] help: consider importing one of these items
[INFO] [stdout]   |
[INFO] [stdout] 3 | use core::intrinsics::offset;
[INFO] [stdout]   |
[INFO] [stdout] 3 | use std::intrinsics::offset;
[INFO] [stdout]   |
[INFO] [stdout] 
[INFO] [stdout] error[E0425]: cannot find value `mask` in this scope
[INFO] [stdout]  --> src/register.rs:201:1
[INFO] [stdout]   |
[INFO] [stdout] 6 | write_reg!(imxrt_ral::gpio, gpio, ICR1, ICR3: FALLING_EDGE, ICR4: LOW_LEVEL);
[INFO] [stdout]   | ^^^^^^^^^^^^^^^^^^^^^^^^^^^^^^^^^^^^^^^^^^^^^^^^^^^^^^^^^^^^^^^^^^^^^^^^^^^^^ not found in this scope
[INFO] [stdout]   |
[INFO] [stdout]   = note: this error originates in the macro `write_reg` (in Nightly builds, run with -Z macro-backtrace for more info)
[INFO] [stdout] 
[INFO] [stdout] error[E0425]: cannot find value `LOW_LEVEL` in this scope
[INFO] [stdout]  --> src/register.rs:201:67
[INFO] [stdout]   |
[INFO] [stdout] 6 | write_reg!(imxrt_ral::gpio, gpio, ICR1, ICR3: FALLING_EDGE, ICR4: LOW_LEVEL);
[INFO] [stdout]   |                                                                   ^^^^^^^^^ not found in this scope
[INFO] [stdout] 
[INFO] [stdout] error: aborting due to 7 previous errors
[INFO] [stdout] 
[INFO] [stdout] Some errors have detailed explanations: E0425, E0432, E0433.
[INFO] [stdout] For more information about an error, try `rustc --explain E0425`.
[INFO] [stdout] Couldn't compile the test.
[INFO] [stdout] 
[INFO] [stdout] failures:
[INFO] [stdout]     src/register.rs - modify_reg (line 267)
[INFO] [stdout]     src/register.rs - modify_reg (line 296)
[INFO] [stdout]     src/register.rs - modify_reg (line 305)
[INFO] [stdout]     src/register.rs - modify_reg (line 314)
[INFO] [stdout]     src/register.rs - modify_reg (line 330)
[INFO] [stdout]     src/register.rs - modify_reg (line 340)
[INFO] [stdout]     src/register.rs - modify_reg (line 369)
[INFO] [stdout]     src/register.rs - read_reg (line 396)
[INFO] [stdout]     src/register.rs - read_reg (line 430)
[INFO] [stdout]     src/register.rs - read_reg (line 439)
[INFO] [stdout]     src/register.rs - read_reg (line 461)
[INFO] [stdout]     src/register.rs - read_reg (line 475)
[INFO] [stdout]     src/register.rs - reset_reg (line 511)
[INFO] [stdout]     src/register.rs - reset_reg (line 538)
[INFO] [stdout]     src/register.rs - reset_reg (line 547)
[INFO] [stdout]     src/register.rs - reset_reg (line 569)
[INFO] [stdout]     src/register.rs - write_reg (line 152)
[INFO] [stdout]     src/register.rs - write_reg (line 180)
[INFO] [stdout]     src/register.rs - write_reg (line 189)
[INFO] [stdout]     src/register.rs - write_reg (line 197)
[INFO] [stdout]     src/register.rs - write_reg (line 210)
[INFO] [stdout]     src/register.rs - write_reg (line 220)
[INFO] [stdout]     src/register.rs - write_reg (line 240)
[INFO] [stdout] 
[INFO] [stdout] test result: FAILED. 0 passed; 23 failed; 0 ignored; 0 measured; 0 filtered out; finished in 1.18s
[INFO] [stdout] 
[INFO] [stderr] error: test failed, to rerun pass '--doc'
[INFO] running `Command { std: "docker" "inspect" "390f9468bd9751111cc734750820e3952719b88a78fd55859884d24b78ecb9ba", kill_on_drop: false }`
[INFO] running `Command { std: "docker" "rm" "-f" "390f9468bd9751111cc734750820e3952719b88a78fd55859884d24b78ecb9ba", kill_on_drop: false }`
[INFO] [stdout] 390f9468bd9751111cc734750820e3952719b88a78fd55859884d24b78ecb9ba
