[INFO] fetching crate img_hash_median 4.0.0...
[INFO] testing img_hash_median-4.0.0 against beta-2021-08-01 for beta-1.55-1
[INFO] extracting crate img_hash_median 4.0.0 into /workspace/builds/worker-8/source
[INFO] validating manifest of crates.io crate img_hash_median 4.0.0 on toolchain beta-2021-08-01
[INFO] running `Command { std: "/workspace/cargo-home/bin/cargo" "+beta-2021-08-01" "metadata" "--manifest-path" "Cargo.toml" "--no-deps", kill_on_drop: false }`
[INFO] started tweaking crates.io crate img_hash_median 4.0.0
[INFO] finished tweaking crates.io crate img_hash_median 4.0.0
[INFO] tweaked toml for crates.io crate img_hash_median 4.0.0 written to /workspace/builds/worker-8/source/Cargo.toml
[INFO] crate crates.io crate img_hash_median 4.0.0 already has a lockfile, it will not be regenerated
[INFO] running `Command { std: "/workspace/cargo-home/bin/cargo" "+beta-2021-08-01" "fetch" "--manifest-path" "Cargo.toml", kill_on_drop: false }`
[INFO] [stderr]  Downloading crates ...
[INFO] [stderr]   Downloaded transpose v0.1.0
[INFO] [stderr]   Downloaded rustfft v3.0.1
[INFO] [stderr]   Downloaded strength_reduce v0.2.3
[INFO] [stderr]   Downloaded rustdct v0.4.0
[INFO] [stderr]   Downloaded weezl v0.1.2
[INFO] [stderr]   Downloaded wasm-bindgen-macro-support v0.2.68
[INFO] [stderr]   Downloaded image v0.23.11
[INFO] [stderr]   Downloaded wasm-bindgen-macro v0.2.68
[INFO] [stderr]   Downloaded regex-syntax v0.6.20
[INFO] [stderr]   Downloaded const_fn v0.4.2
[INFO] [stderr]   Downloaded oorandom v11.1.2
[INFO] [stderr]   Downloaded criterion v0.3.3
[INFO] [stderr]   Downloaded crossbeam-utils v0.8.0
[INFO] [stderr]   Downloaded wasm-bindgen v0.2.68
[INFO] [stderr]   Downloaded wasm-bindgen-backend v0.2.68
[INFO] [stderr]   Downloaded web-sys v0.3.45
[INFO] [stderr]   Downloaded plotters v0.2.15
[INFO] [stderr]   Downloaded wasm-bindgen-shared v0.2.68
[INFO] [stderr]   Downloaded js-sys v0.3.45
[INFO] [stderr]   Downloaded regex v1.4.1
[INFO] [stderr]   Downloaded crossbeam-epoch v0.9.0
[INFO] [stderr]   Downloaded tinytemplate v1.1.0
[INFO] [stderr]   Downloaded tiff v0.6.0
[INFO] [stderr]   Downloaded transpose v0.2.0
[INFO] running `Command { std: "docker" "create" "-v" "/var/lib/crater-agent-workspace/builds/worker-8/target:/opt/rustwide/target:rw,Z" "-v" "/var/lib/crater-agent-workspace/builds/worker-8/source:/opt/rustwide/workdir:ro,Z" "-v" "/var/lib/crater-agent-workspace/cargo-home:/opt/rustwide/cargo-home:ro,Z" "-v" "/var/lib/crater-agent-workspace/rustup-home:/opt/rustwide/rustup-home:ro,Z" "-e" "SOURCE_DIR=/opt/rustwide/workdir" "-e" "CARGO_TARGET_DIR=/opt/rustwide/target" "-e" "CARGO_HOME=/opt/rustwide/cargo-home" "-e" "RUSTUP_HOME=/opt/rustwide/rustup-home" "-w" "/opt/rustwide/workdir" "-m" "1610612736" "--user" "0:0" "--network" "none" "ghcr.io/rust-lang/crates-build-env/linux@sha256:34b6a614d2c27851fe6cbf88fbd1137609cefab8b10d0615aaeb6fd47975d74e" "/opt/rustwide/cargo-home/bin/cargo" "+beta-2021-08-01" "metadata" "--no-deps" "--format-version=1", kill_on_drop: false }`
[INFO] [stdout] 61169141f65259eed48873c0d1950a77160cd18e128dd2bbf3aa82d553e2c1ea
[INFO] [stderr] WARNING: Your kernel does not support swap limit capabilities or the cgroup is not mounted. Memory limited without swap.
[INFO] running `Command { std: "docker" "start" "-a" "61169141f65259eed48873c0d1950a77160cd18e128dd2bbf3aa82d553e2c1ea", kill_on_drop: false }`
[INFO] running `Command { std: "docker" "inspect" "61169141f65259eed48873c0d1950a77160cd18e128dd2bbf3aa82d553e2c1ea", kill_on_drop: false }`
[INFO] running `Command { std: "docker" "rm" "-f" "61169141f65259eed48873c0d1950a77160cd18e128dd2bbf3aa82d553e2c1ea", kill_on_drop: false }`
[INFO] [stdout] 61169141f65259eed48873c0d1950a77160cd18e128dd2bbf3aa82d553e2c1ea
[INFO] running `Command { std: "docker" "create" "-v" "/var/lib/crater-agent-workspace/builds/worker-8/target:/opt/rustwide/target:rw,Z" "-v" "/var/lib/crater-agent-workspace/builds/worker-8/source:/opt/rustwide/workdir:ro,Z" "-v" "/var/lib/crater-agent-workspace/cargo-home:/opt/rustwide/cargo-home:ro,Z" "-v" "/var/lib/crater-agent-workspace/rustup-home:/opt/rustwide/rustup-home:ro,Z" "-e" "SOURCE_DIR=/opt/rustwide/workdir" "-e" "CARGO_TARGET_DIR=/opt/rustwide/target" "-e" "CARGO_INCREMENTAL=0" "-e" "RUST_BACKTRACE=full" "-e" "RUSTFLAGS=--cap-lints=warn" "-e" "CARGO_HOME=/opt/rustwide/cargo-home" "-e" "RUSTUP_HOME=/opt/rustwide/rustup-home" "-w" "/opt/rustwide/workdir" "-m" "1610612736" "--user" "0:0" "--network" "none" "ghcr.io/rust-lang/crates-build-env/linux@sha256:34b6a614d2c27851fe6cbf88fbd1137609cefab8b10d0615aaeb6fd47975d74e" "/opt/rustwide/cargo-home/bin/cargo" "+beta-2021-08-01" "build" "--frozen" "--message-format=json", kill_on_drop: false }`
[INFO] [stdout] 17e52f4603c269449dc67464cb811b7510587cfebc841bfaa2af7953c3b0a181
[INFO] [stderr] WARNING: Your kernel does not support swap limit capabilities or the cgroup is not mounted. Memory limited without swap.
[INFO] running `Command { std: "docker" "start" "-a" "17e52f4603c269449dc67464cb811b7510587cfebc841bfaa2af7953c3b0a181", kill_on_drop: false }`
[INFO] [stderr]    Compiling const_fn v0.4.2
[INFO] [stderr]    Compiling syn v1.0.48
[INFO] [stderr]    Compiling strength_reduce v0.2.3
[INFO] [stderr]    Compiling weezl v0.1.2
[INFO] [stderr]    Compiling transpose v0.1.0
[INFO] [stderr]    Compiling crossbeam-utils v0.8.0
[INFO] [stderr]    Compiling num-traits v0.2.12
[INFO] [stderr]    Compiling num-integer v0.1.43
[INFO] [stderr]    Compiling num-complex v0.2.4
[INFO] [stderr]    Compiling num-iter v0.1.41
[INFO] [stderr]    Compiling num-rational v0.3.0
[INFO] [stderr]    Compiling num_cpus v1.13.0
[INFO] [stderr]    Compiling png v0.16.7
[INFO] [stderr]    Compiling gif v0.11.1
[INFO] [stderr]    Compiling crossbeam-epoch v0.9.0
[INFO] [stderr]    Compiling crossbeam-channel v0.5.0
[INFO] [stderr]    Compiling crossbeam-deque v0.8.0
[INFO] [stderr]    Compiling transpose v0.2.0
[INFO] [stderr]    Compiling rayon-core v1.9.0
[INFO] [stderr]    Compiling rustfft v3.0.1
[INFO] [stderr]    Compiling rayon v1.5.0
[INFO] [stderr]    Compiling rustdct v0.4.0
[INFO] [stderr]    Compiling jpeg-decoder v0.1.20
[INFO] [stderr]    Compiling serde_derive v1.0.117
[INFO] [stderr]    Compiling tiff v0.6.0
[INFO] [stderr]    Compiling image v0.23.11
[INFO] [stderr]    Compiling serde v1.0.117
[INFO] [stderr]    Compiling img_hash_median v4.0.0 (/opt/rustwide/workdir)
[INFO] [stderr]     Finished dev [unoptimized + debuginfo] target(s) in 1m 29s
[INFO] running `Command { std: "docker" "inspect" "17e52f4603c269449dc67464cb811b7510587cfebc841bfaa2af7953c3b0a181", kill_on_drop: false }`
[INFO] running `Command { std: "docker" "rm" "-f" "17e52f4603c269449dc67464cb811b7510587cfebc841bfaa2af7953c3b0a181", kill_on_drop: false }`
[INFO] [stdout] 17e52f4603c269449dc67464cb811b7510587cfebc841bfaa2af7953c3b0a181
[INFO] running `Command { std: "docker" "create" "-v" "/var/lib/crater-agent-workspace/builds/worker-8/target:/opt/rustwide/target:rw,Z" "-v" "/var/lib/crater-agent-workspace/builds/worker-8/source:/opt/rustwide/workdir:ro,Z" "-v" "/var/lib/crater-agent-workspace/cargo-home:/opt/rustwide/cargo-home:ro,Z" "-v" "/var/lib/crater-agent-workspace/rustup-home:/opt/rustwide/rustup-home:ro,Z" "-e" "SOURCE_DIR=/opt/rustwide/workdir" "-e" "CARGO_TARGET_DIR=/opt/rustwide/target" "-e" "CARGO_INCREMENTAL=0" "-e" "RUST_BACKTRACE=full" "-e" "RUSTFLAGS=--cap-lints=warn" "-e" "CARGO_HOME=/opt/rustwide/cargo-home" "-e" "RUSTUP_HOME=/opt/rustwide/rustup-home" "-w" "/opt/rustwide/workdir" "-m" "1610612736" "--user" "0:0" "--network" "none" "ghcr.io/rust-lang/crates-build-env/linux@sha256:34b6a614d2c27851fe6cbf88fbd1137609cefab8b10d0615aaeb6fd47975d74e" "/opt/rustwide/cargo-home/bin/cargo" "+beta-2021-08-01" "test" "--frozen" "--no-run" "--message-format=json", kill_on_drop: false }`
[INFO] [stdout] 569363af8f33957cf88795b139773ee1cd2eab7c3e9529dad5b376815c8395c6
[INFO] [stderr] WARNING: Your kernel does not support swap limit capabilities or the cgroup is not mounted. Memory limited without swap.
[INFO] running `Command { std: "docker" "start" "-a" "569363af8f33957cf88795b139773ee1cd2eab7c3e9529dad5b376815c8395c6", kill_on_drop: false }`
[INFO] [stderr]    Compiling regex-syntax v0.6.20
[INFO] [stderr]    Compiling half v1.6.0
[INFO] [stderr]    Compiling oorandom v11.1.2
[INFO] [stderr]    Compiling regex-automata v0.1.9
[INFO] [stderr]    Compiling plotters v0.2.15
[INFO] [stderr]    Compiling serde_json v1.0.59
[INFO] [stderr]    Compiling serde_cbor v0.11.1
[INFO] [stderr]    Compiling bstr v0.2.14
[INFO] [stderr]    Compiling csv v1.1.3
[INFO] [stderr]    Compiling regex v1.4.1
[INFO] [stderr]    Compiling tinytemplate v1.1.0
[INFO] [stderr]    Compiling criterion v0.3.3
[INFO] [stderr]    Compiling img_hash_median v4.0.0 (/opt/rustwide/workdir)
[INFO] [stderr]     Finished test [unoptimized + debuginfo] target(s) in 36.79s
[INFO] running `Command { std: "docker" "inspect" "569363af8f33957cf88795b139773ee1cd2eab7c3e9529dad5b376815c8395c6", kill_on_drop: false }`
[INFO] running `Command { std: "docker" "rm" "-f" "569363af8f33957cf88795b139773ee1cd2eab7c3e9529dad5b376815c8395c6", kill_on_drop: false }`
[INFO] [stdout] 569363af8f33957cf88795b139773ee1cd2eab7c3e9529dad5b376815c8395c6
[INFO] running `Command { std: "docker" "create" "-v" "/var/lib/crater-agent-workspace/builds/worker-8/target:/opt/rustwide/target:rw,Z" "-v" "/var/lib/crater-agent-workspace/builds/worker-8/source:/opt/rustwide/workdir:ro,Z" "-v" "/var/lib/crater-agent-workspace/cargo-home:/opt/rustwide/cargo-home:ro,Z" "-v" "/var/lib/crater-agent-workspace/rustup-home:/opt/rustwide/rustup-home:ro,Z" "-e" "SOURCE_DIR=/opt/rustwide/workdir" "-e" "CARGO_TARGET_DIR=/opt/rustwide/target" "-e" "CARGO_INCREMENTAL=0" "-e" "RUST_BACKTRACE=full" "-e" "RUSTFLAGS=--cap-lints=warn" "-e" "CARGO_HOME=/opt/rustwide/cargo-home" "-e" "RUSTUP_HOME=/opt/rustwide/rustup-home" "-w" "/opt/rustwide/workdir" "-m" "1610612736" "--user" "0:0" "--network" "none" "ghcr.io/rust-lang/crates-build-env/linux@sha256:34b6a614d2c27851fe6cbf88fbd1137609cefab8b10d0615aaeb6fd47975d74e" "/opt/rustwide/cargo-home/bin/cargo" "+beta-2021-08-01" "test" "--frozen", kill_on_drop: false }`
[INFO] [stdout] f53b52cffd61c794a5c886dad3c324e16d155d793ce44f570c79ad3f680bef1f
[INFO] [stderr] WARNING: Your kernel does not support swap limit capabilities or the cgroup is not mounted. Memory limited without swap.
[INFO] running `Command { std: "docker" "start" "-a" "f53b52cffd61c794a5c886dad3c324e16d155d793ce44f570c79ad3f680bef1f", kill_on_drop: false }`
[INFO] [stderr]     Finished test [unoptimized + debuginfo] target(s) in 0.13s
[INFO] [stderr]      Running unittests (/opt/rustwide/target/debug/deps/img_hash_median-61de7b0a0a711556)
[INFO] [stdout] 
[INFO] [stdout] running 3 tests
[INFO] [stdout] test dct::test_crop_2d_dct ... ok
[INFO] [stdout] test traits::test_bools_to_bytes ... ok
[INFO] [stdout] test dct::test_transpose ... ok
[INFO] [stdout] 
[INFO] [stdout] test result: ok. 3 passed; 0 failed; 0 ignored; 0 measured; 0 filtered out; finished in 0.00s
[INFO] [stdout] 
[INFO] [stderr]      Running unittests (/opt/rustwide/target/debug/deps/hash_image-92beae254e82a0a1)
[INFO] [stdout] 
[INFO] [stderr]    Doc-tests img_hash_median
[INFO] [stdout] running 0 tests
[INFO] [stdout] 
[INFO] [stdout] test result: ok. 0 passed; 0 failed; 0 ignored; 0 measured; 0 filtered out; finished in 0.00s
[INFO] [stdout] 
[INFO] [stdout] 
[INFO] [stdout] running 3 tests
[INFO] [stdout] test src/lib.rs - HasherConfig (line 70) ... FAILED
[INFO] [stdout] test src/lib.rs - (line 4) - compile ... FAILED
[INFO] [stdout] test src/lib.rs - HasherConfig (line 112) ... FAILED
[INFO] [stdout] 
[INFO] [stdout] failures:
[INFO] [stdout] 
[INFO] [stdout] ---- src/lib.rs - HasherConfig (line 70) stdout ----
[INFO] [stdout] error[E0432]: unresolved import `img_hash`
[INFO] [stdout]  --> src/lib.rs:71:5
[INFO] [stdout]   |
[INFO] [stdout] 3 | use img_hash::HasherConfig;
[INFO] [stdout]   |     ^^^^^^^^ maybe a missing crate `img_hash`?
[INFO] [stdout] 
[INFO] [stdout] error: aborting due to previous error
[INFO] [stdout] 
[INFO] [stdout] For more information about this error, try `rustc --explain E0432`.
[INFO] [stdout] Couldn't compile the test.
[INFO] [stdout] ---- src/lib.rs - (line 4) stdout ----
[INFO] [stdout] error[E0463]: can't find crate for `img_hash`
[INFO] [stdout]  --> src/lib.rs:6:1
[INFO] [stdout]   |
[INFO] [stdout] 3 | extern crate img_hash;
[INFO] [stdout]   | ^^^^^^^^^^^^^^^^^^^^^^ can't find crate
[INFO] [stdout] 
[INFO] [stdout] error: aborting due to previous error
[INFO] [stdout] 
[INFO] [stdout] For more information about this error, try `rustc --explain E0463`.
[INFO] [stdout] Couldn't compile the test.
[INFO] [stdout] ---- src/lib.rs - HasherConfig (line 112) stdout ----
[INFO] [stdout] error[E0432]: unresolved import `img_hash`
[INFO] [stdout]  --> src/lib.rs:113:5
[INFO] [stdout]   |
[INFO] [stdout] 3 | use img_hash::*;
[INFO] [stdout]   |     ^^^^^^^^ maybe a missing crate `img_hash`?
[INFO] [stdout] 
[INFO] [stdout] error[E0433]: failed to resolve: use of undeclared type `HasherConfig`
[INFO] [stdout]  --> src/lib.rs:116:14
[INFO] [stdout]   |
[INFO] [stdout] 6 | let config = HasherConfig::new();
[INFO] [stdout]   |              ^^^^^^^^^^^^ use of undeclared type `HasherConfig`
[INFO] [stdout] 
[INFO] [stdout] error[E0433]: failed to resolve: use of undeclared type `HasherConfig`
[INFO] [stdout]  --> src/lib.rs:119:14
[INFO] [stdout]   |
[INFO] [stdout] 9 | let config = HasherConfig::with_bytes_type::<[u8; 8]>();
[INFO] [stdout]   |              ^^^^^^^^^^^^ use of undeclared type `HasherConfig`
[INFO] [stdout] 
[INFO] [stdout] error: aborting due to 3 previous errors
[INFO] [stdout] 
[INFO] [stdout] Some errors have detailed explanations: E0432, E0433.
[INFO] [stdout] For more information about an error, try `rustc --explain E0432`.
[INFO] [stdout] Couldn't compile the test.
[INFO] [stdout] 
[INFO] [stdout] failures:
[INFO] [stdout]     src/lib.rs - (line 4)
[INFO] [stdout]     src/lib.rs - HasherConfig (line 112)
[INFO] [stdout]     src/lib.rs - HasherConfig (line 70)
[INFO] [stdout] 
[INFO] [stdout] test result: FAILED. 0 passed; 3 failed; 0 ignored; 0 measured; 0 filtered out; finished in 0.68s
[INFO] [stdout] 
[INFO] [stderr] error: test failed, to rerun pass '--doc'
[INFO] running `Command { std: "docker" "inspect" "f53b52cffd61c794a5c886dad3c324e16d155d793ce44f570c79ad3f680bef1f", kill_on_drop: false }`
[INFO] running `Command { std: "docker" "rm" "-f" "f53b52cffd61c794a5c886dad3c324e16d155d793ce44f570c79ad3f680bef1f", kill_on_drop: false }`
[INFO] [stdout] f53b52cffd61c794a5c886dad3c324e16d155d793ce44f570c79ad3f680bef1f
