[INFO] fetching crate image-noise 0.1.0...
[INFO] testing image-noise-0.1.0 against 1.54.0 for beta-1.55-1
[INFO] extracting crate image-noise 0.1.0 into /workspace/builds/worker-8/source
[INFO] validating manifest of crates.io crate image-noise 0.1.0 on toolchain 1.54.0
[INFO] running `Command { std: "/workspace/cargo-home/bin/cargo" "+1.54.0" "metadata" "--manifest-path" "Cargo.toml" "--no-deps", kill_on_drop: false }`
[INFO] started tweaking crates.io crate image-noise 0.1.0
[INFO] finished tweaking crates.io crate image-noise 0.1.0
[INFO] tweaked toml for crates.io crate image-noise 0.1.0 written to /workspace/builds/worker-8/source/Cargo.toml
[INFO] crate crates.io crate image-noise 0.1.0 already has a lockfile, it will not be regenerated
[INFO] running `Command { std: "/workspace/cargo-home/bin/cargo" "+1.54.0" "fetch" "--manifest-path" "Cargo.toml", kill_on_drop: false }`
[INFO] [stderr]     Blocking waiting for file lock on package cache
[INFO] running `Command { std: "docker" "create" "-v" "/var/lib/crater-agent-workspace/builds/worker-8/target:/opt/rustwide/target:rw,Z" "-v" "/var/lib/crater-agent-workspace/builds/worker-8/source:/opt/rustwide/workdir:ro,Z" "-v" "/var/lib/crater-agent-workspace/cargo-home:/opt/rustwide/cargo-home:ro,Z" "-v" "/var/lib/crater-agent-workspace/rustup-home:/opt/rustwide/rustup-home:ro,Z" "-e" "SOURCE_DIR=/opt/rustwide/workdir" "-e" "CARGO_TARGET_DIR=/opt/rustwide/target" "-e" "CARGO_HOME=/opt/rustwide/cargo-home" "-e" "RUSTUP_HOME=/opt/rustwide/rustup-home" "-w" "/opt/rustwide/workdir" "-m" "1610612736" "--user" "0:0" "--network" "none" "ghcr.io/rust-lang/crates-build-env/linux@sha256:34b6a614d2c27851fe6cbf88fbd1137609cefab8b10d0615aaeb6fd47975d74e" "/opt/rustwide/cargo-home/bin/cargo" "+1.54.0" "metadata" "--no-deps" "--format-version=1", kill_on_drop: false }`
[INFO] [stdout] 77f0f29ad9e5efc33310a37716316f4f95adaa074e0828ceefc70030cd1472bf
[INFO] [stderr] WARNING: Your kernel does not support swap limit capabilities or the cgroup is not mounted. Memory limited without swap.
[INFO] running `Command { std: "docker" "start" "-a" "77f0f29ad9e5efc33310a37716316f4f95adaa074e0828ceefc70030cd1472bf", kill_on_drop: false }`
[INFO] running `Command { std: "docker" "inspect" "77f0f29ad9e5efc33310a37716316f4f95adaa074e0828ceefc70030cd1472bf", kill_on_drop: false }`
[INFO] running `Command { std: "docker" "rm" "-f" "77f0f29ad9e5efc33310a37716316f4f95adaa074e0828ceefc70030cd1472bf", kill_on_drop: false }`
[INFO] [stdout] 77f0f29ad9e5efc33310a37716316f4f95adaa074e0828ceefc70030cd1472bf
[INFO] running `Command { std: "docker" "create" "-v" "/var/lib/crater-agent-workspace/builds/worker-8/target:/opt/rustwide/target:rw,Z" "-v" "/var/lib/crater-agent-workspace/builds/worker-8/source:/opt/rustwide/workdir:ro,Z" "-v" "/var/lib/crater-agent-workspace/cargo-home:/opt/rustwide/cargo-home:ro,Z" "-v" "/var/lib/crater-agent-workspace/rustup-home:/opt/rustwide/rustup-home:ro,Z" "-e" "SOURCE_DIR=/opt/rustwide/workdir" "-e" "CARGO_TARGET_DIR=/opt/rustwide/target" "-e" "CARGO_INCREMENTAL=0" "-e" "RUST_BACKTRACE=full" "-e" "RUSTFLAGS=--cap-lints=warn" "-e" "CARGO_HOME=/opt/rustwide/cargo-home" "-e" "RUSTUP_HOME=/opt/rustwide/rustup-home" "-w" "/opt/rustwide/workdir" "-m" "1610612736" "--user" "0:0" "--network" "none" "ghcr.io/rust-lang/crates-build-env/linux@sha256:34b6a614d2c27851fe6cbf88fbd1137609cefab8b10d0615aaeb6fd47975d74e" "/opt/rustwide/cargo-home/bin/cargo" "+1.54.0" "build" "--frozen" "--message-format=json", kill_on_drop: false }`
[INFO] [stderr] WARNING: Your kernel does not support swap limit capabilities or the cgroup is not mounted. Memory limited without swap.
[INFO] [stdout] 17cc48e6bdd9fb72a84150b9b6c8d09dc15abff16f65fce8a9c187fd3c7a2461
[INFO] running `Command { std: "docker" "start" "-a" "17cc48e6bdd9fb72a84150b9b6c8d09dc15abff16f65fce8a9c187fd3c7a2461", kill_on_drop: false }`
[INFO] [stderr]    Compiling rayon-core v1.9.1
[INFO] [stderr]    Compiling txture v0.1.1
[INFO] [stderr]    Compiling rayon v1.5.1
[INFO] [stderr]    Compiling jpeg-decoder v0.1.22
[INFO] [stderr]    Compiling tiff v0.6.1
[INFO] [stderr]    Compiling image v0.23.14
[INFO] [stderr]    Compiling image-noise v0.1.0 (/opt/rustwide/workdir)
[INFO] [stderr]     Finished dev [unoptimized + debuginfo] target(s) in 30.28s
[INFO] running `Command { std: "docker" "inspect" "17cc48e6bdd9fb72a84150b9b6c8d09dc15abff16f65fce8a9c187fd3c7a2461", kill_on_drop: false }`
[INFO] running `Command { std: "docker" "rm" "-f" "17cc48e6bdd9fb72a84150b9b6c8d09dc15abff16f65fce8a9c187fd3c7a2461", kill_on_drop: false }`
[INFO] [stdout] 17cc48e6bdd9fb72a84150b9b6c8d09dc15abff16f65fce8a9c187fd3c7a2461
[INFO] running `Command { std: "docker" "create" "-v" "/var/lib/crater-agent-workspace/builds/worker-8/target:/opt/rustwide/target:rw,Z" "-v" "/var/lib/crater-agent-workspace/builds/worker-8/source:/opt/rustwide/workdir:ro,Z" "-v" "/var/lib/crater-agent-workspace/cargo-home:/opt/rustwide/cargo-home:ro,Z" "-v" "/var/lib/crater-agent-workspace/rustup-home:/opt/rustwide/rustup-home:ro,Z" "-e" "SOURCE_DIR=/opt/rustwide/workdir" "-e" "CARGO_TARGET_DIR=/opt/rustwide/target" "-e" "CARGO_INCREMENTAL=0" "-e" "RUST_BACKTRACE=full" "-e" "RUSTFLAGS=--cap-lints=warn" "-e" "CARGO_HOME=/opt/rustwide/cargo-home" "-e" "RUSTUP_HOME=/opt/rustwide/rustup-home" "-w" "/opt/rustwide/workdir" "-m" "1610612736" "--user" "0:0" "--network" "none" "ghcr.io/rust-lang/crates-build-env/linux@sha256:34b6a614d2c27851fe6cbf88fbd1137609cefab8b10d0615aaeb6fd47975d74e" "/opt/rustwide/cargo-home/bin/cargo" "+1.54.0" "test" "--frozen" "--no-run" "--message-format=json", kill_on_drop: false }`
[INFO] [stdout] 44f8376ab89fdb81c1bb0c5deed838c46b0e8961bcb06fc2fe9e53434a3a4e7f
[INFO] [stderr] WARNING: Your kernel does not support swap limit capabilities or the cgroup is not mounted. Memory limited without swap.
[INFO] running `Command { std: "docker" "start" "-a" "44f8376ab89fdb81c1bb0c5deed838c46b0e8961bcb06fc2fe9e53434a3a4e7f", kill_on_drop: false }`
[INFO] [stderr]    Compiling image-noise v0.1.0 (/opt/rustwide/workdir)
[INFO] [stderr]     Finished test [unoptimized + debuginfo] target(s) in 4.51s
[INFO] running `Command { std: "docker" "inspect" "44f8376ab89fdb81c1bb0c5deed838c46b0e8961bcb06fc2fe9e53434a3a4e7f", kill_on_drop: false }`
[INFO] running `Command { std: "docker" "rm" "-f" "44f8376ab89fdb81c1bb0c5deed838c46b0e8961bcb06fc2fe9e53434a3a4e7f", kill_on_drop: false }`
[INFO] [stdout] 44f8376ab89fdb81c1bb0c5deed838c46b0e8961bcb06fc2fe9e53434a3a4e7f
[INFO] running `Command { std: "docker" "create" "-v" "/var/lib/crater-agent-workspace/builds/worker-8/target:/opt/rustwide/target:rw,Z" "-v" "/var/lib/crater-agent-workspace/builds/worker-8/source:/opt/rustwide/workdir:ro,Z" "-v" "/var/lib/crater-agent-workspace/cargo-home:/opt/rustwide/cargo-home:ro,Z" "-v" "/var/lib/crater-agent-workspace/rustup-home:/opt/rustwide/rustup-home:ro,Z" "-e" "SOURCE_DIR=/opt/rustwide/workdir" "-e" "CARGO_TARGET_DIR=/opt/rustwide/target" "-e" "CARGO_INCREMENTAL=0" "-e" "RUST_BACKTRACE=full" "-e" "RUSTFLAGS=--cap-lints=warn" "-e" "CARGO_HOME=/opt/rustwide/cargo-home" "-e" "RUSTUP_HOME=/opt/rustwide/rustup-home" "-w" "/opt/rustwide/workdir" "-m" "1610612736" "--user" "0:0" "--network" "none" "ghcr.io/rust-lang/crates-build-env/linux@sha256:34b6a614d2c27851fe6cbf88fbd1137609cefab8b10d0615aaeb6fd47975d74e" "/opt/rustwide/cargo-home/bin/cargo" "+1.54.0" "test" "--frozen", kill_on_drop: false }`
[INFO] [stdout] 2409a0b06cba76d88946afc3f3dfb422d4533e2691c200688043ca6c78508f6e
[INFO] [stderr] WARNING: Your kernel does not support swap limit capabilities or the cgroup is not mounted. Memory limited without swap.
[INFO] running `Command { std: "docker" "start" "-a" "2409a0b06cba76d88946afc3f3dfb422d4533e2691c200688043ca6c78508f6e", kill_on_drop: false }`
[INFO] [stderr]     Blocking waiting for file lock on package cache
[INFO] [stderr]     Finished test [unoptimized + debuginfo] target(s) in 1.79s
[INFO] [stderr]      Running unittests (/opt/rustwide/target/debug/deps/image_noise-c1064e2e152f8874)
[INFO] [stdout] 
[INFO] [stdout] running 0 tests
[INFO] [stdout] 
[INFO] [stdout] test result: ok. 0 passed; 0 failed; 0 ignored; 0 measured; 0 filtered out; finished in 0.00s
[INFO] [stdout] 
[INFO] [stderr]    Doc-tests image-noise
[INFO] [stdout] 
[INFO] [stdout] running 2 tests
[INFO] [stdout] test src/lib.rs - (line 4) ... FAILED
[INFO] [stdout] test src/lib.rs - (line 7) ... FAILED
[INFO] [stdout] 
[INFO] [stdout] failures:
[INFO] [stdout] 
[INFO] [stdout] ---- src/lib.rs - (line 4) stdout ----
[INFO] [stdout] error[E0423]: expected value, found crate `image`
[INFO] [stdout]  --> src/lib.rs:5:1
[INFO] [stdout]   |
[INFO] [stdout] 3 | image-noise = "0.1.0"
[INFO] [stdout]   | ^^^^^ not a value
[INFO] [stdout] 
[INFO] [stdout] error[E0425]: cannot find value `noise` in this scope
[INFO] [stdout]  --> src/lib.rs:5:7
[INFO] [stdout]   |
[INFO] [stdout] 3 | image-noise = "0.1.0"
[INFO] [stdout]   |       ^^^^^ not found in this scope
[INFO] [stdout] 
[INFO] [stdout] error[E0070]: invalid left-hand side of assignment
[INFO] [stdout]  --> src/lib.rs:5:13
[INFO] [stdout]   |
[INFO] [stdout] 3 | image-noise = "0.1.0"
[INFO] [stdout]   | ----------- ^
[INFO] [stdout]   | |
[INFO] [stdout]   | cannot assign to this expression
[INFO] [stdout] 
[INFO] [stdout] error: aborting due to 3 previous errors
[INFO] [stdout] 
[INFO] [stdout] Some errors have detailed explanations: E0070, E0423, E0425.
[INFO] [stdout] For more information about an error, try `rustc --explain E0070`.
[INFO] [stdout] Couldn't compile the test.
[INFO] [stdout] ---- src/lib.rs - (line 7) stdout ----
[INFO] [stdout] error[E0433]: failed to resolve: use of undeclared type `File`
[INFO] [stdout]  --> src/lib.rs:10:16
[INFO] [stdout]   |
[INFO] [stdout] 6 | let mut file = File::create("image.png").unwrap();
[INFO] [stdout]   |                ^^^^ not found in this scope
[INFO] [stdout]   |
[INFO] [stdout] help: consider importing this struct
[INFO] [stdout]   |
[INFO] [stdout] 3 | use std::fs::File;
[INFO] [stdout]   |
[INFO] [stdout] 
[INFO] [stdout] error: aborting due to previous error
[INFO] [stdout] 
[INFO] [stdout] For more information about this error, try `rustc --explain E0433`.
[INFO] [stdout] Couldn't compile the test.
[INFO] [stdout] 
[INFO] [stdout] failures:
[INFO] [stdout]     src/lib.rs - (line 4)
[INFO] [stdout]     src/lib.rs - (line 7)
[INFO] [stdout] 
[INFO] [stdout] test result: FAILED. 0 passed; 2 failed; 0 ignored; 0 measured; 0 filtered out; finished in 0.52s
[INFO] [stdout] 
[INFO] [stderr] error: test failed, to rerun pass '--doc'
[INFO] running `Command { std: "docker" "inspect" "2409a0b06cba76d88946afc3f3dfb422d4533e2691c200688043ca6c78508f6e", kill_on_drop: false }`
[INFO] running `Command { std: "docker" "rm" "-f" "2409a0b06cba76d88946afc3f3dfb422d4533e2691c200688043ca6c78508f6e", kill_on_drop: false }`
[INFO] [stdout] 2409a0b06cba76d88946afc3f3dfb422d4533e2691c200688043ca6c78508f6e
