[INFO] fetching crate il2-iltags 1.1.1...
[INFO] testing il2-iltags-1.1.1 against 1.54.0 for beta-1.55-1
[INFO] extracting crate il2-iltags 1.1.1 into /workspace/builds/worker-11/source
[INFO] validating manifest of crates.io crate il2-iltags 1.1.1 on toolchain 1.54.0
[INFO] running `Command { std: "/workspace/cargo-home/bin/cargo" "+1.54.0" "metadata" "--manifest-path" "Cargo.toml" "--no-deps", kill_on_drop: false }`
[INFO] started tweaking crates.io crate il2-iltags 1.1.1
[INFO] finished tweaking crates.io crate il2-iltags 1.1.1
[INFO] tweaked toml for crates.io crate il2-iltags 1.1.1 written to /workspace/builds/worker-11/source/Cargo.toml
[INFO] running `Command { std: "/workspace/cargo-home/bin/cargo" "+1.54.0" "generate-lockfile" "--manifest-path" "Cargo.toml" "-Zno-index-update", kill_on_drop: false }`
[INFO] running `Command { std: "/workspace/cargo-home/bin/cargo" "+1.54.0" "fetch" "--manifest-path" "Cargo.toml", kill_on_drop: false }`
[INFO] [stderr]     Blocking waiting for file lock on package cache
[INFO] running `Command { std: "docker" "create" "-v" "/var/lib/crater-agent-workspace/builds/worker-11/target:/opt/rustwide/target:rw,Z" "-v" "/var/lib/crater-agent-workspace/builds/worker-11/source:/opt/rustwide/workdir:ro,Z" "-v" "/var/lib/crater-agent-workspace/cargo-home:/opt/rustwide/cargo-home:ro,Z" "-v" "/var/lib/crater-agent-workspace/rustup-home:/opt/rustwide/rustup-home:ro,Z" "-e" "SOURCE_DIR=/opt/rustwide/workdir" "-e" "CARGO_TARGET_DIR=/opt/rustwide/target" "-e" "CARGO_HOME=/opt/rustwide/cargo-home" "-e" "RUSTUP_HOME=/opt/rustwide/rustup-home" "-w" "/opt/rustwide/workdir" "-m" "1610612736" "--user" "0:0" "--network" "none" "ghcr.io/rust-lang/crates-build-env/linux@sha256:34b6a614d2c27851fe6cbf88fbd1137609cefab8b10d0615aaeb6fd47975d74e" "/opt/rustwide/cargo-home/bin/cargo" "+1.54.0" "metadata" "--no-deps" "--format-version=1", kill_on_drop: false }`
[INFO] [stdout] 1b37dd826e8d8204af0ef883ce633d473b723b467c0c6afa83ca2a35bf673fb1
[INFO] [stderr] WARNING: Your kernel does not support swap limit capabilities or the cgroup is not mounted. Memory limited without swap.
[INFO] running `Command { std: "docker" "start" "-a" "1b37dd826e8d8204af0ef883ce633d473b723b467c0c6afa83ca2a35bf673fb1", kill_on_drop: false }`
[INFO] running `Command { std: "docker" "inspect" "1b37dd826e8d8204af0ef883ce633d473b723b467c0c6afa83ca2a35bf673fb1", kill_on_drop: false }`
[INFO] running `Command { std: "docker" "rm" "-f" "1b37dd826e8d8204af0ef883ce633d473b723b467c0c6afa83ca2a35bf673fb1", kill_on_drop: false }`
[INFO] [stdout] 1b37dd826e8d8204af0ef883ce633d473b723b467c0c6afa83ca2a35bf673fb1
[INFO] running `Command { std: "docker" "create" "-v" "/var/lib/crater-agent-workspace/builds/worker-11/target:/opt/rustwide/target:rw,Z" "-v" "/var/lib/crater-agent-workspace/builds/worker-11/source:/opt/rustwide/workdir:ro,Z" "-v" "/var/lib/crater-agent-workspace/cargo-home:/opt/rustwide/cargo-home:ro,Z" "-v" "/var/lib/crater-agent-workspace/rustup-home:/opt/rustwide/rustup-home:ro,Z" "-e" "SOURCE_DIR=/opt/rustwide/workdir" "-e" "CARGO_TARGET_DIR=/opt/rustwide/target" "-e" "CARGO_INCREMENTAL=0" "-e" "RUST_BACKTRACE=full" "-e" "RUSTFLAGS=--cap-lints=warn" "-e" "CARGO_HOME=/opt/rustwide/cargo-home" "-e" "RUSTUP_HOME=/opt/rustwide/rustup-home" "-w" "/opt/rustwide/workdir" "-m" "1610612736" "--user" "0:0" "--network" "none" "ghcr.io/rust-lang/crates-build-env/linux@sha256:34b6a614d2c27851fe6cbf88fbd1137609cefab8b10d0615aaeb6fd47975d74e" "/opt/rustwide/cargo-home/bin/cargo" "+1.54.0" "build" "--frozen" "--message-format=json", kill_on_drop: false }`
[INFO] [stdout] 4093f047472b84fe42f66872573485047a5accb0a54c7ec7e071681ec43e20f3
[INFO] [stderr] WARNING: Your kernel does not support swap limit capabilities or the cgroup is not mounted. Memory limited without swap.
[INFO] running `Command { std: "docker" "start" "-a" "4093f047472b84fe42f66872573485047a5accb0a54c7ec7e071681ec43e20f3", kill_on_drop: false }`
[INFO] [stderr]    Compiling il2-iltags v1.1.1 (/opt/rustwide/workdir)
[INFO] [stderr]     Finished dev [unoptimized + debuginfo] target(s) in 1.33s
[INFO] running `Command { std: "docker" "inspect" "4093f047472b84fe42f66872573485047a5accb0a54c7ec7e071681ec43e20f3", kill_on_drop: false }`
[INFO] running `Command { std: "docker" "rm" "-f" "4093f047472b84fe42f66872573485047a5accb0a54c7ec7e071681ec43e20f3", kill_on_drop: false }`
[INFO] [stdout] 4093f047472b84fe42f66872573485047a5accb0a54c7ec7e071681ec43e20f3
[INFO] running `Command { std: "docker" "create" "-v" "/var/lib/crater-agent-workspace/builds/worker-11/target:/opt/rustwide/target:rw,Z" "-v" "/var/lib/crater-agent-workspace/builds/worker-11/source:/opt/rustwide/workdir:ro,Z" "-v" "/var/lib/crater-agent-workspace/cargo-home:/opt/rustwide/cargo-home:ro,Z" "-v" "/var/lib/crater-agent-workspace/rustup-home:/opt/rustwide/rustup-home:ro,Z" "-e" "SOURCE_DIR=/opt/rustwide/workdir" "-e" "CARGO_TARGET_DIR=/opt/rustwide/target" "-e" "CARGO_INCREMENTAL=0" "-e" "RUST_BACKTRACE=full" "-e" "RUSTFLAGS=--cap-lints=warn" "-e" "CARGO_HOME=/opt/rustwide/cargo-home" "-e" "RUSTUP_HOME=/opt/rustwide/rustup-home" "-w" "/opt/rustwide/workdir" "-m" "1610612736" "--user" "0:0" "--network" "none" "ghcr.io/rust-lang/crates-build-env/linux@sha256:34b6a614d2c27851fe6cbf88fbd1137609cefab8b10d0615aaeb6fd47975d74e" "/opt/rustwide/cargo-home/bin/cargo" "+1.54.0" "test" "--frozen" "--no-run" "--message-format=json", kill_on_drop: false }`
[INFO] [stdout] 7d7c85d8cf818368d16973a6b8e90ae3f87e67b5b8efbee3f728f825c7890bdc
[INFO] [stderr] WARNING: Your kernel does not support swap limit capabilities or the cgroup is not mounted. Memory limited without swap.
[INFO] running `Command { std: "docker" "start" "-a" "7d7c85d8cf818368d16973a6b8e90ae3f87e67b5b8efbee3f728f825c7890bdc", kill_on_drop: false }`
[INFO] [stderr]    Compiling il2-iltags v1.1.1 (/opt/rustwide/workdir)
[INFO] [stderr]     Finished test [unoptimized + debuginfo] target(s) in 4.83s
[INFO] running `Command { std: "docker" "inspect" "7d7c85d8cf818368d16973a6b8e90ae3f87e67b5b8efbee3f728f825c7890bdc", kill_on_drop: false }`
[INFO] running `Command { std: "docker" "rm" "-f" "7d7c85d8cf818368d16973a6b8e90ae3f87e67b5b8efbee3f728f825c7890bdc", kill_on_drop: false }`
[INFO] [stdout] 7d7c85d8cf818368d16973a6b8e90ae3f87e67b5b8efbee3f728f825c7890bdc
[INFO] running `Command { std: "docker" "create" "-v" "/var/lib/crater-agent-workspace/builds/worker-11/target:/opt/rustwide/target:rw,Z" "-v" "/var/lib/crater-agent-workspace/builds/worker-11/source:/opt/rustwide/workdir:ro,Z" "-v" "/var/lib/crater-agent-workspace/cargo-home:/opt/rustwide/cargo-home:ro,Z" "-v" "/var/lib/crater-agent-workspace/rustup-home:/opt/rustwide/rustup-home:ro,Z" "-e" "SOURCE_DIR=/opt/rustwide/workdir" "-e" "CARGO_TARGET_DIR=/opt/rustwide/target" "-e" "CARGO_INCREMENTAL=0" "-e" "RUST_BACKTRACE=full" "-e" "RUSTFLAGS=--cap-lints=warn" "-e" "CARGO_HOME=/opt/rustwide/cargo-home" "-e" "RUSTUP_HOME=/opt/rustwide/rustup-home" "-w" "/opt/rustwide/workdir" "-m" "1610612736" "--user" "0:0" "--network" "none" "ghcr.io/rust-lang/crates-build-env/linux@sha256:34b6a614d2c27851fe6cbf88fbd1137609cefab8b10d0615aaeb6fd47975d74e" "/opt/rustwide/cargo-home/bin/cargo" "+1.54.0" "test" "--frozen", kill_on_drop: false }`
[INFO] [stdout] cec9e6b6e6b9a2edbebd024e5b37fb614f4775724b9ee71f6533437a6b7f0bd9
[INFO] [stderr] WARNING: Your kernel does not support swap limit capabilities or the cgroup is not mounted. Memory limited without swap.
[INFO] running `Command { std: "docker" "start" "-a" "cec9e6b6e6b9a2edbebd024e5b37fb614f4775724b9ee71f6533437a6b7f0bd9", kill_on_drop: false }`
[INFO] [stderr]     Finished test [unoptimized + debuginfo] target(s) in 0.01s
[INFO] [stderr]      Running unittests (/opt/rustwide/target/debug/deps/il2_iltags-257c1fba7302232a)
[INFO] [stdout] 
[INFO] [stdout] running 257 tests
[INFO] [stdout] test io::array::tests::test_bytearrayreader_as_slice ... ok
[INFO] [stdout] test io::array::tests::test_bytearrayreader_available ... ok
[INFO] [stdout] test io::array::tests::test_borrowedvecwriter_writer_write_all ... ok
[INFO] [stdout] test io::array::tests::test_borrowedvecwriter_writer_write ... ok
[INFO] [stdout] test ilint::tests::test_encoded_size ... ok
[INFO] [stdout] test ilint::tests::test_encode ... ok
[INFO] [stdout] test io::array::tests::test_bytearrayreader_can_read ... ok
[INFO] [stdout] test io::array::tests::test_bytearrayreader_get_set_offset ... ok
[INFO] [stdout] test io::array::tests::test_bytearrayreader_new ... ok
[INFO] [stdout] test ilint::tests::test_decoded_size ... ok
[INFO] [stdout] test io::array::tests::test_bytearrayreader_reader_read ... ok
[INFO] [stdout] test io::array::tests::test_bytearrayreader_reader_readall ... ok
[INFO] [stdout] test io::array::tests::test_bytearrayreader_skip ... ok
[INFO] [stdout] test io::array::tests::test_vecreader_available ... ok
[INFO] [stdout] test io::array::tests::test_vecreader_can_read ... ok
[INFO] [stdout] test io::array::tests::test_vecreader_get_set_offset ... ok
[INFO] [stdout] test io::array::tests::test_vecreader_get_vec ... ok
[INFO] [stdout] test io::array::tests::test_vecreader_new ... ok
[INFO] [stdout] test ilint::tests::test_decode_from_bytes ... ok
[INFO] [stdout] test io::array::tests::test_vecreader_reader_read ... ok
[INFO] [stdout] test ilint::tests::test_constants ... ok
[INFO] [stdout] test io::array::tests::test_borrowedvecwriter_get_set_read_only ... ok
[INFO] [stdout] test io::array::tests::test_borrowedvecwriter_can_write ... ok
[INFO] [stdout] test ilint::tests::test_decode ... ok
[INFO] [stdout] test io::array::tests::test_vecwriter_writer_write ... ok
[INFO] [stdout] test io::array::tests::test_borrowedvecwriter_new ... ok
[INFO] [stdout] test io::array::tests::test_vecreader_skip ... ok
[INFO] [stdout] test io::array::tests::test_borrowedvecwriter_get_vec ... ok
[INFO] [stdout] test io::array::tests::test_vecwriter_as_slice ... ok
[INFO] [stdout] test io::array::tests::test_vecwriter_can_write ... ok
[INFO] [stdout] test io::array::tests::test_vecwriter_get_set_read_only ... ok
[INFO] [stdout] test io::array::tests::test_vecwriter_get_vec ... ok
[INFO] [stdout] test io::data::tests::test_float_data_writer_f32 ... ok
[INFO] [stdout] test io::data::tests::test_datareader_trait_impl ... ok
[INFO] [stdout] test io::data::tests::test_float_data_writer_f64 ... ok
[INFO] [stdout] test io::data::tests::test_ilint_data_reader ... ok
[INFO] [stdout] test io::data::tests::test_datawriter_trait_impl ... ok
[INFO] [stdout] test io::data::tests::test_ilint_data_writer ... ok
[INFO] [stdout] test io::data::tests::test_data_reader ... ok
[INFO] [stdout] test io::data::tests::test_int_data_reader_i16 ... ok
[INFO] [stdout] test io::data::tests::test_int_data_reader_i32 ... ok
[INFO] [stdout] test io::data::tests::test_float_data_reader_f64 ... ok
[INFO] [stdout] test io::array::tests::test_vecreader_reader_readall ... ok
[INFO] [stdout] test ilint::tests::test_decode_body ... ok
[INFO] [stdout] test io::data::tests::test_int_data_reader_u64 ... ok
[INFO] [stdout] test io::data::tests::test_int_data_writer_u16 ... ok
[INFO] [stdout] test io::array::tests::test_vecwriter_with_capacity ... ok
[INFO] [stdout] test io::array::tests::test_vecwriter_writer_write_all ... ok
[INFO] [stdout] test io::array::tests::test_vecwriter_new ... ok
[INFO] [stdout] test io::data::tests::test_data_writer ... ok
[INFO] [stdout] test io::data::tests::test_int_data_reader_u32 ... ok
[INFO] [stdout] test io::data::tests::test_int_data_writer_i16 ... ok
[INFO] [stdout] test ilint::tests::test_errorkind_debug ... ok
[INFO] [stdout] test io::data::tests::test_int_data_writer_i32 ... ok
[INFO] [stdout] test io::data::tests::test_int_data_reader_u8 ... ok
[INFO] [stdout] test io::data::tests::test_int_data_writer_i64 ... ok
[INFO] [stdout] test io::data::tests::test_int_data_writer_i8 ... ok
[INFO] [stdout] test io::data::tests::test_int_data_reader_i8 ... ok
[INFO] [stdout] test io::data::tests::test_int_data_writer_u64 ... ok
[INFO] [stdout] test io::data::tests::test_int_data_reader_i64 ... ok
[INFO] [stdout] test io::data::tests::test_int_data_reader_u16 ... ok
[INFO] [stdout] test io::data::tests::test_string_data_writer_f64 ... ok
[INFO] [stdout] test io::tests::test_errorkind_debug ... ok
[INFO] [stdout] test io::tests::test_limitedreader_available ... ok
[INFO] [stdout] test io::tests::test_limitedreader_can_read ... ok
[INFO] [stdout] test io::tests::test_limitedreader_empty ... ok
[INFO] [stdout] test io::tests::test_limitedreader_goto_end ... ok
[INFO] [stdout] test io::tests::test_limitedreader_new ... ok
[INFO] [stdout] test io::tests::test_readreader_new ... ok
[INFO] [stdout] test io::tests::test_readreader_read ... ok
[INFO] [stdout] test io::tests::test_readreader_read_all ... ok
[INFO] [stdout] test io::tests::test_writewriter_write ... ok
[INFO] [stdout] test io::tests::test_writewriter_write_all ... ok
[INFO] [stdout] test tags::payload::tests::test_testtagpayloadtag_defaultwithid ... ok
[INFO] [stdout] test io::data::tests::test_string_data_reader ... ok
[INFO] [stdout] test tags::payload::tests::test_testtagpayloadtag_iltag_deserialize_value ... ok
[INFO] [stdout] test io::tests::test_limitedreader_read ... ok
[INFO] [stdout] test tags::standard::explicit::tests::test_ilbigdectag_iltag_serialize_value ... ok
[INFO] [stdout] test tags::standard::explicit::tests::test_ilbigdectag_iltag_value_size ... ok
[INFO] [stdout] test tags::standard::explicit::tests::test_ilbigdectag_impl ... ok
[INFO] [stdout] test tags::standard::explicit::tests::test_ilbiginttag_default ... ok
[INFO] [stdout] test tags::standard::explicit::tests::test_ilbiginttag_iltag_deserialize ... ok
[INFO] [stdout] test tags::standard::explicit::tests::test_ilbiginttag_iltag_serialize ... ok
[INFO] [stdout] test tags::standard::explicit::tests::test_ilbiginttag_iltag_value_size ... ok
[INFO] [stdout] test tags::standard::explicit::tests::test_ilbiginttag_impl ... ok
[INFO] [stdout] test tags::standard::explicit::tests::test_ilbytearraytag_default ... ok
[INFO] [stdout] test tags::standard::explicit::tests::test_ilbytearraytag_iltag_deserialize ... ok
[INFO] [stdout] test tags::standard::explicit::tests::test_ilbytearraytag_iltag_serialize ... ok
[INFO] [stdout] test tags::standard::explicit::tests::test_ilbytearraytag_iltag_value_size ... ok
[INFO] [stdout] test tags::standard::explicit::tests::test_ilbytearraytag_impl ... ok
[INFO] [stdout] test io::data::tests::test_int_data_writer_u8 ... ok
[INFO] [stdout] test tags::standard::explicit::tests::test_ildicttag_iltag_deserialze_value_non_strict ... ok
[INFO] [stdout] test tags::standard::explicit::tests::test_ildicttag_iltag_deserialze_value_strict ... ok
[INFO] [stdout] test tags::payload::tests::test_testtagpayloadtag_iltag_serialize_value ... ok
[INFO] [stdout] test tags::payload::tests::test_testtagpayloadtag_impl ... ok
[INFO] [stdout] test io::data::tests::test_float_data_reader_f32 ... ok
[INFO] [stdout] test tags::standard::explicit::tests::test_deserialize_string_tag_from_value ... ok
[INFO] [stdout] test tags::standard::explicit::tests::test_ildicttag_iltag_serialze_value ... ok
[INFO] [stdout] test tags::standard::explicit::tests::test_ildicttag_iltag_value_size ... ok
[INFO] [stdout] test io::data::tests::test_int_data_writer_u32 ... ok
[INFO] [stdout] test tags::standard::explicit::tests::test_deserialize_string_tag_from_value_into ... ok
[INFO] [stdout] test tags::standard::explicit::tests::test_ilbigdectag_iltag_deserialize_value ... ok
[INFO] [stdout] test tags::payload::tests::test_testtagpayload_default ... ok
[INFO] [stdout] test tags::payload::tests::test_testtagpayload_iltagpayload_serialize ... ok
[INFO] [stdout] test tags::payload::tests::test_testtagpayloadtag_iltag_value_size ... ok
[INFO] [stdout] test tags::payload::tests::test_testtagpayload_iltagpayload_deserialize ... ok
[INFO] [stdout] test tags::payload::tests::test_testtagpayload_iltagpayload_serialized_size ... ok
[INFO] [stdout] test io::tests::test_writewriter_new ... ok
[INFO] [stdout] test io::tests::test_limitedreader_read_all ... ok
[INFO] [stdout] test tags::standard::explicit::tests::test_ildicttag_impl ... ok
[INFO] [stdout] test tags::standard::explicit::tests::test_ililintarraytag_iltag_value_size ... ok
[INFO] [stdout] test tags::standard::explicit::tests::test_ilrangetag_iltag_value_size ... ok
[INFO] [stdout] test tags::standard::explicit::tests::test_ililintarraytag_iltag_deserialize_value ... ok
[INFO] [stdout] test tags::standard::explicit::tests::test_ilstrdicttag_iltag_deserialze_value ... ok
[INFO] [stdout] test tags::standard::explicit::tests::test_ilstrdicttag_iltag_value_size ... ok
[INFO] [stdout] test tags::standard::explicit::tests::test_ilrangetag_impl ... ok
[INFO] [stdout] test tags::standard::explicit::tests::test_ilstrdicttag_iltag_serialze_value ... ok
[INFO] [stdout] test tags::standard::explicit::tests::test_ilstrdicttag_impl ... ok
[INFO] [stdout] test tags::standard::explicit::tests::test_ilrangetag_iltag_deserialize_value ... ok
[INFO] [stdout] test tags::standard::explicit::tests::test_ilrangetag_iltag_serialize_value ... ok
[INFO] [stdout] test tags::standard::explicit::tests::test_ililintarraytag_iltag_serialize_value ... ok
[INFO] [stdout] test tags::standard::explicit::tests::test_iloidtag_impl ... ok
[INFO] [stdout] test tags::standard::explicit::tests::test_iloidtag_iltag_serialize_value ... ok
[INFO] [stdout] test tags::standard::explicit::tests::test_ililintarraytag_impl ... ok
[INFO] [stdout] test tags::standard::explicit::tests::test_iloidtag_iltag_value_size ... ok
[INFO] [stdout] test tags::standard::explicit::tests::test_iloidtag_iltag_deserialize_value ... ok
[INFO] [stdout] test tags::standard::explicit::tests::test_iltagseqtag_iltag_deserialize_value_non_strict ... ok
[INFO] [stdout] test tags::standard::explicit::tests::test_iltagarraytag_impl ... ok
[INFO] [stdout] test tags::standard::explicit::tests::test_iltagseqtag_impl ... ok
[INFO] [stdout] test tags::standard::explicit::tests::test_iltagarraytag_iltag_value_size ... ok
[INFO] [stdout] test tags::standard::explicit::tests::test_ilversiontag_iltag_value_size ... ok
[INFO] [stdout] test tags::standard::explicit::tests::test_iltagseqtag_iltag_serialize_value ... ok
[INFO] [stdout] test tags::standard::explicit::tests::test_ilversiontag_impl ... ok
[INFO] [stdout] test tags::standard::explicit::tests::test_string_tag_size_from_value ... ok
[INFO] [stdout] test tags::standard::explicit::tests::test_iltagarraytag_iltag_serialize_value ... ok
[INFO] [stdout] test tags::standard::explicit::tests::test_iltagseqtag_iltag_deserialize_value_strict ... ok
[INFO] [stdout] test tags::standard::explicit::tests::test_ilversiontag_iltag_deserialize_value ... ok
[INFO] [stdout] test tags::standard::explicit::tests::test_ilversiontag_iltag_serialize_value ... ok
[INFO] [stdout] test tags::standard::explicit::tests::test_iltagarraytag_iltag_deserialize_value_strict ... ok
[INFO] [stdout] test tags::standard::explicit::tests::test_serialize_string_tag_from_value ... ok
[INFO] [stdout] test tags::standard::factory::tests::test_ilstandardtagfactory_iltagfactory_create_tag_non_strict ... ok
[INFO] [stdout] test tags::standard::factory::tests::test_create_std_engine_non_strict ... ok
[INFO] [stdout] test tags::standard::explicit::tests::test_ilstringtag_impl ... ok
[INFO] [stdout] test tags::standard::explicit::tests::test_ilstringtag_iltag_value_size ... ok
[INFO] [stdout] test tags::standard::implicit::tests::test_ilbin128tag_iltag_deserialize ... ok
[INFO] [stdout] test tags::standard::implicit::tests::test_ilbin128tag_iltag_serialize ... ok
[INFO] [stdout] test tags::standard::explicit::tests::test_iltagseqtag_iltag_value_size ... ok
[INFO] [stdout] test tags::standard::implicit::tests::test_ilbin128tag_iltag_size ... ok
[INFO] [stdout] test tags::standard::factory::tests::test_create_std_engine_strict ... ok
[INFO] [stdout] test tags::standard::implicit::tests::test_ilbin128tag_new ... ok
[INFO] [stdout] test tags::standard::explicit::tests::test_iltagarraytag_iltag_deserialize_value_non_strict ... ok
[INFO] [stdout] test tags::standard::implicit::tests::test_ilbin64tag_iltag_serialize ... ok
[INFO] [stdout] test tags::standard::implicit::tests::test_ilbin64tag_iltag_size ... ok
[INFO] [stdout] test tags::standard::factory::tests::test_ilstandardtagfactory_iltagfactory_deserialize_strict ... ok
[INFO] [stdout] test tags::standard::explicit::tests::test_ilstringtag_iltag_deserialize ... ok
[INFO] [stdout] test tags::standard::explicit::tests::test_ilstringtag_iltag_serialize ... ok
[INFO] [stdout] test tags::standard::implicit::tests::test_ilbin64tag_new ... ok
[INFO] [stdout] test tags::standard::implicit::tests::test_ilbin32tag_iltag_deserialize ... ok
[INFO] [stdout] test tags::standard::implicit::tests::test_ilbooltag_iltag_deserialize ... ok
[INFO] [stdout] test tags::standard::implicit::tests::test_ilbooltag_iltag_serialize ... ok
[INFO] [stdout] test tags::standard::implicit::tests::test_ilbin32tag_iltag_serialize ... ok
[INFO] [stdout] test tags::standard::implicit::tests::test_ilbooltag_new ... ok
[INFO] [stdout] test tags::standard::factory::tests::test_ilstandardtagfactory_iltagfactory_create_tag_strict ... ok
[INFO] [stdout] test tags::standard::implicit::tests::test_ilbin32tag_iltag_size ... ok
[INFO] [stdout] test tags::standard::factory::tests::test_ilstandardtagfactory_iltagfactory_deserialize_non_strict ... ok
[INFO] [stdout] test tags::standard::factory::tests::test_ilstandardtagfactory_struct ... ok
[INFO] [stdout] test tags::standard::implicit::tests::test_ilbin32tag_new ... ok
[INFO] [stdout] test tags::standard::implicit::tests::test_ilint16tag_new ... ok
[INFO] [stdout] test tags::standard::implicit::tests::test_ilint16tag_iltag_size ... ok
[INFO] [stdout] test tags::standard::implicit::tests::test_ilint16tag_iltag_serialize ... ok
[INFO] [stdout] test tags::standard::implicit::tests::test_ililint64tag_iltag_deserialize ... ok
[INFO] [stdout] test tags::standard::implicit::tests::test_ilbin64tag_iltag_deserialize ... ok
[INFO] [stdout] test tags::standard::implicit::tests::test_ililint64tag_iltag_serialize ... ok
[INFO] [stdout] test tags::standard::implicit::tests::test_ililint64tag_new ... ok
[INFO] [stdout] test tags::standard::implicit::tests::test_ilint32tag_iltag_size ... ok
[INFO] [stdout] test tags::standard::implicit::tests::test_ilint32tag_iltag_serialize ... ok
[INFO] [stdout] test tags::standard::implicit::tests::test_ilbooltag_iltag_size ... ok
[INFO] [stdout] test tags::standard::implicit::tests::test_ilint32tag_iltag_deserialize ... ok
[INFO] [stdout] test tags::standard::implicit::tests::test_ilint32tag_new ... ok
[INFO] [stdout] test tags::standard::implicit::tests::test_ilint64tag_iltag_size ... ok
[INFO] [stdout] test tags::standard::implicit::tests::test_ilint8tag_iltag_serialize ... ok
[INFO] [stdout] test tags::standard::implicit::tests::test_ilint8tag_new ... ok
[INFO] [stdout] test tags::standard::implicit::tests::test_ilnulltag_iltag_deserialize ... ok
[INFO] [stdout] test tags::standard::implicit::tests::test_ilnulltag_iltag_serialize ... ok
[INFO] [stdout] test tags::standard::implicit::tests::test_ilnulltag_iltag_size ... ok
[INFO] [stdout] test tags::standard::implicit::tests::test_ilnulltag_new ... ok
[INFO] [stdout] test tags::standard::implicit::tests::test_iluint16tag_iltag_serialize ... ok
[INFO] [stdout] test tags::standard::implicit::tests::test_iluint16tag_iltag_size ... ok
[INFO] [stdout] test tags::standard::implicit::tests::test_iluint16tag_new ... ok
[INFO] [stdout] test tags::standard::implicit::tests::test_iluint32tag_iltag_serialize ... ok
[INFO] [stdout] test tags::standard::implicit::tests::test_ilint8tag_iltag_size ... ok
[INFO] [stdout] test tags::standard::implicit::tests::test_iluint32tag_iltag_size ... ok
[INFO] [stdout] test tags::standard::implicit::tests::test_ilint64tag_iltag_deserialize ... ok
[INFO] [stdout] test tags::standard::implicit::tests::test_ilint64tag_iltag_serialize ... ok
[INFO] [stdout] test tags::standard::implicit::tests::test_iluint32tag_new ... ok
[INFO] [stdout] test tags::standard::implicit::tests::test_iluint64tag_iltag_size ... ok
[INFO] [stdout] test tags::standard::implicit::tests::test_iluint64tag_iltag_serialize ... ok
[INFO] [stdout] test tags::standard::implicit::tests::test_ilint8tag_iltag_deserialize ... ok
[INFO] [stdout] test tags::standard::implicit::tests::test_ilint64tag_new ... ok
[INFO] [stdout] test tags::tests::test_assert_tag_id_and_type ... ok
[INFO] [stdout] test tags::tests::test_assert_tag_id_and_type_or_error ... ok
[INFO] [stdout] test tags::tests::test_constants ... ok
[INFO] [stdout] test tags::standard::implicit::tests::test_ililint64tag_iltag_size ... ok
[INFO] [stdout] test tags::tests::test_errorkind_debug ... ok
[INFO] [stdout] test tags::standard::implicit::tests::test_ilint16tag_iltag_deserialize ... ok
[INFO] [stdout] test tags::standard::implicit::tests::test_implicit_tag_size ... ok
[INFO] [stdout] test tags::standard::implicit::tests::test_iulint32tag_iltag_deserialize ... ok
[INFO] [stdout] test tags::standard::implicit::tests::test_iluint8tag_iltag_serialize ... ok
[INFO] [stdout] test tags::standard::implicit::tests::test_iluint64tag_new ... ok
[INFO] [stdout] test tags::tests::test_ilrawtag_iltag_value_size ... ok
[INFO] [stdout] test tags::tests::test_ilrawtag_iltag_deserialize_value ... ok
[INFO] [stdout] test tags::tests::test_ilrawtag_iltag_base ... ok
[INFO] [stdout] test tags::tests::test_ilrawtag_mut_value ... ok
[INFO] [stdout] test tags::tests::test_ilrawtag_new ... ok
[INFO] [stdout] test tags::tests::test_ildefaultwithidtagcreator ... ok
[INFO] [stdout] test tags::standard::implicit::tests::test_iulint16tag_iltag_deserialize ... ok
[INFO] [stdout] test tags::standard::implicit::tests::test_iulint64tag_iltag_deserialize ... ok
[INFO] [stdout] test tags::standard::implicit::tests::test_iluint8tag_new ... ok
[INFO] [stdout] test tags::standard::implicit::tests::test_iluint8tag_iltag_size ... ok
[INFO] [stdout] test tags::standard::tests::test_constants ... ok
[INFO] [stdout] test tags::tests::test_ildefaulttagcreator ... ok
[INFO] [stdout] test tags::standard::implicit::tests::test_iulint8tag_iltag_deserialize ... ok
[INFO] [stdout] test tags::tests::test_deserialize_bytes ... ok
[INFO] [stdout] test tags::tests::test_deserialize_ilint ... ok
[INFO] [stdout] test tags::tests::test_deserialize_bytes_into_vec ... ok
[INFO] [stdout] test tags::tests::test_iltag_serialize ... ok
[INFO] [stdout] test tags::tests::test_ilrawtag_default_with_id ... ok
[INFO] [stdout] test tags::tests::test_iltag_size ... ok
[INFO] [stdout] test tags::tests::test_iltagcreator_for_dummytagcreator ... ok
[INFO] [stdout] test tags::tests::test_iltagcreatorengine_new ... ok
[INFO] [stdout] test tags::tests::test_serialize_ilint ... ok
[INFO] [stdout] test tags::tests::test_serialize_bytes ... ok
[INFO] [stdout] test tags::tests::test_is_reserved_tag ... ok
[INFO] [stdout] test tags::tests::test_tag_downcast_ref ... ok
[INFO] [stdout] test tags::tests::test_tag_downcast_mut ... ok
[INFO] [stdout] test tags::tests::test_tag_downcast_ref_with_id ... ok
[INFO] [stdout] test tags::tests::test_tag_downcast_mut_with_id ... ok
[INFO] [stdout] test tags::tests::test_tag_id_downcast_mut ... ok
[INFO] [stdout] test tags::tests::test_tag_id_downcast_ref ... ok
[INFO] [stdout] test tags::tests::test_tag_size_to_usize ... ok
[INFO] [stdout] test tags::util::tests::test_iltag_are_equal ... ok
[INFO] [stdout] test tags::util::tests::test_iltag_clone ... ok
[INFO] [stdout] test tags::util::tests::test_iltag_clone_with_factory ... ok
[INFO] [stdout] test tags::util::tests::test_limited_reader_ensure_empty ... ok
[INFO] [stdout] test tags::tests::test_ilrawtag_with_value ... ok
[INFO] [stdout] test tags::tests::test_iltagcreatorengine_normal ... ok
[INFO] [stdout] test tags::tests::test_iltagcreatorengine_deregister ... ok
[INFO] [stdout] test tags::tests::test_iltag_is_implicity ... ok
[INFO] [stdout] test tags::tests::test_iltag_is_reserved ... ok
[INFO] [stdout] test tags::tests::test_iltagcreatorengine_strict ... ok
[INFO] [stdout] test tags::tests::test_is_implicit_tag ... ok
[INFO] [stdout] test tags::tests::test_ilrawtag_with_capacity ... ok
[INFO] [stdout] test tags::tests::test_ilrawtag_new_bad_id - should panic ... ok
[INFO] [stdout] test tags::tests::test_ildefaulttagcreator_bad_id - should panic ... ok
[INFO] [stderr]    Doc-tests il2-iltags
[INFO] [stdout] test tags::tests::test_ilrawtag_with_capacity_bad_id - should panic ... ok
[INFO] [stdout] test tags::tests::test_ilrawtag_with_value_bad_id - should panic ... ok
[INFO] [stdout] test tags::tests::test_iltagcreator_for_dummytagcreator_error - should panic ... ok
[INFO] [stdout] 
[INFO] [stdout] test result: ok. 257 passed; 0 failed; 0 ignored; 0 measured; 0 filtered out; finished in 0.09s
[INFO] [stdout] 
[INFO] [stdout] 
[INFO] [stdout] running 5 tests
[INFO] [stdout] test src/tags/standard/explicit/mod.rs - tags::standard::explicit::ILDictTag::get (line 1085) ... ignored
[INFO] [stdout] test src/tags/standard/explicit/mod.rs - tags::standard::explicit::ILDictTag::insert (line 1067) ... ignored
[INFO] [stdout] test src/tags/standard/explicit/mod.rs - tags::standard::explicit::ILStrDictTag::get (line 1233) ... ignored
[INFO] [stdout] test src/tags/standard/explicit/mod.rs - tags::standard::explicit::ILStrDictTag::insert (line 1215) ... ignored
[INFO] [stdout] test src/tags/payload/mod.rs - tags::payload::ILGenericPayloadTag (line 102) ... FAILED
[INFO] [stdout] 
[INFO] [stdout] failures:
[INFO] [stdout] 
[INFO] [stdout] ---- src/tags/payload/mod.rs - tags::payload::ILGenericPayloadTag (line 102) stdout ----
[INFO] [stdout] error: non-item in item list
[INFO] [stdout]  --> src/tags/payload/mod.rs:105:37
[INFO] [stdout]   |
[INFO] [stdout] 5 | impl ILTagPayload for DummyPayload {...}
[INFO] [stdout]   |                                    -^^^- item list ends here
[INFO] [stdout]   |                                    ||
[INFO] [stdout]   |                                    |non-item starts here
[INFO] [stdout]   |                                    item list starts here
[INFO] [stdout] 
[INFO] [stdout] error[E0405]: cannot find trait `ILTagPayload` in this scope
[INFO] [stdout]  --> src/tags/payload/mod.rs:105:6
[INFO] [stdout]   |
[INFO] [stdout] 5 | impl ILTagPayload for DummyPayload {...}
[INFO] [stdout]   |      ^^^^^^^^^^^^ not found in this scope
[INFO] [stdout]   |
[INFO] [stdout] help: consider importing this trait
[INFO] [stdout]   |
[INFO] [stdout] 2 | use il2_iltags::tags::payload::ILTagPayload;
[INFO] [stdout]   |
[INFO] [stdout] 
[INFO] [stdout] error[E0412]: cannot find type `ILGenericPayloadTag` in this scope
[INFO] [stdout]  --> src/tags/payload/mod.rs:107:24
[INFO] [stdout]   |
[INFO] [stdout] 7 | type DummyPayloadTag = ILGenericPayloadTag<DummyPayload>;
[INFO] [stdout]   |                        ^^^^^^^^^^^^^^^^^^^ not found in this scope
[INFO] [stdout]   |
[INFO] [stdout] help: consider importing this struct
[INFO] [stdout]   |
[INFO] [stdout] 2 | use il2_iltags::tags::payload::ILGenericPayloadTag;
[INFO] [stdout]   |
[INFO] [stdout] 
[INFO] [stdout] error: aborting due to 3 previous errors
[INFO] [stdout] 
[INFO] [stdout] Some errors have detailed explanations: E0405, E0412.
[INFO] [stdout] For more information about an error, try `rustc --explain E0405`.
[INFO] [stdout] Couldn't compile the test.
[INFO] [stdout] 
[INFO] [stdout] failures:
[INFO] [stdout]     src/tags/payload/mod.rs - tags::payload::ILGenericPayloadTag (line 102)
[INFO] [stdout] 
[INFO] [stdout] test result: FAILED. 0 passed; 1 failed; 4 ignored; 0 measured; 0 filtered out; finished in 0.22s
[INFO] [stdout] 
[INFO] [stderr] error: test failed, to rerun pass '--doc'
[INFO] running `Command { std: "docker" "inspect" "cec9e6b6e6b9a2edbebd024e5b37fb614f4775724b9ee71f6533437a6b7f0bd9", kill_on_drop: false }`
[INFO] running `Command { std: "docker" "rm" "-f" "cec9e6b6e6b9a2edbebd024e5b37fb614f4775724b9ee71f6533437a6b7f0bd9", kill_on_drop: false }`
[INFO] [stdout] cec9e6b6e6b9a2edbebd024e5b37fb614f4775724b9ee71f6533437a6b7f0bd9
