[INFO] fetching crate icu_testdata 0.3.0...
[INFO] testing icu_testdata-0.3.0 against 1.54.0 for beta-1.55-1
[INFO] extracting crate icu_testdata 0.3.0 into /workspace/builds/worker-1/source
[INFO] validating manifest of crates.io crate icu_testdata 0.3.0 on toolchain 1.54.0
[INFO] running `Command { std: "/workspace/cargo-home/bin/cargo" "+1.54.0" "metadata" "--manifest-path" "Cargo.toml" "--no-deps", kill_on_drop: false }`
[INFO] started tweaking crates.io crate icu_testdata 0.3.0
[INFO] finished tweaking crates.io crate icu_testdata 0.3.0
[INFO] tweaked toml for crates.io crate icu_testdata 0.3.0 written to /workspace/builds/worker-1/source/Cargo.toml
[INFO] running `Command { std: "/workspace/cargo-home/bin/cargo" "+1.54.0" "generate-lockfile" "--manifest-path" "Cargo.toml" "-Zno-index-update", kill_on_drop: false }`
[INFO] [stderr]     Blocking waiting for file lock on package cache
[INFO] running `Command { std: "/workspace/cargo-home/bin/cargo" "+1.54.0" "fetch" "--manifest-path" "Cargo.toml", kill_on_drop: false }`
[INFO] running `Command { std: "docker" "create" "-v" "/var/lib/crater-agent-workspace/builds/worker-1/target:/opt/rustwide/target:rw,Z" "-v" "/var/lib/crater-agent-workspace/builds/worker-1/source:/opt/rustwide/workdir:ro,Z" "-v" "/var/lib/crater-agent-workspace/cargo-home:/opt/rustwide/cargo-home:ro,Z" "-v" "/var/lib/crater-agent-workspace/rustup-home:/opt/rustwide/rustup-home:ro,Z" "-e" "SOURCE_DIR=/opt/rustwide/workdir" "-e" "CARGO_TARGET_DIR=/opt/rustwide/target" "-e" "CARGO_HOME=/opt/rustwide/cargo-home" "-e" "RUSTUP_HOME=/opt/rustwide/rustup-home" "-w" "/opt/rustwide/workdir" "-m" "1610612736" "--user" "0:0" "--network" "none" "ghcr.io/rust-lang/crates-build-env/linux@sha256:34b6a614d2c27851fe6cbf88fbd1137609cefab8b10d0615aaeb6fd47975d74e" "/opt/rustwide/cargo-home/bin/cargo" "+1.54.0" "metadata" "--no-deps" "--format-version=1", kill_on_drop: false }`
[INFO] [stdout] 1f87972786749b81be5b7797a6064f19f084d5229473160e34e6713f2607996a
[INFO] [stderr] WARNING: Your kernel does not support swap limit capabilities or the cgroup is not mounted. Memory limited without swap.
[INFO] running `Command { std: "docker" "start" "-a" "1f87972786749b81be5b7797a6064f19f084d5229473160e34e6713f2607996a", kill_on_drop: false }`
[INFO] running `Command { std: "docker" "inspect" "1f87972786749b81be5b7797a6064f19f084d5229473160e34e6713f2607996a", kill_on_drop: false }`
[INFO] running `Command { std: "docker" "rm" "-f" "1f87972786749b81be5b7797a6064f19f084d5229473160e34e6713f2607996a", kill_on_drop: false }`
[INFO] [stdout] 1f87972786749b81be5b7797a6064f19f084d5229473160e34e6713f2607996a
[INFO] running `Command { std: "docker" "create" "-v" "/var/lib/crater-agent-workspace/builds/worker-1/target:/opt/rustwide/target:rw,Z" "-v" "/var/lib/crater-agent-workspace/builds/worker-1/source:/opt/rustwide/workdir:ro,Z" "-v" "/var/lib/crater-agent-workspace/cargo-home:/opt/rustwide/cargo-home:ro,Z" "-v" "/var/lib/crater-agent-workspace/rustup-home:/opt/rustwide/rustup-home:ro,Z" "-e" "SOURCE_DIR=/opt/rustwide/workdir" "-e" "CARGO_TARGET_DIR=/opt/rustwide/target" "-e" "CARGO_INCREMENTAL=0" "-e" "RUST_BACKTRACE=full" "-e" "RUSTFLAGS=--cap-lints=warn" "-e" "CARGO_HOME=/opt/rustwide/cargo-home" "-e" "RUSTUP_HOME=/opt/rustwide/rustup-home" "-w" "/opt/rustwide/workdir" "-m" "1610612736" "--user" "0:0" "--network" "none" "ghcr.io/rust-lang/crates-build-env/linux@sha256:34b6a614d2c27851fe6cbf88fbd1137609cefab8b10d0615aaeb6fd47975d74e" "/opt/rustwide/cargo-home/bin/cargo" "+1.54.0" "build" "--frozen" "--message-format=json", kill_on_drop: false }`
[INFO] [stderr] WARNING: Your kernel does not support swap limit capabilities or the cgroup is not mounted. Memory limited without swap.
[INFO] [stdout] abd2d29b65ffabbb6d8193f4e4df88b8f06035b00ae0dd990846664fb91b977a
[INFO] running `Command { std: "docker" "start" "-a" "abd2d29b65ffabbb6d8193f4e4df88b8f06035b00ae0dd990846664fb91b977a", kill_on_drop: false }`
[INFO] [stderr]    Compiling tinystr-raw v0.1.3
[INFO] [stderr]    Compiling erased-serde v0.3.16
[INFO] [stderr]    Compiling writeable v0.2.0
[INFO] [stderr]    Compiling stable_deref_trait v1.2.0
[INFO] [stderr]    Compiling litemap v0.2.1
[INFO] [stderr]    Compiling displaydoc v0.2.3
[INFO] [stderr]    Compiling serde v1.0.127
[INFO] [stderr]    Compiling yoke-derive v0.1.1
[INFO] [stderr]    Compiling tinystr-macros v0.2.0
[INFO] [stderr]    Compiling tinystr v0.4.10
[INFO] [stderr]    Compiling icu_locid v0.3.0
[INFO] [stderr]    Compiling yoke v0.2.3
[INFO] [stderr]    Compiling serde_json v1.0.66
[INFO] [stderr]    Compiling icu_provider v0.3.0
[INFO] [stderr]    Compiling icu_provider_fs v0.3.0
[INFO] [stderr]    Compiling icu_testdata v0.3.0 (/opt/rustwide/workdir)
[INFO] [stderr]     Finished dev [unoptimized + debuginfo] target(s) in 24.44s
[INFO] running `Command { std: "docker" "inspect" "abd2d29b65ffabbb6d8193f4e4df88b8f06035b00ae0dd990846664fb91b977a", kill_on_drop: false }`
[INFO] running `Command { std: "docker" "rm" "-f" "abd2d29b65ffabbb6d8193f4e4df88b8f06035b00ae0dd990846664fb91b977a", kill_on_drop: false }`
[INFO] [stdout] abd2d29b65ffabbb6d8193f4e4df88b8f06035b00ae0dd990846664fb91b977a
[INFO] running `Command { std: "docker" "create" "-v" "/var/lib/crater-agent-workspace/builds/worker-1/target:/opt/rustwide/target:rw,Z" "-v" "/var/lib/crater-agent-workspace/builds/worker-1/source:/opt/rustwide/workdir:ro,Z" "-v" "/var/lib/crater-agent-workspace/cargo-home:/opt/rustwide/cargo-home:ro,Z" "-v" "/var/lib/crater-agent-workspace/rustup-home:/opt/rustwide/rustup-home:ro,Z" "-e" "SOURCE_DIR=/opt/rustwide/workdir" "-e" "CARGO_TARGET_DIR=/opt/rustwide/target" "-e" "CARGO_INCREMENTAL=0" "-e" "RUST_BACKTRACE=full" "-e" "RUSTFLAGS=--cap-lints=warn" "-e" "CARGO_HOME=/opt/rustwide/cargo-home" "-e" "RUSTUP_HOME=/opt/rustwide/rustup-home" "-w" "/opt/rustwide/workdir" "-m" "1610612736" "--user" "0:0" "--network" "none" "ghcr.io/rust-lang/crates-build-env/linux@sha256:34b6a614d2c27851fe6cbf88fbd1137609cefab8b10d0615aaeb6fd47975d74e" "/opt/rustwide/cargo-home/bin/cargo" "+1.54.0" "test" "--frozen" "--no-run" "--message-format=json", kill_on_drop: false }`
[INFO] [stdout] f8b4a5a63e541b082abbf73a71883205ed843479fe2784c23049d0f65eba1425
[INFO] [stderr] WARNING: Your kernel does not support swap limit capabilities or the cgroup is not mounted. Memory limited without swap.
[INFO] running `Command { std: "docker" "start" "-a" "f8b4a5a63e541b082abbf73a71883205ed843479fe2784c23049d0f65eba1425", kill_on_drop: false }`
[INFO] [stderr]    Compiling icu_testdata v0.3.0 (/opt/rustwide/workdir)
[INFO] [stderr]     Finished test [unoptimized + debuginfo] target(s) in 1.20s
[INFO] running `Command { std: "docker" "inspect" "f8b4a5a63e541b082abbf73a71883205ed843479fe2784c23049d0f65eba1425", kill_on_drop: false }`
[INFO] running `Command { std: "docker" "rm" "-f" "f8b4a5a63e541b082abbf73a71883205ed843479fe2784c23049d0f65eba1425", kill_on_drop: false }`
[INFO] [stdout] f8b4a5a63e541b082abbf73a71883205ed843479fe2784c23049d0f65eba1425
[INFO] running `Command { std: "docker" "create" "-v" "/var/lib/crater-agent-workspace/builds/worker-1/target:/opt/rustwide/target:rw,Z" "-v" "/var/lib/crater-agent-workspace/builds/worker-1/source:/opt/rustwide/workdir:ro,Z" "-v" "/var/lib/crater-agent-workspace/cargo-home:/opt/rustwide/cargo-home:ro,Z" "-v" "/var/lib/crater-agent-workspace/rustup-home:/opt/rustwide/rustup-home:ro,Z" "-e" "SOURCE_DIR=/opt/rustwide/workdir" "-e" "CARGO_TARGET_DIR=/opt/rustwide/target" "-e" "CARGO_INCREMENTAL=0" "-e" "RUST_BACKTRACE=full" "-e" "RUSTFLAGS=--cap-lints=warn" "-e" "CARGO_HOME=/opt/rustwide/cargo-home" "-e" "RUSTUP_HOME=/opt/rustwide/rustup-home" "-w" "/opt/rustwide/workdir" "-m" "1610612736" "--user" "0:0" "--network" "none" "ghcr.io/rust-lang/crates-build-env/linux@sha256:34b6a614d2c27851fe6cbf88fbd1137609cefab8b10d0615aaeb6fd47975d74e" "/opt/rustwide/cargo-home/bin/cargo" "+1.54.0" "test" "--frozen", kill_on_drop: false }`
[INFO] [stdout] 8ebffce076dec306ae4ed11adf23aebfc3ce256b13da1808525b0091db399bda
[INFO] [stderr] WARNING: Your kernel does not support swap limit capabilities or the cgroup is not mounted. Memory limited without swap.
[INFO] running `Command { std: "docker" "start" "-a" "8ebffce076dec306ae4ed11adf23aebfc3ce256b13da1808525b0091db399bda", kill_on_drop: false }`
[INFO] [stderr]     Finished test [unoptimized + debuginfo] target(s) in 0.04s
[INFO] [stdout] 
[INFO] [stderr]      Running unittests (/opt/rustwide/target/debug/deps/icu_testdata-ee96982622b1887f)
[INFO] [stdout] running 0 tests
[INFO] [stdout] 
[INFO] [stdout] test result: ok. 0 passed; 0 failed; 0 ignored; 0 measured; 0 filtered out; finished in 0.00s
[INFO] [stdout] 
[INFO] [stderr]    Doc-tests icu_testdata
[INFO] [stdout] 
[INFO] [stdout] running 1 test
[INFO] [stdout] test src/lib.rs - (line 41) ... FAILED
[INFO] [stdout] 
[INFO] [stdout] failures:
[INFO] [stdout] 
[INFO] [stdout] ---- src/lib.rs - (line 41) stdout ----
[INFO] [stdout] error[E0432]: unresolved import `icu_locid_macros`
[INFO] [stdout]  --> src/lib.rs:44:5
[INFO] [stdout]   |
[INFO] [stdout] 6 | use icu_locid_macros::langid;
[INFO] [stdout]   |     ^^^^^^^^^^^^^^^^ use of undeclared crate or module `icu_locid_macros`
[INFO] [stdout] 
[INFO] [stdout] error: cannot determine resolution for the macro `langid`
[INFO] [stdout]   --> src/lib.rs:53:30
[INFO] [stdout]    |
[INFO] [stdout] 15 |                 langid: Some(langid!("ru")),
[INFO] [stdout]    |                              ^^^^^^
[INFO] [stdout]    |
[INFO] [stdout]    = note: import resolution is stuck, try simplifying macro imports
[INFO] [stdout] 
[INFO] [stdout] error[E0433]: failed to resolve: use of undeclared crate or module `icu_plurals`
[INFO] [stdout]   --> src/lib.rs:48:23
[INFO] [stdout]    |
[INFO] [stdout] 10 | let data: DataPayload<icu_plurals::provider::PluralRuleStringsV1Marker> = data_provider
[INFO] [stdout]    |                       ^^^^^^^^^^^ use of undeclared crate or module `icu_plurals`
[INFO] [stdout] 
[INFO] [stdout] error[E0433]: failed to resolve: use of undeclared crate or module `icu_plurals`
[INFO] [stdout]   --> src/lib.rs:51:18
[INFO] [stdout]    |
[INFO] [stdout] 13 |             key: icu_plurals::provider::key::CARDINAL_V1,
[INFO] [stdout]    |                  ^^^^^^^^^^^ use of undeclared crate or module `icu_plurals`
[INFO] [stdout] 
[INFO] [stdout] error: aborting due to 4 previous errors
[INFO] [stdout] 
[INFO] [stdout] Some errors have detailed explanations: E0432, E0433.
[INFO] [stdout] For more information about an error, try `rustc --explain E0432`.
[INFO] [stdout] Couldn't compile the test.
[INFO] [stdout] 
[INFO] [stdout] failures:
[INFO] [stdout]     src/lib.rs - (line 41)
[INFO] [stdout] 
[INFO] [stdout] test result: FAILED. 0 passed; 1 failed; 0 ignored; 0 measured; 0 filtered out; finished in 0.38s
[INFO] [stdout] 
[INFO] [stderr] error: test failed, to rerun pass '--doc'
[INFO] running `Command { std: "docker" "inspect" "8ebffce076dec306ae4ed11adf23aebfc3ce256b13da1808525b0091db399bda", kill_on_drop: false }`
[INFO] running `Command { std: "docker" "rm" "-f" "8ebffce076dec306ae4ed11adf23aebfc3ce256b13da1808525b0091db399bda", kill_on_drop: false }`
[INFO] [stdout] 8ebffce076dec306ae4ed11adf23aebfc3ce256b13da1808525b0091db399bda
