[INFO] fetching crate icu_locid_macros 0.3.0...
[INFO] testing icu_locid_macros-0.3.0 against 1.54.0 for beta-1.55-1
[INFO] extracting crate icu_locid_macros 0.3.0 into /workspace/builds/worker-7/source
[INFO] validating manifest of crates.io crate icu_locid_macros 0.3.0 on toolchain 1.54.0
[INFO] running `Command { std: "/workspace/cargo-home/bin/cargo" "+1.54.0" "metadata" "--manifest-path" "Cargo.toml" "--no-deps", kill_on_drop: false }`
[INFO] started tweaking crates.io crate icu_locid_macros 0.3.0
[INFO] finished tweaking crates.io crate icu_locid_macros 0.3.0
[INFO] tweaked toml for crates.io crate icu_locid_macros 0.3.0 written to /workspace/builds/worker-7/source/Cargo.toml
[INFO] running `Command { std: "/workspace/cargo-home/bin/cargo" "+1.54.0" "generate-lockfile" "--manifest-path" "Cargo.toml" "-Zno-index-update", kill_on_drop: false }`
[INFO] running `Command { std: "/workspace/cargo-home/bin/cargo" "+1.54.0" "fetch" "--manifest-path" "Cargo.toml", kill_on_drop: false }`
[INFO] running `Command { std: "docker" "create" "-v" "/var/lib/crater-agent-workspace/builds/worker-7/target:/opt/rustwide/target:rw,Z" "-v" "/var/lib/crater-agent-workspace/builds/worker-7/source:/opt/rustwide/workdir:ro,Z" "-v" "/var/lib/crater-agent-workspace/cargo-home:/opt/rustwide/cargo-home:ro,Z" "-v" "/var/lib/crater-agent-workspace/rustup-home:/opt/rustwide/rustup-home:ro,Z" "-e" "SOURCE_DIR=/opt/rustwide/workdir" "-e" "CARGO_TARGET_DIR=/opt/rustwide/target" "-e" "CARGO_HOME=/opt/rustwide/cargo-home" "-e" "RUSTUP_HOME=/opt/rustwide/rustup-home" "-w" "/opt/rustwide/workdir" "-m" "1610612736" "--user" "0:0" "--network" "none" "ghcr.io/rust-lang/crates-build-env/linux@sha256:34b6a614d2c27851fe6cbf88fbd1137609cefab8b10d0615aaeb6fd47975d74e" "/opt/rustwide/cargo-home/bin/cargo" "+1.54.0" "metadata" "--no-deps" "--format-version=1", kill_on_drop: false }`
[INFO] [stderr] WARNING: Your kernel does not support swap limit capabilities or the cgroup is not mounted. Memory limited without swap.
[INFO] [stdout] 23683db6c26af9304eae462253c8a20873fc74618c74225638a17b9a166dcaf7
[INFO] running `Command { std: "docker" "start" "-a" "23683db6c26af9304eae462253c8a20873fc74618c74225638a17b9a166dcaf7", kill_on_drop: false }`
[INFO] running `Command { std: "docker" "inspect" "23683db6c26af9304eae462253c8a20873fc74618c74225638a17b9a166dcaf7", kill_on_drop: false }`
[INFO] running `Command { std: "docker" "rm" "-f" "23683db6c26af9304eae462253c8a20873fc74618c74225638a17b9a166dcaf7", kill_on_drop: false }`
[INFO] [stdout] 23683db6c26af9304eae462253c8a20873fc74618c74225638a17b9a166dcaf7
[INFO] running `Command { std: "docker" "create" "-v" "/var/lib/crater-agent-workspace/builds/worker-7/target:/opt/rustwide/target:rw,Z" "-v" "/var/lib/crater-agent-workspace/builds/worker-7/source:/opt/rustwide/workdir:ro,Z" "-v" "/var/lib/crater-agent-workspace/cargo-home:/opt/rustwide/cargo-home:ro,Z" "-v" "/var/lib/crater-agent-workspace/rustup-home:/opt/rustwide/rustup-home:ro,Z" "-e" "SOURCE_DIR=/opt/rustwide/workdir" "-e" "CARGO_TARGET_DIR=/opt/rustwide/target" "-e" "CARGO_INCREMENTAL=0" "-e" "RUST_BACKTRACE=full" "-e" "RUSTFLAGS=--cap-lints=warn" "-e" "CARGO_HOME=/opt/rustwide/cargo-home" "-e" "RUSTUP_HOME=/opt/rustwide/rustup-home" "-w" "/opt/rustwide/workdir" "-m" "1610612736" "--user" "0:0" "--network" "none" "ghcr.io/rust-lang/crates-build-env/linux@sha256:34b6a614d2c27851fe6cbf88fbd1137609cefab8b10d0615aaeb6fd47975d74e" "/opt/rustwide/cargo-home/bin/cargo" "+1.54.0" "build" "--frozen" "--message-format=json", kill_on_drop: false }`
[INFO] [stdout] ddaa609d616f27caffecd553ed7a73fa77c660588db8fc8542de3f1fbed4c56e
[INFO] [stderr] WARNING: Your kernel does not support swap limit capabilities or the cgroup is not mounted. Memory limited without swap.
[INFO] running `Command { std: "docker" "start" "-a" "ddaa609d616f27caffecd553ed7a73fa77c660588db8fc8542de3f1fbed4c56e", kill_on_drop: false }`
[INFO] [stderr]    Compiling tinystr-raw v0.1.3
[INFO] [stderr]    Compiling writeable v0.2.0
[INFO] [stderr]    Compiling displaydoc v0.2.3
[INFO] [stderr]    Compiling proc-macro-crate v1.0.0
[INFO] [stderr]    Compiling tinystr-macros v0.2.0
[INFO] [stderr]    Compiling tinystr v0.4.10
[INFO] [stderr]    Compiling icu_locid v0.3.0
[INFO] [stderr]    Compiling icu_locid_macros v0.3.0 (/opt/rustwide/workdir)
[INFO] [stderr]     Finished dev [unoptimized + debuginfo] target(s) in 9.74s
[INFO] running `Command { std: "docker" "inspect" "ddaa609d616f27caffecd553ed7a73fa77c660588db8fc8542de3f1fbed4c56e", kill_on_drop: false }`
[INFO] running `Command { std: "docker" "rm" "-f" "ddaa609d616f27caffecd553ed7a73fa77c660588db8fc8542de3f1fbed4c56e", kill_on_drop: false }`
[INFO] [stdout] ddaa609d616f27caffecd553ed7a73fa77c660588db8fc8542de3f1fbed4c56e
[INFO] running `Command { std: "docker" "create" "-v" "/var/lib/crater-agent-workspace/builds/worker-7/target:/opt/rustwide/target:rw,Z" "-v" "/var/lib/crater-agent-workspace/builds/worker-7/source:/opt/rustwide/workdir:ro,Z" "-v" "/var/lib/crater-agent-workspace/cargo-home:/opt/rustwide/cargo-home:ro,Z" "-v" "/var/lib/crater-agent-workspace/rustup-home:/opt/rustwide/rustup-home:ro,Z" "-e" "SOURCE_DIR=/opt/rustwide/workdir" "-e" "CARGO_TARGET_DIR=/opt/rustwide/target" "-e" "CARGO_INCREMENTAL=0" "-e" "RUST_BACKTRACE=full" "-e" "RUSTFLAGS=--cap-lints=warn" "-e" "CARGO_HOME=/opt/rustwide/cargo-home" "-e" "RUSTUP_HOME=/opt/rustwide/rustup-home" "-w" "/opt/rustwide/workdir" "-m" "1610612736" "--user" "0:0" "--network" "none" "ghcr.io/rust-lang/crates-build-env/linux@sha256:34b6a614d2c27851fe6cbf88fbd1137609cefab8b10d0615aaeb6fd47975d74e" "/opt/rustwide/cargo-home/bin/cargo" "+1.54.0" "test" "--frozen" "--no-run" "--message-format=json", kill_on_drop: false }`
[INFO] [stdout] c19e6fd3e6d855d0c05ee834e3ba91c81d5a17ef4a6d60036b7e2eb09c61d619
[INFO] [stderr] WARNING: Your kernel does not support swap limit capabilities or the cgroup is not mounted. Memory limited without swap.
[INFO] running `Command { std: "docker" "start" "-a" "c19e6fd3e6d855d0c05ee834e3ba91c81d5a17ef4a6d60036b7e2eb09c61d619", kill_on_drop: false }`
[INFO] [stderr]    Compiling icu_locid_macros v0.3.0 (/opt/rustwide/workdir)
[INFO] [stderr]     Finished test [unoptimized + debuginfo] target(s) in 0.49s
[INFO] running `Command { std: "docker" "inspect" "c19e6fd3e6d855d0c05ee834e3ba91c81d5a17ef4a6d60036b7e2eb09c61d619", kill_on_drop: false }`
[INFO] running `Command { std: "docker" "rm" "-f" "c19e6fd3e6d855d0c05ee834e3ba91c81d5a17ef4a6d60036b7e2eb09c61d619", kill_on_drop: false }`
[INFO] [stdout] c19e6fd3e6d855d0c05ee834e3ba91c81d5a17ef4a6d60036b7e2eb09c61d619
[INFO] running `Command { std: "docker" "create" "-v" "/var/lib/crater-agent-workspace/builds/worker-7/target:/opt/rustwide/target:rw,Z" "-v" "/var/lib/crater-agent-workspace/builds/worker-7/source:/opt/rustwide/workdir:ro,Z" "-v" "/var/lib/crater-agent-workspace/cargo-home:/opt/rustwide/cargo-home:ro,Z" "-v" "/var/lib/crater-agent-workspace/rustup-home:/opt/rustwide/rustup-home:ro,Z" "-e" "SOURCE_DIR=/opt/rustwide/workdir" "-e" "CARGO_TARGET_DIR=/opt/rustwide/target" "-e" "CARGO_INCREMENTAL=0" "-e" "RUST_BACKTRACE=full" "-e" "RUSTFLAGS=--cap-lints=warn" "-e" "CARGO_HOME=/opt/rustwide/cargo-home" "-e" "RUSTUP_HOME=/opt/rustwide/rustup-home" "-w" "/opt/rustwide/workdir" "-m" "1610612736" "--user" "0:0" "--network" "none" "ghcr.io/rust-lang/crates-build-env/linux@sha256:34b6a614d2c27851fe6cbf88fbd1137609cefab8b10d0615aaeb6fd47975d74e" "/opt/rustwide/cargo-home/bin/cargo" "+1.54.0" "test" "--frozen", kill_on_drop: false }`
[INFO] [stderr] WARNING: Your kernel does not support swap limit capabilities or the cgroup is not mounted. Memory limited without swap.
[INFO] [stdout] 98c93349a7df8d7d5324ebadd96ee0e28a7a7b03f2183257438518b0a067b39b
[INFO] running `Command { std: "docker" "start" "-a" "98c93349a7df8d7d5324ebadd96ee0e28a7a7b03f2183257438518b0a067b39b", kill_on_drop: false }`
[INFO] [stderr]     Finished test [unoptimized + debuginfo] target(s) in 0.03s
[INFO] [stdout] 
[INFO] [stderr]      Running unittests (/opt/rustwide/target/debug/deps/icu_locid_macros-e751fb0003b89e7a)
[INFO] [stdout] running 0 tests
[INFO] [stderr]    Doc-tests icu_locid_macros
[INFO] [stdout] 
[INFO] [stdout] test result: ok. 0 passed; 0 failed; 0 ignored; 0 measured; 0 filtered out; finished in 0.00s
[INFO] [stdout] 
[INFO] [stdout] 
[INFO] [stdout] running 6 tests
[INFO] [stdout] test src/lib.rs - langid (line 178) ... FAILED
[INFO] [stdout] test src/lib.rs - language (line 54) ... FAILED
[INFO] [stdout] test src/lib.rs - variant (line 147) ... FAILED
[INFO] [stdout] test src/lib.rs - script (line 85) ... FAILED
[INFO] [stdout] test src/lib.rs - region (line 116) ... FAILED
[INFO] [stderr] error: test failed, to rerun pass '--doc'
[INFO] [stdout] test src/lib.rs - (line 11) ... ok
[INFO] [stdout] 
[INFO] [stdout] failures:
[INFO] [stdout] 
[INFO] [stdout] ---- src/lib.rs - langid (line 178) stdout ----
[INFO] [stdout] error[E0433]: failed to resolve: use of undeclared crate or module `icu`
[INFO] [stdout]  --> src/lib.rs:179:5
[INFO] [stdout]   |
[INFO] [stdout] 3 | use icu::locid::LanguageIdentifier;
[INFO] [stdout]   |     ^^^ use of undeclared crate or module `icu`
[INFO] [stdout] 
[INFO] [stdout] error[E0433]: failed to resolve: use of undeclared crate or module `icu`
[INFO] [stdout]  --> src/lib.rs:180:5
[INFO] [stdout]   |
[INFO] [stdout] 4 | use icu::locid::macros::langid;
[INFO] [stdout]   |     ^^^ use of undeclared crate or module `icu`
[INFO] [stdout] 
[INFO] [stdout] error: cannot find macro `langid` in this scope
[INFO] [stdout]  --> src/lib.rs:182:35
[INFO] [stdout]   |
[INFO] [stdout] 6 | const DE_AT: LanguageIdentifier = langid!("de_at");
[INFO] [stdout]   |                                   ^^^^^^
[INFO] [stdout]   |
[INFO] [stdout]   = note: consider importing this macro:
[INFO] [stdout]           icu_locid_macros::langid
[INFO] [stdout] 
[INFO] [stdout] error[E0412]: cannot find type `LanguageIdentifier` in this scope
[INFO] [stdout]  --> src/lib.rs:182:14
[INFO] [stdout]   |
[INFO] [stdout] 6 | const DE_AT: LanguageIdentifier = langid!("de_at");
[INFO] [stdout]   |              ^^^^^^^^^^^^^^^^^^ not found in this scope
[INFO] [stdout]   |
[INFO] [stdout] help: consider importing this struct
[INFO] [stdout]   |
[INFO] [stdout] 2 | use icu_locid::LanguageIdentifier;
[INFO] [stdout]   |
[INFO] [stdout] 
[INFO] [stdout] error[E0412]: cannot find type `LanguageIdentifier` in this scope
[INFO] [stdout]  --> src/lib.rs:184:12
[INFO] [stdout]   |
[INFO] [stdout] 8 | let de_at: LanguageIdentifier = "de_at".parse()
[INFO] [stdout]   |            ^^^^^^^^^^^^^^^^^^ not found in this scope
[INFO] [stdout]   |
[INFO] [stdout] help: consider importing this struct
[INFO] [stdout]   |
[INFO] [stdout] 2 | use icu_locid::LanguageIdentifier;
[INFO] [stdout]   |
[INFO] [stdout] 
[INFO] [stdout] error: aborting due to 5 previous errors
[INFO] [stdout] 
[INFO] [stdout] Some errors have detailed explanations: E0412, E0433.
[INFO] [stdout] For more information about an error, try `rustc --explain E0412`.
[INFO] [stdout] Couldn't compile the test.
[INFO] [stdout] ---- src/lib.rs - language (line 54) stdout ----
[INFO] [stdout] error[E0433]: failed to resolve: use of undeclared crate or module `icu`
[INFO] [stdout]  --> src/lib.rs:55:5
[INFO] [stdout]   |
[INFO] [stdout] 3 | use icu::locid::subtags::Language;
[INFO] [stdout]   |     ^^^ use of undeclared crate or module `icu`
[INFO] [stdout] 
[INFO] [stdout] error[E0433]: failed to resolve: use of undeclared crate or module `icu`
[INFO] [stdout]  --> src/lib.rs:56:5
[INFO] [stdout]   |
[INFO] [stdout] 4 | use icu::locid::macros::language;
[INFO] [stdout]   |     ^^^ use of undeclared crate or module `icu`
[INFO] [stdout] 
[INFO] [stdout] error: cannot find macro `language` in this scope
[INFO] [stdout]  --> src/lib.rs:58:22
[INFO] [stdout]   |
[INFO] [stdout] 6 | const DE: Language = language!("DE");
[INFO] [stdout]   |                      ^^^^^^^^
[INFO] [stdout]   |
[INFO] [stdout]   = note: consider importing this macro:
[INFO] [stdout]           icu_locid_macros::language
[INFO] [stdout] 
[INFO] [stdout] error[E0412]: cannot find type `Language` in this scope
[INFO] [stdout]  --> src/lib.rs:58:11
[INFO] [stdout]   |
[INFO] [stdout] 6 | const DE: Language = language!("DE");
[INFO] [stdout]   |           ^^^^^^^^ not found in this scope
[INFO] [stdout]   |
[INFO] [stdout] help: consider importing this struct
[INFO] [stdout]   |
[INFO] [stdout] 2 | use icu_locid::subtags::Language;
[INFO] [stdout]   |
[INFO] [stdout] 
[INFO] [stdout] error[E0412]: cannot find type `Language` in this scope
[INFO] [stdout]  --> src/lib.rs:60:9
[INFO] [stdout]   |
[INFO] [stdout] 8 | let de: Language = "DE".parse()
[INFO] [stdout]   |         ^^^^^^^^ not found in this scope
[INFO] [stdout]   |
[INFO] [stdout] help: consider importing this struct
[INFO] [stdout]   |
[INFO] [stdout] 2 | use icu_locid::subtags::Language;
[INFO] [stdout]   |
[INFO] [stdout] 
[INFO] [stdout] error: aborting due to 5 previous errors
[INFO] [stdout] 
[INFO] [stdout] Some errors have detailed explanations: E0412, E0433.
[INFO] [stdout] For more information about an error, try `rustc --explain E0412`.
[INFO] [stdout] Couldn't compile the test.
[INFO] [stdout] ---- src/lib.rs - variant (line 147) stdout ----
[INFO] [stdout] error[E0433]: failed to resolve: use of undeclared crate or module `icu`
[INFO] [stdout]  --> src/lib.rs:148:5
[INFO] [stdout]   |
[INFO] [stdout] 3 | use icu::locid::subtags::Variant;
[INFO] [stdout]   |     ^^^ use of undeclared crate or module `icu`
[INFO] [stdout] 
[INFO] [stdout] error[E0433]: failed to resolve: use of undeclared crate or module `icu`
[INFO] [stdout]  --> src/lib.rs:149:5
[INFO] [stdout]   |
[INFO] [stdout] 4 | use icu::locid::macros::variant;
[INFO] [stdout]   |     ^^^ use of undeclared crate or module `icu`
[INFO] [stdout] 
[INFO] [stdout] error: cannot find macro `variant` in this scope
[INFO] [stdout]  --> src/lib.rs:151:24
[INFO] [stdout]   |
[INFO] [stdout] 6 | const POSIX: Variant = variant!("Posix");
[INFO] [stdout]   |                        ^^^^^^^
[INFO] [stdout]   |
[INFO] [stdout]   = note: consider importing this macro:
[INFO] [stdout]           icu_locid_macros::variant
[INFO] [stdout] 
[INFO] [stdout] error[E0412]: cannot find type `Variant` in this scope
[INFO] [stdout]  --> src/lib.rs:151:14
[INFO] [stdout]   |
[INFO] [stdout] 6 | const POSIX: Variant = variant!("Posix");
[INFO] [stdout]   |              ^^^^^^^ not found in this scope
[INFO] [stdout]   |
[INFO] [stdout] help: consider importing this struct
[INFO] [stdout]   |
[INFO] [stdout] 2 | use icu_locid::subtags::Variant;
[INFO] [stdout]   |
[INFO] [stdout] 
[INFO] [stdout] error[E0412]: cannot find type `Variant` in this scope
[INFO] [stdout]  --> src/lib.rs:153:12
[INFO] [stdout]   |
[INFO] [stdout] 8 | let posix: Variant = "Posix".parse()
[INFO] [stdout]   |            ^^^^^^^ not found in this scope
[INFO] [stdout]   |
[INFO] [stdout] help: consider importing this struct
[INFO] [stdout]   |
[INFO] [stdout] 2 | use icu_locid::subtags::Variant;
[INFO] [stdout]   |
[INFO] [stdout] 
[INFO] [stdout] error: aborting due to 5 previous errors
[INFO] [stdout] 
[INFO] [stdout] Some errors have detailed explanations: E0412, E0433.
[INFO] [stdout] For more information about an error, try `rustc --explain E0412`.
[INFO] [stdout] Couldn't compile the test.
[INFO] [stdout] ---- src/lib.rs - script (line 85) stdout ----
[INFO] [stdout] error[E0433]: failed to resolve: use of undeclared crate or module `icu`
[INFO] [stdout]  --> src/lib.rs:86:5
[INFO] [stdout]   |
[INFO] [stdout] 3 | use icu::locid::subtags::Script;
[INFO] [stdout]   |     ^^^ use of undeclared crate or module `icu`
[INFO] [stdout] 
[INFO] [stdout] error[E0433]: failed to resolve: use of undeclared crate or module `icu`
[INFO] [stdout]  --> src/lib.rs:87:5
[INFO] [stdout]   |
[INFO] [stdout] 4 | use icu::locid::macros::script;
[INFO] [stdout]   |     ^^^ use of undeclared crate or module `icu`
[INFO] [stdout] 
[INFO] [stdout] error: cannot find macro `script` in this scope
[INFO] [stdout]  --> src/lib.rs:89:22
[INFO] [stdout]   |
[INFO] [stdout] 6 | const ARAB: Script = script!("aRAB");
[INFO] [stdout]   |                      ^^^^^^
[INFO] [stdout]   |
[INFO] [stdout]   = note: consider importing this macro:
[INFO] [stdout]           icu_locid_macros::script
[INFO] [stdout] 
[INFO] [stdout] error[E0412]: cannot find type `Script` in this scope
[INFO] [stdout]  --> src/lib.rs:89:13
[INFO] [stdout]   |
[INFO] [stdout] 6 | const ARAB: Script = script!("aRAB");
[INFO] [stdout]   |             ^^^^^^ not found in this scope
[INFO] [stdout]   |
[INFO] [stdout] help: consider importing this struct
[INFO] [stdout]   |
[INFO] [stdout] 2 | use icu_locid::subtags::Script;
[INFO] [stdout]   |
[INFO] [stdout] 
[INFO] [stdout] error[E0412]: cannot find type `Script` in this scope
[INFO] [stdout]  --> src/lib.rs:91:11
[INFO] [stdout]   |
[INFO] [stdout] 8 | let arab: Script = "aRaB".parse()
[INFO] [stdout]   |           ^^^^^^ not found in this scope
[INFO] [stdout]   |
[INFO] [stdout] help: consider importing this struct
[INFO] [stdout]   |
[INFO] [stdout] 2 | use icu_locid::subtags::Script;
[INFO] [stdout]   |
[INFO] [stdout] 
[INFO] [stdout] error: aborting due to 5 previous errors
[INFO] [stdout] 
[INFO] [stdout] Some errors have detailed explanations: E0412, E0433.
[INFO] [stdout] For more information about an error, try `rustc --explain E0412`.
[INFO] [stdout] Couldn't compile the test.
[INFO] [stdout] ---- src/lib.rs - region (line 116) stdout ----
[INFO] [stdout] error[E0433]: failed to resolve: use of undeclared crate or module `icu`
[INFO] [stdout]  --> src/lib.rs:117:5
[INFO] [stdout]   |
[INFO] [stdout] 3 | use icu::locid::subtags::Region;
[INFO] [stdout]   |     ^^^ use of undeclared crate or module `icu`
[INFO] [stdout] 
[INFO] [stdout] error[E0433]: failed to resolve: use of undeclared crate or module `icu`
[INFO] [stdout]  --> src/lib.rs:118:5
[INFO] [stdout]   |
[INFO] [stdout] 4 | use icu::locid::macros::region;
[INFO] [stdout]   |     ^^^ use of undeclared crate or module `icu`
[INFO] [stdout] 
[INFO] [stdout] error: cannot find macro `region` in this scope
[INFO] [stdout]  --> src/lib.rs:120:20
[INFO] [stdout]   |
[INFO] [stdout] 6 | const CN: Region = region!("cn");
[INFO] [stdout]   |                    ^^^^^^
[INFO] [stdout]   |
[INFO] [stdout]   = note: consider importing this macro:
[INFO] [stdout]           icu_locid_macros::region
[INFO] [stdout] 
[INFO] [stdout] error[E0412]: cannot find type `Region` in this scope
[INFO] [stdout]  --> src/lib.rs:120:11
[INFO] [stdout]   |
[INFO] [stdout] 6 | const CN: Region = region!("cn");
[INFO] [stdout]   |           ^^^^^^ not found in this scope
[INFO] [stdout]   |
[INFO] [stdout] help: consider importing this struct
[INFO] [stdout]   |
[INFO] [stdout] 2 | use icu_locid::subtags::Region;
[INFO] [stdout]   |
[INFO] [stdout] 
[INFO] [stdout] error[E0412]: cannot find type `Region` in this scope
[INFO] [stdout]  --> src/lib.rs:122:9
[INFO] [stdout]   |
[INFO] [stdout] 8 | let cn: Region = "cn".parse()
[INFO] [stdout]   |         ^^^^^^ not found in this scope
[INFO] [stdout]   |
[INFO] [stdout] help: consider importing this struct
[INFO] [stdout]   |
[INFO] [stdout] 2 | use icu_locid::subtags::Region;
[INFO] [stdout]   |
[INFO] [stdout] 
[INFO] [stdout] error: aborting due to 5 previous errors
[INFO] [stdout] 
[INFO] [stdout] Some errors have detailed explanations: E0412, E0433.
[INFO] [stdout] For more information about an error, try `rustc --explain E0412`.
[INFO] [stdout] Couldn't compile the test.
[INFO] [stdout] 
[INFO] [stdout] failures:
[INFO] [stdout]     src/lib.rs - langid (line 178)
[INFO] [stdout]     src/lib.rs - language (line 54)
[INFO] [stdout]     src/lib.rs - region (line 116)
[INFO] [stdout]     src/lib.rs - script (line 85)
[INFO] [stdout]     src/lib.rs - variant (line 147)
[INFO] [stdout] 
[INFO] [stdout] test result: FAILED. 1 passed; 5 failed; 0 ignored; 0 measured; 0 filtered out; finished in 1.10s
[INFO] [stdout] 
[INFO] running `Command { std: "docker" "inspect" "98c93349a7df8d7d5324ebadd96ee0e28a7a7b03f2183257438518b0a067b39b", kill_on_drop: false }`
[INFO] running `Command { std: "docker" "rm" "-f" "98c93349a7df8d7d5324ebadd96ee0e28a7a7b03f2183257438518b0a067b39b", kill_on_drop: false }`
[INFO] [stdout] 98c93349a7df8d7d5324ebadd96ee0e28a7a7b03f2183257438518b0a067b39b
