[INFO] fetching crate icu_locid 0.3.0...
[INFO] testing icu_locid-0.3.0 against beta-2021-08-01 for beta-1.55-1
[INFO] extracting crate icu_locid 0.3.0 into /workspace/builds/worker-3/source
[INFO] validating manifest of crates.io crate icu_locid 0.3.0 on toolchain beta-2021-08-01
[INFO] running `Command { std: "/workspace/cargo-home/bin/cargo" "+beta-2021-08-01" "metadata" "--manifest-path" "Cargo.toml" "--no-deps", kill_on_drop: false }`
[INFO] started tweaking crates.io crate icu_locid 0.3.0
[INFO] removed 0 missing examples
[INFO] finished tweaking crates.io crate icu_locid 0.3.0
[INFO] tweaked toml for crates.io crate icu_locid 0.3.0 written to /workspace/builds/worker-3/source/Cargo.toml
[INFO] crate crates.io crate icu_locid 0.3.0 already has a lockfile, it will not be regenerated
[INFO] running `Command { std: "/workspace/cargo-home/bin/cargo" "+beta-2021-08-01" "fetch" "--manifest-path" "Cargo.toml", kill_on_drop: false }`
[INFO] running `Command { std: "docker" "create" "-v" "/var/lib/crater-agent-workspace/builds/worker-3/target:/opt/rustwide/target:rw,Z" "-v" "/var/lib/crater-agent-workspace/builds/worker-3/source:/opt/rustwide/workdir:ro,Z" "-v" "/var/lib/crater-agent-workspace/cargo-home:/opt/rustwide/cargo-home:ro,Z" "-v" "/var/lib/crater-agent-workspace/rustup-home:/opt/rustwide/rustup-home:ro,Z" "-e" "SOURCE_DIR=/opt/rustwide/workdir" "-e" "CARGO_TARGET_DIR=/opt/rustwide/target" "-e" "CARGO_HOME=/opt/rustwide/cargo-home" "-e" "RUSTUP_HOME=/opt/rustwide/rustup-home" "-w" "/opt/rustwide/workdir" "-m" "1610612736" "--user" "0:0" "--network" "none" "ghcr.io/rust-lang/crates-build-env/linux@sha256:34b6a614d2c27851fe6cbf88fbd1137609cefab8b10d0615aaeb6fd47975d74e" "/opt/rustwide/cargo-home/bin/cargo" "+beta-2021-08-01" "metadata" "--no-deps" "--format-version=1", kill_on_drop: false }`
[INFO] [stderr] WARNING: Your kernel does not support swap limit capabilities or the cgroup is not mounted. Memory limited without swap.
[INFO] [stdout] 71a1e2108fcb2f6ed4373725080e35295e563480c6f6250f41cf69f9659d62d5
[INFO] running `Command { std: "docker" "start" "-a" "71a1e2108fcb2f6ed4373725080e35295e563480c6f6250f41cf69f9659d62d5", kill_on_drop: false }`
[INFO] running `Command { std: "docker" "inspect" "71a1e2108fcb2f6ed4373725080e35295e563480c6f6250f41cf69f9659d62d5", kill_on_drop: false }`
[INFO] running `Command { std: "docker" "rm" "-f" "71a1e2108fcb2f6ed4373725080e35295e563480c6f6250f41cf69f9659d62d5", kill_on_drop: false }`
[INFO] [stdout] 71a1e2108fcb2f6ed4373725080e35295e563480c6f6250f41cf69f9659d62d5
[INFO] running `Command { std: "docker" "create" "-v" "/var/lib/crater-agent-workspace/builds/worker-3/target:/opt/rustwide/target:rw,Z" "-v" "/var/lib/crater-agent-workspace/builds/worker-3/source:/opt/rustwide/workdir:ro,Z" "-v" "/var/lib/crater-agent-workspace/cargo-home:/opt/rustwide/cargo-home:ro,Z" "-v" "/var/lib/crater-agent-workspace/rustup-home:/opt/rustwide/rustup-home:ro,Z" "-e" "SOURCE_DIR=/opt/rustwide/workdir" "-e" "CARGO_TARGET_DIR=/opt/rustwide/target" "-e" "CARGO_INCREMENTAL=0" "-e" "RUST_BACKTRACE=full" "-e" "RUSTFLAGS=--cap-lints=warn" "-e" "CARGO_HOME=/opt/rustwide/cargo-home" "-e" "RUSTUP_HOME=/opt/rustwide/rustup-home" "-w" "/opt/rustwide/workdir" "-m" "1610612736" "--user" "0:0" "--network" "none" "ghcr.io/rust-lang/crates-build-env/linux@sha256:34b6a614d2c27851fe6cbf88fbd1137609cefab8b10d0615aaeb6fd47975d74e" "/opt/rustwide/cargo-home/bin/cargo" "+beta-2021-08-01" "build" "--frozen" "--message-format=json", kill_on_drop: false }`
[INFO] [stdout] 04ed99a35b898633557136d39a8578a3475d14466b8a80fc2a9fcf4725c7de9b
[INFO] [stderr] WARNING: Your kernel does not support swap limit capabilities or the cgroup is not mounted. Memory limited without swap.
[INFO] running `Command { std: "docker" "start" "-a" "04ed99a35b898633557136d39a8578a3475d14466b8a80fc2a9fcf4725c7de9b", kill_on_drop: false }`
[INFO] [stderr]     Blocking waiting for file lock on package cache
[INFO] [stderr]    Compiling displaydoc v0.2.3
[INFO] [stderr]    Compiling icu_locid v0.3.0 (/opt/rustwide/workdir)
[INFO] [stderr]     Finished dev [unoptimized + debuginfo] target(s) in 4.73s
[INFO] running `Command { std: "docker" "inspect" "04ed99a35b898633557136d39a8578a3475d14466b8a80fc2a9fcf4725c7de9b", kill_on_drop: false }`
[INFO] running `Command { std: "docker" "rm" "-f" "04ed99a35b898633557136d39a8578a3475d14466b8a80fc2a9fcf4725c7de9b", kill_on_drop: false }`
[INFO] [stdout] 04ed99a35b898633557136d39a8578a3475d14466b8a80fc2a9fcf4725c7de9b
[INFO] running `Command { std: "docker" "create" "-v" "/var/lib/crater-agent-workspace/builds/worker-3/target:/opt/rustwide/target:rw,Z" "-v" "/var/lib/crater-agent-workspace/builds/worker-3/source:/opt/rustwide/workdir:ro,Z" "-v" "/var/lib/crater-agent-workspace/cargo-home:/opt/rustwide/cargo-home:ro,Z" "-v" "/var/lib/crater-agent-workspace/rustup-home:/opt/rustwide/rustup-home:ro,Z" "-e" "SOURCE_DIR=/opt/rustwide/workdir" "-e" "CARGO_TARGET_DIR=/opt/rustwide/target" "-e" "CARGO_INCREMENTAL=0" "-e" "RUST_BACKTRACE=full" "-e" "RUSTFLAGS=--cap-lints=warn" "-e" "CARGO_HOME=/opt/rustwide/cargo-home" "-e" "RUSTUP_HOME=/opt/rustwide/rustup-home" "-w" "/opt/rustwide/workdir" "-m" "1610612736" "--user" "0:0" "--network" "none" "ghcr.io/rust-lang/crates-build-env/linux@sha256:34b6a614d2c27851fe6cbf88fbd1137609cefab8b10d0615aaeb6fd47975d74e" "/opt/rustwide/cargo-home/bin/cargo" "+beta-2021-08-01" "test" "--frozen" "--no-run" "--message-format=json", kill_on_drop: false }`
[INFO] [stdout] cfd9ad41d0e4e0965c404afe76ea5f1127ae6c3b689c0a1e160b7857ccb881da
[INFO] [stderr] WARNING: Your kernel does not support swap limit capabilities or the cgroup is not mounted. Memory limited without swap.
[INFO] running `Command { std: "docker" "start" "-a" "cfd9ad41d0e4e0965c404afe76ea5f1127ae6c3b689c0a1e160b7857ccb881da", kill_on_drop: false }`
[INFO] [stderr]    Compiling icu_benchmark_macros v0.3.0
[INFO] [stderr]    Compiling serde_derive v1.0.126
[INFO] [stderr]    Compiling cast v0.2.7
[INFO] [stderr]    Compiling criterion-plot v0.4.4
[INFO] [stderr]    Compiling serde v1.0.126
[INFO] [stderr]    Compiling bstr v0.2.16
[INFO] [stderr]    Compiling serde_json v1.0.66
[INFO] [stderr]    Compiling serde_cbor v0.11.1
[INFO] [stderr]    Compiling csv v1.1.6
[INFO] [stderr]    Compiling tinytemplate v1.2.1
[INFO] [stderr]    Compiling criterion v0.3.5
[INFO] [stderr]    Compiling icu_locid v0.3.0 (/opt/rustwide/workdir)
[INFO] [stderr]     Finished test [unoptimized + debuginfo] target(s) in 32.64s
[INFO] running `Command { std: "docker" "inspect" "cfd9ad41d0e4e0965c404afe76ea5f1127ae6c3b689c0a1e160b7857ccb881da", kill_on_drop: false }`
[INFO] running `Command { std: "docker" "rm" "-f" "cfd9ad41d0e4e0965c404afe76ea5f1127ae6c3b689c0a1e160b7857ccb881da", kill_on_drop: false }`
[INFO] [stdout] cfd9ad41d0e4e0965c404afe76ea5f1127ae6c3b689c0a1e160b7857ccb881da
[INFO] running `Command { std: "docker" "create" "-v" "/var/lib/crater-agent-workspace/builds/worker-3/target:/opt/rustwide/target:rw,Z" "-v" "/var/lib/crater-agent-workspace/builds/worker-3/source:/opt/rustwide/workdir:ro,Z" "-v" "/var/lib/crater-agent-workspace/cargo-home:/opt/rustwide/cargo-home:ro,Z" "-v" "/var/lib/crater-agent-workspace/rustup-home:/opt/rustwide/rustup-home:ro,Z" "-e" "SOURCE_DIR=/opt/rustwide/workdir" "-e" "CARGO_TARGET_DIR=/opt/rustwide/target" "-e" "CARGO_INCREMENTAL=0" "-e" "RUST_BACKTRACE=full" "-e" "RUSTFLAGS=--cap-lints=warn" "-e" "CARGO_HOME=/opt/rustwide/cargo-home" "-e" "RUSTUP_HOME=/opt/rustwide/rustup-home" "-w" "/opt/rustwide/workdir" "-m" "1610612736" "--user" "0:0" "--network" "none" "ghcr.io/rust-lang/crates-build-env/linux@sha256:34b6a614d2c27851fe6cbf88fbd1137609cefab8b10d0615aaeb6fd47975d74e" "/opt/rustwide/cargo-home/bin/cargo" "+beta-2021-08-01" "test" "--frozen", kill_on_drop: false }`
[INFO] [stdout] 071fb66cc0461876e054cc82a25b8ed11dc8636ecf95ac041acca2a42a8f8e42
[INFO] [stderr] WARNING: Your kernel does not support swap limit capabilities or the cgroup is not mounted. Memory limited without swap.
[INFO] running `Command { std: "docker" "start" "-a" "071fb66cc0461876e054cc82a25b8ed11dc8636ecf95ac041acca2a42a8f8e42", kill_on_drop: false }`
[INFO] [stderr]     Finished test [unoptimized + debuginfo] target(s) in 0.06s
[INFO] [stderr]      Running unittests (/opt/rustwide/target/debug/deps/icu_locid-5b126931b6a714c4)
[INFO] [stdout] 
[INFO] [stdout] running 16 tests
[INFO] [stdout] test extensions::private::key::test_writeable ... ok
[INFO] [stdout] test extensions::transform::fields::test_writeable ... ok
[INFO] [stdout] test subtags::region::test_writeable ... ok
[INFO] [stdout] test subtags::script::test_writeable ... ok
[INFO] [stdout] test extensions::unicode::attribute::test_writeable ... ok
[INFO] [stdout] test extensions::unicode::attributes::test_writeable ... ok
[INFO] [stdout] test extensions::unicode::value::test_writeable ... ok
[INFO] [stdout] test extensions::unicode::key::test_writeable ... ok
[INFO] [stdout] test extensions::unicode::keywords::test_writeable ... ok
[INFO] [stdout] test locale::test_writeable ... ok
[INFO] [stdout] test subtags::variants::test_writeable ... ok
[INFO] [stdout] test subtags::variant::test_writeable ... ok
[INFO] [stdout] test langid::test_writeable ... ok
[INFO] [stdout] test extensions::transform::value::test_writeable ... ok
[INFO] [stdout] test subtags::language::test_writeable ... ok
[INFO] [stdout] test extensions::transform::key::test_writeable ... ok
[INFO] [stdout] 
[INFO] [stdout] test result: ok. 16 passed; 0 failed; 0 ignored; 0 measured; 0 filtered out; finished in 0.01s
[INFO] [stdout] 
[INFO] [stderr]      Running tests/langid.rs (/opt/rustwide/target/debug/deps/langid-eb22bfd45b2da215)
[INFO] [stdout] 
[INFO] [stdout] running 10 tests
[INFO] [stdout] test test_langid_subtag_variant ... ok
[INFO] [stdout] test test_langid_subtag_region ... ok
[INFO] [stdout] test test_langid_subtag_language ... ok
[INFO] [stdout] test test_langid_invalid ... ok
[INFO] [stdout] test test_langid_subtag_script ... ok
[INFO] [stdout] test test_langid_parsing ... ok
[INFO] [stdout] test test_langid_subtag_variants ... ok
[INFO] [stderr]      Running tests/locale.rs (/opt/rustwide/target/debug/deps/locale-1e4359a858dc0efa)
[INFO] [stdout] test test_langid_partialeq_str ... ok
[INFO] [stdout] test test_langid_canonicalize ... ok
[INFO] [stdout] test test_langid_from_locale ... ok
[INFO] [stdout] 
[INFO] [stdout] test result: ok. 10 passed; 0 failed; 0 ignored; 0 measured; 0 filtered out; finished in 0.01s
[INFO] [stdout] 
[INFO] [stdout] 
[INFO] [stdout] running 6 tests
[INFO] [stdout] test test_langid_invalid ... ok
[INFO] [stdout] test test_locale_canonicalize ... ok
[INFO] [stdout] test test_locale_is_empty ... ok
[INFO] [stdout] test test_locale_partialeq_str ... ok
[INFO] [stderr]      Running unittests (/opt/rustwide/target/debug/examples/filter_langids-5f8e4026d628fd92)
[INFO] [stdout] test test_locale_conversions ... ok
[INFO] [stderr]      Running unittests (/opt/rustwide/target/debug/examples/syntatically_canonicalize_locales-eba3cf3178ef2b3b)
[INFO] [stdout] test test_locale_parsing ... ok
[INFO] [stdout] 
[INFO] [stdout] test result: ok. 6 passed; 0 failed; 0 ignored; 0 measured; 0 filtered out; finished in 0.02s
[INFO] [stdout] 
[INFO] [stdout] 
[INFO] [stdout] Input: de, en-us, zh-hant, sr-cyrl, fr-ca, es-cl, pl, en-latn-us, ca-valencia, und-arab
[INFO] [stdout] Output: en-US, en-Latn-US
[INFO] [stdout] 
[INFO] [stdout] running 1 test
[INFO] [stdout] test tests::ensure_default_output ... ok
[INFO] [stdout] 
[INFO] [stdout] test result: ok. 1 passed; 0 failed; 0 ignored; 0 measured; 0 filtered out; finished in 0.01s
[INFO] [stdout] 
[INFO] [stderr]    Doc-tests icu_locid
[INFO] [stdout] 
[INFO] [stdout] running 97 tests
[INFO] [stdout] test src/extensions/transform/fields.rs - extensions::transform::fields::Fields::from_vec_unchecked (line 62) ... FAILED
[INFO] [stdout] test src/extensions/private/key.rs - extensions::private::key::Key::as_str (line 64) ... FAILED
[INFO] [stdout] test src/extensions/transform/fields.rs - extensions::transform::fields::Fields::clear (line 85) ... FAILED
[INFO] [stdout] test src/extensions/mod.rs - extensions::Extensions::new (line 95) ... FAILED
[INFO] [stdout] test src/extensions/private/key.rs - extensions::private::key::Key::from_bytes (line 37) ... FAILED
[INFO] [stdout] test src/extensions/private/mod.rs - extensions::private::Private::clear (line 108) ... FAILED
[INFO] [stdout] test src/extensions/private/mod.rs - extensions::private::Private::from_vec_unchecked (line 85) ... FAILED
[INFO] [stdout] test src/extensions/private/key.rs - extensions::private::key::Key (line 18) ... FAILED
[INFO] [stdout] test src/extensions/transform/fields.rs - extensions::transform::fields::Fields (line 28) ... FAILED
[INFO] [stdout] test src/extensions/transform/fields.rs - extensions::transform::fields::Fields::contains_key (line 109) ... FAILED
[INFO] [stdout] test src/extensions/private/mod.rs - extensions::private::Private::new (line 71) ... FAILED
[INFO] [stdout] test src/extensions/mod.rs - extensions (line 22) ... FAILED
[INFO] [stdout] test src/extensions/transform/fields.rs - extensions::transform::fields::Fields::new (line 47) ... FAILED
[INFO] [stdout] test src/extensions/private/mod.rs - extensions::private (line 15) ... FAILED
[INFO] [stdout] test src/extensions/private/mod.rs - extensions::private::Private (line 49) ... FAILED
[INFO] [stdout] test src/extensions/mod.rs - extensions::Extensions::is_empty (line 113) ... FAILED
[INFO] [stdout] test src/extensions/transform/fields.rs - extensions::transform::fields::Fields::get (line 135) ... FAILED
[INFO] [stdout] test src/extensions/transform/key.rs - extensions::transform::key::Key (line 17) ... FAILED
[INFO] [stdout] test src/extensions/transform/key.rs - extensions::transform::key::Key::as_str (line 57) ... FAILED
[INFO] [stdout] test src/extensions/transform/value.rs - extensions::transform::value::Value::from_bytes (line 46) ... FAILED
[INFO] [stdout] test src/extensions/transform/key.rs - extensions::transform::key::Key::from_bytes (line 36) ... FAILED
[INFO] [stdout] test src/extensions/unicode/attribute.rs - extensions::unicode::attribute::Attribute::as_str (line 67) ... FAILED
[INFO] [stdout] test src/extensions/transform/value.rs - extensions::transform::value::Value (line 29) ... FAILED
[INFO] [stdout] test src/extensions/transform/mod.rs - extensions::transform::Transform::is_empty (line 108) ... FAILED
[INFO] [stdout] test src/extensions/unicode/attributes.rs - extensions::unicode::attributes::Attributes (line 17) ... FAILED
[INFO] [stdout] test src/extensions/unicode/attribute.rs - extensions::unicode::attribute::Attribute::from_bytes (line 38) ... FAILED
[INFO] [stdout] test src/extensions/transform/mod.rs - extensions::transform (line 14) ... FAILED
[INFO] [stdout] test src/extensions/transform/mod.rs - extensions::transform::Transform::new (line 91) ... FAILED
[INFO] [stdout] test src/extensions/transform/mod.rs - extensions::transform::Transform (line 59) ... FAILED
[INFO] [stdout] test src/extensions/unicode/attributes.rs - extensions::unicode::attributes::Attributes::clear (line 85) ... FAILED
[INFO] [stdout] test src/extensions/unicode/attribute.rs - extensions::unicode::attribute::Attribute (line 19) ... FAILED
[INFO] [stdout] test src/extensions/unicode/attributes.rs - extensions::unicode::attributes::Attributes::from_vec_unchecked (line 56) ... FAILED
[INFO] [stdout] test src/extensions/unicode/attributes.rs - extensions::unicode::attributes::Attributes::new (line 41) ... FAILED
[INFO] [stdout] test src/extensions/unicode/keywords.rs - extensions::unicode::keywords::Keywords::contains_key (line 86) ... FAILED
[INFO] [stdout] test src/extensions/unicode/mod.rs - extensions::unicode::Unicode::is_empty (line 104) ... FAILED
[INFO] [stdout] test src/extensions/unicode/mod.rs - extensions::unicode::Unicode (line 64) ... FAILED
[INFO] [stdout] test src/extensions/unicode/keywords.rs - extensions::unicode::keywords::Keywords (line 28) ... FAILED
[INFO] [stdout] test src/extensions/unicode/keywords.rs - extensions::unicode::keywords::Keywords::get (line 112) ... FAILED
[INFO] [stdout] test src/extensions/unicode/keywords.rs - extensions::unicode::keywords::Keywords::from_vec_unchecked (line 62) ... FAILED
[INFO] [stdout] test src/extensions/unicode/key.rs - extensions::unicode::key::Key (line 18) ... FAILED
[INFO] [stdout] test src/extensions/unicode/key.rs - extensions::unicode::key::Key::from_bytes (line 37) ... FAILED
[INFO] [stdout] test src/extensions/unicode/key.rs - extensions::unicode::key::Key::as_str (line 79) ... FAILED
[INFO] [stdout] test src/extensions/unicode/mod.rs - extensions::unicode::Unicode::new (line 87) ... FAILED
[INFO] [stdout] test src/extensions/unicode/value.rs - extensions::unicode::value::Value (line 23) ... FAILED
[INFO] [stdout] test src/extensions/unicode/key.rs - extensions::unicode::key::Key::from_tinystr4_unchecked (line 62) ... FAILED
[INFO] [stdout] test src/extensions/unicode/keywords.rs - extensions::unicode::keywords::Keywords::new (line 47) ... FAILED
[INFO] [stdout] test src/langid.rs - langid::LanguageIdentifier (line 45) ... FAILED
[INFO] [stdout] test src/extensions/unicode/mod.rs - extensions::unicode (line 13) ... FAILED
[INFO] [stdout] test src/extensions/unicode/keywords.rs - extensions::unicode::keywords::Keywords::get_mut (line 144) ... FAILED
[INFO] [stdout] test src/locale.rs - locale::Locale (line 23) ... FAILED
[INFO] [stdout] test src/langid.rs - langid::LanguageIdentifier::und (line 112) ... FAILED
[INFO] [stdout] test src/langid.rs - langid::LanguageIdentifier::from_bytes (line 76) ... FAILED
[INFO] [stdout] test src/lib.rs - (line 24) ... FAILED
[INFO] [stdout] test src/locale.rs - locale::Locale::und (line 100) ... FAILED
[INFO] [stdout] test src/extensions/unicode/value.rs - extensions::unicode::value::Value::from_bytes (line 46) ... FAILED
[INFO] [stdout] test src/langid.rs - langid::LanguageIdentifier::canonicalize (line 136) ... FAILED
[INFO] [stdout] test src/langid.rs - langid::LanguageIdentifier (line 16) ... FAILED
[INFO] [stdout] test src/parser/errors.rs - parser::errors::ParserError::InvalidLanguage (line 16) ... FAILED
[INFO] [stdout] test src/subtags/language.rs - subtags::language::Language (line 18) ... FAILED
[INFO] [stdout] test src/langid.rs - langid::LanguageIdentifier::from_locale_bytes (line 93) ... FAILED
[INFO] [stdout] test src/locale.rs - locale::Locale (line 58) ... FAILED
[INFO] [stdout] test src/parser/errors.rs - parser::errors::ParserError::InvalidExtension (line 46) ... FAILED
[INFO] [stdout] test src/locale.rs - locale::Locale::from_bytes (line 84) ... FAILED
[INFO] [stdout] test src/subtags/language.rs - subtags::language::Language (line 30) ... FAILED
[INFO] [stdout] test src/subtags/language.rs - subtags::language::Language::from_bytes (line 53) ... FAILED
[INFO] [stdout] test src/subtags/language.rs - subtags::language::Language::as_str (line 150) ... FAILED
[INFO] [stdout] test src/subtags/language.rs - subtags::language::Language::from_raw_unchecked (line 107) ... FAILED
[INFO] [stdout] test src/parser/errors.rs - parser::errors::ParserError::InvalidSubtag (line 31) ... FAILED
[INFO] [stdout] test src/locale.rs - locale::Locale::get_unicode_extension (line 136) ... FAILED
[INFO] [stdout] test src/locale.rs - locale::Locale::canonicalize (line 122) ... FAILED
[INFO] [stdout] test src/subtags/language.rs - subtags::language::Language::und (line 133) ... FAILED
[INFO] [stdout] test src/subtags/language.rs - subtags::language::Language::into_raw (line 88) ... FAILED
[INFO] [stdout] test src/subtags/language.rs - subtags::language::Language::is_empty (line 189) ... FAILED
[INFO] [stdout] test src/subtags/language.rs - subtags::language::Language::clear (line 169) ... FAILED
[INFO] [stdout] test src/subtags/region.rs - subtags::region::Region::as_str (line 112) ... FAILED
[INFO] [stdout] test src/subtags/mod.rs - subtags (line 25) ... FAILED
[INFO] [stdout] test src/subtags/region.rs - subtags::region::Region::is_alphabetic (line 131) ... FAILED
[INFO] [stdout] test src/subtags/region.rs - subtags::region::Region::from_raw_unchecked (line 88) ... FAILED
[INFO] [stdout] test src/subtags/variant.rs - subtags::variant::Variant (line 17) ... FAILED
[INFO] [stdout] test src/subtags/region.rs - subtags::region::Region::from_bytes (line 36) ... FAILED
[INFO] [stdout] test src/subtags/script.rs - subtags::script::Script::from_raw_unchecked (line 79) ... FAILED
[INFO] [stdout] test src/subtags/script.rs - subtags::script::Script::as_str (line 103) ... FAILED
[INFO] [stdout] test src/subtags/script.rs - subtags::script::Script::into_raw (line 60) ... FAILED
[INFO] [stdout] test src/subtags/region.rs - subtags::region::Region (line 16) ... FAILED
[INFO] [stdout] test src/subtags/script.rs - subtags::script::Script::from_bytes (line 35) ... FAILED
[INFO] [stdout] test src/subtags/variant.rs - subtags::variant::Variant::as_str (line 113) ... FAILED
[INFO] [stdout] test src/subtags/variants.rs - subtags::variants::Variants::from_raw_unchecked (line 113) ... FAILED
[INFO] [stdout] test src/subtags/variants.rs - subtags::variants::Variants::from_vec_unchecked (line 58) ... FAILED
[INFO] [stdout] test src/subtags/script.rs - subtags::script::Script (line 16) ... FAILED
[INFO] [stdout] test src/subtags/variants.rs - subtags::variants::Variants::clear (line 147) ... FAILED
[INFO] [stdout] test src/subtags/variant.rs - subtags::variant::Variant::from_bytes (line 37) ... FAILED
[INFO] [stdout] test src/subtags/variant.rs - subtags::variant::Variant::into_raw (line 70) ... FAILED
[INFO] [stdout] test src/subtags/region.rs - subtags::region::Region::into_raw (line 69) ... FAILED
[INFO] [stdout] test src/subtags/variant.rs - subtags::variant::Variant::from_raw_unchecked (line 89) ... FAILED
[INFO] [stdout] test src/subtags/variants.rs - subtags::variants::Variants::new (line 42) ... FAILED
[INFO] [stdout] test src/subtags/variants.rs - subtags::variants::Variants (line 18) ... FAILED
[INFO] [stdout] test src/subtags/variants.rs - subtags::variants::Variants::into_raw (line 88) ... FAILED
[INFO] [stdout] 
[INFO] [stdout] failures:
[INFO] [stdout] 
[INFO] [stdout] ---- src/extensions/transform/fields.rs - extensions::transform::fields::Fields::from_vec_unchecked (line 62) stdout ----
[INFO] [stdout] error[E0433]: failed to resolve: use of undeclared crate or module `icu`
[INFO] [stdout]  --> src/extensions/transform/fields.rs:63:5
[INFO] [stdout]   |
[INFO] [stdout] 3 | use icu::locid::extensions::transform::{Fields, Key, Value};
[INFO] [stdout]   |     ^^^ use of undeclared crate or module `icu`
[INFO] [stdout] 
[INFO] [stdout] error[E0412]: cannot find type `Key` in this scope
[INFO] [stdout]  --> src/extensions/transform/fields.rs:65:10
[INFO] [stdout]   |
[INFO] [stdout] 5 | let key: Key = "h0".parse()
[INFO] [stdout]   |          ^^^ not found in this scope
[INFO] [stdout]   |
[INFO] [stdout] help: consider importing one of these items
[INFO] [stdout]   |
[INFO] [stdout] 2 | use icu_locid::extensions::private::Key;
[INFO] [stdout]   |
[INFO] [stdout] 2 | use icu_locid::extensions::transform::Key;
[INFO] [stdout]   |
[INFO] [stdout] 2 | use icu_locid::extensions::unicode::Key;
[INFO] [stdout]   |
[INFO] [stdout] 
[INFO] [stdout] error[E0412]: cannot find type `Value` in this scope
[INFO] [stdout]  --> src/extensions/transform/fields.rs:67:12
[INFO] [stdout]   |
[INFO] [stdout] 7 | let value: Value = "hybrid".parse()
[INFO] [stdout]   |            ^^^^^ not found in this scope
[INFO] [stdout]   |
[INFO] [stdout] help: consider importing one of these items
[INFO] [stdout]   |
[INFO] [stdout] 2 | use icu_locid::extensions::transform::Value;
[INFO] [stdout]   |
[INFO] [stdout] 2 | use icu_locid::extensions::unicode::Value;
[INFO] [stdout]   |
[INFO] [stdout] 2 | use serde_json::Value;
[INFO] [stdout]   |
[INFO] [stdout] 
[INFO] [stdout] error[E0433]: failed to resolve: use of undeclared type `Fields`
[INFO] [stdout]  --> src/extensions/transform/fields.rs:69:14
[INFO] [stdout]   |
[INFO] [stdout] 9 | let fields = Fields::from_vec_unchecked(vec![(key, value)]);
[INFO] [stdout]   |              ^^^^^^ not found in this scope
[INFO] [stdout]   |
[INFO] [stdout] help: consider importing this struct
[INFO] [stdout]   |
[INFO] [stdout] 2 | use icu_locid::extensions::transform::Fields;
[INFO] [stdout]   |
[INFO] [stdout] 
[INFO] [stdout] error: aborting due to 4 previous errors
[INFO] [stdout] 
[INFO] [stdout] Some errors have detailed explanations: E0412, E0433.
[INFO] [stdout] For more information about an error, try `rustc --explain E0412`.
[INFO] [stdout] Couldn't compile the test.
[INFO] [stdout] ---- src/extensions/private/key.rs - extensions::private::key::Key::as_str (line 64) stdout ----
[INFO] [stdout] error[E0433]: failed to resolve: use of undeclared crate or module `icu`
[INFO] [stdout]  --> src/extensions/private/key.rs:65:5
[INFO] [stdout]   |
[INFO] [stdout] 3 | use icu::locid::extensions::private::Key;
[INFO] [stdout]   |     ^^^ use of undeclared crate or module `icu`
[INFO] [stdout] 
[INFO] [stdout] error[E0433]: failed to resolve: use of undeclared type `Key`
[INFO] [stdout]  --> src/extensions/private/key.rs:67:11
[INFO] [stdout]   |
[INFO] [stdout] 5 | let key = Key::from_bytes(b"foobar")
[INFO] [stdout]   |           ^^^ not found in this scope
[INFO] [stdout]   |
[INFO] [stdout] help: consider importing one of these items
[INFO] [stdout]   |
[INFO] [stdout] 2 | use icu_locid::extensions::private::Key;
[INFO] [stdout]   |
[INFO] [stdout] 2 | use icu_locid::extensions::transform::Key;
[INFO] [stdout]   |
[INFO] [stdout] 2 | use icu_locid::extensions::unicode::Key;
[INFO] [stdout]   |
[INFO] [stdout] 
[INFO] [stdout] error: aborting due to 2 previous errors
[INFO] [stdout] 
[INFO] [stdout] For more information about this error, try `rustc --explain E0433`.
[INFO] [stdout] Couldn't compile the test.
[INFO] [stdout] ---- src/extensions/transform/fields.rs - extensions::transform::fields::Fields::clear (line 85) stdout ----
[INFO] [stdout] error[E0433]: failed to resolve: use of undeclared crate or module `icu`
[INFO] [stdout]  --> src/extensions/transform/fields.rs:86:5
[INFO] [stdout]   |
[INFO] [stdout] 3 | use icu::locid::extensions::transform::{Fields, Key, Value};
[INFO] [stdout]   |     ^^^ use of undeclared crate or module `icu`
[INFO] [stdout] 
[INFO] [stdout] error[E0412]: cannot find type `Key` in this scope
[INFO] [stdout]  --> src/extensions/transform/fields.rs:88:10
[INFO] [stdout]   |
[INFO] [stdout] 5 | let key: Key = "h0".parse()
[INFO] [stdout]   |          ^^^ not found in this scope
[INFO] [stdout]   |
[INFO] [stdout] help: consider importing one of these items
[INFO] [stdout]   |
[INFO] [stdout] 2 | use icu_locid::extensions::private::Key;
[INFO] [stdout]   |
[INFO] [stdout] 2 | use icu_locid::extensions::transform::Key;
[INFO] [stdout]   |
[INFO] [stdout] 2 | use icu_locid::extensions::unicode::Key;
[INFO] [stdout]   |
[INFO] [stdout] 
[INFO] [stdout] error[E0412]: cannot find type `Value` in this scope
[INFO] [stdout]  --> src/extensions/transform/fields.rs:90:12
[INFO] [stdout]   |
[INFO] [stdout] 7 | let value: Value = "hybrid".parse()
[INFO] [stdout]   |            ^^^^^ not found in this scope
[INFO] [stdout]   |
[INFO] [stdout] help: consider importing one of these items
[INFO] [stdout]   |
[INFO] [stdout] 2 | use icu_locid::extensions::transform::Value;
[INFO] [stdout]   |
[INFO] [stdout] 2 | use icu_locid::extensions::unicode::Value;
[INFO] [stdout]   |
[INFO] [stdout] 2 | use serde_json::Value;
[INFO] [stdout]   |
[INFO] [stdout] 
[INFO] [stdout] error[E0433]: failed to resolve: use of undeclared type `Fields`
[INFO] [stdout]  --> src/extensions/transform/fields.rs:92:18
[INFO] [stdout]   |
[INFO] [stdout] 9 | let mut fields = Fields::from_vec_unchecked(vec![(key, value)]);
[INFO] [stdout]   |                  ^^^^^^ not found in this scope
[INFO] [stdout]   |
[INFO] [stdout] help: consider importing this struct
[INFO] [stdout]   |
[INFO] [stdout] 2 | use icu_locid::extensions::transform::Fields;
[INFO] [stdout]   |
[INFO] [stdout] 
[INFO] [stdout] error: aborting due to 4 previous errors
[INFO] [stdout] 
[INFO] [stdout] Some errors have detailed explanations: E0412, E0433.
[INFO] [stdout] For more information about an error, try `rustc --explain E0412`.
[INFO] [stdout] Couldn't compile the test.
[INFO] [stdout] ---- src/extensions/mod.rs - extensions::Extensions::new (line 95) stdout ----
[INFO] [stdout] error[E0433]: failed to resolve: use of undeclared crate or module `icu`
[INFO] [stdout]  --> src/extensions/mod.rs:96:5
[INFO] [stdout]   |
[INFO] [stdout] 3 | use icu::locid::extensions::Extensions;
[INFO] [stdout]   |     ^^^ use of undeclared crate or module `icu`
[INFO] [stdout] 
[INFO] [stdout] error[E0433]: failed to resolve: use of undeclared type `Extensions`
[INFO] [stdout]  --> src/extensions/mod.rs:98:12
[INFO] [stdout]   |
[INFO] [stdout] 5 | assert_eq!(Extensions::new(), Extensions::default());
[INFO] [stdout]   |            ^^^^^^^^^^ not found in this scope
[INFO] [stdout]   |
[INFO] [stdout] help: consider importing this struct
[INFO] [stdout]   |
[INFO] [stdout] 2 | use icu_locid::extensions::Extensions;
[INFO] [stdout]   |
[INFO] [stdout] 
[INFO] [stdout] error[E0433]: failed to resolve: use of undeclared type `Extensions`
[INFO] [stdout]  --> src/extensions/mod.rs:98:31
[INFO] [stdout]   |
[INFO] [stdout] 5 | assert_eq!(Extensions::new(), Extensions::default());
[INFO] [stdout]   |                               ^^^^^^^^^^ not found in this scope
[INFO] [stdout]   |
[INFO] [stdout] help: consider importing this struct
[INFO] [stdout]   |
[INFO] [stdout] 2 | use icu_locid::extensions::Extensions;
[INFO] [stdout]   |
[INFO] [stdout] 
[INFO] [stdout] error: aborting due to 3 previous errors
[INFO] [stdout] 
[INFO] [stdout] For more information about this error, try `rustc --explain E0433`.
[INFO] [stdout] Couldn't compile the test.
[INFO] [stdout] ---- src/extensions/private/key.rs - extensions::private::key::Key::from_bytes (line 37) stdout ----
[INFO] [stdout] error[E0433]: failed to resolve: use of undeclared crate or module `icu`
[INFO] [stdout]  --> src/extensions/private/key.rs:38:5
[INFO] [stdout]   |
[INFO] [stdout] 3 | use icu::locid::extensions::private::Key;
[INFO] [stdout]   |     ^^^ use of undeclared crate or module `icu`
[INFO] [stdout] 
[INFO] [stdout] error[E0433]: failed to resolve: use of undeclared type `Key`
[INFO] [stdout]  --> src/extensions/private/key.rs:40:11
[INFO] [stdout]   |
[INFO] [stdout] 5 | let key = Key::from_bytes(b"foobar")
[INFO] [stdout]   |           ^^^ not found in this scope
[INFO] [stdout]   |
[INFO] [stdout] help: consider importing one of these items
[INFO] [stdout]   |
[INFO] [stdout] 2 | use icu_locid::extensions::private::Key;
[INFO] [stdout]   |
[INFO] [stdout] 2 | use icu_locid::extensions::transform::Key;
[INFO] [stdout]   |
[INFO] [stdout] 2 | use icu_locid::extensions::unicode::Key;
[INFO] [stdout]   |
[INFO] [stdout] 
[INFO] [stdout] error: aborting due to 2 previous errors
[INFO] [stdout] 
[INFO] [stdout] For more information about this error, try `rustc --explain E0433`.
[INFO] [stdout] Couldn't compile the test.
[INFO] [stdout] ---- src/extensions/private/mod.rs - extensions::private::Private::clear (line 108) stdout ----
[INFO] [stdout] error[E0433]: failed to resolve: use of undeclared crate or module `icu`
[INFO] [stdout]  --> src/extensions/private/mod.rs:109:5
[INFO] [stdout]   |
[INFO] [stdout] 3 | use icu::locid::extensions::private::{Private, Key};
[INFO] [stdout]   |     ^^^ use of undeclared crate or module `icu`
[INFO] [stdout] 
[INFO] [stdout] error[E0412]: cannot find type `Key` in this scope
[INFO] [stdout]  --> src/extensions/private/mod.rs:111:11
[INFO] [stdout]   |
[INFO] [stdout] 5 | let key1: Key = "foo".parse()
[INFO] [stdout]   |           ^^^ not found in this scope
[INFO] [stdout]   |
[INFO] [stdout] help: consider importing one of these items
[INFO] [stdout]   |
[INFO] [stdout] 2 | use icu_locid::extensions::private::Key;
[INFO] [stdout]   |
[INFO] [stdout] 2 | use icu_locid::extensions::transform::Key;
[INFO] [stdout]   |
[INFO] [stdout] 2 | use icu_locid::extensions::unicode::Key;
[INFO] [stdout]   |
[INFO] [stdout] 
[INFO] [stdout] error[E0412]: cannot find type `Key` in this scope
[INFO] [stdout]  --> src/extensions/private/mod.rs:113:11
[INFO] [stdout]   |
[INFO] [stdout] 7 | let key2: Key = "bar".parse()
[INFO] [stdout]   |           ^^^ not found in this scope
[INFO] [stdout]   |
[INFO] [stdout] help: consider importing one of these items
[INFO] [stdout]   |
[INFO] [stdout] 2 | use icu_locid::extensions::private::Key;
[INFO] [stdout]   |
[INFO] [stdout] 2 | use icu_locid::extensions::transform::Key;
[INFO] [stdout]   |
[INFO] [stdout] 2 | use icu_locid::extensions::unicode::Key;
[INFO] [stdout]   |
[INFO] [stdout] 
[INFO] [stdout] error[E0433]: failed to resolve: use of undeclared type `Private`
[INFO] [stdout]  --> src/extensions/private/mod.rs:115:19
[INFO] [stdout]   |
[INFO] [stdout] 9 | let mut private = Private::from_vec_unchecked(vec![key1, key2]);
[INFO] [stdout]   |                   ^^^^^^^ not found in this scope
[INFO] [stdout]   |
[INFO] [stdout] help: consider importing this struct
[INFO] [stdout]   |
[INFO] [stdout] 2 | use icu_locid::extensions::Private;
[INFO] [stdout]   |
[INFO] [stdout] 
[INFO] [stdout] error: aborting due to 4 previous errors
[INFO] [stdout] 
[INFO] [stdout] Some errors have detailed explanations: E0412, E0433.
[INFO] [stdout] For more information about an error, try `rustc --explain E0412`.
[INFO] [stdout] Couldn't compile the test.
[INFO] [stdout] ---- src/extensions/private/mod.rs - extensions::private::Private::from_vec_unchecked (line 85) stdout ----
[INFO] [stdout] error[E0433]: failed to resolve: use of undeclared crate or module `icu`
[INFO] [stdout]  --> src/extensions/private/mod.rs:86:5
[INFO] [stdout]   |
[INFO] [stdout] 3 | use icu::locid::extensions::private::{Private, Key};
[INFO] [stdout]   |     ^^^ use of undeclared crate or module `icu`
[INFO] [stdout] 
[INFO] [stdout] error[E0412]: cannot find type `Key` in this scope
[INFO] [stdout]  --> src/extensions/private/mod.rs:88:11
[INFO] [stdout]   |
[INFO] [stdout] 5 | let key1: Key = "foo".parse()
[INFO] [stdout]   |           ^^^ not found in this scope
[INFO] [stdout]   |
[INFO] [stdout] help: consider importing one of these items
[INFO] [stdout]   |
[INFO] [stdout] 2 | use icu_locid::extensions::private::Key;
[INFO] [stdout]   |
[INFO] [stdout] 2 | use icu_locid::extensions::transform::Key;
[INFO] [stdout]   |
[INFO] [stdout] 2 | use icu_locid::extensions::unicode::Key;
[INFO] [stdout]   |
[INFO] [stdout] 
[INFO] [stdout] error[E0412]: cannot find type `Key` in this scope
[INFO] [stdout]  --> src/extensions/private/mod.rs:90:11
[INFO] [stdout]   |
[INFO] [stdout] 7 | let key2: Key = "bar".parse()
[INFO] [stdout]   |           ^^^ not found in this scope
[INFO] [stdout]   |
[INFO] [stdout] help: consider importing one of these items
[INFO] [stdout]   |
[INFO] [stdout] 2 | use icu_locid::extensions::private::Key;
[INFO] [stdout]   |
[INFO] [stdout] 2 | use icu_locid::extensions::transform::Key;
[INFO] [stdout]   |
[INFO] [stdout] 2 | use icu_locid::extensions::unicode::Key;
[INFO] [stdout]   |
[INFO] [stdout] 
[INFO] [stdout] error[E0433]: failed to resolve: use of undeclared type `Private`
[INFO] [stdout]   --> src/extensions/private/mod.rs:93:15
[INFO] [stdout]    |
[INFO] [stdout] 10 | let private = Private::from_vec_unchecked(vec![key1, key2]);
[INFO] [stdout]    |               ^^^^^^^ not found in this scope
[INFO] [stdout]    |
[INFO] [stdout] help: consider importing this struct
[INFO] [stdout]    |
[INFO] [stdout] 2  | use icu_locid::extensions::Private;
[INFO] [stdout]    |
[INFO] [stdout] 
[INFO] [stdout] error: aborting due to 4 previous errors
[INFO] [stdout] 
[INFO] [stdout] Some errors have detailed explanations: E0412, E0433.
[INFO] [stdout] For more information about an error, try `rustc --explain E0412`.
[INFO] [stdout] Couldn't compile the test.
[INFO] [stdout] ---- src/extensions/private/key.rs - extensions::private::key::Key (line 18) stdout ----
[INFO] [stdout] error[E0433]: failed to resolve: use of undeclared crate or module `icu`
[INFO] [stdout]  --> src/extensions/private/key.rs:19:5
[INFO] [stdout]   |
[INFO] [stdout] 3 | use icu::locid::extensions::private::Key;
[INFO] [stdout]   |     ^^^ use of undeclared crate or module `icu`
[INFO] [stdout] 
[INFO] [stdout] error[E0412]: cannot find type `Key` in this scope
[INFO] [stdout]  --> src/extensions/private/key.rs:21:11
[INFO] [stdout]   |
[INFO] [stdout] 5 | let key1: Key = "Foo".parse()
[INFO] [stdout]   |           ^^^ not found in this scope
[INFO] [stdout]   |
[INFO] [stdout] help: consider importing one of these items
[INFO] [stdout]   |
[INFO] [stdout] 2 | use icu_locid::extensions::private::Key;
[INFO] [stdout]   |
[INFO] [stdout] 2 | use icu_locid::extensions::transform::Key;
[INFO] [stdout]   |
[INFO] [stdout] 2 | use icu_locid::extensions::unicode::Key;
[INFO] [stdout]   |
[INFO] [stdout] 
[INFO] [stdout] error: aborting due to 2 previous errors
[INFO] [stdout] 
[INFO] [stdout] Some errors have detailed explanations: E0412, E0433.
[INFO] [stdout] For more information about an error, try `rustc --explain E0412`.
[INFO] [stdout] Couldn't compile the test.
[INFO] [stdout] ---- src/extensions/transform/fields.rs - extensions::transform::fields::Fields (line 28) stdout ----
[INFO] [stdout] error[E0433]: failed to resolve: use of undeclared crate or module `icu`
[INFO] [stdout]  --> src/extensions/transform/fields.rs:29:5
[INFO] [stdout]   |
[INFO] [stdout] 3 | use icu::locid::extensions::transform::{Fields, Key, Value};
[INFO] [stdout]   |     ^^^ use of undeclared crate or module `icu`
[INFO] [stdout] 
[INFO] [stdout] error[E0412]: cannot find type `Key` in this scope
[INFO] [stdout]  --> src/extensions/transform/fields.rs:31:10
[INFO] [stdout]   |
[INFO] [stdout] 5 | let key: Key = "h0".parse()
[INFO] [stdout]   |          ^^^ not found in this scope
[INFO] [stdout]   |
[INFO] [stdout] help: consider importing one of these items
[INFO] [stdout]   |
[INFO] [stdout] 2 | use icu_locid::extensions::private::Key;
[INFO] [stdout]   |
[INFO] [stdout] 2 | use icu_locid::extensions::transform::Key;
[INFO] [stdout]   |
[INFO] [stdout] 2 | use icu_locid::extensions::unicode::Key;
[INFO] [stdout]   |
[INFO] [stdout] 
[INFO] [stdout] error[E0412]: cannot find type `Value` in this scope
[INFO] [stdout]  --> src/extensions/transform/fields.rs:33:12
[INFO] [stdout]   |
[INFO] [stdout] 7 | let value: Value = "hybrid".parse()
[INFO] [stdout]   |            ^^^^^ not found in this scope
[INFO] [stdout]   |
[INFO] [stdout] help: consider importing one of these items
[INFO] [stdout]   |
[INFO] [stdout] 2 | use icu_locid::extensions::transform::Value;
[INFO] [stdout]   |
[INFO] [stdout] 2 | use icu_locid::extensions::unicode::Value;
[INFO] [stdout]   |
[INFO] [stdout] 2 | use serde_json::Value;
[INFO] [stdout]   |
[INFO] [stdout] 
[INFO] [stdout] error[E0433]: failed to resolve: use of undeclared type `Fields`
[INFO] [stdout]  --> src/extensions/transform/fields.rs:35:14
[INFO] [stdout]   |
[INFO] [stdout] 9 | let fields = Fields::from_vec_unchecked(vec![(key, value)]);
[INFO] [stdout]   |              ^^^^^^ not found in this scope
[INFO] [stdout]   |
[INFO] [stdout] help: consider importing this struct
[INFO] [stdout]   |
[INFO] [stdout] 2 | use icu_locid::extensions::transform::Fields;
[INFO] [stdout]   |
[INFO] [stdout] 
[INFO] [stdout] error: aborting due to 4 previous errors
[INFO] [stdout] 
[INFO] [stdout] Some errors have detailed explanations: E0412, E0433.
[INFO] [stdout] For more information about an error, try `rustc --explain E0412`.
[INFO] [stdout] Couldn't compile the test.
[INFO] [stdout] ---- src/extensions/transform/fields.rs - extensions::transform::fields::Fields::contains_key (line 109) stdout ----
[INFO] [stdout] error[E0433]: failed to resolve: use of undeclared crate or module `icu`
[INFO] [stdout]  --> src/extensions/transform/fields.rs:110:5
[INFO] [stdout]   |
[INFO] [stdout] 3 | use icu::locid::extensions::transform::{Fields, Key, Value};
[INFO] [stdout]   |     ^^^ use of undeclared crate or module `icu`
[INFO] [stdout] 
[INFO] [stdout] error[E0412]: cannot find type `Key` in this scope
[INFO] [stdout]  --> src/extensions/transform/fields.rs:112:10
[INFO] [stdout]   |
[INFO] [stdout] 5 | let key: Key = "h0".parse()
[INFO] [stdout]   |          ^^^ not found in this scope
[INFO] [stdout]   |
[INFO] [stdout] help: consider importing one of these items
[INFO] [stdout]   |
[INFO] [stdout] 2 | use icu_locid::extensions::private::Key;
[INFO] [stdout]   |
[INFO] [stdout] 2 | use icu_locid::extensions::transform::Key;
[INFO] [stdout]   |
[INFO] [stdout] 2 | use icu_locid::extensions::unicode::Key;
[INFO] [stdout]   |
[INFO] [stdout] 
[INFO] [stdout] error[E0412]: cannot find type `Value` in this scope
[INFO] [stdout]  --> src/extensions/transform/fields.rs:114:12
[INFO] [stdout]   |
[INFO] [stdout] 7 | let value: Value = "hybrid".parse()
[INFO] [stdout]   |            ^^^^^ not found in this scope
[INFO] [stdout]   |
[INFO] [stdout] help: consider importing one of these items
[INFO] [stdout]   |
[INFO] [stdout] 2 | use icu_locid::extensions::transform::Value;
[INFO] [stdout]   |
[INFO] [stdout] 2 | use icu_locid::extensions::unicode::Value;
[INFO] [stdout]   |
[INFO] [stdout] 2 | use serde_json::Value;
[INFO] [stdout]   |
[INFO] [stdout] 
[INFO] [stdout] error[E0433]: failed to resolve: use of undeclared type `Fields`
[INFO] [stdout]  --> src/extensions/transform/fields.rs:116:18
[INFO] [stdout]   |
[INFO] [stdout] 9 | let mut fields = Fields::from_vec_unchecked(vec![(key, value)]);
[INFO] [stdout]   |                  ^^^^^^ not found in this scope
[INFO] [stdout]   |
[INFO] [stdout] help: consider importing this struct
[INFO] [stdout]   |
[INFO] [stdout] 2 | use icu_locid::extensions::transform::Fields;
[INFO] [stdout]   |
[INFO] [stdout] 
[INFO] [stdout] error[E0412]: cannot find type `Key` in this scope
[INFO] [stdout]   --> src/extensions/transform/fields.rs:118:10
[INFO] [stdout]    |
[INFO] [stdout] 11 | let key: Key = "h0".parse()
[INFO] [stdout]    |          ^^^ not found in this scope
[INFO] [stdout]    |
[INFO] [stdout] help: consider importing one of these items
[INFO] [stdout]    |
[INFO] [stdout] 2  | use icu_locid::extensions::private::Key;
[INFO] [stdout]    |
[INFO] [stdout] 2  | use icu_locid::extensions::transform::Key;
[INFO] [stdout]    |
[INFO] [stdout] 2  | use icu_locid::extensions::unicode::Key;
[INFO] [stdout]    |
[INFO] [stdout] 
[INFO] [stdout] error: aborting due to 5 previous errors
[INFO] [stdout] 
[INFO] [stdout] Some errors have detailed explanations: E0412, E0433.
[INFO] [stdout] For more information about an error, try `rustc --explain E0412`.
[INFO] [stdout] Couldn't compile the test.
[INFO] [stdout] ---- src/extensions/private/mod.rs - extensions::private::Private::new (line 71) stdout ----
[INFO] [stdout] error[E0433]: failed to resolve: use of undeclared crate or module `icu`
[INFO] [stdout]  --> src/extensions/private/mod.rs:72:5
[INFO] [stdout]   |
[INFO] [stdout] 3 | use icu::locid::extensions::private::Private;
[INFO] [stdout]   |     ^^^ use of undeclared crate or module `icu`
[INFO] [stdout] 
[INFO] [stdout] error[E0433]: failed to resolve: use of undeclared type `Private`
[INFO] [stdout]  --> src/extensions/private/mod.rs:74:12
[INFO] [stdout]   |
[INFO] [stdout] 5 | assert_eq!(Private::new(), Private::default());
[INFO] [stdout]   |            ^^^^^^^ not found in this scope
[INFO] [stdout]   |
[INFO] [stdout] help: consider importing this struct
[INFO] [stdout]   |
[INFO] [stdout] 2 | use icu_locid::extensions::Private;
[INFO] [stdout]   |
[INFO] [stdout] 
[INFO] [stdout] error[E0433]: failed to resolve: use of undeclared type `Private`
[INFO] [stdout]  --> src/extensions/private/mod.rs:74:28
[INFO] [stdout]   |
[INFO] [stdout] 5 | assert_eq!(Private::new(), Private::default());
[INFO] [stdout]   |                            ^^^^^^^ not found in this scope
[INFO] [stdout]   |
[INFO] [stdout] help: consider importing this struct
[INFO] [stdout]   |
[INFO] [stdout] 2 | use icu_locid::extensions::Private;
[INFO] [stdout]   |
[INFO] [stdout] 
[INFO] [stdout] error: aborting due to 3 previous errors
[INFO] [stdout] 
[INFO] [stdout] For more information about this error, try `rustc --explain E0433`.
[INFO] [stdout] Couldn't compile the test.
[INFO] [stdout] ---- src/extensions/mod.rs - extensions (line 22) stdout ----
[INFO] [stdout] error[E0433]: failed to resolve: use of undeclared crate or module `icu`
[INFO] [stdout]  --> src/extensions/mod.rs:23:5
[INFO] [stdout]   |
[INFO] [stdout] 3 | use icu::locid::Locale;
[INFO] [stdout]   |     ^^^ use of undeclared crate or module `icu`
[INFO] [stdout] 
[INFO] [stdout] error[E0433]: failed to resolve: use of undeclared crate or module `icu`
[INFO] [stdout]  --> src/extensions/mod.rs:24:5
[INFO] [stdout]   |
[INFO] [stdout] 4 | use icu::locid::extensions::unicode::{Key, Value};
[INFO] [stdout]   |     ^^^ use of undeclared crate or module `icu`
[INFO] [stdout] 
[INFO] [stdout] error[E0412]: cannot find type `Locale` in this scope
[INFO] [stdout]  --> src/extensions/mod.rs:26:10
[INFO] [stdout]   |
[INFO] [stdout] 6 | let loc: Locale = "en-US-u-ca-buddhist-t-en-US-h0-hybrid-x-foo".parse()
[INFO] [stdout]   |          ^^^^^^ not found in this scope
[INFO] [stdout]   |
[INFO] [stdout] help: consider importing this struct
[INFO] [stdout]   |
[INFO] [stdout] 2 | use icu_locid::Locale;
[INFO] [stdout]   |
[INFO] [stdout] 
[INFO] [stdout] error[E0412]: cannot find type `Key` in this scope
[INFO] [stdout]   --> src/extensions/mod.rs:35:10
[INFO] [stdout]    |
[INFO] [stdout] 15 | let key: Key = "ca".parse().expect("Parsing key failed.");
[INFO] [stdout]    |          ^^^ not found in this scope
[INFO] [stdout]    |
[INFO] [stdout] help: consider importing one of these items
[INFO] [stdout]    |
[INFO] [stdout] 2  | use icu_locid::extensions::private::Key;
[INFO] [stdout]    |
[INFO] [stdout] 2  | use icu_locid::extensions::transform::Key;
[INFO] [stdout]    |
[INFO] [stdout] 2  | use icu_locid::extensions::unicode::Key;
[INFO] [stdout]    |
[INFO] [stdout] 
[INFO] [stdout] error[E0412]: cannot find type `Value` in this scope
[INFO] [stdout]   --> src/extensions/mod.rs:36:12
[INFO] [stdout]    |
[INFO] [stdout] 16 | let value: Value = "buddhist".parse().expect("Parsing value failed.");
[INFO] [stdout]    |            ^^^^^ not found in this scope
[INFO] [stdout]    |
[INFO] [stdout] help: consider importing one of these items
[INFO] [stdout]    |
[INFO] [stdout] 2  | use icu_locid::extensions::transform::Value;
[INFO] [stdout]    |
[INFO] [stdout] 2  | use icu_locid::extensions::unicode::Value;
[INFO] [stdout]    |
[INFO] [stdout] 2  | use serde_json::Value;
[INFO] [stdout]    |
[INFO] [stdout] 
[INFO] [stdout] error: aborting due to 5 previous errors
[INFO] [stdout] 
[INFO] [stdout] Some errors have detailed explanations: E0412, E0433.
[INFO] [stdout] For more information about an error, try `rustc --explain E0412`.
[INFO] [stdout] Couldn't compile the test.
[INFO] [stdout] ---- src/extensions/transform/fields.rs - extensions::transform::fields::Fields::new (line 47) stdout ----
[INFO] [stdout] error[E0433]: failed to resolve: use of undeclared crate or module `icu`
[INFO] [stdout]  --> src/extensions/transform/fields.rs:48:5
[INFO] [stdout]   |
[INFO] [stdout] 3 | use icu::locid::extensions::transform::Fields;
[INFO] [stdout]   |     ^^^ use of undeclared crate or module `icu`
[INFO] [stdout] 
[INFO] [stdout] error[E0433]: failed to resolve: use of undeclared type `Fields`
[INFO] [stdout]  --> src/extensions/transform/fields.rs:50:12
[INFO] [stdout]   |
[INFO] [stdout] 5 | assert_eq!(Fields::new(), Fields::default());
[INFO] [stdout]   |            ^^^^^^ not found in this scope
[INFO] [stdout]   |
[INFO] [stdout] help: consider importing this struct
[INFO] [stdout]   |
[INFO] [stdout] 2 | use icu_locid::extensions::transform::Fields;
[INFO] [stdout]   |
[INFO] [stdout] 
[INFO] [stdout] error[E0433]: failed to resolve: use of undeclared type `Fields`
[INFO] [stdout]  --> src/extensions/transform/fields.rs:50:27
[INFO] [stdout]   |
[INFO] [stdout] 5 | assert_eq!(Fields::new(), Fields::default());
[INFO] [stdout]   |                           ^^^^^^ not found in this scope
[INFO] [stdout]   |
[INFO] [stdout] help: consider importing this struct
[INFO] [stdout]   |
[INFO] [stdout] 2 | use icu_locid::extensions::transform::Fields;
[INFO] [stdout]   |
[INFO] [stdout] 
[INFO] [stdout] error: aborting due to 3 previous errors
[INFO] [stdout] 
[INFO] [stdout] For more information about this error, try `rustc --explain E0433`.
[INFO] [stdout] Couldn't compile the test.
[INFO] [stdout] ---- src/extensions/private/mod.rs - extensions::private (line 15) stdout ----
[INFO] [stdout] error[E0433]: failed to resolve: use of undeclared crate or module `icu`
[INFO] [stdout]  --> src/extensions/private/mod.rs:16:5
[INFO] [stdout]   |
[INFO] [stdout] 3 | use icu::locid::Locale;
[INFO] [stdout]   |     ^^^ use of undeclared crate or module `icu`
[INFO] [stdout] 
[INFO] [stdout] error[E0433]: failed to resolve: use of undeclared crate or module `icu`
[INFO] [stdout]  --> src/extensions/private/mod.rs:17:5
[INFO] [stdout]   |
[INFO] [stdout] 4 | use icu::locid::extensions::private::{Private, Key};
[INFO] [stdout]   |     ^^^ use of undeclared crate or module `icu`
[INFO] [stdout] 
[INFO] [stdout] error[E0412]: cannot find type `Locale` in this scope
[INFO] [stdout]  --> src/extensions/private/mod.rs:19:14
[INFO] [stdout]   |
[INFO] [stdout] 6 | let mut loc: Locale = "en-US-x-foo-faa".parse()
[INFO] [stdout]   |              ^^^^^^ not found in this scope
[INFO] [stdout]   |
[INFO] [stdout] help: consider importing this struct
[INFO] [stdout]   |
[INFO] [stdout] 2 | use icu_locid::Locale;
[INFO] [stdout]   |
[INFO] [stdout] 
[INFO] [stdout] error[E0412]: cannot find type `Key` in this scope
[INFO] [stdout]  --> src/extensions/private/mod.rs:22:10
[INFO] [stdout]   |
[INFO] [stdout] 9 | let key: Key = "foo".parse()
[INFO] [stdout]   |          ^^^ not found in this scope
[INFO] [stdout]   |
[INFO] [stdout] help: consider importing one of these items
[INFO] [stdout]   |
[INFO] [stdout] 2 | use icu_locid::extensions::private::Key;
[INFO] [stdout]   |
[INFO] [stdout] 2 | use icu_locid::extensions::transform::Key;
[INFO] [stdout]   |
[INFO] [stdout] 2 | use icu_locid::extensions::unicode::Key;
[INFO] [stdout]   |
[INFO] [stdout] 
[INFO] [stdout] error: aborting due to 4 previous errors
[INFO] [stdout] 
[INFO] [stdout] Some errors have detailed explanations: E0412, E0433.
[INFO] [stdout] For more information about an error, try `rustc --explain E0412`.
[INFO] [stdout] Couldn't compile the test.
[INFO] [stdout] ---- src/extensions/private/mod.rs - extensions::private::Private (line 49) stdout ----
[INFO] [stdout] error[E0433]: failed to resolve: use of undeclared crate or module `icu`
[INFO] [stdout]  --> src/extensions/private/mod.rs:50:5
[INFO] [stdout]   |
[INFO] [stdout] 3 | use icu::locid::extensions::private::{Private, Key};
[INFO] [stdout]   |     ^^^ use of undeclared crate or module `icu`
[INFO] [stdout] 
[INFO] [stdout] error[E0412]: cannot find type `Key` in this scope
[INFO] [stdout]  --> src/extensions/private/mod.rs:52:11
[INFO] [stdout]   |
[INFO] [stdout] 5 | let key1: Key = "foo".parse()
[INFO] [stdout]   |           ^^^ not found in this scope
[INFO] [stdout]   |
[INFO] [stdout] help: consider importing one of these items
[INFO] [stdout]   |
[INFO] [stdout] 2 | use icu_locid::extensions::private::Key;
[INFO] [stdout]   |
[INFO] [stdout] 2 | use icu_locid::extensions::transform::Key;
[INFO] [stdout]   |
[INFO] [stdout] 2 | use icu_locid::extensions::unicode::Key;
[INFO] [stdout]   |
[INFO] [stdout] 
[INFO] [stdout] error[E0412]: cannot find type `Key` in this scope
[INFO] [stdout]  --> src/extensions/private/mod.rs:54:11
[INFO] [stdout]   |
[INFO] [stdout] 7 | let key2: Key = "bar".parse()
[INFO] [stdout]   |           ^^^ not found in this scope
[INFO] [stdout]   |
[INFO] [stdout] help: consider importing one of these items
[INFO] [stdout]   |
[INFO] [stdout] 2 | use icu_locid::extensions::private::Key;
[INFO] [stdout]   |
[INFO] [stdout] 2 | use icu_locid::extensions::transform::Key;
[INFO] [stdout]   |
[INFO] [stdout] 2 | use icu_locid::extensions::unicode::Key;
[INFO] [stdout]   |
[INFO] [stdout] 
[INFO] [stdout] error[E0433]: failed to resolve: use of undeclared type `Private`
[INFO] [stdout]   --> src/extensions/private/mod.rs:57:15
[INFO] [stdout]    |
[INFO] [stdout] 10 | let private = Private::from_vec_unchecked(vec![key1, key2]);
[INFO] [stdout]    |               ^^^^^^^ not found in this scope
[INFO] [stdout]    |
[INFO] [stdout] help: consider importing this struct
[INFO] [stdout]    |
[INFO] [stdout] 2  | use icu_locid::extensions::Private;
[INFO] [stdout]    |
[INFO] [stdout] 
[INFO] [stdout] error: aborting due to 4 previous errors
[INFO] [stdout] 
[INFO] [stdout] Some errors have detailed explanations: E0412, E0433.
[INFO] [stdout] For more information about an error, try `rustc --explain E0412`.
[INFO] [stdout] Couldn't compile the test.
[INFO] [stdout] ---- src/extensions/mod.rs - extensions::Extensions::is_empty (line 113) stdout ----
[INFO] [stdout] error[E0433]: failed to resolve: use of undeclared crate or module `icu`
[INFO] [stdout]  --> src/extensions/mod.rs:114:5
[INFO] [stdout]   |
[INFO] [stdout] 3 | use icu::locid::Locale;
[INFO] [stdout]   |     ^^^ use of undeclared crate or module `icu`
[INFO] [stdout] 
[INFO] [stdout] error[E0412]: cannot find type `Locale` in this scope
[INFO] [stdout]  --> src/extensions/mod.rs:116:10
[INFO] [stdout]   |
[INFO] [stdout] 5 | let loc: Locale = "en-US-u-foo".parse()
[INFO] [stdout]   |          ^^^^^^ not found in this scope
[INFO] [stdout]   |
[INFO] [stdout] help: consider importing this struct
[INFO] [stdout]   |
[INFO] [stdout] 2 | use icu_locid::Locale;
[INFO] [stdout]   |
[INFO] [stdout] 
[INFO] [stdout] error: aborting due to 2 previous errors
[INFO] [stdout] 
[INFO] [stdout] Some errors have detailed explanations: E0412, E0433.
[INFO] [stdout] For more information about an error, try `rustc --explain E0412`.
[INFO] [stdout] Couldn't compile the test.
[INFO] [stdout] ---- src/extensions/transform/fields.rs - extensions::transform::fields::Fields::get (line 135) stdout ----
[INFO] [stdout] error[E0433]: failed to resolve: use of undeclared crate or module `icu`
[INFO] [stdout]  --> src/extensions/transform/fields.rs:136:5
[INFO] [stdout]   |
[INFO] [stdout] 3 | use icu::locid::extensions::transform::{Fields, Key, Value};
[INFO] [stdout]   |     ^^^ use of undeclared crate or module `icu`
[INFO] [stdout] 
[INFO] [stdout] error[E0412]: cannot find type `Key` in this scope
[INFO] [stdout]  --> src/extensions/transform/fields.rs:138:10
[INFO] [stdout]   |
[INFO] [stdout] 5 | let key: Key = "h0".parse()
[INFO] [stdout]   |          ^^^ not found in this scope
[INFO] [stdout]   |
[INFO] [stdout] help: consider importing one of these items
[INFO] [stdout]   |
[INFO] [stdout] 2 | use icu_locid::extensions::private::Key;
[INFO] [stdout]   |
[INFO] [stdout] 2 | use icu_locid::extensions::transform::Key;
[INFO] [stdout]   |
[INFO] [stdout] 2 | use icu_locid::extensions::unicode::Key;
[INFO] [stdout]   |
[INFO] [stdout] 
[INFO] [stdout] error[E0412]: cannot find type `Value` in this scope
[INFO] [stdout]  --> src/extensions/transform/fields.rs:140:12
[INFO] [stdout]   |
[INFO] [stdout] 7 | let value: Value = "hybrid".parse()
[INFO] [stdout]   |            ^^^^^ not found in this scope
[INFO] [stdout]   |
[INFO] [stdout] help: consider importing one of these items
[INFO] [stdout]   |
[INFO] [stdout] 2 | use icu_locid::extensions::transform::Value;
[INFO] [stdout]   |
[INFO] [stdout] 2 | use icu_locid::extensions::unicode::Value;
[INFO] [stdout]   |
[INFO] [stdout] 2 | use serde_json::Value;
[INFO] [stdout]   |
[INFO] [stdout] 
[INFO] [stdout] error[E0433]: failed to resolve: use of undeclared type `Fields`
[INFO] [stdout]  --> src/extensions/transform/fields.rs:142:18
[INFO] [stdout]   |
[INFO] [stdout] 9 | let mut fields = Fields::from_vec_unchecked(vec![(key, value)]);
[INFO] [stdout]   |                  ^^^^^^ not found in this scope
[INFO] [stdout]   |
[INFO] [stdout] help: consider importing this struct
[INFO] [stdout]   |
[INFO] [stdout] 2 | use icu_locid::extensions::transform::Fields;
[INFO] [stdout]   |
[INFO] [stdout] 
[INFO] [stdout] error[E0412]: cannot find type `Key` in this scope
[INFO] [stdout]   --> src/extensions/transform/fields.rs:144:10
[INFO] [stdout]    |
[INFO] [stdout] 11 | let key: Key = "h0".parse()
[INFO] [stdout]    |          ^^^ not found in this scope
[INFO] [stdout]    |
[INFO] [stdout] help: consider importing one of these items
[INFO] [stdout]    |
[INFO] [stdout] 2  | use icu_locid::extensions::private::Key;
[INFO] [stdout]    |
[INFO] [stdout] 2  | use icu_locid::extensions::transform::Key;
[INFO] [stdout]    |
[INFO] [stdout] 2  | use icu_locid::extensions::unicode::Key;
[INFO] [stdout]    |
[INFO] [stdout] 
[INFO] [stdout] error: aborting due to 5 previous errors
[INFO] [stdout] 
[INFO] [stdout] Some errors have detailed explanations: E0412, E0433.
[INFO] [stdout] For more information about an error, try `rustc --explain E0412`.
[INFO] [stdout] Couldn't compile the test.
[INFO] [stdout] ---- src/extensions/transform/key.rs - extensions::transform::key::Key (line 17) stdout ----
[INFO] [stdout] error[E0433]: failed to resolve: use of undeclared crate or module `icu`
[INFO] [stdout]  --> src/extensions/transform/key.rs:18:5
[INFO] [stdout]   |
[INFO] [stdout] 3 | use icu::locid::extensions::transform::Key;
[INFO] [stdout]   |     ^^^ use of undeclared crate or module `icu`
[INFO] [stdout] 
[INFO] [stdout] error[E0412]: cannot find type `Key` in this scope
[INFO] [stdout]  --> src/extensions/transform/key.rs:20:11
[INFO] [stdout]   |
[INFO] [stdout] 5 | let key1: Key = "k0".parse()
[INFO] [stdout]   |           ^^^ not found in this scope
[INFO] [stdout]   |
[INFO] [stdout] help: consider importing one of these items
[INFO] [stdout]   |
[INFO] [stdout] 2 | use icu_locid::extensions::private::Key;
[INFO] [stdout]   |
[INFO] [stdout] 2 | use icu_locid::extensions::transform::Key;
[INFO] [stdout]   |
[INFO] [stdout] 2 | use icu_locid::extensions::unicode::Key;
[INFO] [stdout]   |
[INFO] [stdout] 
[INFO] [stdout] error: aborting due to 2 previous errors
[INFO] [stdout] 
[INFO] [stdout] Some errors have detailed explanations: E0412, E0433.
[INFO] [stdout] For more information about an error, try `rustc --explain E0412`.
[INFO] [stdout] Couldn't compile the test.
[INFO] [stdout] ---- src/extensions/transform/key.rs - extensions::transform::key::Key::as_str (line 57) stdout ----
[INFO] [stdout] error[E0433]: failed to resolve: use of undeclared crate or module `icu`
[INFO] [stdout]  --> src/extensions/transform/key.rs:58:5
[INFO] [stdout]   |
[INFO] [stdout] 3 | use icu::locid::extensions::transform::Key;
[INFO] [stdout]   |     ^^^ use of undeclared crate or module `icu`
[INFO] [stdout] 
[INFO] [stdout] error[E0412]: cannot find type `Key` in this scope
[INFO] [stdout]  --> src/extensions/transform/key.rs:60:10
[INFO] [stdout]   |
[INFO] [stdout] 5 | let key: Key = "s0".parse()
[INFO] [stdout]   |          ^^^ not found in this scope
[INFO] [stdout]   |
[INFO] [stdout] help: consider importing one of these items
[INFO] [stdout]   |
[INFO] [stdout] 2 | use icu_locid::extensions::private::Key;
[INFO] [stdout]   |
[INFO] [stdout] 2 | use icu_locid::extensions::transform::Key;
[INFO] [stdout]   |
[INFO] [stdout] 2 | use icu_locid::extensions::unicode::Key;
[INFO] [stdout]   |
[INFO] [stdout] 
[INFO] [stdout] error: aborting due to 2 previous errors
[INFO] [stdout] 
[INFO] [stdout] Some errors have detailed explanations: E0412, E0433.
[INFO] [stdout] For more information about an error, try `rustc --explain E0412`.
[INFO] [stdout] Couldn't compile the test.
[INFO] [stdout] ---- src/extensions/transform/value.rs - extensions::transform::value::Value::from_bytes (line 46) stdout ----
[INFO] [stdout] error[E0433]: failed to resolve: use of undeclared crate or module `icu`
[INFO] [stdout]  --> src/extensions/transform/value.rs:47:5
[INFO] [stdout]   |
[INFO] [stdout] 3 | use icu::locid::extensions::transform::Value;
[INFO] [stdout]   |     ^^^ use of undeclared crate or module `icu`
[INFO] [stdout] 
[INFO] [stdout] error[E0433]: failed to resolve: use of undeclared type `Value`
[INFO] [stdout]  --> src/extensions/transform/value.rs:49:13
[INFO] [stdout]   |
[INFO] [stdout] 5 | let value = Value::from_bytes(b"hybrid")
[INFO] [stdout]   |             ^^^^^ not found in this scope
[INFO] [stdout]   |
[INFO] [stdout] help: consider importing one of these items
[INFO] [stdout]   |
[INFO] [stdout] 2 | use icu_locid::extensions::transform::Value;
[INFO] [stdout]   |
[INFO] [stdout] 2 | use icu_locid::extensions::unicode::Value;
[INFO] [stdout]   |
[INFO] [stdout] 2 | use serde_json::Value;
[INFO] [stdout]   |
[INFO] [stdout] 
[INFO] [stdout] error: aborting due to 2 previous errors
[INFO] [stdout] 
[INFO] [stdout] For more information about this error, try `rustc --explain E0433`.
[INFO] [stdout] Couldn't compile the test.
[INFO] [stdout] ---- src/extensions/transform/key.rs - extensions::transform::key::Key::from_bytes (line 36) stdout ----
[INFO] [stdout] error[E0433]: failed to resolve: use of undeclared crate or module `icu`
[INFO] [stdout]  --> src/extensions/transform/key.rs:37:5
[INFO] [stdout]   |
[INFO] [stdout] 3 | use icu::locid::extensions::transform::Key;
[INFO] [stdout]   |     ^^^ use of undeclared crate or module `icu`
[INFO] [stdout] 
[INFO] [stdout] error[E0433]: failed to resolve: use of undeclared type `Key`
[INFO] [stdout]  --> src/extensions/transform/key.rs:39:11
[INFO] [stdout]   |
[INFO] [stdout] 5 | let key = Key::from_bytes(b"i0")
[INFO] [stdout]   |           ^^^ not found in this scope
[INFO] [stdout]   |
[INFO] [stdout] help: consider importing one of these items
[INFO] [stdout]   |
[INFO] [stdout] 2 | use icu_locid::extensions::private::Key;
[INFO] [stdout]   |
[INFO] [stdout] 2 | use icu_locid::extensions::transform::Key;
[INFO] [stdout]   |
[INFO] [stdout] 2 | use icu_locid::extensions::unicode::Key;
[INFO] [stdout]   |
[INFO] [stdout] 
[INFO] [stdout] error: aborting due to 2 previous errors
[INFO] [stdout] 
[INFO] [stdout] For more information about this error, try `rustc --explain E0433`.
[INFO] [stdout] Couldn't compile the test.
[INFO] [stdout] ---- src/extensions/unicode/attribute.rs - extensions::unicode::attribute::Attribute::as_str (line 67) stdout ----
[INFO] [stdout] error[E0433]: failed to resolve: use of undeclared crate or module `icu`
[INFO] [stdout]  --> src/extensions/unicode/attribute.rs:68:5
[INFO] [stdout]   |
[INFO] [stdout] 3 | use icu::locid::extensions::unicode::Attribute;
[INFO] [stdout]   |     ^^^ use of undeclared crate or module `icu`
[INFO] [stdout] 
[INFO] [stdout] error[E0433]: failed to resolve: use of undeclared type `Attribute`
[INFO] [stdout]  --> src/extensions/unicode/attribute.rs:70:17
[INFO] [stdout]   |
[INFO] [stdout] 5 | let attribute = Attribute::from_bytes(b"foobar")
[INFO] [stdout]   |                 ^^^^^^^^^ not found in this scope
[INFO] [stdout]   |
[INFO] [stdout] help: consider importing this struct
[INFO] [stdout]   |
[INFO] [stdout] 2 | use icu_locid::extensions::unicode::Attribute;
[INFO] [stdout]   |
[INFO] [stdout] 
[INFO] [stdout] error: aborting due to 2 previous errors
[INFO] [stdout] 
[INFO] [stdout] For more information about this error, try `rustc --explain E0433`.
[INFO] [stdout] Couldn't compile the test.
[INFO] [stdout] ---- src/extensions/transform/value.rs - extensions::transform::value::Value (line 29) stdout ----
[INFO] [stdout] error[E0433]: failed to resolve: use of undeclared crate or module `icu`
[INFO] [stdout]  --> src/extensions/transform/value.rs:30:5
[INFO] [stdout]   |
[INFO] [stdout] 3 | use icu::locid::extensions::transform::Value;
[INFO] [stdout]   |     ^^^ use of undeclared crate or module `icu`
[INFO] [stdout] 
[INFO] [stdout] error[E0412]: cannot find type `Value` in this scope
[INFO] [stdout]  --> src/extensions/transform/value.rs:32:13
[INFO] [stdout]   |
[INFO] [stdout] 5 | let value1: Value = "hybrid".parse()
[INFO] [stdout]   |             ^^^^^ not found in this scope
[INFO] [stdout]   |
[INFO] [stdout] help: consider importing one of these items
[INFO] [stdout]   |
[INFO] [stdout] 2 | use icu_locid::extensions::transform::Value;
[INFO] [stdout]   |
[INFO] [stdout] 2 | use icu_locid::extensions::unicode::Value;
[INFO] [stdout]   |
[INFO] [stdout] 2 | use serde_json::Value;
[INFO] [stdout]   |
[INFO] [stdout] 
[INFO] [stdout] error[E0412]: cannot find type `Value` in this scope
[INFO] [stdout]  --> src/extensions/transform/value.rs:34:13
[INFO] [stdout]   |
[INFO] [stdout] 7 | let value2: Value = "hybrid-foobar".parse()
[INFO] [stdout]   |             ^^^^^ not found in this scope
[INFO] [stdout]   |
[INFO] [stdout] help: consider importing one of these items
[INFO] [stdout]   |
[INFO] [stdout] 2 | use icu_locid::extensions::transform::Value;
[INFO] [stdout]   |
[INFO] [stdout] 2 | use icu_locid::extensions::unicode::Value;
[INFO] [stdout]   |
[INFO] [stdout] 2 | use serde_json::Value;
[INFO] [stdout]   |
[INFO] [stdout] 
[INFO] [stdout] error: aborting due to 3 previous errors
[INFO] [stdout] 
[INFO] [stdout] Some errors have detailed explanations: E0412, E0433.
[INFO] [stdout] For more information about an error, try `rustc --explain E0412`.
[INFO] [stdout] Couldn't compile the test.
[INFO] [stdout] ---- src/extensions/transform/mod.rs - extensions::transform::Transform::is_empty (line 108) stdout ----
[INFO] [stdout] error[E0433]: failed to resolve: use of undeclared crate or module `icu`
[INFO] [stdout]  --> src/extensions/transform/mod.rs:109:5
[INFO] [stdout]   |
[INFO] [stdout] 3 | use icu::locid::Locale;
[INFO] [stdout]   |     ^^^ use of undeclared crate or module `icu`
[INFO] [stdout] 
[INFO] [stdout] error[E0412]: cannot find type `Locale` in this scope
[INFO] [stdout]  --> src/extensions/transform/mod.rs:111:14
[INFO] [stdout]   |
[INFO] [stdout] 5 | let mut loc: Locale = "en-US-t-es-AR".parse()
[INFO] [stdout]   |              ^^^^^^ not found in this scope
[INFO] [stdout]   |
[INFO] [stdout] help: consider importing this struct
[INFO] [stdout]   |
[INFO] [stdout] 2 | use icu_locid::Locale;
[INFO] [stdout]   |
[INFO] [stdout] 
[INFO] [stdout] error: aborting due to 2 previous errors
[INFO] [stdout] 
[INFO] [stdout] Some errors have detailed explanations: E0412, E0433.
[INFO] [stdout] For more information about an error, try `rustc --explain E0412`.
[INFO] [stdout] Couldn't compile the test.
[INFO] [stdout] ---- src/extensions/unicode/attributes.rs - extensions::unicode::attributes::Attributes (line 17) stdout ----
[INFO] [stdout] error[E0433]: failed to resolve: use of undeclared crate or module `icu`
[INFO] [stdout]  --> src/extensions/unicode/attributes.rs:18:5
[INFO] [stdout]   |
[INFO] [stdout] 3 | use icu::locid::extensions::unicode::{Attribute, Attributes};
[INFO] [stdout]   |     ^^^ use of undeclared crate or module `icu`
[INFO] [stdout] 
[INFO] [stdout] error[E0412]: cannot find type `Attribute` in this scope
[INFO] [stdout]  --> src/extensions/unicode/attributes.rs:20:17
[INFO] [stdout]   |
[INFO] [stdout] 5 | let attribute1: Attribute = "foobar".parse()
[INFO] [stdout]   |                 ^^^^^^^^^ not found in this scope
[INFO] [stdout]   |
[INFO] [stdout] help: consider importing this struct
[INFO] [stdout]   |
[INFO] [stdout] 2 | use icu_locid::extensions::unicode::Attribute;
[INFO] [stdout]   |
[INFO] [stdout] 
[INFO] [stdout] error[E0412]: cannot find type `Attribute` in this scope
[INFO] [stdout]  --> src/extensions/unicode/attributes.rs:23:17
[INFO] [stdout]   |
[INFO] [stdout] 8 | let attribute2: Attribute = "testing".parse()
[INFO] [stdout]   |                 ^^^^^^^^^ not found in this scope
[INFO] [stdout]   |
[INFO] [stdout] help: consider importing this struct
[INFO] [stdout]   |
[INFO] [stdout] 2 | use icu_locid::extensions::unicode::Attribute;
[INFO] [stdout]   |
[INFO] [stdout] 
[INFO] [stdout] error[E0412]: cannot find type `Attributes` in this scope
[INFO] [stdout]   --> src/extensions/unicode/attributes.rs:29:17
[INFO] [stdout]    |
[INFO] [stdout] 14 | let attributes: Attributes = Attributes::from_vec_unchecked(v);
[INFO] [stdout]    |                 ^^^^^^^^^^ not found in this scope
[INFO] [stdout]    |
[INFO] [stdout] help: consider importing this struct
[INFO] [stdout]    |
[INFO] [stdout] 2  | use icu_locid::extensions::unicode::Attributes;
[INFO] [stdout]    |
[INFO] [stdout] 
[INFO] [stdout] error[E0433]: failed to resolve: use of undeclared type `Attributes`
[INFO] [stdout]   --> src/extensions/unicode/attributes.rs:29:30
[INFO] [stdout]    |
[INFO] [stdout] 14 | let attributes: Attributes = Attributes::from_vec_unchecked(v);
[INFO] [stdout]    |                              ^^^^^^^^^^ not found in this scope
[INFO] [stdout]    |
[INFO] [stdout] help: consider importing this struct
[INFO] [stdout]    |
[INFO] [stdout] 2  | use icu_locid::extensions::unicode::Attributes;
[INFO] [stdout]    |
[INFO] [stdout] 
[INFO] [stdout] error: aborting due to 5 previous errors
[INFO] [stdout] 
[INFO] [stdout] Some errors have detailed explanations: E0412, E0433.
[INFO] [stdout] For more information about an error, try `rustc --explain E0412`.
[INFO] [stdout] Couldn't compile the test.
[INFO] [stdout] ---- src/extensions/unicode/attribute.rs - extensions::unicode::attribute::Attribute::from_bytes (line 38) stdout ----
[INFO] [stdout] error[E0433]: failed to resolve: use of undeclared crate or module `icu`
[INFO] [stdout]  --> src/extensions/unicode/attribute.rs:39:5
[INFO] [stdout]   |
[INFO] [stdout] 3 | use icu::locid::extensions::unicode::Attribute;
[INFO] [stdout]   |     ^^^ use of undeclared crate or module `icu`
[INFO] [stdout] 
[INFO] [stdout] error[E0433]: failed to resolve: use of undeclared type `Attribute`
[INFO] [stdout]  --> src/extensions/unicode/attribute.rs:41:17
[INFO] [stdout]   |
[INFO] [stdout] 5 | let attribute = Attribute::from_bytes(b"foobar")
[INFO] [stdout]   |                 ^^^^^^^^^ not found in this scope
[INFO] [stdout]   |
[INFO] [stdout] help: consider importing this struct
[INFO] [stdout]   |
[INFO] [stdout] 2 | use icu_locid::extensions::unicode::Attribute;
[INFO] [stdout]   |
[INFO] [stdout] 
[INFO] [stdout] error: aborting due to 2 previous errors
[INFO] [stdout] 
[INFO] [stdout] For more information about this error, try `rustc --explain E0433`.
[INFO] [stdout] Couldn't compile the test.
[INFO] [stdout] ---- src/extensions/transform/mod.rs - extensions::transform (line 14) stdout ----
[INFO] [stdout] error[E0433]: failed to resolve: use of undeclared crate or module `icu`
[INFO] [stdout]  --> src/extensions/transform/mod.rs:15:5
[INFO] [stdout]   |
[INFO] [stdout] 3 | use icu::locid::{LanguageIdentifier, Locale};
[INFO] [stdout]   |     ^^^ use of undeclared crate or module `icu`
[INFO] [stdout] 
[INFO] [stdout] error[E0433]: failed to resolve: use of undeclared crate or module `icu`
[INFO] [stdout]  --> src/extensions/transform/mod.rs:16:5
[INFO] [stdout]   |
[INFO] [stdout] 4 | use icu::locid::extensions::transform::{Transform, Fields, Key, Value};
[INFO] [stdout]   |     ^^^ use of undeclared crate or module `icu`
[INFO] [stdout] 
[INFO] [stdout] error[E0412]: cannot find type `Locale` in this scope
[INFO] [stdout]  --> src/extensions/transform/mod.rs:18:14
[INFO] [stdout]   |
[INFO] [stdout] 6 | let mut loc: Locale = "en-US-t-es-AR-h0-hybrid".parse()
[INFO] [stdout]   |              ^^^^^^ not found in this scope
[INFO] [stdout]   |
[INFO] [stdout] help: consider importing this struct
[INFO] [stdout]   |
[INFO] [stdout] 2 | use icu_locid::Locale;
[INFO] [stdout]   |
[INFO] [stdout] 
[INFO] [stdout] error[E0412]: cannot find type `LanguageIdentifier` in this scope
[INFO] [stdout]  --> src/extensions/transform/mod.rs:21:11
[INFO] [stdout]   |
[INFO] [stdout] 9 | let lang: LanguageIdentifier = "es-AR".parse()
[INFO] [stdout]   |           ^^^^^^^^^^^^^^^^^^ not found in this scope
[INFO] [stdout]   |
[INFO] [stdout] help: consider importing this struct
[INFO] [stdout]   |
[INFO] [stdout] 2 | use icu_locid::LanguageIdentifier;
[INFO] [stdout]   |
[INFO] [stdout] 
[INFO] [stdout] error[E0412]: cannot find type `Key` in this scope
[INFO] [stdout]   --> src/extensions/transform/mod.rs:24:10
[INFO] [stdout]    |
[INFO] [stdout] 12 | let key: Key = "h0".parse()
[INFO] [stdout]    |          ^^^ not found in this scope
[INFO] [stdout]    |
[INFO] [stdout] help: consider importing one of these items
[INFO] [stdout]    |
[INFO] [stdout] 2  | use icu_locid::extensions::private::Key;
[INFO] [stdout]    |
[INFO] [stdout] 2  | use icu_locid::extensions::transform::Key;
[INFO] [stdout]    |
[INFO] [stdout] 2  | use icu_locid::extensions::unicode::Key;
[INFO] [stdout]    |
[INFO] [stdout] 
[INFO] [stdout] error[E0412]: cannot find type `Value` in this scope
[INFO] [stdout]   --> src/extensions/transform/mod.rs:26:12
[INFO] [stdout]    |
[INFO] [stdout] 14 | let value: Value = "hybrid".parse()
[INFO] [stdout]    |            ^^^^^ not found in this scope
[INFO] [stdout]    |
[INFO] [stdout] help: consider importing one of these items
[INFO] [stdout]    |
[INFO] [stdout] 2  | use icu_locid::extensions::transform::Value;
[INFO] [stdout]    |
[INFO] [stdout] 2  | use icu_locid::extensions::unicode::Value;
[INFO] [stdout]    |
[INFO] [stdout] 2  | use serde_json::Value;
[INFO] [stdout]    |
[INFO] [stdout] 
[INFO] [stdout] error: aborting due to 6 previous errors
[INFO] [stdout] 
[INFO] [stdout] Some errors have detailed explanations: E0412, E0433.
[INFO] [stdout] For more information about an error, try `rustc --explain E0412`.
[INFO] [stdout] Couldn't compile the test.
[INFO] [stdout] ---- src/extensions/transform/mod.rs - extensions::transform::Transform::new (line 91) stdout ----
[INFO] [stdout] error[E0433]: failed to resolve: use of undeclared crate or module `icu`
[INFO] [stdout]  --> src/extensions/transform/mod.rs:92:5
[INFO] [stdout]   |
[INFO] [stdout] 3 | use icu::locid::extensions::transform::Transform;
[INFO] [stdout]   |     ^^^ use of undeclared crate or module `icu`
[INFO] [stdout] 
[INFO] [stdout] error[E0433]: failed to resolve: use of undeclared type `Transform`
[INFO] [stdout]  --> src/extensions/transform/mod.rs:94:12
[INFO] [stdout]   |
[INFO] [stdout] 5 | assert_eq!(Transform::new(), Transform::default());
[INFO] [stdout]   |            ^^^^^^^^^ not found in this scope
[INFO] [stdout]   |
[INFO] [stdout] help: consider importing this struct
[INFO] [stdout]   |
[INFO] [stdout] 2 | use icu_locid::extensions::Transform;
[INFO] [stdout]   |
[INFO] [stdout] 
[INFO] [stdout] error[E0433]: failed to resolve: use of undeclared type `Transform`
[INFO] [stdout]  --> src/extensions/transform/mod.rs:94:30
[INFO] [stdout]   |
[INFO] [stdout] 5 | assert_eq!(Transform::new(), Transform::default());
[INFO] [stdout]   |                              ^^^^^^^^^ not found in this scope
[INFO] [stdout]   |
[INFO] [stdout] help: consider importing this struct
[INFO] [stdout]   |
[INFO] [stdout] 2 | use icu_locid::extensions::Transform;
[INFO] [stdout]   |
[INFO] [stdout] 
[INFO] [stdout] error: aborting due to 3 previous errors
[INFO] [stdout] 
[INFO] [stdout] For more information about this error, try `rustc --explain E0433`.
[INFO] [stdout] Couldn't compile the test.
[INFO] [stdout] ---- src/extensions/transform/mod.rs - extensions::transform::Transform (line 59) stdout ----
[INFO] [stdout] error[E0433]: failed to resolve: use of undeclared crate or module `icu`
[INFO] [stdout]  --> src/extensions/transform/mod.rs:60:5
[INFO] [stdout]   |
[INFO] [stdout] 3 | use icu::locid::{Locale, LanguageIdentifier};
[INFO] [stdout]   |     ^^^ use of undeclared crate or module `icu`
[INFO] [stdout] 
[INFO] [stdout] error[E0433]: failed to resolve: use of undeclared crate or module `icu`
[INFO] [stdout]  --> src/extensions/transform/mod.rs:61:5
[INFO] [stdout]   |
[INFO] [stdout] 4 | use icu::locid::extensions::transform::{Key, Value};
[INFO] [stdout]   |     ^^^ use of undeclared crate or module `icu`
[INFO] [stdout] 
[INFO] [stdout] error[E0412]: cannot find type `Locale` in this scope
[INFO] [stdout]  --> src/extensions/transform/mod.rs:63:14
[INFO] [stdout]   |
[INFO] [stdout] 6 | let mut loc: Locale = "de-t-en-US-h0-hybrid".parse()
[INFO] [stdout]   |              ^^^^^^ not found in this scope
[INFO] [stdout]   |
[INFO] [stdout] help: consider importing this struct
[INFO] [stdout]   |
[INFO] [stdout] 2 | use icu_locid::Locale;
[INFO] [stdout]   |
[INFO] [stdout] 
[INFO] [stdout] error[E0412]: cannot find type `LanguageIdentifier` in this scope
[INFO] [stdout]  --> src/extensions/transform/mod.rs:66:12
[INFO] [stdout]   |
[INFO] [stdout] 9 | let en_us: LanguageIdentifier = "en-US".parse()
[INFO] [stdout]   |            ^^^^^^^^^^^^^^^^^^ not found in this scope
[INFO] [stdout]   |
[INFO] [stdout] help: consider importing this struct
[INFO] [stdout]   |
[INFO] [stdout] 2 | use icu_locid::LanguageIdentifier;
[INFO] [stdout]   |
[INFO] [stdout] 
[INFO] [stdout] error[E0412]: cannot find type `Key` in this scope
[INFO] [stdout]   --> src/extensions/transform/mod.rs:70:10
[INFO] [stdout]    |
[INFO] [stdout] 13 | let key: Key = "h0".parse().expect("Parsing key failed.");
[INFO] [stdout]    |          ^^^ not found in this scope
[INFO] [stdout]    |
[INFO] [stdout] help: consider importing one of these items
[INFO] [stdout]    |
[INFO] [stdout] 2  | use icu_locid::extensions::private::Key;
[INFO] [stdout]    |
[INFO] [stdout] 2  | use icu_locid::extensions::transform::Key;
[INFO] [stdout]    |
[INFO] [stdout] 2  | use icu_locid::extensions::unicode::Key;
[INFO] [stdout]    |
[INFO] [stdout] 
[INFO] [stdout] error[E0412]: cannot find type `Value` in this scope
[INFO] [stdout]   --> src/extensions/transform/mod.rs:71:12
[INFO] [stdout]    |
[INFO] [stdout] 14 | let value: Value = "hybrid".parse().expect("Parsing value failed.");
[INFO] [stdout]    |            ^^^^^ not found in this scope
[INFO] [stdout]    |
[INFO] [stdout] help: consider importing one of these items
[INFO] [stdout]    |
[INFO] [stdout] 2  | use icu_locid::extensions::transform::Value;
[INFO] [stdout]    |
[INFO] [stdout] 2  | use icu_locid::extensions::unicode::Value;
[INFO] [stdout]    |
[INFO] [stdout] 2  | use serde_json::Value;
[INFO] [stdout]    |
[INFO] [stdout] 
[INFO] [stdout] error: aborting due to 6 previous errors
[INFO] [stdout] 
[INFO] [stdout] Some errors have detailed explanations: E0412, E0433.
[INFO] [stdout] For more information about an error, try `rustc --explain E0412`.
[INFO] [stdout] Couldn't compile the test.
[INFO] [stdout] ---- src/extensions/unicode/attributes.rs - extensions::unicode::attributes::Attributes::clear (line 85) stdout ----
[INFO] [stdout] error[E0433]: failed to resolve: use of undeclared crate or module `icu`
[INFO] [stdout]  --> src/extensions/unicode/attributes.rs:86:5
[INFO] [stdout]   |
[INFO] [stdout] 3 | use icu::locid::extensions::unicode::{Attribute, Attributes};
[INFO] [stdout]   |     ^^^ use of undeclared crate or module `icu`
[INFO] [stdout] 
[INFO] [stdout] error[E0412]: cannot find type `Attribute` in this scope
[INFO] [stdout]  --> src/extensions/unicode/attributes.rs:88:17
[INFO] [stdout]   |
[INFO] [stdout] 5 | let attribute1: Attribute = "foobar".parse()
[INFO] [stdout]   |                 ^^^^^^^^^ not found in this scope
[INFO] [stdout]   |
[INFO] [stdout] help: consider importing this struct
[INFO] [stdout]   |
[INFO] [stdout] 2 | use icu_locid::extensions::unicode::Attribute;
[INFO] [stdout]   |
[INFO] [stdout] 
[INFO] [stdout] error[E0412]: cannot find type `Attribute` in this scope
[INFO] [stdout]  --> src/extensions/unicode/attributes.rs:90:17
[INFO] [stdout]   |
[INFO] [stdout] 7 | let attribute2: Attribute = "testing".parse()
[INFO] [stdout]   |                 ^^^^^^^^^ not found in this scope
[INFO] [stdout]   |
[INFO] [stdout] help: consider importing this struct
[INFO] [stdout]   |
[INFO] [stdout] 2 | use icu_locid::extensions::unicode::Attribute;
[INFO] [stdout]   |
[INFO] [stdout] 
[INFO] [stdout] error[E0412]: cannot find type `Attributes` in this scope
[INFO] [stdout]   --> src/extensions/unicode/attributes.rs:94:21
[INFO] [stdout]    |
[INFO] [stdout] 11 | let mut attributes: Attributes = Attributes::from_vec_unchecked(v);
[INFO] [stdout]    |                     ^^^^^^^^^^ not found in this scope
[INFO] [stdout]    |
[INFO] [stdout] help: consider importing this struct
[INFO] [stdout]    |
[INFO] [stdout] 2  | use icu_locid::extensions::unicode::Attributes;
[INFO] [stdout]    |
[INFO] [stdout] 
[INFO] [stdout] error[E0433]: failed to resolve: use of undeclared type `Attributes`
[INFO] [stdout]   --> src/extensions/unicode/attributes.rs:94:34
[INFO] [stdout]    |
[INFO] [stdout] 11 | let mut attributes: Attributes = Attributes::from_vec_unchecked(v);
[INFO] [stdout]    |                                  ^^^^^^^^^^ not found in this scope
[INFO] [stdout]    |
[INFO] [stdout] help: consider importing this struct
[INFO] [stdout]    |
[INFO] [stdout] 2  | use icu_locid::extensions::unicode::Attributes;
[INFO] [stdout]    |
[INFO] [stdout] 
[INFO] [stdout] error: aborting due to 5 previous errors
[INFO] [stdout] 
[INFO] [stdout] Some errors have detailed explanations: E0412, E0433.
[INFO] [stdout] For more information about an error, try `rustc --explain E0412`.
[INFO] [stdout] Couldn't compile the test.
[INFO] [stdout] ---- src/extensions/unicode/attribute.rs - extensions::unicode::attribute::Attribute (line 19) stdout ----
[INFO] [stdout] error[E0433]: failed to resolve: use of undeclared crate or module `icu`
[INFO] [stdout]  --> src/extensions/unicode/attribute.rs:20:5
[INFO] [stdout]   |
[INFO] [stdout] 3 | use icu::locid::extensions::unicode::Attribute;
[INFO] [stdout]   |     ^^^ use of undeclared crate or module `icu`
[INFO] [stdout] 
[INFO] [stdout] error[E0412]: cannot find type `Attribute` in this scope
[INFO] [stdout]  --> src/extensions/unicode/attribute.rs:22:11
[INFO] [stdout]   |
[INFO] [stdout] 5 | let attr: Attribute = "buddhist".parse()
[INFO] [stdout]   |           ^^^^^^^^^ not found in this scope
[INFO] [stdout]   |
[INFO] [stdout] help: consider importing this struct
[INFO] [stdout]   |
[INFO] [stdout] 2 | use icu_locid::extensions::unicode::Attribute;
[INFO] [stdout]   |
[INFO] [stdout] 
[INFO] [stdout] error: aborting due to 2 previous errors
[INFO] [stdout] 
[INFO] [stdout] Some errors have detailed explanations: E0412, E0433.
[INFO] [stdout] For more information about an error, try `rustc --explain E0412`.
[INFO] [stdout] Couldn't compile the test.
[INFO] [stdout] ---- src/extensions/unicode/attributes.rs - extensions::unicode::attributes::Attributes::from_vec_unchecked (line 56) stdout ----
[INFO] [stdout] error[E0433]: failed to resolve: use of undeclared crate or module `icu`
[INFO] [stdout]  --> src/extensions/unicode/attributes.rs:57:5
[INFO] [stdout]   |
[INFO] [stdout] 3 | use icu::locid::extensions::unicode::{Attribute, Attributes};
[INFO] [stdout]   |     ^^^ use of undeclared crate or module `icu`
[INFO] [stdout] 
[INFO] [stdout] error[E0412]: cannot find type `Attribute` in this scope
[INFO] [stdout]  --> src/extensions/unicode/attributes.rs:59:17
[INFO] [stdout]   |
[INFO] [stdout] 5 | let attribute1: Attribute = "foobar".parse()
[INFO] [stdout]   |                 ^^^^^^^^^ not found in this scope
[INFO] [stdout]   |
[INFO] [stdout] help: consider importing this struct
[INFO] [stdout]   |
[INFO] [stdout] 2 | use icu_locid::extensions::unicode::Attribute;
[INFO] [stdout]   |
[INFO] [stdout] 
[INFO] [stdout] error[E0412]: cannot find type `Attribute` in this scope
[INFO] [stdout]  --> src/extensions/unicode/attributes.rs:61:17
[INFO] [stdout]   |
[INFO] [stdout] 7 | let attribute2: Attribute = "testing".parse()
[INFO] [stdout]   |                 ^^^^^^^^^ not found in this scope
[INFO] [stdout]   |
[INFO] [stdout] help: consider importing this struct
[INFO] [stdout]   |
[INFO] [stdout] 2 | use icu_locid::extensions::unicode::Attribute;
[INFO] [stdout]   |
[INFO] [stdout] 
[INFO] [stdout] error[E0433]: failed to resolve: use of undeclared type `Attributes`
[INFO] [stdout]   --> src/extensions/unicode/attributes.rs:67:18
[INFO] [stdout]    |
[INFO] [stdout] 13 | let attributes = Attributes::from_vec_unchecked(v);
[INFO] [stdout]    |                  ^^^^^^^^^^ not found in this scope
[INFO] [stdout]    |
[INFO] [stdout] help: consider importing this struct
[INFO] [stdout]    |
[INFO] [stdout] 2  | use icu_locid::extensions::unicode::Attributes;
[INFO] [stdout]    |
[INFO] [stdout] 
[INFO] [stdout] error: aborting due to 4 previous errors
[INFO] [stdout] 
[INFO] [stdout] Some errors have detailed explanations: E0412, E0433.
[INFO] [stdout] For more information about an error, try `rustc --explain E0412`.
[INFO] [stdout] Couldn't compile the test.
[INFO] [stdout] ---- src/extensions/unicode/attributes.rs - extensions::unicode::attributes::Attributes::new (line 41) stdout ----
[INFO] [stdout] error[E0433]: failed to resolve: use of undeclared crate or module `icu`
[INFO] [stdout]  --> src/extensions/unicode/attributes.rs:42:5
[INFO] [stdout]   |
[INFO] [stdout] 3 | use icu::locid::extensions::unicode::Attributes;
[INFO] [stdout]   |     ^^^ use of undeclared crate or module `icu`
[INFO] [stdout] 
[INFO] [stdout] error[E0433]: failed to resolve: use of undeclared type `Attributes`
[INFO] [stdout]  --> src/extensions/unicode/attributes.rs:44:12
[INFO] [stdout]   |
[INFO] [stdout] 5 | assert_eq!(Attributes::new(), Attributes::default());
[INFO] [stdout]   |            ^^^^^^^^^^ not found in this scope
[INFO] [stdout]   |
[INFO] [stdout] help: consider importing this struct
[INFO] [stdout]   |
[INFO] [stdout] 2 | use icu_locid::extensions::unicode::Attributes;
[INFO] [stdout]   |
[INFO] [stdout] 
[INFO] [stdout] error[E0433]: failed to resolve: use of undeclared type `Attributes`
[INFO] [stdout]  --> src/extensions/unicode/attributes.rs:44:31
[INFO] [stdout]   |
[INFO] [stdout] 5 | assert_eq!(Attributes::new(), Attributes::default());
[INFO] [stdout]   |                               ^^^^^^^^^^ not found in this scope
[INFO] [stdout]   |
[INFO] [stdout] help: consider importing this struct
[INFO] [stdout]   |
[INFO] [stdout] 2 | use icu_locid::extensions::unicode::Attributes;
[INFO] [stdout]   |
[INFO] [stdout] 
[INFO] [stdout] error: aborting due to 3 previous errors
[INFO] [stdout] 
[INFO] [stdout] For more information about this error, try `rustc --explain E0433`.
[INFO] [stdout] Couldn't compile the test.
[INFO] [stdout] ---- src/extensions/unicode/keywords.rs - extensions::unicode::keywords::Keywords::contains_key (line 86) stdout ----
[INFO] [stdout] error[E0433]: failed to resolve: use of undeclared crate or module `icu`
[INFO] [stdout]  --> src/extensions/unicode/keywords.rs:87:5
[INFO] [stdout]   |
[INFO] [stdout] 3 | use icu::locid::extensions::unicode::{Keywords, Key, Value};
[INFO] [stdout]   |     ^^^ use of undeclared crate or module `icu`
[INFO] [stdout] 
[INFO] [stdout] error[E0412]: cannot find type `Key` in this scope
[INFO] [stdout]  --> src/extensions/unicode/keywords.rs:89:10
[INFO] [stdout]   |
[INFO] [stdout] 5 | let key: Key = "ca".parse()
[INFO] [stdout]   |          ^^^ not found in this scope
[INFO] [stdout]   |
[INFO] [stdout] help: consider importing one of these items
[INFO] [stdout]   |
[INFO] [stdout] 2 | use icu_locid::extensions::private::Key;
[INFO] [stdout]   |
[INFO] [stdout] 2 | use icu_locid::extensions::transform::Key;
[INFO] [stdout]   |
[INFO] [stdout] 2 | use icu_locid::extensions::unicode::Key;
[INFO] [stdout]   |
[INFO] [stdout] 
[INFO] [stdout] error[E0412]: cannot find type `Value` in this scope
[INFO] [stdout]  --> src/extensions/unicode/keywords.rs:91:12
[INFO] [stdout]   |
[INFO] [stdout] 7 | let value: Value = "gregory".parse()
[INFO] [stdout]   |            ^^^^^ not found in this scope
[INFO] [stdout]   |
[INFO] [stdout] help: consider importing one of these items
[INFO] [stdout]   |
[INFO] [stdout] 2 | use icu_locid::extensions::transform::Value;
[INFO] [stdout]   |
[INFO] [stdout] 2 | use icu_locid::extensions::unicode::Value;
[INFO] [stdout]   |
[INFO] [stdout] 2 | use serde_json::Value;
[INFO] [stdout]   |
[INFO] [stdout] 
[INFO] [stdout] error[E0433]: failed to resolve: use of undeclared type `Keywords`
[INFO] [stdout]  --> src/extensions/unicode/keywords.rs:93:20
[INFO] [stdout]   |
[INFO] [stdout] 9 | let mut keywords = Keywords::from_vec_unchecked(vec![(key, value)]);
[INFO] [stdout]   |                    ^^^^^^^^ not found in this scope
[INFO] [stdout]   |
[INFO] [stdout] help: consider importing this struct
[INFO] [stdout]   |
[INFO] [stdout] 2 | use icu_locid::extensions::unicode::Keywords;
[INFO] [stdout]   |
[INFO] [stdout] 
[INFO] [stdout] error[E0412]: cannot find type `Key` in this scope
[INFO] [stdout]   --> src/extensions/unicode/keywords.rs:95:10
[INFO] [stdout]    |
[INFO] [stdout] 11 | let key: Key = "ca".parse()
[INFO] [stdout]    |          ^^^ not found in this scope
[INFO] [stdout]    |
[INFO] [stdout] help: consider importing one of these items
[INFO] [stdout]    |
[INFO] [stdout] 2  | use icu_locid::extensions::private::Key;
[INFO] [stdout]    |
[INFO] [stdout] 2  | use icu_locid::extensions::transform::Key;
[INFO] [stdout]    |
[INFO] [stdout] 2  | use icu_locid::extensions::unicode::Key;
[INFO] [stdout]    |
[INFO] [stdout] 
[INFO] [stdout] error: aborting due to 5 previous errors
[INFO] [stdout] 
[INFO] [stdout] Some errors have detailed explanations: E0412, E0433.
[INFO] [stdout] For more information about an error, try `rustc --explain E0412`.
[INFO] [stdout] Couldn't compile the test.
[INFO] [stdout] ---- src/extensions/unicode/mod.rs - extensions::unicode::Unicode::is_empty (line 104) stdout ----
[INFO] [stdout] error[E0433]: failed to resolve: use of undeclared crate or module `icu`
[INFO] [stdout]  --> src/extensions/unicode/mod.rs:105:5
[INFO] [stdout]   |
[INFO] [stdout] 3 | use icu::locid::Locale;
[INFO] [stdout]   |     ^^^ use of undeclared crate or module `icu`
[INFO] [stdout] 
[INFO] [stdout] error[E0412]: cannot find type `Locale` in this scope
[INFO] [stdout]  --> src/extensions/unicode/mod.rs:107:10
[INFO] [stdout]   |
[INFO] [stdout] 5 | let loc: Locale = "en-US-u-foo".parse()
[INFO] [stdout]   |          ^^^^^^ not found in this scope
[INFO] [stdout]   |
[INFO] [stdout] help: consider importing this struct
[INFO] [stdout]   |
[INFO] [stdout] 2 | use icu_locid::Locale;
[INFO] [stdout]   |
[INFO] [stdout] 
[INFO] [stdout] error: aborting due to 2 previous errors
[INFO] [stdout] 
[INFO] [stdout] Some errors have detailed explanations: E0412, E0433.
[INFO] [stdout] For more information about an error, try `rustc --explain E0412`.
[INFO] [stdout] Couldn't compile the test.
[INFO] [stdout] ---- src/extensions/unicode/mod.rs - extensions::unicode::Unicode (line 64) stdout ----
[INFO] [stdout] error[E0433]: failed to resolve: use of undeclared crate or module `icu`
[INFO] [stdout]  --> src/extensions/unicode/mod.rs:65:5
[INFO] [stdout]   |
[INFO] [stdout] 3 | use icu::locid::Locale;
[INFO] [stdout]   |     ^^^ use of undeclared crate or module `icu`
[INFO] [stdout] 
[INFO] [stdout] error[E0433]: failed to resolve: use of undeclared crate or module `icu`
[INFO] [stdout]  --> src/extensions/unicode/mod.rs:66:5
[INFO] [stdout]   |
[INFO] [stdout] 4 | use icu::locid::extensions::unicode::{Key, Value};
[INFO] [stdout]   |     ^^^ use of undeclared crate or module `icu`
[INFO] [stdout] 
[INFO] [stdout] error[E0412]: cannot find type `Locale` in this scope
[INFO] [stdout]  --> src/extensions/unicode/mod.rs:68:14
[INFO] [stdout]   |
[INFO] [stdout] 6 | let mut loc: Locale = "de-u-hc-h12-ca-buddhist".parse()
[INFO] [stdout]   |              ^^^^^^ not found in this scope
[INFO] [stdout]   |
[INFO] [stdout] help: consider importing this struct
[INFO] [stdout]   |
[INFO] [stdout] 2 | use icu_locid::Locale;
[INFO] [stdout]   |
[INFO] [stdout] 
[INFO] [stdout] error[E0412]: cannot find type `Key` in this scope
[INFO] [stdout]  --> src/extensions/unicode/mod.rs:71:10
[INFO] [stdout]   |
[INFO] [stdout] 9 | let key: Key = "ca".parse().expect("Parsing key failed.");
[INFO] [stdout]   |          ^^^ not found in this scope
[INFO] [stdout]   |
[INFO] [stdout] help: consider importing one of these items
[INFO] [stdout]   |
[INFO] [stdout] 2 | use icu_locid::extensions::private::Key;
[INFO] [stdout]   |
[INFO] [stdout] 2 | use icu_locid::extensions::transform::Key;
[INFO] [stdout]   |
[INFO] [stdout] 2 | use icu_locid::extensions::unicode::Key;
[INFO] [stdout]   |
[INFO] [stdout] 
[INFO] [stdout] error[E0412]: cannot find type `Value` in this scope
[INFO] [stdout]   --> src/extensions/unicode/mod.rs:72:12
[INFO] [stdout]    |
[INFO] [stdout] 10 | let value: Value = "buddhist".parse().expect("Parsing value failed.");
[INFO] [stdout]    |            ^^^^^ not found in this scope
[INFO] [stdout]    |
[INFO] [stdout] help: consider importing one of these items
[INFO] [stdout]    |
[INFO] [stdout] 2  | use icu_locid::extensions::transform::Value;
[INFO] [stdout]    |
[INFO] [stdout] 2  | use icu_locid::extensions::unicode::Value;
[INFO] [stdout]    |
[INFO] [stdout] 2  | use serde_json::Value;
[INFO] [stdout]    |
[INFO] [stdout] 
[INFO] [stdout] error: aborting due to 5 previous errors
[INFO] [stdout] 
[INFO] [stdout] Some errors have detailed explanations: E0412, E0433.
[INFO] [stdout] For more information about an error, try `rustc --explain E0412`.
[INFO] [stdout] Couldn't compile the test.
[INFO] [stdout] ---- src/extensions/unicode/keywords.rs - extensions::unicode::keywords::Keywords (line 28) stdout ----
[INFO] [stdout] error[E0433]: failed to resolve: use of undeclared crate or module `icu`
[INFO] [stdout]  --> src/extensions/unicode/keywords.rs:29:5
[INFO] [stdout]   |
[INFO] [stdout] 3 | use icu::locid::extensions::unicode::{Keywords, Key, Value};
[INFO] [stdout]   |     ^^^ use of undeclared crate or module `icu`
[INFO] [stdout] 
[INFO] [stdout] error[E0412]: cannot find type `Key` in this scope
[INFO] [stdout]  --> src/extensions/unicode/keywords.rs:31:10
[INFO] [stdout]   |
[INFO] [stdout] 5 | let key: Key = "hc".parse()
[INFO] [stdout]   |          ^^^ not found in this scope
[INFO] [stdout]   |
[INFO] [stdout] help: consider importing one of these items
[INFO] [stdout]   |
[INFO] [stdout] 2 | use icu_locid::extensions::private::Key;
[INFO] [stdout]   |
[INFO] [stdout] 2 | use icu_locid::extensions::transform::Key;
[INFO] [stdout]   |
[INFO] [stdout] 2 | use icu_locid::extensions::unicode::Key;
[INFO] [stdout]   |
[INFO] [stdout] 
[INFO] [stdout] error[E0412]: cannot find type `Value` in this scope
[INFO] [stdout]  --> src/extensions/unicode/keywords.rs:33:12
[INFO] [stdout]   |
[INFO] [stdout] 7 | let value: Value = "h23".parse()
[INFO] [stdout]   |            ^^^^^ not found in this scope
[INFO] [stdout]   |
[INFO] [stdout] help: consider importing one of these items
[INFO] [stdout]   |
[INFO] [stdout] 2 | use icu_locid::extensions::transform::Value;
[INFO] [stdout]   |
[INFO] [stdout] 2 | use icu_locid::extensions::unicode::Value;
[INFO] [stdout]   |
[INFO] [stdout] 2 | use serde_json::Value;
[INFO] [stdout]   |
[INFO] [stdout] 
[INFO] [stdout] error[E0433]: failed to resolve: use of undeclared type `Keywords`
[INFO] [stdout]  --> src/extensions/unicode/keywords.rs:35:16
[INFO] [stdout]   |
[INFO] [stdout] 9 | let keywords = Keywords::from_vec_unchecked(vec![(key, value)]);
[INFO] [stdout]   |                ^^^^^^^^ not found in this scope
[INFO] [stdout]   |
[INFO] [stdout] help: consider importing this struct
[INFO] [stdout]   |
[INFO] [stdout] 2 | use icu_locid::extensions::unicode::Keywords;
[INFO] [stdout]   |
[INFO] [stdout] 
[INFO] [stdout] error: aborting due to 4 previous errors
[INFO] [stdout] 
[INFO] [stdout] Some errors have detailed explanations: E0412, E0433.
[INFO] [stdout] For more information about an error, try `rustc --explain E0412`.
[INFO] [stdout] Couldn't compile the test.
[INFO] [stdout] ---- src/extensions/unicode/keywords.rs - extensions::unicode::keywords::Keywords::get (line 112) stdout ----
[INFO] [stdout] error[E0433]: failed to resolve: use of undeclared crate or module `icu`
[INFO] [stdout]  --> src/extensions/unicode/keywords.rs:113:5
[INFO] [stdout]   |
[INFO] [stdout] 3 | use icu::locid::extensions::unicode::{Keywords, Key, Value};
[INFO] [stdout]   |     ^^^ use of undeclared crate or module `icu`
[INFO] [stdout] 
[INFO] [stdout] error[E0412]: cannot find type `Key` in this scope
[INFO] [stdout]  --> src/extensions/unicode/keywords.rs:115:10
[INFO] [stdout]   |
[INFO] [stdout] 5 | let key: Key = "ca".parse()
[INFO] [stdout]   |          ^^^ not found in this scope
[INFO] [stdout]   |
[INFO] [stdout] help: consider importing one of these items
[INFO] [stdout]   |
[INFO] [stdout] 2 | use icu_locid::extensions::private::Key;
[INFO] [stdout]   |
[INFO] [stdout] 2 | use icu_locid::extensions::transform::Key;
[INFO] [stdout]   |
[INFO] [stdout] 2 | use icu_locid::extensions::unicode::Key;
[INFO] [stdout]   |
[INFO] [stdout] 
[INFO] [stdout] error[E0412]: cannot find type `Value` in this scope
[INFO] [stdout]  --> src/extensions/unicode/keywords.rs:117:12
[INFO] [stdout]   |
[INFO] [stdout] 7 | let value: Value = "buddhist".parse()
[INFO] [stdout]   |            ^^^^^ not found in this scope
[INFO] [stdout]   |
[INFO] [stdout] help: consider importing one of these items
[INFO] [stdout]   |
[INFO] [stdout] 2 | use icu_locid::extensions::transform::Value;
[INFO] [stdout]   |
[INFO] [stdout] 2 | use icu_locid::extensions::unicode::Value;
[INFO] [stdout]   |
[INFO] [stdout] 2 | use serde_json::Value;
[INFO] [stdout]   |
[INFO] [stdout] 
[INFO] [stdout] error[E0433]: failed to resolve: use of undeclared type `Keywords`
[INFO] [stdout]  --> src/extensions/unicode/keywords.rs:119:20
[INFO] [stdout]   |
[INFO] [stdout] 9 | let mut keywords = Keywords::from_vec_unchecked(vec![(key, value)]);
[INFO] [stdout]   |                    ^^^^^^^^ not found in this scope
[INFO] [stdout]   |
[INFO] [stdout] help: consider importing this struct
[INFO] [stdout]   |
[INFO] [stdout] 2 | use icu_locid::extensions::unicode::Keywords;
[INFO] [stdout]   |
[INFO] [stdout] 
[INFO] [stdout] error[E0412]: cannot find type `Key` in this scope
[INFO] [stdout]   --> src/extensions/unicode/keywords.rs:121:10
[INFO] [stdout]    |
[INFO] [stdout] 11 | let key: Key = "ca".parse()
[INFO] [stdout]    |          ^^^ not found in this scope
[INFO] [stdout]    |
[INFO] [stdout] help: consider importing one of these items
[INFO] [stdout]    |
[INFO] [stdout] 2  | use icu_locid::extensions::private::Key;
[INFO] [stdout]    |
[INFO] [stdout] 2  | use icu_locid::extensions::transform::Key;
[INFO] [stdout]    |
[INFO] [stdout] 2  | use icu_locid::extensions::unicode::Key;
[INFO] [stdout]    |
[INFO] [stdout] 
[INFO] [stdout] error: aborting due to 5 previous errors
[INFO] [stdout] 
[INFO] [stdout] Some errors have detailed explanations: E0412, E0433.
[INFO] [stdout] For more information about an error, try `rustc --explain E0412`.
[INFO] [stdout] Couldn't compile the test.
[INFO] [stdout] ---- src/extensions/unicode/keywords.rs - extensions::unicode::keywords::Keywords::from_vec_unchecked (line 62) stdout ----
[INFO] [stdout] error[E0433]: failed to resolve: use of undeclared crate or module `icu`
[INFO] [stdout]  --> src/extensions/unicode/keywords.rs:63:5
[INFO] [stdout]   |
[INFO] [stdout] 3 | use icu::locid::extensions::unicode::{Keywords, Key, Value};
[INFO] [stdout]   |     ^^^ use of undeclared crate or module `icu`
[INFO] [stdout] 
[INFO] [stdout] error[E0412]: cannot find type `Key` in this scope
[INFO] [stdout]  --> src/extensions/unicode/keywords.rs:65:10
[INFO] [stdout]   |
[INFO] [stdout] 5 | let key: Key = "ca".parse()
[INFO] [stdout]   |          ^^^ not found in this scope
[INFO] [stdout]   |
[INFO] [stdout] help: consider importing one of these items
[INFO] [stdout]   |
[INFO] [stdout] 2 | use icu_locid::extensions::private::Key;
[INFO] [stdout]   |
[INFO] [stdout] 2 | use icu_locid::extensions::transform::Key;
[INFO] [stdout]   |
[INFO] [stdout] 2 | use icu_locid::extensions::unicode::Key;
[INFO] [stdout]   |
[INFO] [stdout] 
[INFO] [stdout] error[E0412]: cannot find type `Value` in this scope
[INFO] [stdout]  --> src/extensions/unicode/keywords.rs:67:12
[INFO] [stdout]   |
[INFO] [stdout] 7 | let value: Value = "buddhist".parse()
[INFO] [stdout]   |            ^^^^^ not found in this scope
[INFO] [stdout]   |
[INFO] [stdout] help: consider importing one of these items
[INFO] [stdout]   |
[INFO] [stdout] 2 | use icu_locid::extensions::transform::Value;
[INFO] [stdout]   |
[INFO] [stdout] 2 | use icu_locid::extensions::unicode::Value;
[INFO] [stdout]   |
[INFO] [stdout] 2 | use serde_json::Value;
[INFO] [stdout]   |
[INFO] [stdout] 
[INFO] [stdout] error[E0433]: failed to resolve: use of undeclared type `Keywords`
[INFO] [stdout]  --> src/extensions/unicode/keywords.rs:69:16
[INFO] [stdout]   |
[INFO] [stdout] 9 | let keywords = Keywords::from_vec_unchecked(vec![(key, value)]);
[INFO] [stdout]   |                ^^^^^^^^ not found in this scope
[INFO] [stdout]   |
[INFO] [stdout] help: consider importing this struct
[INFO] [stdout]   |
[INFO] [stdout] 2 | use icu_locid::extensions::unicode::Keywords;
[INFO] [stdout]   |
[INFO] [stdout] 
[INFO] [stdout] error: aborting due to 4 previous errors
[INFO] [stdout] 
[INFO] [stdout] Some errors have detailed explanations: E0412, E0433.
[INFO] [stdout] For more information about an error, try `rustc --explain E0412`.
[INFO] [stdout] Couldn't compile the test.
[INFO] [stdout] ---- src/extensions/unicode/key.rs - extensions::unicode::key::Key (line 18) stdout ----
[INFO] [stdout] error[E0433]: failed to resolve: use of undeclared crate or module `icu`
[INFO] [stdout]  --> src/extensions/unicode/key.rs:19:5
[INFO] [stdout]   |
[INFO] [stdout] 3 | use icu::locid::extensions::unicode::Key;
[INFO] [stdout]   |     ^^^ use of undeclared crate or module `icu`
[INFO] [stdout] 
[INFO] [stdout] error[E0412]: cannot find type `Key` in this scope
[INFO] [stdout]  --> src/extensions/unicode/key.rs:21:11
[INFO] [stdout]   |
[INFO] [stdout] 5 | let key1: Key = "ca".parse()
[INFO] [stdout]   |           ^^^ not found in this scope
[INFO] [stdout]   |
[INFO] [stdout] help: consider importing one of these items
[INFO] [stdout]   |
[INFO] [stdout] 2 | use icu_locid::extensions::private::Key;
[INFO] [stdout]   |
[INFO] [stdout] 2 | use icu_locid::extensions::transform::Key;
[INFO] [stdout]   |
[INFO] [stdout] 2 | use icu_locid::extensions::unicode::Key;
[INFO] [stdout]   |
[INFO] [stdout] 
[INFO] [stdout] error: aborting due to 2 previous errors
[INFO] [stdout] 
[INFO] [stdout] Some errors have detailed explanations: E0412, E0433.
[INFO] [stdout] For more information about an error, try `rustc --explain E0412`.
[INFO] [stdout] Couldn't compile the test.
[INFO] [stdout] ---- src/extensions/unicode/key.rs - extensions::unicode::key::Key::from_bytes (line 37) stdout ----
[INFO] [stdout] error[E0433]: failed to resolve: use of undeclared crate or module `icu`
[INFO] [stdout]  --> src/extensions/unicode/key.rs:38:5
[INFO] [stdout]   |
[INFO] [stdout] 3 | use icu::locid::extensions::unicode::Key;
[INFO] [stdout]   |     ^^^ use of undeclared crate or module `icu`
[INFO] [stdout] 
[INFO] [stdout] error[E0433]: failed to resolve: use of undeclared type `Key`
[INFO] [stdout]  --> src/extensions/unicode/key.rs:40:11
[INFO] [stdout]   |
[INFO] [stdout] 5 | let key = Key::from_bytes(b"ca")
[INFO] [stdout]   |           ^^^ not found in this scope
[INFO] [stdout]   |
[INFO] [stdout] help: consider importing one of these items
[INFO] [stdout]   |
[INFO] [stdout] 2 | use icu_locid::extensions::private::Key;
[INFO] [stdout]   |
[INFO] [stdout] 2 | use icu_locid::extensions::transform::Key;
[INFO] [stdout]   |
[INFO] [stdout] 2 | use icu_locid::extensions::unicode::Key;
[INFO] [stdout]   |
[INFO] [stdout] 
[INFO] [stdout] error: aborting due to 2 previous errors
[INFO] [stdout] 
[INFO] [stdout] For more information about this error, try `rustc --explain E0433`.
[INFO] [stdout] Couldn't compile the test.
[INFO] [stdout] ---- src/extensions/unicode/key.rs - extensions::unicode::key::Key::as_str (line 79) stdout ----
[INFO] [stdout] error[E0433]: failed to resolve: use of undeclared crate or module `icu`
[INFO] [stdout]  --> src/extensions/unicode/key.rs:80:5
[INFO] [stdout]   |
[INFO] [stdout] 3 | use icu::locid::extensions::unicode::Key;
[INFO] [stdout]   |     ^^^ use of undeclared crate or module `icu`
[INFO] [stdout] 
[INFO] [stdout] error[E0412]: cannot find type `Key` in this scope
[INFO] [stdout]  --> src/extensions/unicode/key.rs:82:10
[INFO] [stdout]   |
[INFO] [stdout] 5 | let key: Key = "ca".parse().expect("Parsing failed.");
[INFO] [stdout]   |          ^^^ not found in this scope
[INFO] [stdout]   |
[INFO] [stdout] help: consider importing one of these items
[INFO] [stdout]   |
[INFO] [stdout] 2 | use icu_locid::extensions::private::Key;
[INFO] [stdout]   |
[INFO] [stdout] 2 | use icu_locid::extensions::transform::Key;
[INFO] [stdout]   |
[INFO] [stdout] 2 | use icu_locid::extensions::unicode::Key;
[INFO] [stdout]   |
[INFO] [stdout] 
[INFO] [stdout] error: aborting due to 2 previous errors
[INFO] [stdout] 
[INFO] [stdout] Some errors have detailed explanations: E0412, E0433.
[INFO] [stdout] For more information about an error, try `rustc --explain E0412`.
[INFO] [stdout] Couldn't compile the test.
[INFO] [stdout] ---- src/extensions/unicode/mod.rs - extensions::unicode::Unicode::new (line 87) stdout ----
[INFO] [stdout] error[E0433]: failed to resolve: use of undeclared crate or module `icu`
[INFO] [stdout]  --> src/extensions/unicode/mod.rs:88:5
[INFO] [stdout]   |
[INFO] [stdout] 3 | use icu::locid::extensions::unicode::Unicode;
[INFO] [stdout]   |     ^^^ use of undeclared crate or module `icu`
[INFO] [stdout] 
[INFO] [stdout] error[E0433]: failed to resolve: use of undeclared type `Unicode`
[INFO] [stdout]  --> src/extensions/unicode/mod.rs:90:12
[INFO] [stdout]   |
[INFO] [stdout] 5 | assert_eq!(Unicode::new(), Unicode::default());
[INFO] [stdout]   |            ^^^^^^^ not found in this scope
[INFO] [stdout]   |
[INFO] [stdout] help: consider importing this struct
[INFO] [stdout]   |
[INFO] [stdout] 2 | use icu_locid::extensions::Unicode;
[INFO] [stdout]   |
[INFO] [stdout] 
[INFO] [stdout] error[E0433]: failed to resolve: use of undeclared type `Unicode`
[INFO] [stdout]  --> src/extensions/unicode/mod.rs:90:28
[INFO] [stdout]   |
[INFO] [stdout] 5 | assert_eq!(Unicode::new(), Unicode::default());
[INFO] [stdout]   |                            ^^^^^^^ not found in this scope
[INFO] [stdout]   |
[INFO] [stdout] help: consider importing this struct
[INFO] [stdout]   |
[INFO] [stdout] 2 | use icu_locid::extensions::Unicode;
[INFO] [stdout]   |
[INFO] [stdout] 
[INFO] [stdout] error: aborting due to 3 previous errors
[INFO] [stdout] 
[INFO] [stdout] For more information about this error, try `rustc --explain E0433`.
[INFO] [stdout] Couldn't compile the test.
[INFO] [stdout] ---- src/extensions/unicode/value.rs - extensions::unicode::value::Value (line 23) stdout ----
[INFO] [stdout] error[E0433]: failed to resolve: use of undeclared crate or module `icu`
[INFO] [stdout]  --> src/extensions/unicode/value.rs:24:5
[INFO] [stdout]   |
[INFO] [stdout] 3 | use icu::locid::extensions::unicode::Value;
[INFO] [stdout]   |     ^^^ use of undeclared crate or module `icu`
[INFO] [stdout] 
[INFO] [stdout] error[E0412]: cannot find type `Value` in this scope
[INFO] [stdout]  --> src/extensions/unicode/value.rs:26:13
[INFO] [stdout]   |
[INFO] [stdout] 5 | let value1: Value = "gregory".parse()
[INFO] [stdout]   |             ^^^^^ not found in this scope
[INFO] [stdout]   |
[INFO] [stdout] help: consider importing one of these items
[INFO] [stdout]   |
[INFO] [stdout] 2 | use icu_locid::extensions::transform::Value;
[INFO] [stdout]   |
[INFO] [stdout] 2 | use icu_locid::extensions::unicode::Value;
[INFO] [stdout]   |
[INFO] [stdout] 2 | use serde_json::Value;
[INFO] [stdout]   |
[INFO] [stdout] 
[INFO] [stdout] error[E0412]: cannot find type `Value` in this scope
[INFO] [stdout]  --> src/extensions/unicode/value.rs:28:13
[INFO] [stdout]   |
[INFO] [stdout] 7 | let value2: Value = "islamic-civil".parse()
[INFO] [stdout]   |             ^^^^^ not found in this scope
[INFO] [stdout]   |
[INFO] [stdout] help: consider importing one of these items
[INFO] [stdout]   |
[INFO] [stdout] 2 | use icu_locid::extensions::transform::Value;
[INFO] [stdout]   |
[INFO] [stdout] 2 | use icu_locid::extensions::unicode::Value;
[INFO] [stdout]   |
[INFO] [stdout] 2 | use serde_json::Value;
[INFO] [stdout]   |
[INFO] [stdout] 
[INFO] [stdout] error: aborting due to 3 previous errors
[INFO] [stdout] 
[INFO] [stdout] Some errors have detailed explanations: E0412, E0433.
[INFO] [stdout] For more information about an error, try `rustc --explain E0412`.
[INFO] [stdout] Couldn't compile the test.
[INFO] [stdout] ---- src/extensions/unicode/key.rs - extensions::unicode::key::Key::from_tinystr4_unchecked (line 62) stdout ----
[INFO] [stdout] error[E0433]: failed to resolve: use of undeclared crate or module `icu`
[INFO] [stdout]  --> src/extensions/unicode/key.rs:63:5
[INFO] [stdout]   |
[INFO] [stdout] 3 | use icu::locid::extensions::unicode::Key;
[INFO] [stdout]   |     ^^^ use of undeclared crate or module `icu`
[INFO] [stdout] 
[INFO] [stdout] error[E0433]: failed to resolve: use of undeclared type `Key`
[INFO] [stdout]  --> src/extensions/unicode/key.rs:66:11
[INFO] [stdout]   |
[INFO] [stdout] 6 | let key = Key::from_tinystr4_unchecked(tinystr4!("ca"));
[INFO] [stdout]   |           ^^^ not found in this scope
[INFO] [stdout]   |
[INFO] [stdout] help: consider importing one of these items
[INFO] [stdout]   |
[INFO] [stdout] 2 | use icu_locid::extensions::private::Key;
[INFO] [stdout]   |
[INFO] [stdout] 2 | use icu_locid::extensions::transform::Key;
[INFO] [stdout]   |
[INFO] [stdout] 2 | use icu_locid::extensions::unicode::Key;
[INFO] [stdout]   |
[INFO] [stdout] 
[INFO] [stdout] error: aborting due to 2 previous errors
[INFO] [stdout] 
[INFO] [stdout] For more information about this error, try `rustc --explain E0433`.
[INFO] [stdout] Couldn't compile the test.
[INFO] [stdout] ---- src/extensions/unicode/keywords.rs - extensions::unicode::keywords::Keywords::new (line 47) stdout ----
[INFO] [stdout] error[E0433]: failed to resolve: use of undeclared crate or module `icu`
[INFO] [stdout]  --> src/extensions/unicode/keywords.rs:48:5
[INFO] [stdout]   |
[INFO] [stdout] 3 | use icu::locid::extensions::unicode::Keywords;
[INFO] [stdout]   |     ^^^ use of undeclared crate or module `icu`
[INFO] [stdout] 
[INFO] [stdout] error[E0433]: failed to resolve: use of undeclared type `Keywords`
[INFO] [stdout]  --> src/extensions/unicode/keywords.rs:50:12
[INFO] [stdout]   |
[INFO] [stdout] 5 | assert_eq!(Keywords::new(), Keywords::default());
[INFO] [stdout]   |            ^^^^^^^^ not found in this scope
[INFO] [stdout]   |
[INFO] [stdout] help: consider importing this struct
[INFO] [stdout]   |
[INFO] [stdout] 2 | use icu_locid::extensions::unicode::Keywords;
[INFO] [stdout]   |
[INFO] [stdout] 
[INFO] [stdout] error[E0433]: failed to resolve: use of undeclared type `Keywords`
[INFO] [stdout]  --> src/extensions/unicode/keywords.rs:50:29
[INFO] [stdout]   |
[INFO] [stdout] 5 | assert_eq!(Keywords::new(), Keywords::default());
[INFO] [stdout]   |                             ^^^^^^^^ not found in this scope
[INFO] [stdout]   |
[INFO] [stdout] help: consider importing this struct
[INFO] [stdout]   |
[INFO] [stdout] 2 | use icu_locid::extensions::unicode::Keywords;
[INFO] [stdout]   |
[INFO] [stdout] 
[INFO] [stdout] error: aborting due to 3 previous errors
[INFO] [stdout] 
[INFO] [stdout] For more information about this error, try `rustc --explain E0433`.
[INFO] [stdout] Couldn't compile the test.
[INFO] [stdout] ---- src/langid.rs - langid::LanguageIdentifier (line 45) stdout ----
[INFO] [stdout] error[E0433]: failed to resolve: use of undeclared crate or module `icu`
[INFO] [stdout]  --> src/langid.rs:46:5
[INFO] [stdout]   |
[INFO] [stdout] 3 | use icu::locid::LanguageIdentifier;
[INFO] [stdout]   |     ^^^ use of undeclared crate or module `icu`
[INFO] [stdout] 
[INFO] [stdout] error[E0412]: cannot find type `LanguageIdentifier` in this scope
[INFO] [stdout]  --> src/langid.rs:48:9
[INFO] [stdout]   |
[INFO] [stdout] 5 | let li: LanguageIdentifier = "eN_latn_Us-Valencia".parse()
[INFO] [stdout]   |         ^^^^^^^^^^^^^^^^^^ not found in this scope
[INFO] [stdout]   |
[INFO] [stdout] help: consider importing this struct
[INFO] [stdout]   |
[INFO] [stdout] 2 | use icu_locid::LanguageIdentifier;
[INFO] [stdout]   |
[INFO] [stdout] 
[INFO] [stdout] error: aborting due to 2 previous errors
[INFO] [stdout] 
[INFO] [stdout] Some errors have detailed explanations: E0412, E0433.
[INFO] [stdout] For more information about an error, try `rustc --explain E0412`.
[INFO] [stdout] Couldn't compile the test.
[INFO] [stdout] ---- src/extensions/unicode/mod.rs - extensions::unicode (line 13) stdout ----
[INFO] [stdout] error[E0433]: failed to resolve: use of undeclared crate or module `icu`
[INFO] [stdout]  --> src/extensions/unicode/mod.rs:14:5
[INFO] [stdout]   |
[INFO] [stdout] 3 | use icu::locid::{LanguageIdentifier, Locale};
[INFO] [stdout]   |     ^^^ use of undeclared crate or module `icu`
[INFO] [stdout] 
[INFO] [stdout] error[E0433]: failed to resolve: use of undeclared crate or module `icu`
[INFO] [stdout]  --> src/extensions/unicode/mod.rs:15:5
[INFO] [stdout]   |
[INFO] [stdout] 4 | use icu::locid::extensions::unicode::{Unicode, Key, Value, Attribute};
[INFO] [stdout]   |     ^^^ use of undeclared crate or module `icu`
[INFO] [stdout] 
[INFO] [stdout] error[E0412]: cannot find type `Locale` in this scope
[INFO] [stdout]  --> src/extensions/unicode/mod.rs:17:14
[INFO] [stdout]   |
[INFO] [stdout] 6 | let mut loc: Locale = "en-US-u-foobar-hc-h12".parse()
[INFO] [stdout]   |              ^^^^^^ not found in this scope
[INFO] [stdout]   |
[INFO] [stdout] help: consider importing this struct
[INFO] [stdout]   |
[INFO] [stdout] 2 | use icu_locid::Locale;
[INFO] [stdout]   |
[INFO] [stdout] 
[INFO] [stdout] error[E0412]: cannot find type `Key` in this scope
[INFO] [stdout]  --> src/extensions/unicode/mod.rs:20:10
[INFO] [stdout]   |
[INFO] [stdout] 9 | let key: Key = "hc".parse()
[INFO] [stdout]   |          ^^^ not found in this scope
[INFO] [stdout]   |
[INFO] [stdout] help: consider importing one of these items
[INFO] [stdout]   |
[INFO] [stdout] 2 | use icu_locid::extensions::private::Key;
[INFO] [stdout]   |
[INFO] [stdout] 2 | use icu_locid::extensions::transform::Key;
[INFO] [stdout]   |
[INFO] [stdout] 2 | use icu_locid::extensions::unicode::Key;
[INFO] [stdout]   |
[INFO] [stdout] 
[INFO] [stdout] error[E0412]: cannot find type `Value` in this scope
[INFO] [stdout]   --> src/extensions/unicode/mod.rs:22:12
[INFO] [stdout]    |
[INFO] [stdout] 11 | let value: Value = "h12".parse()
[INFO] [stdout]    |            ^^^^^ not found in this scope
[INFO] [stdout]    |
[INFO] [stdout] help: consider importing one of these items
[INFO] [stdout]    |
[INFO] [stdout] 2  | use icu_locid::extensions::transform::Value;
[INFO] [stdout]    |
[INFO] [stdout] 2  | use icu_locid::extensions::unicode::Value;
[INFO] [stdout]    |
[INFO] [stdout] 2  | use serde_json::Value;
[INFO] [stdout]    |
[INFO] [stdout] 
[INFO] [stdout] error[E0412]: cannot find type `Attribute` in this scope
[INFO] [stdout]   --> src/extensions/unicode/mod.rs:24:16
[INFO] [stdout]    |
[INFO] [stdout] 13 | let attribute: Attribute = "foobar".parse()
[INFO] [stdout]    |                ^^^^^^^^^ not found in this scope
[INFO] [stdout]    |
[INFO] [stdout] help: consider importing this struct
[INFO] [stdout]    |
[INFO] [stdout] 2  | use icu_locid::extensions::unicode::Attribute;
[INFO] [stdout]    |
[INFO] [stdout] 
[INFO] [stdout] error: aborting due to 6 previous errors
[INFO] [stdout] 
[INFO] [stdout] Some errors have detailed explanations: E0412, E0433.
[INFO] [stdout] For more information about an error, try `rustc --explain E0412`.
[INFO] [stdout] Couldn't compile the test.
[INFO] [stdout] ---- src/extensions/unicode/keywords.rs - extensions::unicode::keywords::Keywords::get_mut (line 144) stdout ----
[INFO] [stdout] error[E0433]: failed to resolve: use of undeclared crate or module `icu`
[INFO] [stdout]  --> src/extensions/unicode/keywords.rs:145:5
[INFO] [stdout]   |
[INFO] [stdout] 3 | use icu::locid::extensions::unicode::{Keywords, Key, Value};
[INFO] [stdout]   |     ^^^ use of undeclared crate or module `icu`
[INFO] [stdout] 
[INFO] [stdout] error[E0412]: cannot find type `Key` in this scope
[INFO] [stdout]  --> src/extensions/unicode/keywords.rs:147:10
[INFO] [stdout]   |
[INFO] [stdout] 5 | let key: Key = "ca".parse()
[INFO] [stdout]   |          ^^^ not found in this scope
[INFO] [stdout]   |
[INFO] [stdout] help: consider importing one of these items
[INFO] [stdout]   |
[INFO] [stdout] 2 | use icu_locid::extensions::private::Key;
[INFO] [stdout]   |
[INFO] [stdout] 2 | use icu_locid::extensions::transform::Key;
[INFO] [stdout]   |
[INFO] [stdout] 2 | use icu_locid::extensions::unicode::Key;
[INFO] [stdout]   |
[INFO] [stdout] 
[INFO] [stdout] error[E0412]: cannot find type `Value` in this scope
[INFO] [stdout]  --> src/extensions/unicode/keywords.rs:149:12
[INFO] [stdout]   |
[INFO] [stdout] 7 | let value: Value = "buddhist".parse()
[INFO] [stdout]   |            ^^^^^ not found in this scope
[INFO] [stdout]   |
[INFO] [stdout] help: consider importing one of these items
[INFO] [stdout]   |
[INFO] [stdout] 2 | use icu_locid::extensions::transform::Value;
[INFO] [stdout]   |
[INFO] [stdout] 2 | use icu_locid::extensions::unicode::Value;
[INFO] [stdout]   |
[INFO] [stdout] 2 | use serde_json::Value;
[INFO] [stdout]   |
[INFO] [stdout] 
[INFO] [stdout] error[E0433]: failed to resolve: use of undeclared type `Keywords`
[INFO] [stdout]  --> src/extensions/unicode/keywords.rs:151:20
[INFO] [stdout]   |
[INFO] [stdout] 9 | let mut keywords = Keywords::from_vec_unchecked(vec![(key, value)]);
[INFO] [stdout]   |                    ^^^^^^^^ not found in this scope
[INFO] [stdout]   |
[INFO] [stdout] help: consider importing this struct
[INFO] [stdout]   |
[INFO] [stdout] 2 | use icu_locid::extensions::unicode::Keywords;
[INFO] [stdout]   |
[INFO] [stdout] 
[INFO] [stdout] error[E0412]: cannot find type `Key` in this scope
[INFO] [stdout]   --> src/extensions/unicode/keywords.rs:153:10
[INFO] [stdout]    |
[INFO] [stdout] 11 | let key: Key = "ca".parse()
[INFO] [stdout]    |          ^^^ not found in this scope
[INFO] [stdout]    |
[INFO] [stdout] help: consider importing one of these items
[INFO] [stdout]    |
[INFO] [stdout] 2  | use icu_locid::extensions::private::Key;
[INFO] [stdout]    |
[INFO] [stdout] 2  | use icu_locid::extensions::transform::Key;
[INFO] [stdout]    |
[INFO] [stdout] 2  | use icu_locid::extensions::unicode::Key;
[INFO] [stdout]    |
[INFO] [stdout] 
[INFO] [stdout] error: aborting due to 5 previous errors
[INFO] [stdout] 
[INFO] [stdout] Some errors have detailed explanations: E0412, E0433.
[INFO] [stdout] For more information about an error, try `rustc --explain E0412`.
[INFO] [stdout] Couldn't compile the test.
[INFO] [stdout] ---- src/locale.rs - locale::Locale (line 23) stdout ----
[INFO] [stdout] error[E0433]: failed to resolve: use of undeclared crate or module `icu`
[INFO] [stdout]  --> src/locale.rs:24:5
[INFO] [stdout]   |
[INFO] [stdout] 3 | use icu::locid::Locale;
[INFO] [stdout]   |     ^^^ use of undeclared crate or module `icu`
[INFO] [stdout] 
[INFO] [stdout] error[E0433]: failed to resolve: use of undeclared crate or module `icu`
[INFO] [stdout]  --> src/locale.rs:25:5
[INFO] [stdout]   |
[INFO] [stdout] 4 | use icu::locid::extensions::unicode::{Key, Value};
[INFO] [stdout]   |     ^^^ use of undeclared crate or module `icu`
[INFO] [stdout] 
[INFO] [stdout] error[E0412]: cannot find type `Locale` in this scope
[INFO] [stdout]  --> src/locale.rs:27:10
[INFO] [stdout]   |
[INFO] [stdout] 6 | let loc: Locale = "en-US-u-ca-buddhist".parse()
[INFO] [stdout]   |          ^^^^^^ not found in this scope
[INFO] [stdout]   |
[INFO] [stdout] help: consider importing this struct
[INFO] [stdout]   |
[INFO] [stdout] 2 | use icu_locid::Locale;
[INFO] [stdout]   |
[INFO] [stdout] 
[INFO] [stdout] error[E0412]: cannot find type `Key` in this scope
[INFO] [stdout]   --> src/locale.rs:36:10
[INFO] [stdout]    |
[INFO] [stdout] 15 | let key: Key = "ca".parse().expect("Parsing key failed.");
[INFO] [stdout]    |          ^^^ not found in this scope
[INFO] [stdout]    |
[INFO] [stdout] help: consider importing one of these items
[INFO] [stdout]    |
[INFO] [stdout] 2  | use icu_locid::extensions::private::Key;
[INFO] [stdout]    |
[INFO] [stdout] 2  | use icu_locid::extensions::transform::Key;
[INFO] [stdout]    |
[INFO] [stdout] 2  | use icu_locid::extensions::unicode::Key;
[INFO] [stdout]    |
[INFO] [stdout] 
[INFO] [stdout] error[E0412]: cannot find type `Value` in this scope
[INFO] [stdout]   --> src/locale.rs:37:12
[INFO] [stdout]    |
[INFO] [stdout] 16 | let value: Value = "buddhist".parse().expect("Parsing value failed.");
[INFO] [stdout]    |            ^^^^^ not found in this scope
[INFO] [stdout]    |
[INFO] [stdout] help: consider importing one of these items
[INFO] [stdout]    |
[INFO] [stdout] 2  | use icu_locid::extensions::transform::Value;
[INFO] [stdout]    |
[INFO] [stdout] 2  | use icu_locid::extensions::unicode::Value;
[INFO] [stdout]    |
[INFO] [stdout] 2  | use serde_json::Value;
[INFO] [stdout]    |
[INFO] [stdout] 
[INFO] [stdout] error: aborting due to 5 previous errors
[INFO] [stdout] 
[INFO] [stdout] Some errors have detailed explanations: E0412, E0433.
[INFO] [stdout] For more information about an error, try `rustc --explain E0412`.
[INFO] [stdout] Couldn't compile the test.
[INFO] [stdout] ---- src/langid.rs - langid::LanguageIdentifier::und (line 112) stdout ----
[INFO] [stdout] error[E0433]: failed to resolve: use of undeclared crate or module `icu`
[INFO] [stdout]  --> src/langid.rs:113:5
[INFO] [stdout]   |
[INFO] [stdout] 3 | use icu::locid::LanguageIdentifier;
[INFO] [stdout]   |     ^^^ use of undeclared crate or module `icu`
[INFO] [stdout] 
[INFO] [stdout] error[E0412]: cannot find type `LanguageIdentifier` in this scope
[INFO] [stdout]  --> src/langid.rs:115:15
[INFO] [stdout]   |
[INFO] [stdout] 5 | const langid: LanguageIdentifier = LanguageIdentifier::und();
[INFO] [stdout]   |               ^^^^^^^^^^^^^^^^^^ not found in this scope
[INFO] [stdout]   |
[INFO] [stdout] help: consider importing this struct
[INFO] [stdout]   |
[INFO] [stdout] 2 | use icu_locid::LanguageIdentifier;
[INFO] [stdout]   |
[INFO] [stdout] 
[INFO] [stdout] error[E0433]: failed to resolve: use of undeclared type `LanguageIdentifier`
[INFO] [stdout]  --> src/langid.rs:115:36
[INFO] [stdout]   |
[INFO] [stdout] 5 | const langid: LanguageIdentifier = LanguageIdentifier::und();
[INFO] [stdout]   |                                    ^^^^^^^^^^^^^^^^^^ not found in this scope
[INFO] [stdout]   |
[INFO] [stdout] help: consider importing this struct
[INFO] [stdout]   |
[INFO] [stdout] 2 | use icu_locid::LanguageIdentifier;
[INFO] [stdout]   |
[INFO] [stdout] 
[INFO] [stdout] error[E0433]: failed to resolve: use of undeclared type `LanguageIdentifier`
[INFO] [stdout]  --> src/langid.rs:116:12
[INFO] [stdout]   |
[INFO] [stdout] 6 | assert_eq!(LanguageIdentifier::default(), langid);
[INFO] [stdout]   |            ^^^^^^^^^^^^^^^^^^ not found in this scope
[INFO] [stdout]   |
[INFO] [stdout] help: consider importing this struct
[INFO] [stdout]   |
[INFO] [stdout] 2 | use icu_locid::LanguageIdentifier;
[INFO] [stdout]   |
[INFO] [stdout] 
[INFO] [stdout] error: aborting due to 4 previous errors
[INFO] [stdout] 
[INFO] [stdout] Some errors have detailed explanations: E0412, E0433.
[INFO] [stdout] For more information about an error, try `rustc --explain E0412`.
[INFO] [stdout] Couldn't compile the test.
[INFO] [stdout] ---- src/langid.rs - langid::LanguageIdentifier::from_bytes (line 76) stdout ----
[INFO] [stdout] error[E0433]: failed to resolve: use of undeclared crate or module `icu`
[INFO] [stdout]  --> src/langid.rs:77:5
[INFO] [stdout]   |
[INFO] [stdout] 3 | use icu::locid::LanguageIdentifier;
[INFO] [stdout]   |     ^^^ use of undeclared crate or module `icu`
[INFO] [stdout] 
[INFO] [stdout] error[E0433]: failed to resolve: use of undeclared type `LanguageIdentifier`
[INFO] [stdout]  --> src/langid.rs:79:10
[INFO] [stdout]   |
[INFO] [stdout] 5 | let li = LanguageIdentifier::from_bytes(b"en-US")
[INFO] [stdout]   |          ^^^^^^^^^^^^^^^^^^ not found in this scope
[INFO] [stdout]   |
[INFO] [stdout] help: consider importing this struct
[INFO] [stdout]   |
[INFO] [stdout] 2 | use icu_locid::LanguageIdentifier;
[INFO] [stdout]   |
[INFO] [stdout] 
[INFO] [stdout] error: aborting due to 2 previous errors
[INFO] [stdout] 
[INFO] [stdout] For more information about this error, try `rustc --explain E0433`.
[INFO] [stdout] Couldn't compile the test.
[INFO] [stdout] ---- src/lib.rs - (line 24) stdout ----
[INFO] [stdout] error[E0433]: failed to resolve: use of undeclared crate or module `icu`
[INFO] [stdout]  --> src/lib.rs:25:5
[INFO] [stdout]   |
[INFO] [stdout] 3 | use icu::locid::Locale;
[INFO] [stdout]   |     ^^^ use of undeclared crate or module `icu`
[INFO] [stdout] 
[INFO] [stdout] error[E0433]: failed to resolve: use of undeclared crate or module `icu`
[INFO] [stdout]  --> src/lib.rs:26:5
[INFO] [stdout]   |
[INFO] [stdout] 4 | use icu::locid::subtags::{Language, Region};
[INFO] [stdout]   |     ^^^ use of undeclared crate or module `icu`
[INFO] [stdout] 
[INFO] [stdout] error[E0412]: cannot find type `Locale` in this scope
[INFO] [stdout]  --> src/lib.rs:28:14
[INFO] [stdout]   |
[INFO] [stdout] 6 | let mut loc: Locale = "en-US".parse()
[INFO] [stdout]   |              ^^^^^^ not found in this scope
[INFO] [stdout]   |
[INFO] [stdout] help: consider importing this struct
[INFO] [stdout]   |
[INFO] [stdout] 2 | use icu_locid::Locale;
[INFO] [stdout]   |
[INFO] [stdout] 
[INFO] [stdout] error[E0412]: cannot find type `Language` in this scope
[INFO] [stdout]  --> src/lib.rs:31:11
[INFO] [stdout]   |
[INFO] [stdout] 9 | let lang: Language = "en".parse()
[INFO] [stdout]   |           ^^^^^^^^ not found in this scope
[INFO] [stdout]   |
[INFO] [stdout] help: consider importing this struct
[INFO] [stdout]   |
[INFO] [stdout] 2 | use icu_locid::subtags::Language;
[INFO] [stdout]   |
[INFO] [stdout] 
[INFO] [stdout] error[E0412]: cannot find type `Region` in this scope
[INFO] [stdout]   --> src/lib.rs:33:13
[INFO] [stdout]    |
[INFO] [stdout] 11 | let region: Region = "US".parse()
[INFO] [stdout]    |             ^^^^^^ not found in this scope
[INFO] [stdout]    |
[INFO] [stdout] help: consider importing this struct
[INFO] [stdout]    |
[INFO] [stdout] 2  | use icu_locid::subtags::Region;
[INFO] [stdout]    |
[INFO] [stdout] 
[INFO] [stdout] error[E0412]: cannot find type `Region` in this scope
[INFO] [stdout]   --> src/lib.rs:41:13
[INFO] [stdout]    |
[INFO] [stdout] 19 | let region: Region = "GB".parse().expect("Parsing failed.");
[INFO] [stdout]    |             ^^^^^^ not found in this scope
[INFO] [stdout]    |
[INFO] [stdout] help: consider importing this struct
[INFO] [stdout]    |
[INFO] [stdout] 2  | use icu_locid::subtags::Region;
[INFO] [stdout]    |
[INFO] [stdout] 
[INFO] [stdout] error: aborting due to 6 previous errors
[INFO] [stdout] 
[INFO] [stdout] Some errors have detailed explanations: E0412, E0433.
[INFO] [stdout] For more information about an error, try `rustc --explain E0412`.
[INFO] [stdout] Couldn't compile the test.
[INFO] [stdout] ---- src/locale.rs - locale::Locale::und (line 100) stdout ----
[INFO] [stdout] error[E0433]: failed to resolve: use of undeclared crate or module `icu`
[INFO] [stdout]  --> src/locale.rs:101:5
[INFO] [stdout]   |
[INFO] [stdout] 3 | use icu::locid::Locale;
[INFO] [stdout]   |     ^^^ use of undeclared crate or module `icu`
[INFO] [stdout] 
[INFO] [stdout] error[E0412]: cannot find type `Locale` in this scope
[INFO] [stdout]  --> src/locale.rs:103:12
[INFO] [stdout]   |
[INFO] [stdout] 5 | const loc: Locale = Locale::und();
[INFO] [stdout]   |            ^^^^^^ not found in this scope
[INFO] [stdout]   |
[INFO] [stdout] help: consider importing this struct
[INFO] [stdout]   |
[INFO] [stdout] 2 | use icu_locid::Locale;
[INFO] [stdout]   |
[INFO] [stdout] 
[INFO] [stdout] error[E0433]: failed to resolve: use of undeclared type `Locale`
[INFO] [stdout]  --> src/locale.rs:103:21
[INFO] [stdout]   |
[INFO] [stdout] 5 | const loc: Locale = Locale::und();
[INFO] [stdout]   |                     ^^^^^^ not found in this scope
[INFO] [stdout]   |
[INFO] [stdout] help: consider importing this struct
[INFO] [stdout]   |
[INFO] [stdout] 2 | use icu_locid::Locale;
[INFO] [stdout]   |
[INFO] [stdout] 
[INFO] [stdout] error[E0433]: failed to resolve: use of undeclared type `Locale`
[INFO] [stdout]  --> src/locale.rs:104:12
[INFO] [stdout]   |
[INFO] [stdout] 6 | assert_eq!(Locale::default(), loc);
[INFO] [stdout]   |            ^^^^^^ not found in this scope
[INFO] [stdout]   |
[INFO] [stdout] help: consider importing this struct
[INFO] [stdout]   |
[INFO] [stdout] 2 | use icu_locid::Locale;
[INFO] [stdout]   |
[INFO] [stdout] 
[INFO] [stdout] error: aborting due to 4 previous errors
[INFO] [stdout] 
[INFO] [stdout] Some errors have detailed explanations: E0412, E0433.
[INFO] [stdout] For more information about an error, try `rustc --explain E0412`.
[INFO] [stdout] Couldn't compile the test.
[INFO] [stdout] ---- src/extensions/unicode/value.rs - extensions::unicode::value::Value::from_bytes (line 46) stdout ----
[INFO] [stdout] error[E0433]: failed to resolve: use of undeclared crate or module `icu`
[INFO] [stdout]  --> src/extensions/unicode/value.rs:47:5
[INFO] [stdout]   |
[INFO] [stdout] 3 | use icu::locid::extensions::unicode::Value;
[INFO] [stdout]   |     ^^^ use of undeclared crate or module `icu`
[INFO] [stdout] 
[INFO] [stdout] error[E0433]: failed to resolve: use of undeclared type `Value`
[INFO] [stdout]  --> src/extensions/unicode/value.rs:49:13
[INFO] [stdout]   |
[INFO] [stdout] 5 | let value = Value::from_bytes(b"buddhist")
[INFO] [stdout]   |             ^^^^^ not found in this scope
[INFO] [stdout]   |
[INFO] [stdout] help: consider importing one of these items
[INFO] [stdout]   |
[INFO] [stdout] 2 | use icu_locid::extensions::transform::Value;
[INFO] [stdout]   |
[INFO] [stdout] 2 | use icu_locid::extensions::unicode::Value;
[INFO] [stdout]   |
[INFO] [stdout] 2 | use serde_json::Value;
[INFO] [stdout]   |
[INFO] [stdout] 
[INFO] [stdout] error: aborting due to 2 previous errors
[INFO] [stdout] 
[INFO] [stdout] For more information about this error, try `rustc --explain E0433`.
[INFO] [stdout] Couldn't compile the test.
[INFO] [stdout] ---- src/langid.rs - langid::LanguageIdentifier::canonicalize (line 136) stdout ----
[INFO] [stdout] error[E0433]: failed to resolve: use of undeclared crate or module `icu`
[INFO] [stdout]  --> src/langid.rs:137:5
[INFO] [stdout]   |
[INFO] [stdout] 3 | use icu::locid::LanguageIdentifier;
[INFO] [stdout]   |     ^^^ use of undeclared crate or module `icu`
[INFO] [stdout] 
[INFO] [stdout] error[E0433]: failed to resolve: use of undeclared type `LanguageIdentifier`
[INFO] [stdout]  --> src/langid.rs:139:12
[INFO] [stdout]   |
[INFO] [stdout] 5 | assert_eq!(LanguageIdentifier::canonicalize("pL_latn_pl"), Ok("pl-Latn-PL".to_string()));
[INFO] [stdout]   |            ^^^^^^^^^^^^^^^^^^ not found in this scope
[INFO] [stdout]   |
[INFO] [stdout] help: consider importing this struct
[INFO] [stdout]   |
[INFO] [stdout] 2 | use icu_locid::LanguageIdentifier;
[INFO] [stdout]   |
[INFO] [stdout] 
[INFO] [stdout] error: aborting due to 2 previous errors
[INFO] [stdout] 
[INFO] [stdout] For more information about this error, try `rustc --explain E0433`.
[INFO] [stdout] Couldn't compile the test.
[INFO] [stdout] ---- src/langid.rs - langid::LanguageIdentifier (line 16) stdout ----
[INFO] [stdout] error[E0433]: failed to resolve: use of undeclared crate or module `icu`
[INFO] [stdout]  --> src/langid.rs:17:5
[INFO] [stdout]   |
[INFO] [stdout] 3 | use icu::locid::LanguageIdentifier;
[INFO] [stdout]   |     ^^^ use of undeclared crate or module `icu`
[INFO] [stdout] 
[INFO] [stdout] error[E0412]: cannot find type `LanguageIdentifier` in this scope
[INFO] [stdout]  --> src/langid.rs:19:9
[INFO] [stdout]   |
[INFO] [stdout] 5 | let li: LanguageIdentifier = "en-US".parse()
[INFO] [stdout]   |         ^^^^^^^^^^^^^^^^^^ not found in this scope
[INFO] [stdout]   |
[INFO] [stdout] help: consider importing this struct
[INFO] [stdout]   |
[INFO] [stdout] 2 | use icu_locid::LanguageIdentifier;
[INFO] [stdout]   |
[INFO] [stdout] 
[INFO] [stdout] error: aborting due to 2 previous errors
[INFO] [stdout] 
[INFO] [stdout] Some errors have detailed explanations: E0412, E0433.
[INFO] [stdout] For more information about an error, try `rustc --explain E0412`.
[INFO] [stdout] Couldn't compile the test.
[INFO] [stdout] ---- src/parser/errors.rs - parser::errors::ParserError::InvalidLanguage (line 16) stdout ----
[INFO] [stdout] error[E0433]: failed to resolve: use of undeclared crate or module `icu`
[INFO] [stdout]  --> src/parser/errors.rs:19:5
[INFO] [stdout]   |
[INFO] [stdout] 5 | use icu::locid::subtags::Language;
[INFO] [stdout]   |     ^^^ use of undeclared crate or module `icu`
[INFO] [stdout] 
[INFO] [stdout] error[E0433]: failed to resolve: use of undeclared crate or module `icu`
[INFO] [stdout]  --> src/parser/errors.rs:20:5
[INFO] [stdout]   |
[INFO] [stdout] 6 | use icu::locid::ParserError;
[INFO] [stdout]   |     ^^^ use of undeclared crate or module `icu`
[INFO] [stdout] 
[INFO] [stdout] error[E0433]: failed to resolve: use of undeclared type `ParserError`
[INFO] [stdout]  --> src/parser/errors.rs:22:42
[INFO] [stdout]   |
[INFO] [stdout] 8 | assert_eq!(Language::from_str("x2"), Err(ParserError::InvalidLanguage));
[INFO] [stdout]   |                                          ^^^^^^^^^^^ use of undeclared type `ParserError`
[INFO] [stdout] 
[INFO] [stdout] error[E0433]: failed to resolve: use of undeclared type `Language`
[INFO] [stdout]  --> src/parser/errors.rs:22:12
[INFO] [stdout]   |
[INFO] [stdout] 8 | assert_eq!(Language::from_str("x2"), Err(ParserError::InvalidLanguage));
[INFO] [stdout]   |            ^^^^^^^^ not found in this scope
[INFO] [stdout]   |
[INFO] [stdout] help: consider importing this struct
[INFO] [stdout]   |
[INFO] [stdout] 2 | use icu_locid::subtags::Language;
[INFO] [stdout]   |
[INFO] [stdout] 
[INFO] [stdout] error: aborting due to 4 previous errors
[INFO] [stdout] 
[INFO] [stdout] For more information about this error, try `rustc --explain E0433`.
[INFO] [stdout] Couldn't compile the test.
[INFO] [stdout] ---- src/subtags/language.rs - subtags::language::Language (line 18) stdout ----
[INFO] [stdout] error[E0433]: failed to resolve: use of undeclared crate or module `icu`
[INFO] [stdout]  --> src/subtags/language.rs:19:5
[INFO] [stdout]   |
[INFO] [stdout] 3 | use icu::locid::subtags::Language;
[INFO] [stdout]   |     ^^^ use of undeclared crate or module `icu`
[INFO] [stdout] 
[INFO] [stdout] error[E0412]: cannot find type `Language` in this scope
[INFO] [stdout]  --> src/subtags/language.rs:21:15
[INFO] [stdout]   |
[INFO] [stdout] 5 | let language: Language = "en".parse()
[INFO] [stdout]   |               ^^^^^^^^ not found in this scope
[INFO] [stdout]   |
[INFO] [stdout] help: consider importing this struct
[INFO] [stdout]   |
[INFO] [stdout] 2 | use icu_locid::subtags::Language;
[INFO] [stdout]   |
[INFO] [stdout] 
[INFO] [stdout] error: aborting due to 2 previous errors
[INFO] [stdout] 
[INFO] [stdout] Some errors have detailed explanations: E0412, E0433.
[INFO] [stdout] For more information about an error, try `rustc --explain E0412`.
[INFO] [stdout] Couldn't compile the test.
[INFO] [stdout] ---- src/langid.rs - langid::LanguageIdentifier::from_locale_bytes (line 93) stdout ----
[INFO] [stdout] error[E0433]: failed to resolve: use of undeclared crate or module `icu`
[INFO] [stdout]  --> src/langid.rs:94:5
[INFO] [stdout]   |
[INFO] [stdout] 3 | use icu::locid::LanguageIdentifier;
[INFO] [stdout]   |     ^^^ use of undeclared crate or module `icu`
[INFO] [stdout] 
[INFO] [stdout] error[E0433]: failed to resolve: use of undeclared type `LanguageIdentifier`
[INFO] [stdout]  --> src/langid.rs:96:10
[INFO] [stdout]   |
[INFO] [stdout] 5 | let li = LanguageIdentifier::from_locale_bytes(b"en-US-x-posix")
[INFO] [stdout]   |          ^^^^^^^^^^^^^^^^^^ not found in this scope
[INFO] [stdout]   |
[INFO] [stdout] help: consider importing this struct
[INFO] [stdout]   |
[INFO] [stdout] 2 | use icu_locid::LanguageIdentifier;
[INFO] [stdout]   |
[INFO] [stdout] 
[INFO] [stdout] error: aborting due to 2 previous errors
[INFO] [stdout] 
[INFO] [stdout] For more information about this error, try `rustc --explain E0433`.
[INFO] [stdout] Couldn't compile the test.
[INFO] [stdout] ---- src/locale.rs - locale::Locale (line 58) stdout ----
[INFO] [stdout] error[E0433]: failed to resolve: use of undeclared crate or module `icu`
[INFO] [stdout]  --> src/locale.rs:59:5
[INFO] [stdout]   |
[INFO] [stdout] 3 | use icu::locid::Locale;
[INFO] [stdout]   |     ^^^ use of undeclared crate or module `icu`
[INFO] [stdout] 
[INFO] [stdout] error[E0412]: cannot find type `Locale` in this scope
[INFO] [stdout]  --> src/locale.rs:61:10
[INFO] [stdout]   |
[INFO] [stdout] 5 | let loc: Locale = "eN_latn_Us-Valencia_u-hC-H12".parse()
[INFO] [stdout]   |          ^^^^^^ not found in this scope
[INFO] [stdout]   |
[INFO] [stdout] help: consider importing this struct
[INFO] [stdout]   |
[INFO] [stdout] 2 | use icu_locid::Locale;
[INFO] [stdout]   |
[INFO] [stdout] 
[INFO] [stdout] error: aborting due to 2 previous errors
[INFO] [stdout] 
[INFO] [stdout] Some errors have detailed explanations: E0412, E0433.
[INFO] [stdout] For more information about an error, try `rustc --explain E0412`.
[INFO] [stdout] Couldn't compile the test.
[INFO] [stdout] ---- src/parser/errors.rs - parser::errors::ParserError::InvalidExtension (line 46) stdout ----
[INFO] [stdout] error[E0433]: failed to resolve: use of undeclared crate or module `icu`
[INFO] [stdout]  --> src/parser/errors.rs:49:5
[INFO] [stdout]   |
[INFO] [stdout] 5 | use icu::locid::extensions::unicode::Key;
[INFO] [stdout]   |     ^^^ use of undeclared crate or module `icu`
[INFO] [stdout] 
[INFO] [stdout] error[E0433]: failed to resolve: use of undeclared crate or module `icu`
[INFO] [stdout]  --> src/parser/errors.rs:50:5
[INFO] [stdout]   |
[INFO] [stdout] 6 | use icu::locid::ParserError;
[INFO] [stdout]   |     ^^^ use of undeclared crate or module `icu`
[INFO] [stdout] 
[INFO] [stdout] error[E0433]: failed to resolve: use of undeclared type `ParserError`
[INFO] [stdout]  --> src/parser/errors.rs:52:39
[INFO] [stdout]   |
[INFO] [stdout] 8 | assert_eq!(Key::from_str("#@2X"), Err(ParserError::InvalidExtension));
[INFO] [stdout]   |                                       ^^^^^^^^^^^ use of undeclared type `ParserError`
[INFO] [stdout] 
[INFO] [stdout] error[E0433]: failed to resolve: use of undeclared type `Key`
[INFO] [stdout]  --> src/parser/errors.rs:52:12
[INFO] [stdout]   |
[INFO] [stdout] 8 | assert_eq!(Key::from_str("#@2X"), Err(ParserError::InvalidExtension));
[INFO] [stdout]   |            ^^^ not found in this scope
[INFO] [stdout]   |
[INFO] [stdout] help: consider importing one of these items
[INFO] [stdout]   |
[INFO] [stdout] 2 | use icu_locid::extensions::private::Key;
[INFO] [stdout]   |
[INFO] [stdout] 2 | use icu_locid::extensions::transform::Key;
[INFO] [stdout]   |
[INFO] [stdout] 2 | use icu_locid::extensions::unicode::Key;
[INFO] [stdout]   |
[INFO] [stdout] 
[INFO] [stdout] error: aborting due to 4 previous errors
[INFO] [stdout] 
[INFO] [stdout] For more information about this error, try `rustc --explain E0433`.
[INFO] [stdout] Couldn't compile the test.
[INFO] [stdout] ---- src/locale.rs - locale::Locale::from_bytes (line 84) stdout ----
[INFO] [stdout] error[E0433]: failed to resolve: use of undeclared crate or module `icu`
[INFO] [stdout]  --> src/locale.rs:85:5
[INFO] [stdout]   |
[INFO] [stdout] 3 | use icu::locid::Locale;
[INFO] [stdout]   |     ^^^ use of undeclared crate or module `icu`
[INFO] [stdout] 
[INFO] [stdout] error[E0433]: failed to resolve: use of undeclared type `Locale`
[INFO] [stdout]  --> src/locale.rs:87:11
[INFO] [stdout]   |
[INFO] [stdout] 5 | let loc = Locale::from_bytes("en-US-u-hc-h12".as_bytes())
[INFO] [stdout]   |           ^^^^^^ not found in this scope
[INFO] [stdout]   |
[INFO] [stdout] help: consider importing this struct
[INFO] [stdout]   |
[INFO] [stdout] 2 | use icu_locid::Locale;
[INFO] [stdout]   |
[INFO] [stdout] 
[INFO] [stdout] error: aborting due to 2 previous errors
[INFO] [stdout] 
[INFO] [stdout] For more information about this error, try `rustc --explain E0433`.
[INFO] [stdout] Couldn't compile the test.
[INFO] [stdout] ---- src/subtags/language.rs - subtags::language::Language (line 30) stdout ----
[INFO] [stdout] error[E0433]: failed to resolve: use of undeclared crate or module `icu`
[INFO] [stdout]  --> src/subtags/language.rs:31:5
[INFO] [stdout]   |
[INFO] [stdout] 3 | use icu::locid::subtags::Language;
[INFO] [stdout]   |     ^^^ use of undeclared crate or module `icu`
[INFO] [stdout] 
[INFO] [stdout] error[E0433]: failed to resolve: use of undeclared type `Language`
[INFO] [stdout]  --> src/subtags/language.rs:33:12
[INFO] [stdout]   |
[INFO] [stdout] 5 | assert_eq!(Language::default().as_str(), "und");
[INFO] [stdout]   |            ^^^^^^^^ not found in this scope
[INFO] [stdout]   |
[INFO] [stdout] help: consider importing this struct
[INFO] [stdout]   |
[INFO] [stdout] 2 | use icu_locid::subtags::Language;
[INFO] [stdout]   |
[INFO] [stdout] 
[INFO] [stdout] error: aborting due to 2 previous errors
[INFO] [stdout] 
[INFO] [stdout] For more information about this error, try `rustc --explain E0433`.
[INFO] [stdout] Couldn't compile the test.
[INFO] [stdout] ---- src/subtags/language.rs - subtags::language::Language::from_bytes (line 53) stdout ----
[INFO] [stdout] error[E0433]: failed to resolve: use of undeclared crate or module `icu`
[INFO] [stdout]  --> src/subtags/language.rs:54:5
[INFO] [stdout]   |
[INFO] [stdout] 3 | use icu::locid::subtags::Language;
[INFO] [stdout]   |     ^^^ use of undeclared crate or module `icu`
[INFO] [stdout] 
[INFO] [stdout] error[E0433]: failed to resolve: use of undeclared type `Language`
[INFO] [stdout]  --> src/subtags/language.rs:56:12
[INFO] [stdout]   |
[INFO] [stdout] 5 | let lang = Language::from_bytes(b"en")
[INFO] [stdout]   |            ^^^^^^^^ not found in this scope
[INFO] [stdout]   |
[INFO] [stdout] help: consider importing this struct
[INFO] [stdout]   |
[INFO] [stdout] 2 | use icu_locid::subtags::Language;
[INFO] [stdout]   |
[INFO] [stdout] 
[INFO] [stdout] error: aborting due to 2 previous errors
[INFO] [stdout] 
[INFO] [stdout] For more information about this error, try `rustc --explain E0433`.
[INFO] [stdout] Couldn't compile the test.
[INFO] [stdout] ---- src/subtags/language.rs - subtags::language::Language::as_str (line 150) stdout ----
[INFO] [stdout] error[E0433]: failed to resolve: use of undeclared crate or module `icu`
[INFO] [stdout]  --> src/subtags/language.rs:151:5
[INFO] [stdout]   |
[INFO] [stdout] 3 | use icu::locid::subtags::Language;
[INFO] [stdout]   |     ^^^ use of undeclared crate or module `icu`
[INFO] [stdout] 
[INFO] [stdout] error[E0433]: failed to resolve: use of undeclared type `Language`
[INFO] [stdout]  --> src/subtags/language.rs:153:12
[INFO] [stdout]   |
[INFO] [stdout] 5 | let lang = Language::from_bytes(b"en")
[INFO] [stdout]   |            ^^^^^^^^ not found in this scope
[INFO] [stdout]   |
[INFO] [stdout] help: consider importing this struct
[INFO] [stdout]   |
[INFO] [stdout] 2 | use icu_locid::subtags::Language;
[INFO] [stdout]   |
[INFO] [stdout] 
[INFO] [stdout] error: aborting due to 2 previous errors
[INFO] [stdout] 
[INFO] [stdout] For more information about this error, try `rustc --explain E0433`.
[INFO] [stdout] Couldn't compile the test.
[INFO] [stdout] ---- src/subtags/language.rs - subtags::language::Language::from_raw_unchecked (line 107) stdout ----
[INFO] [stdout] error[E0433]: failed to resolve: use of undeclared crate or module `icu`
[INFO] [stdout]  --> src/subtags/language.rs:108:5
[INFO] [stdout]   |
[INFO] [stdout] 3 | use icu::locid::subtags::Language;
[INFO] [stdout]   |     ^^^ use of undeclared crate or module `icu`
[INFO] [stdout] 
[INFO] [stdout] error[E0433]: failed to resolve: use of undeclared type `Language`
[INFO] [stdout]  --> src/subtags/language.rs:110:12
[INFO] [stdout]   |
[INFO] [stdout] 5 | let lang = Language::from_bytes(b"en")
[INFO] [stdout]   |            ^^^^^^^^ not found in this scope
[INFO] [stdout]   |
[INFO] [stdout] help: consider importing this struct
[INFO] [stdout]   |
[INFO] [stdout] 2 | use icu_locid::subtags::Language;
[INFO] [stdout]   |
[INFO] [stdout] 
[INFO] [stdout] error[E0433]: failed to resolve: use of undeclared type `Language`
[INFO] [stdout]  --> src/subtags/language.rs:114:21
[INFO] [stdout]   |
[INFO] [stdout] 9 | let lang = unsafe { Language::from_raw_unchecked(raw) };
[INFO] [stdout]   |                     ^^^^^^^^ not found in this scope
[INFO] [stdout]   |
[INFO] [stdout] help: consider importing this struct
[INFO] [stdout]   |
[INFO] [stdout] 2 | use icu_locid::subtags::Language;
[INFO] [stdout]   |
[INFO] [stdout] 
[INFO] [stdout] error: aborting due to 3 previous errors
[INFO] [stdout] 
[INFO] [stdout] For more information about this error, try `rustc --explain E0433`.
[INFO] [stdout] Couldn't compile the test.
[INFO] [stdout] ---- src/parser/errors.rs - parser::errors::ParserError::InvalidSubtag (line 31) stdout ----
[INFO] [stdout] error[E0433]: failed to resolve: use of undeclared crate or module `icu`
[INFO] [stdout]  --> src/parser/errors.rs:34:5
[INFO] [stdout]   |
[INFO] [stdout] 5 | use icu::locid::subtags::Region;
[INFO] [stdout]   |     ^^^ use of undeclared crate or module `icu`
[INFO] [stdout] 
[INFO] [stdout] error[E0433]: failed to resolve: use of undeclared crate or module `icu`
[INFO] [stdout]  --> src/parser/errors.rs:35:5
[INFO] [stdout]   |
[INFO] [stdout] 6 | use icu::locid::ParserError;
[INFO] [stdout]   |     ^^^ use of undeclared crate or module `icu`
[INFO] [stdout] 
[INFO] [stdout] error[E0433]: failed to resolve: use of undeclared type `ParserError`
[INFO] [stdout]  --> src/parser/errors.rs:37:42
[INFO] [stdout]   |
[INFO] [stdout] 8 | assert_eq!(Region::from_str("#@2X"), Err(ParserError::InvalidSubtag));
[INFO] [stdout]   |                                          ^^^^^^^^^^^ use of undeclared type `ParserError`
[INFO] [stdout] 
[INFO] [stdout] error[E0433]: failed to resolve: use of undeclared type `Region`
[INFO] [stdout]  --> src/parser/errors.rs:37:12
[INFO] [stdout]   |
[INFO] [stdout] 8 | assert_eq!(Region::from_str("#@2X"), Err(ParserError::InvalidSubtag));
[INFO] [stdout]   |            ^^^^^^ not found in this scope
[INFO] [stdout]   |
[INFO] [stdout] help: consider importing this struct
[INFO] [stdout]   |
[INFO] [stdout] 2 | use icu_locid::subtags::Region;
[INFO] [stdout]   |
[INFO] [stdout] 
[INFO] [stdout] error: aborting due to 4 previous errors
[INFO] [stdout] 
[INFO] [stdout] For more information about this error, try `rustc --explain E0433`.
[INFO] [stdout] Couldn't compile the test.
[INFO] [stdout] ---- src/locale.rs - locale::Locale::get_unicode_extension (line 136) stdout ----
[INFO] [stdout] error[E0433]: failed to resolve: use of undeclared crate or module `icu`
[INFO] [stdout]  --> src/locale.rs:137:5
[INFO] [stdout]   |
[INFO] [stdout] 3 | use icu::locid::{extensions::unicode::Key, Locale};
[INFO] [stdout]   |     ^^^ use of undeclared crate or module `icu`
[INFO] [stdout] 
[INFO] [stdout] error[E0433]: failed to resolve: use of undeclared type `Locale`
[INFO] [stdout]  --> src/locale.rs:139:11
[INFO] [stdout]   |
[INFO] [stdout] 5 | let loc = Locale::from_bytes("en-US-u-hc-h12".as_bytes())
[INFO] [stdout]   |           ^^^^^^ not found in this scope
[INFO] [stdout]   |
[INFO] [stdout] help: consider importing this struct
[INFO] [stdout]   |
[INFO] [stdout] 2 | use icu_locid::Locale;
[INFO] [stdout]   |
[INFO] [stdout] 
[INFO] [stdout] error[E0412]: cannot find type `Key` in this scope
[INFO] [stdout]  --> src/locale.rs:141:24
[INFO] [stdout]   |
[INFO] [stdout] 7 | let key = "hc".parse::<Key>()
[INFO] [stdout]   |                        ^^^ not found in this scope
[INFO] [stdout]   |
[INFO] [stdout] help: consider importing one of these items
[INFO] [stdout]   |
[INFO] [stdout] 2 | use icu_locid::extensions::private::Key;
[INFO] [stdout]   |
[INFO] [stdout] 2 | use icu_locid::extensions::transform::Key;
[INFO] [stdout]   |
[INFO] [stdout] 2 | use icu_locid::extensions::unicode::Key;
[INFO] [stdout]   |
[INFO] [stdout] 
[INFO] [stdout] error: aborting due to 3 previous errors
[INFO] [stdout] 
[INFO] [stdout] Some errors have detailed explanations: E0412, E0433.
[INFO] [stdout] For more information about an error, try `rustc --explain E0412`.
[INFO] [stdout] Couldn't compile the test.
[INFO] [stdout] ---- src/locale.rs - locale::Locale::canonicalize (line 122) stdout ----
[INFO] [stdout] error[E0433]: failed to resolve: use of undeclared crate or module `icu`
[INFO] [stdout]  --> src/locale.rs:123:5
[INFO] [stdout]   |
[INFO] [stdout] 3 | use icu::locid::Locale;
[INFO] [stdout]   |     ^^^ use of undeclared crate or module `icu`
[INFO] [stdout] 
[INFO] [stdout] error[E0433]: failed to resolve: use of undeclared type `Locale`
[INFO] [stdout]  --> src/locale.rs:125:12
[INFO] [stdout]   |
[INFO] [stdout] 5 | assert_eq!(Locale::canonicalize("pL_latn_pl-U-HC-H12"), Ok("pl-Latn-PL-u-hc-h12".to_string()));
[INFO] [stdout]   |            ^^^^^^ not found in this scope
[INFO] [stdout]   |
[INFO] [stdout] help: consider importing this struct
[INFO] [stdout]   |
[INFO] [stdout] 2 | use icu_locid::Locale;
[INFO] [stdout]   |
[INFO] [stdout] 
[INFO] [stdout] error: aborting due to 2 previous errors
[INFO] [stdout] 
[INFO] [stdout] For more information about this error, try `rustc --explain E0433`.
[INFO] [stdout] Couldn't compile the test.
[INFO] [stdout] ---- src/subtags/language.rs - subtags::language::Language::und (line 133) stdout ----
[INFO] [stdout] error[E0433]: failed to resolve: use of undeclared crate or module `icu`
[INFO] [stdout]  --> src/subtags/language.rs:134:5
[INFO] [stdout]   |
[INFO] [stdout] 3 | use icu::locid::subtags::Language;
[INFO] [stdout]   |     ^^^ use of undeclared crate or module `icu`
[INFO] [stdout] 
[INFO] [stdout] error[E0412]: cannot find type `Language` in this scope
[INFO] [stdout]  --> src/subtags/language.rs:136:17
[INFO] [stdout]   |
[INFO] [stdout] 5 | const language: Language = Language::und();
[INFO] [stdout]   |                 ^^^^^^^^ not found in this scope
[INFO] [stdout]   |
[INFO] [stdout] help: consider importing this struct
[INFO] [stdout]   |
[INFO] [stdout] 2 | use icu_locid::subtags::Language;
[INFO] [stdout]   |
[INFO] [stdout] 
[INFO] [stdout] error[E0433]: failed to resolve: use of undeclared type `Language`
[INFO] [stdout]  --> src/subtags/language.rs:136:28
[INFO] [stdout]   |
[INFO] [stdout] 5 | const language: Language = Language::und();
[INFO] [stdout]   |                            ^^^^^^^^ not found in this scope
[INFO] [stdout]   |
[INFO] [stdout] help: consider importing this struct
[INFO] [stdout]   |
[INFO] [stdout] 2 | use icu_locid::subtags::Language;
[INFO] [stdout]   |
[INFO] [stdout] 
[INFO] [stdout] error[E0433]: failed to resolve: use of undeclared type `Language`
[INFO] [stdout]  --> src/subtags/language.rs:137:12
[INFO] [stdout]   |
[INFO] [stdout] 6 | assert_eq!(Language::default(), language);
[INFO] [stdout]   |            ^^^^^^^^ not found in this scope
[INFO] [stdout]   |
[INFO] [stdout] help: consider importing this struct
[INFO] [stdout]   |
[INFO] [stdout] 2 | use icu_locid::subtags::Language;
[INFO] [stdout]   |
[INFO] [stdout] 
[INFO] [stdout] error: aborting due to 4 previous errors
[INFO] [stdout] 
[INFO] [stdout] Some errors have detailed explanations: E0412, E0433.
[INFO] [stdout] For more information about an error, try `rustc --explain E0412`.
[INFO] [stdout] Couldn't compile the test.
[INFO] [stdout] ---- src/subtags/language.rs - subtags::language::Language::into_raw (line 88) stdout ----
[INFO] [stdout] error[E0433]: failed to resolve: use of undeclared crate or module `icu`
[INFO] [stdout]  --> src/subtags/language.rs:89:5
[INFO] [stdout]   |
[INFO] [stdout] 3 | use icu::locid::subtags::Language;
[INFO] [stdout]   |     ^^^ use of undeclared crate or module `icu`
[INFO] [stdout] 
[INFO] [stdout] error[E0433]: failed to resolve: use of undeclared type `Language`
[INFO] [stdout]  --> src/subtags/language.rs:91:12
[INFO] [stdout]   |
[INFO] [stdout] 5 | let lang = Language::from_bytes(b"en")
[INFO] [stdout]   |            ^^^^^^^^ not found in this scope
[INFO] [stdout]   |
[INFO] [stdout] help: consider importing this struct
[INFO] [stdout]   |
[INFO] [stdout] 2 | use icu_locid::subtags::Language;
[INFO] [stdout]   |
[INFO] [stdout] 
[INFO] [stdout] error[E0433]: failed to resolve: use of undeclared type `Language`
[INFO] [stdout]  --> src/subtags/language.rs:95:21
[INFO] [stdout]   |
[INFO] [stdout] 9 | let lang = unsafe { Language::from_raw_unchecked(raw) };
[INFO] [stdout]   |                     ^^^^^^^^ not found in this scope
[INFO] [stdout]   |
[INFO] [stdout] help: consider importing this struct
[INFO] [stdout]   |
[INFO] [stdout] 2 | use icu_locid::subtags::Language;
[INFO] [stdout]   |
[INFO] [stdout] 
[INFO] [stdout] error: aborting due to 3 previous errors
[INFO] [stdout] 
[INFO] [stdout] For more information about this error, try `rustc --explain E0433`.
[INFO] [stdout] Couldn't compile the test.
[INFO] [stdout] ---- src/subtags/language.rs - subtags::language::Language::is_empty (line 189) stdout ----
[INFO] [stdout] error[E0433]: failed to resolve: use of undeclared crate or module `icu`
[INFO] [stdout]  --> src/subtags/language.rs:190:5
[INFO] [stdout]   |
[INFO] [stdout] 3 | use icu::locid::subtags::Language;
[INFO] [stdout]   |     ^^^ use of undeclared crate or module `icu`
[INFO] [stdout] 
[INFO] [stdout] error[E0412]: cannot find type `Language` in this scope
[INFO] [stdout]  --> src/subtags/language.rs:192:15
[INFO] [stdout]   |
[INFO] [stdout] 5 | let mut lang: Language = "und".parse()
[INFO] [stdout]   |               ^^^^^^^^ not found in this scope
[INFO] [stdout]   |
[INFO] [stdout] help: consider importing this struct
[INFO] [stdout]   |
[INFO] [stdout] 2 | use icu_locid::subtags::Language;
[INFO] [stdout]   |
[INFO] [stdout] 
[INFO] [stdout] error: aborting due to 2 previous errors
[INFO] [stdout] 
[INFO] [stdout] Some errors have detailed explanations: E0412, E0433.
[INFO] [stdout] For more information about an error, try `rustc --explain E0412`.
[INFO] [stdout] Couldn't compile the test.
[INFO] [stdout] ---- src/subtags/language.rs - subtags::language::Language::clear (line 169) stdout ----
[INFO] [stdout] error[E0433]: failed to resolve: use of undeclared crate or module `icu`
[INFO] [stdout]  --> src/subtags/language.rs:170:5
[INFO] [stdout]   |
[INFO] [stdout] 3 | use icu::locid::subtags::Language;
[INFO] [stdout]   |     ^^^ use of undeclared crate or module `icu`
[INFO] [stdout] 
[INFO] [stdout] error[E0412]: cannot find type `Language` in this scope
[INFO] [stdout]  --> src/subtags/language.rs:172:15
[INFO] [stdout]   |
[INFO] [stdout] 5 | let mut lang: Language = "csb".parse()
[INFO] [stdout]   |               ^^^^^^^^ not found in this scope
[INFO] [stdout]   |
[INFO] [stdout] help: consider importing this struct
[INFO] [stdout]   |
[INFO] [stdout] 2 | use icu_locid::subtags::Language;
[INFO] [stdout]   |
[INFO] [stdout] 
[INFO] [stdout] error: aborting due to 2 previous errors
[INFO] [stdout] 
[INFO] [stdout] Some errors have detailed explanations: E0412, E0433.
[INFO] [stdout] For more information about an error, try `rustc --explain E0412`.
[INFO] [stdout] Couldn't compile the test.
[INFO] [stdout] ---- src/subtags/region.rs - subtags::region::Region::as_str (line 112) stdout ----
[INFO] [stdout] error[E0433]: failed to resolve: use of undeclared crate or module `icu`
[INFO] [stdout]  --> src/subtags/region.rs:113:5
[INFO] [stdout]   |
[INFO] [stdout] 3 | use icu::locid::subtags::Region;
[INFO] [stdout]   |     ^^^ use of undeclared crate or module `icu`
[INFO] [stdout] 
[INFO] [stdout] error[E0433]: failed to resolve: use of undeclared type `Region`
[INFO] [stdout]  --> src/subtags/region.rs:115:14
[INFO] [stdout]   |
[INFO] [stdout] 5 | let region = Region::from_bytes(b"it")
[INFO] [stdout]   |              ^^^^^^ not found in this scope
[INFO] [stdout]   |
[INFO] [stdout] help: consider importing this struct
[INFO] [stdout]   |
[INFO] [stdout] 2 | use icu_locid::subtags::Region;
[INFO] [stdout]   |
[INFO] [stdout] 
[INFO] [stdout] error: aborting due to 2 previous errors
[INFO] [stdout] 
[INFO] [stdout] For more information about this error, try `rustc --explain E0433`.
[INFO] [stdout] Couldn't compile the test.
[INFO] [stdout] ---- src/subtags/mod.rs - subtags (line 25) stdout ----
[INFO] [stdout] error[E0433]: failed to resolve: use of undeclared crate or module `icu`
[INFO] [stdout]  --> src/subtags/mod.rs:26:5
[INFO] [stdout]   |
[INFO] [stdout] 3 | use icu::locid::subtags::{Language, Script, Region, Variant};
[INFO] [stdout]   |     ^^^ use of undeclared crate or module `icu`
[INFO] [stdout] 
[INFO] [stdout] error[E0412]: cannot find type `Language` in this scope
[INFO] [stdout]  --> src/subtags/mod.rs:28:15
[INFO] [stdout]   |
[INFO] [stdout] 5 | let language: Language = "en".parse()
[INFO] [stdout]   |               ^^^^^^^^ not found in this scope
[INFO] [stdout]   |
[INFO] [stdout] help: consider importing this struct
[INFO] [stdout]   |
[INFO] [stdout] 2 | use icu_locid::subtags::Language;
[INFO] [stdout]   |
[INFO] [stdout] 
[INFO] [stdout] error[E0412]: cannot find type `Script` in this scope
[INFO] [stdout]  --> src/subtags/mod.rs:30:13
[INFO] [stdout]   |
[INFO] [stdout] 7 | let script: Script = "arab".parse()
[INFO] [stdout]   |             ^^^^^^ not found in this scope
[INFO] [stdout]   |
[INFO] [stdout] help: consider importing this struct
[INFO] [stdout]   |
[INFO] [stdout] 2 | use icu_locid::subtags::Script;
[INFO] [stdout]   |
[INFO] [stdout] 
[INFO] [stdout] error[E0412]: cannot find type `Region` in this scope
[INFO] [stdout]  --> src/subtags/mod.rs:32:13
[INFO] [stdout]   |
[INFO] [stdout] 9 | let region: Region = "cn".parse()
[INFO] [stdout]   |             ^^^^^^ not found in this scope
[INFO] [stdout]   |
[INFO] [stdout] help: consider importing this struct
[INFO] [stdout]   |
[INFO] [stdout] 2 | use icu_locid::subtags::Region;
[INFO] [stdout]   |
[INFO] [stdout] 
[INFO] [stdout] error[E0412]: cannot find type `Variant` in this scope
[INFO] [stdout]   --> src/subtags/mod.rs:34:14
[INFO] [stdout]    |
[INFO] [stdout] 11 | let variant: Variant = "MacOS".parse()
[INFO] [stdout]    |              ^^^^^^^ not found in this scope
[INFO] [stdout]    |
[INFO] [stdout] help: consider importing this struct
[INFO] [stdout]    |
[INFO] [stdout] 2  | use icu_locid::subtags::Variant;
[INFO] [stdout]    |
[INFO] [stdout] 
[INFO] [stdout] error: aborting due to 5 previous errors
[INFO] [stdout] 
[INFO] [stdout] Some errors have detailed explanations: E0412, E0433.
[INFO] [stdout] For more information about an error, try `rustc --explain E0412`.
[INFO] [stdout] Couldn't compile the test.
[INFO] [stdout] ---- src/subtags/region.rs - subtags::region::Region::is_alphabetic (line 131) stdout ----
[INFO] [stdout] error[E0433]: failed to resolve: use of undeclared crate or module `icu`
[INFO] [stdout]  --> src/subtags/region.rs:132:5
[INFO] [stdout]   |
[INFO] [stdout] 3 | use icu::locid::subtags::Region;
[INFO] [stdout]   |     ^^^ use of undeclared crate or module `icu`
[INFO] [stdout] 
[INFO] [stdout] error[E0433]: failed to resolve: use of undeclared type `Region`
[INFO] [stdout]  --> src/subtags/region.rs:134:14
[INFO] [stdout]   |
[INFO] [stdout] 5 | let region = Region::from_bytes(b"us")
[INFO] [stdout]   |              ^^^^^^ not found in this scope
[INFO] [stdout]   |
[INFO] [stdout] help: consider importing this struct
[INFO] [stdout]   |
[INFO] [stdout] 2 | use icu_locid::subtags::Region;
[INFO] [stdout]   |
[INFO] [stdout] 
[INFO] [stdout] error: aborting due to 2 previous errors
[INFO] [stdout] 
[INFO] [stdout] For more information about this error, try `rustc --explain E0433`.
[INFO] [stdout] Couldn't compile the test.
[INFO] [stdout] ---- src/subtags/region.rs - subtags::region::Region::from_raw_unchecked (line 88) stdout ----
[INFO] [stdout] error[E0433]: failed to resolve: use of undeclared crate or module `icu`
[INFO] [stdout]  --> src/subtags/region.rs:89:5
[INFO] [stdout]   |
[INFO] [stdout] 3 | use icu::locid::subtags::Region;
[INFO] [stdout]   |     ^^^ use of undeclared crate or module `icu`
[INFO] [stdout] 
[INFO] [stdout] error[E0433]: failed to resolve: use of undeclared type `Region`
[INFO] [stdout]  --> src/subtags/region.rs:91:14
[INFO] [stdout]   |
[INFO] [stdout] 5 | let region = Region::from_bytes(b"us")
[INFO] [stdout]   |              ^^^^^^ not found in this scope
[INFO] [stdout]   |
[INFO] [stdout] help: consider importing this struct
[INFO] [stdout]   |
[INFO] [stdout] 2 | use icu_locid::subtags::Region;
[INFO] [stdout]   |
[INFO] [stdout] 
[INFO] [stdout] error[E0433]: failed to resolve: use of undeclared type `Region`
[INFO] [stdout]  --> src/subtags/region.rs:95:23
[INFO] [stdout]   |
[INFO] [stdout] 9 | let region = unsafe { Region::from_raw_unchecked(raw) };
[INFO] [stdout]   |                       ^^^^^^ not found in this scope
[INFO] [stdout]   |
[INFO] [stdout] help: consider importing this struct
[INFO] [stdout]   |
[INFO] [stdout] 2 | use icu_locid::subtags::Region;
[INFO] [stdout]   |
[INFO] [stdout] 
[INFO] [stdout] error: aborting due to 3 previous errors
[INFO] [stdout] 
[INFO] [stdout] For more information about this error, try `rustc --explain E0433`.
[INFO] [stdout] Couldn't compile the test.
[INFO] [stdout] ---- src/subtags/variant.rs - subtags::variant::Variant (line 17) stdout ----
[INFO] [stdout] error[E0433]: failed to resolve: use of undeclared crate or module `icu`
[INFO] [stdout]  --> src/subtags/variant.rs:18:5
[INFO] [stdout]   |
[INFO] [stdout] 3 | use icu::locid::subtags::Variant;
[INFO] [stdout]   |     ^^^ use of undeclared crate or module `icu`
[INFO] [stdout] 
[INFO] [stdout] error[E0412]: cannot find type `Variant` in this scope
[INFO] [stdout]  --> src/subtags/variant.rs:20:14
[INFO] [stdout]   |
[INFO] [stdout] 5 | let variant: Variant = "macos".parse()
[INFO] [stdout]   |              ^^^^^^^ not found in this scope
[INFO] [stdout]   |
[INFO] [stdout] help: consider importing this struct
[INFO] [stdout]   |
[INFO] [stdout] 2 | use icu_locid::subtags::Variant;
[INFO] [stdout]   |
[INFO] [stdout] 
[INFO] [stdout] error: aborting due to 2 previous errors
[INFO] [stdout] 
[INFO] [stdout] Some errors have detailed explanations: E0412, E0433.
[INFO] [stdout] For more information about an error, try `rustc --explain E0412`.
[INFO] [stdout] Couldn't compile the test.
[INFO] [stdout] ---- src/subtags/region.rs - subtags::region::Region::from_bytes (line 36) stdout ----
[INFO] [stdout] error[E0433]: failed to resolve: use of undeclared crate or module `icu`
[INFO] [stdout]  --> src/subtags/region.rs:37:5
[INFO] [stdout]   |
[INFO] [stdout] 3 | use icu::locid::subtags::Region;
[INFO] [stdout]   |     ^^^ use of undeclared crate or module `icu`
[INFO] [stdout] 
[INFO] [stdout] error[E0433]: failed to resolve: use of undeclared type `Region`
[INFO] [stdout]  --> src/subtags/region.rs:39:14
[INFO] [stdout]   |
[INFO] [stdout] 5 | let region = Region::from_bytes(b"fr")
[INFO] [stdout]   |              ^^^^^^ not found in this scope
[INFO] [stdout]   |
[INFO] [stdout] help: consider importing this struct
[INFO] [stdout]   |
[INFO] [stdout] 2 | use icu_locid::subtags::Region;
[INFO] [stdout]   |
[INFO] [stdout] 
[INFO] [stdout] error: aborting due to 2 previous errors
[INFO] [stdout] 
[INFO] [stdout] For more information about this error, try `rustc --explain E0433`.
[INFO] [stdout] Couldn't compile the test.
[INFO] [stdout] ---- src/subtags/script.rs - subtags::script::Script::from_raw_unchecked (line 79) stdout ----
[INFO] [stdout] error[E0433]: failed to resolve: use of undeclared crate or module `icu`
[INFO] [stdout]  --> src/subtags/script.rs:80:5
[INFO] [stdout]   |
[INFO] [stdout] 3 | use icu::locid::subtags::Script;
[INFO] [stdout]   |     ^^^ use of undeclared crate or module `icu`
[INFO] [stdout] 
[INFO] [stdout] error[E0433]: failed to resolve: use of undeclared type `Script`
[INFO] [stdout]  --> src/subtags/script.rs:82:14
[INFO] [stdout]   |
[INFO] [stdout] 5 | let script = Script::from_bytes(b"Latn")
[INFO] [stdout]   |              ^^^^^^ not found in this scope
[INFO] [stdout]   |
[INFO] [stdout] help: consider importing this struct
[INFO] [stdout]   |
[INFO] [stdout] 2 | use icu_locid::subtags::Script;
[INFO] [stdout]   |
[INFO] [stdout] 
[INFO] [stdout] error[E0433]: failed to resolve: use of undeclared type `Script`
[INFO] [stdout]  --> src/subtags/script.rs:86:23
[INFO] [stdout]   |
[INFO] [stdout] 9 | let script = unsafe { Script::from_raw_unchecked(raw) };
[INFO] [stdout]   |                       ^^^^^^ not found in this scope
[INFO] [stdout]   |
[INFO] [stdout] help: consider importing this struct
[INFO] [stdout]   |
[INFO] [stdout] 2 | use icu_locid::subtags::Script;
[INFO] [stdout]   |
[INFO] [stdout] 
[INFO] [stdout] error: aborting due to 3 previous errors
[INFO] [stdout] 
[INFO] [stdout] For more information about this error, try `rustc --explain E0433`.
[INFO] [stdout] Couldn't compile the test.
[INFO] [stdout] ---- src/subtags/script.rs - subtags::script::Script::as_str (line 103) stdout ----
[INFO] [stdout] error[E0433]: failed to resolve: use of undeclared crate or module `icu`
[INFO] [stdout]  --> src/subtags/script.rs:104:5
[INFO] [stdout]   |
[INFO] [stdout] 3 | use icu::locid::subtags::Script;
[INFO] [stdout]   |     ^^^ use of undeclared crate or module `icu`
[INFO] [stdout] 
[INFO] [stdout] error[E0433]: failed to resolve: use of undeclared type `Script`
[INFO] [stdout]  --> src/subtags/script.rs:106:14
[INFO] [stdout]   |
[INFO] [stdout] 5 | let script = Script::from_bytes(b"Latn")
[INFO] [stdout]   |              ^^^^^^ not found in this scope
[INFO] [stdout]   |
[INFO] [stdout] help: consider importing this struct
[INFO] [stdout]   |
[INFO] [stdout] 2 | use icu_locid::subtags::Script;
[INFO] [stdout]   |
[INFO] [stdout] 
[INFO] [stdout] error: aborting due to 2 previous errors
[INFO] [stdout] 
[INFO] [stdout] For more information about this error, try `rustc --explain E0433`.
[INFO] [stdout] Couldn't compile the test.
[INFO] [stdout] ---- src/subtags/script.rs - subtags::script::Script::into_raw (line 60) stdout ----
[INFO] [stdout] error[E0433]: failed to resolve: use of undeclared crate or module `icu`
[INFO] [stdout]  --> src/subtags/script.rs:61:5
[INFO] [stdout]   |
[INFO] [stdout] 3 | use icu::locid::subtags::Script;
[INFO] [stdout]   |     ^^^ use of undeclared crate or module `icu`
[INFO] [stdout] 
[INFO] [stdout] error[E0433]: failed to resolve: use of undeclared type `Script`
[INFO] [stdout]  --> src/subtags/script.rs:63:14
[INFO] [stdout]   |
[INFO] [stdout] 5 | let script = Script::from_bytes(b"Latn")
[INFO] [stdout]   |              ^^^^^^ not found in this scope
[INFO] [stdout]   |
[INFO] [stdout] help: consider importing this struct
[INFO] [stdout]   |
[INFO] [stdout] 2 | use icu_locid::subtags::Script;
[INFO] [stdout]   |
[INFO] [stdout] 
[INFO] [stdout] error[E0433]: failed to resolve: use of undeclared type `Script`
[INFO] [stdout]  --> src/subtags/script.rs:67:23
[INFO] [stdout]   |
[INFO] [stdout] 9 | let script = unsafe { Script::from_raw_unchecked(raw) };
[INFO] [stdout]   |                       ^^^^^^ not found in this scope
[INFO] [stdout]   |
[INFO] [stdout] help: consider importing this struct
[INFO] [stdout]   |
[INFO] [stdout] 2 | use icu_locid::subtags::Script;
[INFO] [stdout]   |
[INFO] [stdout] 
[INFO] [stdout] error: aborting due to 3 previous errors
[INFO] [stdout] 
[INFO] [stdout] For more information about this error, try `rustc --explain E0433`.
[INFO] [stdout] Couldn't compile the test.
[INFO] [stdout] ---- src/subtags/region.rs - subtags::region::Region (line 16) stdout ----
[INFO] [stdout] error[E0433]: failed to resolve: use of undeclared crate or module `icu`
[INFO] [stdout]  --> src/subtags/region.rs:17:5
[INFO] [stdout]   |
[INFO] [stdout] 3 | use icu::locid::subtags::Region;
[INFO] [stdout]   |     ^^^ use of undeclared crate or module `icu`
[INFO] [stdout] 
[INFO] [stdout] error[E0412]: cannot find type `Region` in this scope
[INFO] [stdout]  --> src/subtags/region.rs:19:13
[INFO] [stdout]   |
[INFO] [stdout] 5 | let region: Region = "DE".parse()
[INFO] [stdout]   |             ^^^^^^ not found in this scope
[INFO] [stdout]   |
[INFO] [stdout] help: consider importing this struct
[INFO] [stdout]   |
[INFO] [stdout] 2 | use icu_locid::subtags::Region;
[INFO] [stdout]   |
[INFO] [stdout] 
[INFO] [stdout] error: aborting due to 2 previous errors
[INFO] [stdout] 
[INFO] [stdout] Some errors have detailed explanations: E0412, E0433.
[INFO] [stdout] For more information about an error, try `rustc --explain E0412`.
[INFO] [stdout] Couldn't compile the test.
[INFO] [stdout] ---- src/subtags/script.rs - subtags::script::Script::from_bytes (line 35) stdout ----
[INFO] [stdout] error[E0433]: failed to resolve: use of undeclared crate or module `icu`
[INFO] [stdout]  --> src/subtags/script.rs:36:5
[INFO] [stdout]   |
[INFO] [stdout] 3 | use icu::locid::subtags::Script;
[INFO] [stdout]   |     ^^^ use of undeclared crate or module `icu`
[INFO] [stdout] 
[INFO] [stdout] error[E0433]: failed to resolve: use of undeclared type `Script`
[INFO] [stdout]  --> src/subtags/script.rs:38:14
[INFO] [stdout]   |
[INFO] [stdout] 5 | let script = Script::from_bytes(b"Latn")
[INFO] [stdout]   |              ^^^^^^ not found in this scope
[INFO] [stdout]   |
[INFO] [stdout] help: consider importing this struct
[INFO] [stdout]   |
[INFO] [stdout] 2 | use icu_locid::subtags::Script;
[INFO] [stdout]   |
[INFO] [stdout] 
[INFO] [stdout] error: aborting due to 2 previous errors
[INFO] [stdout] 
[INFO] [stdout] For more information about this error, try `rustc --explain E0433`.
[INFO] [stdout] Couldn't compile the test.
[INFO] [stdout] ---- src/subtags/variant.rs - subtags::variant::Variant::as_str (line 113) stdout ----
[INFO] [stdout] error[E0433]: failed to resolve: use of undeclared crate or module `icu`
[INFO] [stdout]  --> src/subtags/variant.rs:114:5
[INFO] [stdout]   |
[INFO] [stdout] 3 | use icu::locid::subtags::Variant;
[INFO] [stdout]   |     ^^^ use of undeclared crate or module `icu`
[INFO] [stdout] 
[INFO] [stdout] error[E0433]: failed to resolve: use of undeclared type `Variant`
[INFO] [stdout]  --> src/subtags/variant.rs:116:15
[INFO] [stdout]   |
[INFO] [stdout] 5 | let variant = Variant::from_bytes(b"macos")
[INFO] [stdout]   |               ^^^^^^^ not found in this scope
[INFO] [stdout]   |
[INFO] [stdout] help: consider importing this struct
[INFO] [stdout]   |
[INFO] [stdout] 2 | use icu_locid::subtags::Variant;
[INFO] [stdout]   |
[INFO] [stdout] 
[INFO] [stdout] error: aborting due to 2 previous errors
[INFO] [stdout] 
[INFO] [stdout] For more information about this error, try `rustc --explain E0433`.
[INFO] [stdout] Couldn't compile the test.
[INFO] [stdout] ---- src/subtags/variants.rs - subtags::variants::Variants::from_raw_unchecked (line 113) stdout ----
[INFO] [stdout] error[E0433]: failed to resolve: use of undeclared crate or module `icu`
[INFO] [stdout]  --> src/subtags/variants.rs:114:5
[INFO] [stdout]   |
[INFO] [stdout] 3 | use icu::locid::subtags::{Variant, Variants};
[INFO] [stdout]   |     ^^^ use of undeclared crate or module `icu`
[INFO] [stdout] 
[INFO] [stdout] error[E0412]: cannot find type `Variant` in this scope
[INFO] [stdout]  --> src/subtags/variants.rs:116:15
[INFO] [stdout]   |
[INFO] [stdout] 5 | let variant1: Variant = "posix".parse()
[INFO] [stdout]   |               ^^^^^^^ not found in this scope
[INFO] [stdout]   |
[INFO] [stdout] help: consider importing this struct
[INFO] [stdout]   |
[INFO] [stdout] 2 | use icu_locid::subtags::Variant;
[INFO] [stdout]   |
[INFO] [stdout] 
[INFO] [stdout] error[E0412]: cannot find type `Variant` in this scope
[INFO] [stdout]  --> src/subtags/variants.rs:118:15
[INFO] [stdout]   |
[INFO] [stdout] 7 | let variant2: Variant = "macos".parse()
[INFO] [stdout]   |               ^^^^^^^ not found in this scope
[INFO] [stdout]   |
[INFO] [stdout] help: consider importing this struct
[INFO] [stdout]   |
[INFO] [stdout] 2 | use icu_locid::subtags::Variant;
[INFO] [stdout]   |
[INFO] [stdout] 
[INFO] [stdout] error[E0433]: failed to resolve: use of undeclared type `Variants`
[INFO] [stdout]   --> src/subtags/variants.rs:124:25
[INFO] [stdout]    |
[INFO] [stdout] 13 | let variants = unsafe { Variants::from_vec_unchecked(v) };
[INFO] [stdout]    |                         ^^^^^^^^ not found in this scope
[INFO] [stdout]    |
[INFO] [stdout] help: consider importing this struct
[INFO] [stdout]    |
[INFO] [stdout] 2  | use icu_locid::subtags::Variants;
[INFO] [stdout]    |
[INFO] [stdout] 
[INFO] [stdout] error[E0433]: failed to resolve: use of undeclared type `Variants`
[INFO] [stdout]   --> src/subtags/variants.rs:127:25
[INFO] [stdout]    |
[INFO] [stdout] 16 | let variants = unsafe { Variants::from_raw_unchecked(raw) };
[INFO] [stdout]    |                         ^^^^^^^^ not found in this scope
[INFO] [stdout]    |
[INFO] [stdout] help: consider importing this struct
[INFO] [stdout]    |
[INFO] [stdout] 2  | use icu_locid::subtags::Variants;
[INFO] [stdout]    |
[INFO] [stdout] 
[INFO] [stdout] error: aborting due to 5 previous errors
[INFO] [stdout] 
[INFO] [stdout] Some errors have detailed explanations: E0412, E0433.
[INFO] [stdout] For more information about an error, try `rustc --explain E0412`.
[INFO] [stdout] Couldn't compile the test.
[INFO] [stdout] ---- src/subtags/variants.rs - subtags::variants::Variants::from_vec_unchecked (line 58) stdout ----
[INFO] [stdout] error[E0433]: failed to resolve: use of undeclared crate or module `icu`
[INFO] [stdout]  --> src/subtags/variants.rs:59:5
[INFO] [stdout]   |
[INFO] [stdout] 3 | use icu::locid::subtags::{Variant, Variants};
[INFO] [stdout]   |     ^^^ use of undeclared crate or module `icu`
[INFO] [stdout] 
[INFO] [stdout] error[E0412]: cannot find type `Variant` in this scope
[INFO] [stdout]  --> src/subtags/variants.rs:61:15
[INFO] [stdout]   |
[INFO] [stdout] 5 | let variant1: Variant = "posix".parse()
[INFO] [stdout]   |               ^^^^^^^ not found in this scope
[INFO] [stdout]   |
[INFO] [stdout] help: consider importing this struct
[INFO] [stdout]   |
[INFO] [stdout] 2 | use icu_locid::subtags::Variant;
[INFO] [stdout]   |
[INFO] [stdout] 
[INFO] [stdout] error[E0412]: cannot find type `Variant` in this scope
[INFO] [stdout]  --> src/subtags/variants.rs:63:15
[INFO] [stdout]   |
[INFO] [stdout] 7 | let variant2: Variant = "macos".parse()
[INFO] [stdout]   |               ^^^^^^^ not found in this scope
[INFO] [stdout]   |
[INFO] [stdout] help: consider importing this struct
[INFO] [stdout]   |
[INFO] [stdout] 2 | use icu_locid::subtags::Variant;
[INFO] [stdout]   |
[INFO] [stdout] 
[INFO] [stdout] error[E0433]: failed to resolve: use of undeclared type `Variants`
[INFO] [stdout]   --> src/subtags/variants.rs:69:16
[INFO] [stdout]    |
[INFO] [stdout] 13 | let variants = Variants::from_vec_unchecked(v);
[INFO] [stdout]    |                ^^^^^^^^ not found in this scope
[INFO] [stdout]    |
[INFO] [stdout] help: consider importing this struct
[INFO] [stdout]    |
[INFO] [stdout] 2  | use icu_locid::subtags::Variants;
[INFO] [stdout]    |
[INFO] [stdout] 
[INFO] [stdout] error: aborting due to 4 previous errors
[INFO] [stdout] 
[INFO] [stdout] Some errors have detailed explanations: E0412, E0433.
[INFO] [stdout] For more information about an error, try `rustc --explain E0412`.
[INFO] [stdout] Couldn't compile the test.
[INFO] [stdout] ---- src/subtags/script.rs - subtags::script::Script (line 16) stdout ----
[INFO] [stdout] error[E0433]: failed to resolve: use of undeclared crate or module `icu`
[INFO] [stdout]  --> src/subtags/script.rs:17:5
[INFO] [stdout]   |
[INFO] [stdout] 3 | use icu::locid::subtags::Script;
[INFO] [stdout]   |     ^^^ use of undeclared crate or module `icu`
[INFO] [stdout] 
[INFO] [stdout] error[E0412]: cannot find type `Script` in this scope
[INFO] [stdout]  --> src/subtags/script.rs:19:13
[INFO] [stdout]   |
[INFO] [stdout] 5 | let script: Script = "Latn".parse()
[INFO] [stdout]   |             ^^^^^^ not found in this scope
[INFO] [stdout]   |
[INFO] [stdout] help: consider importing this struct
[INFO] [stdout]   |
[INFO] [stdout] 2 | use icu_locid::subtags::Script;
[INFO] [stdout]   |
[INFO] [stdout] 
[INFO] [stdout] error: aborting due to 2 previous errors
[INFO] [stdout] 
[INFO] [stdout] Some errors have detailed explanations: E0412, E0433.
[INFO] [stdout] For more information about an error, try `rustc --explain E0412`.
[INFO] [stdout] Couldn't compile the test.
[INFO] [stdout] ---- src/subtags/variants.rs - subtags::variants::Variants::clear (line 147) stdout ----
[INFO] [stdout] error[E0433]: failed to resolve: use of undeclared crate or module `icu`
[INFO] [stdout]  --> src/subtags/variants.rs:148:5
[INFO] [stdout]   |
[INFO] [stdout] 3 | use icu::locid::subtags::{Variant, Variants};
[INFO] [stdout]   |     ^^^ use of undeclared crate or module `icu`
[INFO] [stdout] 
[INFO] [stdout] error[E0412]: cannot find type `Variant` in this scope
[INFO] [stdout]  --> src/subtags/variants.rs:150:15
[INFO] [stdout]   |
[INFO] [stdout] 5 | let variant1: Variant = "posix".parse()
[INFO] [stdout]   |               ^^^^^^^ not found in this scope
[INFO] [stdout]   |
[INFO] [stdout] help: consider importing this struct
[INFO] [stdout]   |
[INFO] [stdout] 2 | use icu_locid::subtags::Variant;
[INFO] [stdout]   |
[INFO] [stdout] 
[INFO] [stdout] error[E0412]: cannot find type `Variant` in this scope
[INFO] [stdout]  --> src/subtags/variants.rs:152:15
[INFO] [stdout]   |
[INFO] [stdout] 7 | let variant2: Variant = "macos".parse()
[INFO] [stdout]   |               ^^^^^^^ not found in this scope
[INFO] [stdout]   |
[INFO] [stdout] help: consider importing this struct
[INFO] [stdout]   |
[INFO] [stdout] 2 | use icu_locid::subtags::Variant;
[INFO] [stdout]   |
[INFO] [stdout] 
[INFO] [stdout] error[E0412]: cannot find type `Variants` in this scope
[INFO] [stdout]   --> src/subtags/variants.rs:158:19
[INFO] [stdout]    |
[INFO] [stdout] 13 | let mut variants: Variants = Variants::from_vec_unchecked(v);
[INFO] [stdout]    |                   ^^^^^^^^ not found in this scope
[INFO] [stdout]    |
[INFO] [stdout] help: consider importing this struct
[INFO] [stdout]    |
[INFO] [stdout] 2  | use icu_locid::subtags::Variants;
[INFO] [stdout]    |
[INFO] [stdout] 
[INFO] [stdout] error[E0433]: failed to resolve: use of undeclared type `Variants`
[INFO] [stdout]   --> src/subtags/variants.rs:158:30
[INFO] [stdout]    |
[INFO] [stdout] 13 | let mut variants: Variants = Variants::from_vec_unchecked(v);
[INFO] [stdout]    |                              ^^^^^^^^ not found in this scope
[INFO] [stdout]    |
[INFO] [stdout] help: consider importing this struct
[INFO] [stdout]    |
[INFO] [stdout] 2  | use icu_locid::subtags::Variants;
[INFO] [stdout]    |
[INFO] [stdout] 
[INFO] [stdout] error: aborting due to 5 previous errors
[INFO] [stdout] 
[INFO] [stdout] Some errors have detailed explanations: E0412, E0433.
[INFO] [stdout] For more information about an error, try `rustc --explain E0412`.
[INFO] [stdout] Couldn't compile the test.
[INFO] [stdout] ---- src/subtags/variant.rs - subtags::variant::Variant::from_bytes (line 37) stdout ----
[INFO] [stdout] error[E0433]: failed to resolve: use of undeclared crate or module `icu`
[INFO] [stdout]  --> src/subtags/variant.rs:38:5
[INFO] [stdout]   |
[INFO] [stdout] 3 | use icu::locid::subtags::Variant;
[INFO] [stdout]   |     ^^^ use of undeclared crate or module `icu`
[INFO] [stdout] 
[INFO] [stdout] error[E0433]: failed to resolve: use of undeclared type `Variant`
[INFO] [stdout]  --> src/subtags/variant.rs:40:15
[INFO] [stdout]   |
[INFO] [stdout] 5 | let variant = Variant::from_bytes(b"posix")
[INFO] [stdout]   |               ^^^^^^^ not found in this scope
[INFO] [stdout]   |
[INFO] [stdout] help: consider importing this struct
[INFO] [stdout]   |
[INFO] [stdout] 2 | use icu_locid::subtags::Variant;
[INFO] [stdout]   |
[INFO] [stdout] 
[INFO] [stdout] error: aborting due to 2 previous errors
[INFO] [stdout] 
[INFO] [stdout] For more information about this error, try `rustc --explain E0433`.
[INFO] [stdout] Couldn't compile the test.
[INFO] [stdout] ---- src/subtags/variant.rs - subtags::variant::Variant::into_raw (line 70) stdout ----
[INFO] [stdout] error[E0433]: failed to resolve: use of undeclared crate or module `icu`
[INFO] [stdout]  --> src/subtags/variant.rs:71:5
[INFO] [stdout]   |
[INFO] [stdout] 3 | use icu::locid::subtags::Variant;
[INFO] [stdout]   |     ^^^ use of undeclared crate or module `icu`
[INFO] [stdout] 
[INFO] [stdout] error[E0433]: failed to resolve: use of undeclared type `Variant`
[INFO] [stdout]  --> src/subtags/variant.rs:73:15
[INFO] [stdout]   |
[INFO] [stdout] 5 | let variant = Variant::from_bytes(b"posix")
[INFO] [stdout]   |               ^^^^^^^ not found in this scope
[INFO] [stdout]   |
[INFO] [stdout] help: consider importing this struct
[INFO] [stdout]   |
[INFO] [stdout] 2 | use icu_locid::subtags::Variant;
[INFO] [stdout]   |
[INFO] [stdout] 
[INFO] [stdout] error[E0433]: failed to resolve: use of undeclared type `Variant`
[INFO] [stdout]  --> src/subtags/variant.rs:77:24
[INFO] [stdout]   |
[INFO] [stdout] 9 | let variant = unsafe { Variant::from_raw_unchecked(raw) };
[INFO] [stdout]   |                        ^^^^^^^ not found in this scope
[INFO] [stdout]   |
[INFO] [stdout] help: consider importing this struct
[INFO] [stdout]   |
[INFO] [stdout] 2 | use icu_locid::subtags::Variant;
[INFO] [stdout]   |
[INFO] [stdout] 
[INFO] [stdout] error: aborting due to 3 previous errors
[INFO] [stdout] 
[INFO] [stdout] For more information about this error, try `rustc --explain E0433`.
[INFO] [stdout] Couldn't compile the test.
[INFO] [stdout] ---- src/subtags/region.rs - subtags::region::Region::into_raw (line 69) stdout ----
[INFO] [stdout] error[E0433]: failed to resolve: use of undeclared crate or module `icu`
[INFO] [stdout]  --> src/subtags/region.rs:70:5
[INFO] [stdout]   |
[INFO] [stdout] 3 | use icu::locid::subtags::Region;
[INFO] [stdout]   |     ^^^ use of undeclared crate or module `icu`
[INFO] [stdout] 
[INFO] [stdout] error[E0433]: failed to resolve: use of undeclared type `Region`
[INFO] [stdout]  --> src/subtags/region.rs:72:14
[INFO] [stdout]   |
[INFO] [stdout] 5 | let region = Region::from_bytes(b"us")
[INFO] [stdout]   |              ^^^^^^ not found in this scope
[INFO] [stdout]   |
[INFO] [stdout] help: consider importing this struct
[INFO] [stdout]   |
[INFO] [stdout] 2 | use icu_locid::subtags::Region;
[INFO] [stdout]   |
[INFO] [stdout] 
[INFO] [stdout] error[E0433]: failed to resolve: use of undeclared type `Region`
[INFO] [stdout]  --> src/subtags/region.rs:76:23
[INFO] [stdout]   |
[INFO] [stdout] 9 | let region = unsafe { Region::from_raw_unchecked(raw) };
[INFO] [stdout]   |                       ^^^^^^ not found in this scope
[INFO] [stdout]   |
[INFO] [stdout] help: consider importing this struct
[INFO] [stdout]   |
[INFO] [stdout] 2 | use icu_locid::subtags::Region;
[INFO] [stdout]   |
[INFO] [stdout] 
[INFO] [stdout] error: aborting due to 3 previous errors
[INFO] [stdout] 
[INFO] [stdout] For more information about this error, try `rustc --explain E0433`.
[INFO] [stdout] Couldn't compile the test.
[INFO] [stdout] ---- src/subtags/variant.rs - subtags::variant::Variant::from_raw_unchecked (line 89) stdout ----
[INFO] [stdout] error[E0433]: failed to resolve: use of undeclared crate or module `icu`
[INFO] [stdout]  --> src/subtags/variant.rs:90:5
[INFO] [stdout]   |
[INFO] [stdout] 3 | use icu::locid::subtags::Variant;
[INFO] [stdout]   |     ^^^ use of undeclared crate or module `icu`
[INFO] [stdout] 
[INFO] [stdout] error[E0433]: failed to resolve: use of undeclared type `Variant`
[INFO] [stdout]  --> src/subtags/variant.rs:92:15
[INFO] [stdout]   |
[INFO] [stdout] 5 | let variant = Variant::from_bytes(b"posix")
[INFO] [stdout]   |               ^^^^^^^ not found in this scope
[INFO] [stdout]   |
[INFO] [stdout] help: consider importing this struct
[INFO] [stdout]   |
[INFO] [stdout] 2 | use icu_locid::subtags::Variant;
[INFO] [stdout]   |
[INFO] [stdout] 
[INFO] [stdout] error[E0433]: failed to resolve: use of undeclared type `Variant`
[INFO] [stdout]  --> src/subtags/variant.rs:96:24
[INFO] [stdout]   |
[INFO] [stdout] 9 | let variant = unsafe { Variant::from_raw_unchecked(raw) };
[INFO] [stdout]   |                        ^^^^^^^ not found in this scope
[INFO] [stdout]   |
[INFO] [stdout] help: consider importing this struct
[INFO] [stdout]   |
[INFO] [stdout] 2 | use icu_locid::subtags::Variant;
[INFO] [stdout]   |
[INFO] [stdout] 
[INFO] [stdout] error: aborting due to 3 previous errors
[INFO] [stdout] 
[INFO] [stdout] For more information about this error, try `rustc --explain E0433`.
[INFO] [stdout] Couldn't compile the test.
[INFO] [stdout] ---- src/subtags/variants.rs - subtags::variants::Variants::new (line 42) stdout ----
[INFO] [stdout] error[E0433]: failed to resolve: use of undeclared crate or module `icu`
[INFO] [stdout]  --> src/subtags/variants.rs:43:5
[INFO] [stdout]   |
[INFO] [stdout] 3 | use icu::locid::subtags::Variants;
[INFO] [stdout]   |     ^^^ use of undeclared crate or module `icu`
[INFO] [stdout] 
[INFO] [stdout] error[E0433]: failed to resolve: use of undeclared type `Variants`
[INFO] [stdout]  --> src/subtags/variants.rs:45:12
[INFO] [stdout]   |
[INFO] [stdout] 5 | assert_eq!(Variants::new(), Variants::default());
[INFO] [stdout]   |            ^^^^^^^^ not found in this scope
[INFO] [stdout]   |
[INFO] [stdout] help: consider importing this struct
[INFO] [stdout]   |
[INFO] [stdout] 2 | use icu_locid::subtags::Variants;
[INFO] [stdout]   |
[INFO] [stdout] 
[INFO] [stdout] error[E0433]: failed to resolve: use of undeclared type `Variants`
[INFO] [stdout]  --> src/subtags/variants.rs:45:29
[INFO] [stdout]   |
[INFO] [stdout] 5 | assert_eq!(Variants::new(), Variants::default());
[INFO] [stdout]   |                             ^^^^^^^^ not found in this scope
[INFO] [stdout]   |
[INFO] [stdout] help: consider importing this struct
[INFO] [stdout]   |
[INFO] [stdout] 2 | use icu_locid::subtags::Variants;
[INFO] [stdout]   |
[INFO] [stdout] 
[INFO] [stdout] error: aborting due to 3 previous errors
[INFO] [stdout] 
[INFO] [stdout] For more information about this error, try `rustc --explain E0433`.
[INFO] [stdout] Couldn't compile the test.
[INFO] [stdout] ---- src/subtags/variants.rs - subtags::variants::Variants (line 18) stdout ----
[INFO] [stdout] error[E0433]: failed to resolve: use of undeclared crate or module `icu`
[INFO] [stdout]  --> src/subtags/variants.rs:19:5
[INFO] [stdout]   |
[INFO] [stdout] 3 | use icu::locid::subtags::{Variant, Variants};
[INFO] [stdout]   |     ^^^ use of undeclared crate or module `icu`
[INFO] [stdout] 
[INFO] [stdout] error[E0412]: cannot find type `Variant` in this scope
[INFO] [stdout]  --> src/subtags/variants.rs:21:15
[INFO] [stdout]   |
[INFO] [stdout] 5 | let variant1: Variant = "posix".parse()
[INFO] [stdout]   |               ^^^^^^^ not found in this scope
[INFO] [stdout]   |
[INFO] [stdout] help: consider importing this struct
[INFO] [stdout]   |
[INFO] [stdout] 2 | use icu_locid::subtags::Variant;
[INFO] [stdout]   |
[INFO] [stdout] 
[INFO] [stdout] error[E0412]: cannot find type `Variant` in this scope
[INFO] [stdout]  --> src/subtags/variants.rs:24:15
[INFO] [stdout]   |
[INFO] [stdout] 8 | let variant2: Variant = "macos".parse()
[INFO] [stdout]   |               ^^^^^^^ not found in this scope
[INFO] [stdout]   |
[INFO] [stdout] help: consider importing this struct
[INFO] [stdout]   |
[INFO] [stdout] 2 | use icu_locid::subtags::Variant;
[INFO] [stdout]   |
[INFO] [stdout] 
[INFO] [stdout] error[E0412]: cannot find type `Variants` in this scope
[INFO] [stdout]   --> src/subtags/variants.rs:30:15
[INFO] [stdout]    |
[INFO] [stdout] 14 | let variants: Variants = Variants::from_vec_unchecked(v);
[INFO] [stdout]    |               ^^^^^^^^ not found in this scope
[INFO] [stdout]    |
[INFO] [stdout] help: consider importing this struct
[INFO] [stdout]    |
[INFO] [stdout] 2  | use icu_locid::subtags::Variants;
[INFO] [stdout]    |
[INFO] [stdout] 
[INFO] [stdout] error[E0433]: failed to resolve: use of undeclared type `Variants`
[INFO] [stdout]   --> src/subtags/variants.rs:30:26
[INFO] [stdout]    |
[INFO] [stdout] 14 | let variants: Variants = Variants::from_vec_unchecked(v);
[INFO] [stdout]    |                          ^^^^^^^^ not found in this scope
[INFO] [stdout]    |
[INFO] [stdout] help: consider importing this struct
[INFO] [stdout]    |
[INFO] [stdout] 2  | use icu_locid::subtags::Variants;
[INFO] [stdout]    |
[INFO] [stdout] 
[INFO] [stdout] error: aborting due to 5 previous errors
[INFO] [stdout] 
[INFO] [stdout] Some errors have detailed explanations: E0412, E0433.
[INFO] [stdout] For more information about an error, try `rustc --explain E0412`.
[INFO] [stdout] Couldn't compile the test.
[INFO] [stdout] ---- src/subtags/variants.rs - subtags::variants::Variants::into_raw (line 88) stdout ----
[INFO] [stdout] error[E0433]: failed to resolve: use of undeclared crate or module `icu`
[INFO] [stdout]  --> src/subtags/variants.rs:89:5
[INFO] [stdout]   |
[INFO] [stdout] 3 | use icu::locid::subtags::{Variant, Variants};
[INFO] [stdout]   |     ^^^ use of undeclared crate or module `icu`
[INFO] [stdout] 
[INFO] [stdout] error[E0412]: cannot find type `Variant` in this scope
[INFO] [stdout]  --> src/subtags/variants.rs:91:15
[INFO] [stdout]   |
[INFO] [stdout] 5 | let variant1: Variant = "posix".parse()
[INFO] [stdout]   |               ^^^^^^^ not found in this scope
[INFO] [stdout]   |
[INFO] [stdout] help: consider importing this struct
[INFO] [stdout]   |
[INFO] [stdout] 2 | use icu_locid::subtags::Variant;
[INFO] [stdout]   |
[INFO] [stdout] 
[INFO] [stdout] error[E0412]: cannot find type `Variant` in this scope
[INFO] [stdout]  --> src/subtags/variants.rs:93:15
[INFO] [stdout]   |
[INFO] [stdout] 7 | let variant2: Variant = "macos".parse()
[INFO] [stdout]   |               ^^^^^^^ not found in this scope
[INFO] [stdout]   |
[INFO] [stdout] help: consider importing this struct
[INFO] [stdout]   |
[INFO] [stdout] 2 | use icu_locid::subtags::Variant;
[INFO] [stdout]   |
[INFO] [stdout] 
[INFO] [stdout] error[E0433]: failed to resolve: use of undeclared type `Variants`
[INFO] [stdout]   --> src/subtags/variants.rs:99:25
[INFO] [stdout]    |
[INFO] [stdout] 13 | let variants = unsafe { Variants::from_vec_unchecked(v) };
[INFO] [stdout]    |                         ^^^^^^^^ not found in this scope
[INFO] [stdout]    |
[INFO] [stdout] help: consider importing this struct
[INFO] [stdout]    |
[INFO] [stdout] 2  | use icu_locid::subtags::Variants;
[INFO] [stdout]    |
[INFO] [stdout] 
[INFO] [stdout] error[E0433]: failed to resolve: use of undeclared type `Variants`
[INFO] [stdout]   --> src/subtags/variants.rs:102:25
[INFO] [stdout]    |
[INFO] [stdout] 16 | let variants = unsafe { Variants::from_raw_unchecked(raw) };
[INFO] [stdout]    |                         ^^^^^^^^ not found in this scope
[INFO] [stdout]    |
[INFO] [stdout] help: consider importing this struct
[INFO] [stdout]    |
[INFO] [stdout] 2  | use icu_locid::subtags::Variants;
[INFO] [stdout]    |
[INFO] [stdout] 
[INFO] [stdout] error: aborting due to 5 previous errors
[INFO] [stdout] 
[INFO] [stdout] Some errors have detailed explanations: E0412, E0433.
[INFO] [stdout] For more information about an error, try `rustc --explain E0412`.
[INFO] [stdout] Couldn't compile the test.
[INFO] [stdout] 
[INFO] [stdout] failures:
[INFO] [stdout]     src/extensions/mod.rs - extensions (line 22)
[INFO] [stdout]     src/extensions/mod.rs - extensions::Extensions::is_empty (line 113)
[INFO] [stdout]     src/extensions/mod.rs - extensions::Extensions::new (line 95)
[INFO] [stdout]     src/extensions/private/key.rs - extensions::private::key::Key (line 18)
[INFO] [stdout]     src/extensions/private/key.rs - extensions::private::key::Key::as_str (line 64)
[INFO] [stdout]     src/extensions/private/key.rs - extensions::private::key::Key::from_bytes (line 37)
[INFO] [stdout]     src/extensions/private/mod.rs - extensions::private (line 15)
[INFO] [stdout]     src/extensions/private/mod.rs - extensions::private::Private (line 49)
[INFO] [stdout]     src/extensions/private/mod.rs - extensions::private::Private::clear (line 108)
[INFO] [stdout]     src/extensions/private/mod.rs - extensions::private::Private::from_vec_unchecked (line 85)
[INFO] [stdout]     src/extensions/private/mod.rs - extensions::private::Private::new (line 71)
[INFO] [stdout]     src/extensions/transform/fields.rs - extensions::transform::fields::Fields (line 28)
[INFO] [stdout]     src/extensions/transform/fields.rs - extensions::transform::fields::Fields::clear (line 85)
[INFO] [stdout]     src/extensions/transform/fields.rs - extensions::transform::fields::Fields::contains_key (line 109)
[INFO] [stdout]     src/extensions/transform/fields.rs - extensions::transform::fields::Fields::from_vec_unchecked (line 62)
[INFO] [stdout]     src/extensions/transform/fields.rs - extensions::transform::fields::Fields::get (line 135)
[INFO] [stdout]     src/extensions/transform/fields.rs - extensions::transform::fields::Fields::new (line 47)
[INFO] [stdout]     src/extensions/transform/key.rs - extensions::transform::key::Key (line 17)
[INFO] [stdout]     src/extensions/transform/key.rs - extensions::transform::key::Key::as_str (line 57)
[INFO] [stdout]     src/extensions/transform/key.rs - extensions::transform::key::Key::from_bytes (line 36)
[INFO] [stdout]     src/extensions/transform/mod.rs - extensions::transform (line 14)
[INFO] [stdout]     src/extensions/transform/mod.rs - extensions::transform::Transform (line 59)
[INFO] [stdout]     src/extensions/transform/mod.rs - extensions::transform::Transform::is_empty (line 108)
[INFO] [stdout]     src/extensions/transform/mod.rs - extensions::transform::Transform::new (line 91)
[INFO] [stdout]     src/extensions/transform/value.rs - extensions::transform::value::Value (line 29)
[INFO] [stdout]     src/extensions/transform/value.rs - extensions::transform::value::Value::from_bytes (line 46)
[INFO] [stdout]     src/extensions/unicode/attribute.rs - extensions::unicode::attribute::Attribute (line 19)
[INFO] [stdout]     src/extensions/unicode/attribute.rs - extensions::unicode::attribute::Attribute::as_str (line 67)
[INFO] [stdout]     src/extensions/unicode/attribute.rs - extensions::unicode::attribute::Attribute::from_bytes (line 38)
[INFO] [stdout]     src/extensions/unicode/attributes.rs - extensions::unicode::attributes::Attributes (line 17)
[INFO] [stdout]     src/extensions/unicode/attributes.rs - extensions::unicode::attributes::Attributes::clear (line 85)
[INFO] [stdout]     src/extensions/unicode/attributes.rs - extensions::unicode::attributes::Attributes::from_vec_unchecked (line 56)
[INFO] [stdout]     src/extensions/unicode/attributes.rs - extensions::unicode::attributes::Attributes::new (line 41)
[INFO] [stdout]     src/extensions/unicode/key.rs - extensions::unicode::key::Key (line 18)
[INFO] [stdout]     src/extensions/unicode/key.rs - extensions::unicode::key::Key::as_str (line 79)
[INFO] [stdout]     src/extensions/unicode/key.rs - extensions::unicode::key::Key::from_bytes (line 37)
[INFO] [stdout]     src/extensions/unicode/key.rs - extensions::unicode::key::Key::from_tinystr4_unchecked (line 62)
[INFO] [stdout]     src/extensions/unicode/keywords.rs - extensions::unicode::keywords::Keywords (line 28)
[INFO] [stdout]     src/extensions/unicode/keywords.rs - extensions::unicode::keywords::Keywords::contains_key (line 86)
[INFO] [stdout]     src/extensions/unicode/keywords.rs - extensions::unicode::keywords::Keywords::from_vec_unchecked (line 62)
[INFO] [stdout]     src/extensions/unicode/keywords.rs - extensions::unicode::keywords::Keywords::get (line 112)
[INFO] [stdout]     src/extensions/unicode/keywords.rs - extensions::unicode::keywords::Keywords::get_mut (line 144)
[INFO] [stdout]     src/extensions/unicode/keywords.rs - extensions::unicode::keywords::Keywords::new (line 47)
[INFO] [stdout]     src/extensions/unicode/mod.rs - extensions::unicode (line 13)
[INFO] [stdout]     src/extensions/unicode/mod.rs - extensions::unicode::Unicode (line 64)
[INFO] [stdout]     src/extensions/unicode/mod.rs - extensions::unicode::Unicode::is_empty (line 104)
[INFO] [stdout]     src/extensions/unicode/mod.rs - extensions::unicode::Unicode::new (line 87)
[INFO] [stdout]     src/extensions/unicode/value.rs - extensions::unicode::value::Value (line 23)
[INFO] [stdout]     src/extensions/unicode/value.rs - extensions::unicode::value::Value::from_bytes (line 46)
[INFO] [stdout]     src/langid.rs - langid::LanguageIdentifier (line 16)
[INFO] [stdout]     src/langid.rs - langid::LanguageIdentifier (line 45)
[INFO] [stdout]     src/langid.rs - langid::LanguageIdentifier::canonicalize (line 136)
[INFO] [stdout]     src/langid.rs - langid::LanguageIdentifier::from_bytes (line 76)
[INFO] [stdout]     src/langid.rs - langid::LanguageIdentifier::from_locale_bytes (line 93)
[INFO] [stdout]     src/langid.rs - langid::LanguageIdentifier::und (line 112)
[INFO] [stdout]     src/lib.rs - (line 24)
[INFO] [stdout]     src/locale.rs - locale::Locale (line 23)
[INFO] [stdout]     src/locale.rs - locale::Locale (line 58)
[INFO] [stdout]     src/locale.rs - locale::Locale::canonicalize (line 122)
[INFO] [stdout]     src/locale.rs - locale::Locale::from_bytes (line 84)
[INFO] [stdout]     src/locale.rs - locale::Locale::get_unicode_extension (line 136)
[INFO] [stdout]     src/locale.rs - locale::Locale::und (line 100)
[INFO] [stdout]     src/parser/errors.rs - parser::errors::ParserError::InvalidExtension (line 46)
[INFO] [stdout]     src/parser/errors.rs - parser::errors::ParserError::InvalidLanguage (line 16)
[INFO] [stdout]     src/parser/errors.rs - parser::errors::ParserError::InvalidSubtag (line 31)
[INFO] [stdout]     src/subtags/language.rs - subtags::language::Language (line 18)
[INFO] [stdout]     src/subtags/language.rs - subtags::language::Language (line 30)
[INFO] [stdout]     src/subtags/language.rs - subtags::language::Language::as_str (line 150)
[INFO] [stdout]     src/subtags/language.rs - subtags::language::Language::clear (line 169)
[INFO] [stdout]     src/subtags/language.rs - subtags::language::Language::from_bytes (line 53)
[INFO] [stdout]     src/subtags/language.rs - subtags::language::Language::from_raw_unchecked (line 107)
[INFO] [stdout]     src/subtags/language.rs - subtags::language::Language::into_raw (line 88)
[INFO] [stdout]     src/subtags/language.rs - subtags::language::Language::is_empty (line 189)
[INFO] [stdout]     src/subtags/language.rs - subtags::language::Language::und (line 133)
[INFO] [stdout]     src/subtags/mod.rs - subtags (line 25)
[INFO] [stdout]     src/subtags/region.rs - subtags::region::Region (line 16)
[INFO] [stdout]     src/subtags/region.rs - subtags::region::Region::as_str (line 112)
[INFO] [stdout]     src/subtags/region.rs - subtags::region::Region::from_bytes (line 36)
[INFO] [stdout]     src/subtags/region.rs - subtags::region::Region::from_raw_unchecked (line 88)
[INFO] [stdout]     src/subtags/region.rs - subtags::region::Region::into_raw (line 69)
[INFO] [stdout]     src/subtags/region.rs - subtags::region::Region::is_alphabetic (line 131)
[INFO] [stdout]     src/subtags/script.rs - subtags::script::Script (line 16)
[INFO] [stdout]     src/subtags/script.rs - subtags::script::Script::as_str (line 103)
[INFO] [stdout]     src/subtags/script.rs - subtags::script::Script::from_bytes (line 35)
[INFO] [stdout]     src/subtags/script.rs - subtags::script::Script::from_raw_unchecked (line 79)
[INFO] [stdout]     src/subtags/script.rs - subtags::script::Script::into_raw (line 60)
[INFO] [stdout]     src/subtags/variant.rs - subtags::variant::Variant (line 17)
[INFO] [stdout]     src/subtags/variant.rs - subtags::variant::Variant::as_str (line 113)
[INFO] [stdout]     src/subtags/variant.rs - subtags::variant::Variant::from_bytes (line 37)
[INFO] [stdout]     src/subtags/variant.rs - subtags::variant::Variant::from_raw_unchecked (line 89)
[INFO] [stdout]     src/subtags/variant.rs - subtags::variant::Variant::into_raw (line 70)
[INFO] [stdout]     src/subtags/variants.rs - subtags::variants::Variants (line 18)
[INFO] [stdout]     src/subtags/variants.rs - subtags::variants::Variants::clear (line 147)
[INFO] [stdout]     src/subtags/variants.rs - subtags::variants::Variants::from_raw_unchecked (line 113)
[INFO] [stdout]     src/subtags/variants.rs - subtags::variants::Variants::from_vec_unchecked (line 58)
[INFO] [stdout]     src/subtags/variants.rs - subtags::variants::Variants::into_raw (line 88)
[INFO] [stdout]     src/subtags/variants.rs - subtags::variants::Variants::new (line 42)
[INFO] [stdout] 
[INFO] [stdout] test result: FAILED. 0 passed; 97 failed; 0 ignored; 0 measured; 0 filtered out; finished in 13.45s
[INFO] [stdout] 
[INFO] [stderr] error: test failed, to rerun pass '--doc'
[INFO] running `Command { std: "docker" "inspect" "071fb66cc0461876e054cc82a25b8ed11dc8636ecf95ac041acca2a42a8f8e42", kill_on_drop: false }`
[INFO] running `Command { std: "docker" "rm" "-f" "071fb66cc0461876e054cc82a25b8ed11dc8636ecf95ac041acca2a42a8f8e42", kill_on_drop: false }`
[INFO] [stdout] 071fb66cc0461876e054cc82a25b8ed11dc8636ecf95ac041acca2a42a8f8e42
