[INFO] fetching crate icu_decimal 0.3.0...
[INFO] testing icu_decimal-0.3.0 against 1.54.0 for beta-1.55-1
[INFO] extracting crate icu_decimal 0.3.0 into /workspace/builds/worker-2/source
[INFO] validating manifest of crates.io crate icu_decimal 0.3.0 on toolchain 1.54.0
[INFO] running `Command { std: "/workspace/cargo-home/bin/cargo" "+1.54.0" "metadata" "--manifest-path" "Cargo.toml" "--no-deps", kill_on_drop: false }`
[INFO] started tweaking crates.io crate icu_decimal 0.3.0
[INFO] removed 0 missing examples
[INFO] finished tweaking crates.io crate icu_decimal 0.3.0
[INFO] tweaked toml for crates.io crate icu_decimal 0.3.0 written to /workspace/builds/worker-2/source/Cargo.toml
[INFO] crate crates.io crate icu_decimal 0.3.0 already has a lockfile, it will not be regenerated
[INFO] running `Command { std: "/workspace/cargo-home/bin/cargo" "+1.54.0" "fetch" "--manifest-path" "Cargo.toml", kill_on_drop: false }`
[INFO] running `Command { std: "docker" "create" "-v" "/var/lib/crater-agent-workspace/builds/worker-2/target:/opt/rustwide/target:rw,Z" "-v" "/var/lib/crater-agent-workspace/builds/worker-2/source:/opt/rustwide/workdir:ro,Z" "-v" "/var/lib/crater-agent-workspace/cargo-home:/opt/rustwide/cargo-home:ro,Z" "-v" "/var/lib/crater-agent-workspace/rustup-home:/opt/rustwide/rustup-home:ro,Z" "-e" "SOURCE_DIR=/opt/rustwide/workdir" "-e" "CARGO_TARGET_DIR=/opt/rustwide/target" "-e" "CARGO_HOME=/opt/rustwide/cargo-home" "-e" "RUSTUP_HOME=/opt/rustwide/rustup-home" "-w" "/opt/rustwide/workdir" "-m" "1610612736" "--user" "0:0" "--network" "none" "ghcr.io/rust-lang/crates-build-env/linux@sha256:34b6a614d2c27851fe6cbf88fbd1137609cefab8b10d0615aaeb6fd47975d74e" "/opt/rustwide/cargo-home/bin/cargo" "+1.54.0" "metadata" "--no-deps" "--format-version=1", kill_on_drop: false }`
[INFO] [stdout] 18b7abb36fa34274e358e46a051a3287d6cc70f74b130bdcf1982a6416e9f57a
[INFO] [stderr] WARNING: Your kernel does not support swap limit capabilities or the cgroup is not mounted. Memory limited without swap.
[INFO] running `Command { std: "docker" "start" "-a" "18b7abb36fa34274e358e46a051a3287d6cc70f74b130bdcf1982a6416e9f57a", kill_on_drop: false }`
[INFO] running `Command { std: "docker" "inspect" "18b7abb36fa34274e358e46a051a3287d6cc70f74b130bdcf1982a6416e9f57a", kill_on_drop: false }`
[INFO] running `Command { std: "docker" "rm" "-f" "18b7abb36fa34274e358e46a051a3287d6cc70f74b130bdcf1982a6416e9f57a", kill_on_drop: false }`
[INFO] [stdout] 18b7abb36fa34274e358e46a051a3287d6cc70f74b130bdcf1982a6416e9f57a
[INFO] running `Command { std: "docker" "create" "-v" "/var/lib/crater-agent-workspace/builds/worker-2/target:/opt/rustwide/target:rw,Z" "-v" "/var/lib/crater-agent-workspace/builds/worker-2/source:/opt/rustwide/workdir:ro,Z" "-v" "/var/lib/crater-agent-workspace/cargo-home:/opt/rustwide/cargo-home:ro,Z" "-v" "/var/lib/crater-agent-workspace/rustup-home:/opt/rustwide/rustup-home:ro,Z" "-e" "SOURCE_DIR=/opt/rustwide/workdir" "-e" "CARGO_TARGET_DIR=/opt/rustwide/target" "-e" "CARGO_INCREMENTAL=0" "-e" "RUST_BACKTRACE=full" "-e" "RUSTFLAGS=--cap-lints=warn" "-e" "CARGO_HOME=/opt/rustwide/cargo-home" "-e" "RUSTUP_HOME=/opt/rustwide/rustup-home" "-w" "/opt/rustwide/workdir" "-m" "1610612736" "--user" "0:0" "--network" "none" "ghcr.io/rust-lang/crates-build-env/linux@sha256:34b6a614d2c27851fe6cbf88fbd1137609cefab8b10d0615aaeb6fd47975d74e" "/opt/rustwide/cargo-home/bin/cargo" "+1.54.0" "build" "--frozen" "--message-format=json", kill_on_drop: false }`
[INFO] [stderr] WARNING: Your kernel does not support swap limit capabilities or the cgroup is not mounted. Memory limited without swap.
[INFO] [stdout] 95a66a99988081b166d3a57dd705088b436e02bcd6f4bad90317c6762b853902
[INFO] running `Command { std: "docker" "start" "-a" "95a66a99988081b166d3a57dd705088b436e02bcd6f4bad90317c6762b853902", kill_on_drop: false }`
[INFO] [stderr]    Compiling serde v1.0.126
[INFO] [stderr]    Compiling tinystr-raw v0.1.3
[INFO] [stderr]    Compiling writeable v0.2.0
[INFO] [stderr]    Compiling stable_deref_trait v1.2.0
[INFO] [stderr]    Compiling litemap v0.2.1
[INFO] [stderr]    Compiling displaydoc v0.2.3
[INFO] [stderr]    Compiling serde_derive v1.0.126
[INFO] [stderr]    Compiling icu_provider_macros v0.3.0
[INFO] [stderr]    Compiling yoke-derive v0.1.1
[INFO] [stderr]    Compiling tinystr-macros v0.2.0
[INFO] [stderr]    Compiling tinystr v0.4.10
[INFO] [stderr]    Compiling icu_locid v0.3.0
[INFO] [stderr]    Compiling fixed_decimal v0.2.1
[INFO] [stderr]    Compiling yoke v0.2.3
[INFO] [stderr]    Compiling icu_provider v0.3.0
[INFO] [stderr]    Compiling icu_decimal v0.3.0 (/opt/rustwide/workdir)
[INFO] [stderr]     Finished dev [unoptimized + debuginfo] target(s) in 22.55s
[INFO] running `Command { std: "docker" "inspect" "95a66a99988081b166d3a57dd705088b436e02bcd6f4bad90317c6762b853902", kill_on_drop: false }`
[INFO] running `Command { std: "docker" "rm" "-f" "95a66a99988081b166d3a57dd705088b436e02bcd6f4bad90317c6762b853902", kill_on_drop: false }`
[INFO] [stdout] 95a66a99988081b166d3a57dd705088b436e02bcd6f4bad90317c6762b853902
[INFO] running `Command { std: "docker" "create" "-v" "/var/lib/crater-agent-workspace/builds/worker-2/target:/opt/rustwide/target:rw,Z" "-v" "/var/lib/crater-agent-workspace/builds/worker-2/source:/opt/rustwide/workdir:ro,Z" "-v" "/var/lib/crater-agent-workspace/cargo-home:/opt/rustwide/cargo-home:ro,Z" "-v" "/var/lib/crater-agent-workspace/rustup-home:/opt/rustwide/rustup-home:ro,Z" "-e" "SOURCE_DIR=/opt/rustwide/workdir" "-e" "CARGO_TARGET_DIR=/opt/rustwide/target" "-e" "CARGO_INCREMENTAL=0" "-e" "RUST_BACKTRACE=full" "-e" "RUSTFLAGS=--cap-lints=warn" "-e" "CARGO_HOME=/opt/rustwide/cargo-home" "-e" "RUSTUP_HOME=/opt/rustwide/rustup-home" "-w" "/opt/rustwide/workdir" "-m" "1610612736" "--user" "0:0" "--network" "none" "ghcr.io/rust-lang/crates-build-env/linux@sha256:34b6a614d2c27851fe6cbf88fbd1137609cefab8b10d0615aaeb6fd47975d74e" "/opt/rustwide/cargo-home/bin/cargo" "+1.54.0" "test" "--frozen" "--no-run" "--message-format=json", kill_on_drop: false }`
[INFO] [stderr] WARNING: Your kernel does not support swap limit capabilities or the cgroup is not mounted. Memory limited without swap.
[INFO] [stdout] 1e39e8230be8521c33f9a8736992e36fb53f97afdd798fb45134cdfec46c9379
[INFO] running `Command { std: "docker" "start" "-a" "1e39e8230be8521c33f9a8736992e36fb53f97afdd798fb45134cdfec46c9379", kill_on_drop: false }`
[INFO] [stderr]    Compiling serde v1.0.126
[INFO] [stderr]    Compiling serde_json v1.0.66
[INFO] [stderr]    Compiling erased-serde v0.3.16
[INFO] [stderr]    Compiling icu_benchmark_macros v0.3.0
[INFO] [stderr]    Compiling crossbeam-deque v0.8.0
[INFO] [stderr]    Compiling plotters v0.3.1
[INFO] [stderr]    Compiling rand_pcg v0.3.1
[INFO] [stderr]    Compiling proc-macro-crate v1.0.0
[INFO] [stderr]    Compiling rand_distr v0.4.1
[INFO] [stderr]    Compiling rayon-core v1.9.1
[INFO] [stderr]    Compiling icu_locid_macros v0.3.0
[INFO] [stderr]    Compiling rayon v1.5.1
[INFO] [stderr]    Compiling yoke v0.2.3
[INFO] [stderr]    Compiling icu_locid v0.3.0
[INFO] [stderr]    Compiling bstr v0.2.16
[INFO] [stderr]    Compiling serde_cbor v0.11.1
[INFO] [stderr]    Compiling csv v1.1.6
[INFO] [stderr]    Compiling icu_provider v0.3.0
[INFO] [stderr]    Compiling tinytemplate v1.2.1
[INFO] [stderr]    Compiling icu_provider_fs v0.3.0
[INFO] [stderr]    Compiling icu_decimal v0.3.0 (/opt/rustwide/workdir)
[INFO] [stderr]    Compiling criterion v0.3.5
[INFO] [stderr]    Compiling icu_testdata v0.3.0
[INFO] [stderr]     Finished test [unoptimized + debuginfo] target(s) in 41.98s
[INFO] running `Command { std: "docker" "inspect" "1e39e8230be8521c33f9a8736992e36fb53f97afdd798fb45134cdfec46c9379", kill_on_drop: false }`
[INFO] running `Command { std: "docker" "rm" "-f" "1e39e8230be8521c33f9a8736992e36fb53f97afdd798fb45134cdfec46c9379", kill_on_drop: false }`
[INFO] [stdout] 1e39e8230be8521c33f9a8736992e36fb53f97afdd798fb45134cdfec46c9379
[INFO] running `Command { std: "docker" "create" "-v" "/var/lib/crater-agent-workspace/builds/worker-2/target:/opt/rustwide/target:rw,Z" "-v" "/var/lib/crater-agent-workspace/builds/worker-2/source:/opt/rustwide/workdir:ro,Z" "-v" "/var/lib/crater-agent-workspace/cargo-home:/opt/rustwide/cargo-home:ro,Z" "-v" "/var/lib/crater-agent-workspace/rustup-home:/opt/rustwide/rustup-home:ro,Z" "-e" "SOURCE_DIR=/opt/rustwide/workdir" "-e" "CARGO_TARGET_DIR=/opt/rustwide/target" "-e" "CARGO_INCREMENTAL=0" "-e" "RUST_BACKTRACE=full" "-e" "RUSTFLAGS=--cap-lints=warn" "-e" "CARGO_HOME=/opt/rustwide/cargo-home" "-e" "RUSTUP_HOME=/opt/rustwide/rustup-home" "-w" "/opt/rustwide/workdir" "-m" "1610612736" "--user" "0:0" "--network" "none" "ghcr.io/rust-lang/crates-build-env/linux@sha256:34b6a614d2c27851fe6cbf88fbd1137609cefab8b10d0615aaeb6fd47975d74e" "/opt/rustwide/cargo-home/bin/cargo" "+1.54.0" "test" "--frozen", kill_on_drop: false }`
[INFO] [stdout] 837c4f4e7307082571c4de3a3994843ba79105c903b2a4e50097180399145358
[INFO] [stderr] WARNING: Your kernel does not support swap limit capabilities or the cgroup is not mounted. Memory limited without swap.
[INFO] running `Command { std: "docker" "start" "-a" "837c4f4e7307082571c4de3a3994843ba79105c903b2a4e50097180399145358", kill_on_drop: false }`
[INFO] [stderr]     Finished test [unoptimized + debuginfo] target(s) in 0.11s
[INFO] [stdout] 
[INFO] [stderr]      Running unittests (/opt/rustwide/target/debug/deps/icu_decimal-ac588826df627955)
[INFO] [stdout] running 1 test
[INFO] [stderr]    Doc-tests icu_decimal
[INFO] [stdout] test grouper::test_grouper ... ok
[INFO] [stdout] 
[INFO] [stdout] test result: ok. 1 passed; 0 failed; 0 ignored; 0 measured; 0 filtered out; finished in 0.01s
[INFO] [stdout] 
[INFO] [stdout] 
[INFO] [stdout] running 4 tests
[INFO] [stdout] test src/lib.rs - (line 39) ... FAILED
[INFO] [stdout] test src/lib.rs - (line 19) ... FAILED
[INFO] [stdout] test src/options.rs - options::GroupingStrategy (line 21) ... ok
[INFO] [stdout] test src/options.rs - options::SignDisplay (line 72) ... ok
[INFO] [stdout] 
[INFO] [stdout] failures:
[INFO] [stdout] 
[INFO] [stdout] ---- src/lib.rs - (line 39) stdout ----
[INFO] [stdout] error[E0433]: failed to resolve: use of undeclared crate or module `icu`
[INFO] [stdout]  --> src/lib.rs:41:5
[INFO] [stdout]   |
[INFO] [stdout] 4 | use icu::decimal::FixedDecimalFormat;
[INFO] [stdout]   |     ^^^ use of undeclared crate or module `icu`
[INFO] [stdout] 
[INFO] [stdout] error[E0433]: failed to resolve: use of undeclared crate or module `icu`
[INFO] [stdout]  --> src/lib.rs:42:5
[INFO] [stdout]   |
[INFO] [stdout] 5 | use icu::locid::Locale;
[INFO] [stdout]   |     ^^^ use of undeclared crate or module `icu`
[INFO] [stdout] 
[INFO] [stdout] error[E0433]: failed to resolve: use of undeclared type `Locale`
[INFO] [stdout]  --> src/lib.rs:45:14
[INFO] [stdout]   |
[INFO] [stdout] 8 | let locale = Locale::und();
[INFO] [stdout]   |              ^^^^^^ not found in this scope
[INFO] [stdout]   |
[INFO] [stdout] help: consider importing this struct
[INFO] [stdout]   |
[INFO] [stdout] 2 | use icu_locid::Locale;
[INFO] [stdout]   |
[INFO] [stdout] 
[INFO] [stdout] error[E0433]: failed to resolve: use of undeclared type `FixedDecimalFormat`
[INFO] [stdout]   --> src/lib.rs:47:11
[INFO] [stdout]    |
[INFO] [stdout] 10 | let fdf = FixedDecimalFormat::try_new(locale, &provider, Default::default())
[INFO] [stdout]    |           ^^^^^^^^^^^^^^^^^^
[INFO] [stdout]    | 
[INFO] [stdout]   ::: /opt/rustwide/cargo-home/registry/src/github.com-1ecc6299db9ec823/fixed_decimal-0.2.1/src/decimal.rs:43:1
[INFO] [stdout]    |
[INFO] [stdout] 43 | pub struct FixedDecimal {
[INFO] [stdout]    | ----------------------- similarly named struct `FixedDecimal` defined here
[INFO] [stdout]    |
[INFO] [stdout] help: a struct with a similar name exists
[INFO] [stdout]    |
[INFO] [stdout] 10 | let fdf = FixedDecimal::try_new(locale, &provider, Default::default())
[INFO] [stdout]    |           ^^^^^^^^^^^^
[INFO] [stdout] help: consider importing this struct
[INFO] [stdout]    |
[INFO] [stdout] 2  | use icu_decimal::FixedDecimalFormat;
[INFO] [stdout]    |
[INFO] [stdout] 
[INFO] [stdout] error: aborting due to 4 previous errors
[INFO] [stdout] 
[INFO] [stdout] For more information about this error, try `rustc --explain E0433`.
[INFO] [stdout] Couldn't compile the test.
[INFO] [stdout] ---- src/lib.rs - (line 19) stdout ----
[INFO] [stdout] error[E0433]: failed to resolve: use of undeclared crate or module `icu`
[INFO] [stdout]  --> src/lib.rs:20:5
[INFO] [stdout]   |
[INFO] [stdout] 3 | use icu::decimal::FixedDecimalFormat;
[INFO] [stdout]   |     ^^^ use of undeclared crate or module `icu`
[INFO] [stdout] 
[INFO] [stdout] error[E0433]: failed to resolve: use of undeclared crate or module `icu`
[INFO] [stdout]  --> src/lib.rs:21:5
[INFO] [stdout]   |
[INFO] [stdout] 4 | use icu::locid::Locale;
[INFO] [stdout]   |     ^^^ use of undeclared crate or module `icu`
[INFO] [stdout] 
[INFO] [stdout] error[E0433]: failed to resolve: use of undeclared crate or module `icu`
[INFO] [stdout]  --> src/lib.rs:22:5
[INFO] [stdout]   |
[INFO] [stdout] 5 | use icu::locid::macros::langid;
[INFO] [stdout]   |     ^^^ use of undeclared crate or module `icu`
[INFO] [stdout] 
[INFO] [stdout] error: cannot find macro `langid` in this scope
[INFO] [stdout]  --> src/lib.rs:25:22
[INFO] [stdout]   |
[INFO] [stdout] 8 | let locale: Locale = langid!("bn").into();
[INFO] [stdout]   |                      ^^^^^^
[INFO] [stdout]   |
[INFO] [stdout]   = note: consider importing this macro:
[INFO] [stdout]           icu_locid_macros::langid
[INFO] [stdout] 
[INFO] [stdout] error[E0412]: cannot find type `Locale` in this scope
[INFO] [stdout]  --> src/lib.rs:25:13
[INFO] [stdout]   |
[INFO] [stdout] 8 | let locale: Locale = langid!("bn").into();
[INFO] [stdout]   |             ^^^^^^ not found in this scope
[INFO] [stdout]   |
[INFO] [stdout] help: consider importing this struct
[INFO] [stdout]   |
[INFO] [stdout] 2 | use icu_locid::Locale;
[INFO] [stdout]   |
[INFO] [stdout] 
[INFO] [stdout] error[E0433]: failed to resolve: use of undeclared type `FixedDecimalFormat`
[INFO] [stdout]   --> src/lib.rs:27:11
[INFO] [stdout]    |
[INFO] [stdout] 10 | let fdf = FixedDecimalFormat::try_new(locale, &provider, Default::default())
[INFO] [stdout]    |           ^^^^^^^^^^^^^^^^^^ not found in this scope
[INFO] [stdout]    |
[INFO] [stdout] help: consider importing this struct
[INFO] [stdout]    |
[INFO] [stdout] 2  | use icu_decimal::FixedDecimalFormat;
[INFO] [stdout]    |
[INFO] [stdout] 
[INFO] [stdout] error: aborting due to 6 previous errors
[INFO] [stdout] 
[INFO] [stdout] Some errors have detailed explanations: E0412, E0433.
[INFO] [stdout] For more information about an error, try `rustc --explain E0412`.
[INFO] [stdout] Couldn't compile the test.
[INFO] [stdout] 
[INFO] [stdout] failures:
[INFO] [stdout]     src/lib.rs - (line 19)
[INFO] [stdout]     src/lib.rs - (line 39)
[INFO] [stdout] 
[INFO] [stdout] test result: FAILED. 2 passed; 2 failed; 0 ignored; 0 measured; 0 filtered out; finished in 1.92s
[INFO] [stdout] 
[INFO] [stderr] error: test failed, to rerun pass '--doc'
[INFO] running `Command { std: "docker" "inspect" "837c4f4e7307082571c4de3a3994843ba79105c903b2a4e50097180399145358", kill_on_drop: false }`
[INFO] running `Command { std: "docker" "rm" "-f" "837c4f4e7307082571c4de3a3994843ba79105c903b2a4e50097180399145358", kill_on_drop: false }`
[INFO] [stdout] 837c4f4e7307082571c4de3a3994843ba79105c903b2a4e50097180399145358
