[INFO] fetching crate ico_math 0.1.6...
[INFO] testing ico_math-0.1.6 against 1.54.0 for beta-1.55-1
[INFO] extracting crate ico_math 0.1.6 into /workspace/builds/worker-11/source
[INFO] validating manifest of crates.io crate ico_math 0.1.6 on toolchain 1.54.0
[INFO] running `Command { std: "/workspace/cargo-home/bin/cargo" "+1.54.0" "metadata" "--manifest-path" "Cargo.toml" "--no-deps", kill_on_drop: false }`
[INFO] started tweaking crates.io crate ico_math 0.1.6
[INFO] finished tweaking crates.io crate ico_math 0.1.6
[INFO] tweaked toml for crates.io crate ico_math 0.1.6 written to /workspace/builds/worker-11/source/Cargo.toml
[INFO] running `Command { std: "/workspace/cargo-home/bin/cargo" "+1.54.0" "generate-lockfile" "--manifest-path" "Cargo.toml" "-Zno-index-update", kill_on_drop: false }`
[INFO] running `Command { std: "/workspace/cargo-home/bin/cargo" "+1.54.0" "fetch" "--manifest-path" "Cargo.toml", kill_on_drop: false }`
[INFO] running `Command { std: "docker" "create" "-v" "/var/lib/crater-agent-workspace/builds/worker-11/target:/opt/rustwide/target:rw,Z" "-v" "/var/lib/crater-agent-workspace/builds/worker-11/source:/opt/rustwide/workdir:ro,Z" "-v" "/var/lib/crater-agent-workspace/cargo-home:/opt/rustwide/cargo-home:ro,Z" "-v" "/var/lib/crater-agent-workspace/rustup-home:/opt/rustwide/rustup-home:ro,Z" "-e" "SOURCE_DIR=/opt/rustwide/workdir" "-e" "CARGO_TARGET_DIR=/opt/rustwide/target" "-e" "CARGO_HOME=/opt/rustwide/cargo-home" "-e" "RUSTUP_HOME=/opt/rustwide/rustup-home" "-w" "/opt/rustwide/workdir" "-m" "1610612736" "--user" "0:0" "--network" "none" "ghcr.io/rust-lang/crates-build-env/linux@sha256:34b6a614d2c27851fe6cbf88fbd1137609cefab8b10d0615aaeb6fd47975d74e" "/opt/rustwide/cargo-home/bin/cargo" "+1.54.0" "metadata" "--no-deps" "--format-version=1", kill_on_drop: false }`
[INFO] [stdout] f53ddfae6f321c7f296ee3c6032bd3f83696e8930110aa010c651ed07a9257ec
[INFO] [stderr] WARNING: Your kernel does not support swap limit capabilities or the cgroup is not mounted. Memory limited without swap.
[INFO] running `Command { std: "docker" "start" "-a" "f53ddfae6f321c7f296ee3c6032bd3f83696e8930110aa010c651ed07a9257ec", kill_on_drop: false }`
[INFO] running `Command { std: "docker" "inspect" "f53ddfae6f321c7f296ee3c6032bd3f83696e8930110aa010c651ed07a9257ec", kill_on_drop: false }`
[INFO] running `Command { std: "docker" "rm" "-f" "f53ddfae6f321c7f296ee3c6032bd3f83696e8930110aa010c651ed07a9257ec", kill_on_drop: false }`
[INFO] [stdout] f53ddfae6f321c7f296ee3c6032bd3f83696e8930110aa010c651ed07a9257ec
[INFO] running `Command { std: "docker" "create" "-v" "/var/lib/crater-agent-workspace/builds/worker-11/target:/opt/rustwide/target:rw,Z" "-v" "/var/lib/crater-agent-workspace/builds/worker-11/source:/opt/rustwide/workdir:ro,Z" "-v" "/var/lib/crater-agent-workspace/cargo-home:/opt/rustwide/cargo-home:ro,Z" "-v" "/var/lib/crater-agent-workspace/rustup-home:/opt/rustwide/rustup-home:ro,Z" "-e" "SOURCE_DIR=/opt/rustwide/workdir" "-e" "CARGO_TARGET_DIR=/opt/rustwide/target" "-e" "CARGO_INCREMENTAL=0" "-e" "RUST_BACKTRACE=full" "-e" "RUSTFLAGS=--cap-lints=warn" "-e" "CARGO_HOME=/opt/rustwide/cargo-home" "-e" "RUSTUP_HOME=/opt/rustwide/rustup-home" "-w" "/opt/rustwide/workdir" "-m" "1610612736" "--user" "0:0" "--network" "none" "ghcr.io/rust-lang/crates-build-env/linux@sha256:34b6a614d2c27851fe6cbf88fbd1137609cefab8b10d0615aaeb6fd47975d74e" "/opt/rustwide/cargo-home/bin/cargo" "+1.54.0" "build" "--frozen" "--message-format=json", kill_on_drop: false }`
[INFO] [stdout] 0204604d3697f72551d66f24e48cb798548fce512aeedaa94b2c8e6a8f1f9b6c
[INFO] [stderr] WARNING: Your kernel does not support swap limit capabilities or the cgroup is not mounted. Memory limited without swap.
[INFO] running `Command { std: "docker" "start" "-a" "0204604d3697f72551d66f24e48cb798548fce512aeedaa94b2c8e6a8f1f9b6c", kill_on_drop: false }`
[INFO] [stderr]    Compiling ico_math v0.1.6 (/opt/rustwide/workdir)
[INFO] [stdout] warning: unnecessary parentheses around block return value
[INFO] [stdout]   --> src/sse_extensions.rs:27:5
[INFO] [stdout]    |
[INFO] [stdout] 27 |     (((z) << 6) | ((y) << 4) | ((x) << 2) | (w))
[INFO] [stdout]    |     ^^^^^^^^^^^^^^^^^^^^^^^^^^^^^^^^^^^^^^^^^^^^ help: remove these parentheses
[INFO] [stdout]    |
[INFO] [stdout]    = note: `#[warn(unused_parens)]` on by default
[INFO] [stdout] 
[INFO] [stdout] 
[INFO] [stdout] warning: `#[inline]` is ignored on function prototypes
[INFO] [stdout]   --> src/structure.rs:11:5
[INFO] [stdout]    |
[INFO] [stdout] 11 |     #[inline(always)]
[INFO] [stdout]    |     ^^^^^^^^^^^^^^^^^
[INFO] [stdout]    |
[INFO] [stdout]    = note: `#[warn(unused_attributes)]` on by default
[INFO] [stdout] 
[INFO] [stdout] 
[INFO] [stdout] warning: `#[inline]` is ignored on function prototypes
[INFO] [stdout]   --> src/structure.rs:13:5
[INFO] [stdout]    |
[INFO] [stdout] 13 |     #[inline(always)]
[INFO] [stdout]    |     ^^^^^^^^^^^^^^^^^
[INFO] [stdout] 
[INFO] [stdout] 
[INFO] [stdout] warning: `#[inline]` is ignored on function prototypes
[INFO] [stdout]   --> src/structure.rs:17:5
[INFO] [stdout]    |
[INFO] [stdout] 17 |     #[inline(always)]
[INFO] [stdout]    |     ^^^^^^^^^^^^^^^^^
[INFO] [stdout] 
[INFO] [stdout] 
[INFO] [stdout] warning: `#[inline]` is ignored on function prototypes
[INFO] [stdout]   --> src/structure.rs:19:5
[INFO] [stdout]    |
[INFO] [stdout] 19 |     #[inline(always)]
[INFO] [stdout]    |     ^^^^^^^^^^^^^^^^^
[INFO] [stdout] 
[INFO] [stdout] 
[INFO] [stdout] warning: `#[inline]` is ignored on function prototypes
[INFO] [stdout]   --> src/structure.rs:23:5
[INFO] [stdout]    |
[INFO] [stdout] 23 |     #[inline(always)]
[INFO] [stdout]    |     ^^^^^^^^^^^^^^^^^
[INFO] [stdout] 
[INFO] [stdout] 
[INFO] [stdout] warning: `#[inline]` is ignored on function prototypes
[INFO] [stdout]   --> src/structure.rs:25:5
[INFO] [stdout]    |
[INFO] [stdout] 25 |     #[inline(always)]
[INFO] [stdout]    |     ^^^^^^^^^^^^^^^^^
[INFO] [stdout] 
[INFO] [stdout] 
[INFO] [stdout] warning: `#[inline]` is ignored on function prototypes
[INFO] [stdout]   --> src/structure.rs:29:5
[INFO] [stdout]    |
[INFO] [stdout] 29 |     #[inline(always)]
[INFO] [stdout]    |     ^^^^^^^^^^^^^^^^^
[INFO] [stdout] 
[INFO] [stdout] 
[INFO] [stdout] warning: `#[inline]` is ignored on function prototypes
[INFO] [stdout]   --> src/structure.rs:31:5
[INFO] [stdout]    |
[INFO] [stdout] 31 |     #[inline(always)]
[INFO] [stdout]    |     ^^^^^^^^^^^^^^^^^
[INFO] [stdout] 
[INFO] [stdout] 
[INFO] [stdout] warning: 9 warnings emitted
[INFO] [stdout] 
[INFO] [stdout] 
[INFO] [stderr]     Finished dev [optimized + debuginfo] target(s) in 1.97s
[INFO] running `Command { std: "docker" "inspect" "0204604d3697f72551d66f24e48cb798548fce512aeedaa94b2c8e6a8f1f9b6c", kill_on_drop: false }`
[INFO] running `Command { std: "docker" "rm" "-f" "0204604d3697f72551d66f24e48cb798548fce512aeedaa94b2c8e6a8f1f9b6c", kill_on_drop: false }`
[INFO] [stdout] 0204604d3697f72551d66f24e48cb798548fce512aeedaa94b2c8e6a8f1f9b6c
[INFO] running `Command { std: "docker" "create" "-v" "/var/lib/crater-agent-workspace/builds/worker-11/target:/opt/rustwide/target:rw,Z" "-v" "/var/lib/crater-agent-workspace/builds/worker-11/source:/opt/rustwide/workdir:ro,Z" "-v" "/var/lib/crater-agent-workspace/cargo-home:/opt/rustwide/cargo-home:ro,Z" "-v" "/var/lib/crater-agent-workspace/rustup-home:/opt/rustwide/rustup-home:ro,Z" "-e" "SOURCE_DIR=/opt/rustwide/workdir" "-e" "CARGO_TARGET_DIR=/opt/rustwide/target" "-e" "CARGO_INCREMENTAL=0" "-e" "RUST_BACKTRACE=full" "-e" "RUSTFLAGS=--cap-lints=warn" "-e" "CARGO_HOME=/opt/rustwide/cargo-home" "-e" "RUSTUP_HOME=/opt/rustwide/rustup-home" "-w" "/opt/rustwide/workdir" "-m" "1610612736" "--user" "0:0" "--network" "none" "ghcr.io/rust-lang/crates-build-env/linux@sha256:34b6a614d2c27851fe6cbf88fbd1137609cefab8b10d0615aaeb6fd47975d74e" "/opt/rustwide/cargo-home/bin/cargo" "+1.54.0" "test" "--frozen" "--no-run" "--message-format=json", kill_on_drop: false }`
[INFO] [stdout] 304b0187da1963ed933e0c9cd92c12272bbf33d9a11e4483da0ca4387e9cfaae
[INFO] [stderr] WARNING: Your kernel does not support swap limit capabilities or the cgroup is not mounted. Memory limited without swap.
[INFO] running `Command { std: "docker" "start" "-a" "304b0187da1963ed933e0c9cd92c12272bbf33d9a11e4483da0ca4387e9cfaae", kill_on_drop: false }`
[INFO] [stderr]    Compiling ico_math v0.1.6 (/opt/rustwide/workdir)
[INFO] [stdout] warning: unnecessary parentheses around block return value
[INFO] [stdout]   --> src/sse_extensions.rs:27:5
[INFO] [stdout]    |
[INFO] [stdout] 27 |     (((z) << 6) | ((y) << 4) | ((x) << 2) | (w))
[INFO] [stdout]    |     ^^^^^^^^^^^^^^^^^^^^^^^^^^^^^^^^^^^^^^^^^^^^ help: remove these parentheses
[INFO] [stdout]    |
[INFO] [stdout]    = note: `#[warn(unused_parens)]` on by default
[INFO] [stdout] 
[INFO] [stdout] 
[INFO] [stdout] warning: `#[inline]` is ignored on function prototypes
[INFO] [stdout]   --> src/structure.rs:11:5
[INFO] [stdout]    |
[INFO] [stdout] 11 |     #[inline(always)]
[INFO] [stdout]    |     ^^^^^^^^^^^^^^^^^
[INFO] [stdout]    |
[INFO] [stdout]    = note: `#[warn(unused_attributes)]` on by default
[INFO] [stdout] 
[INFO] [stdout] 
[INFO] [stdout] warning: `#[inline]` is ignored on function prototypes
[INFO] [stdout]   --> src/structure.rs:13:5
[INFO] [stdout]    |
[INFO] [stdout] 13 |     #[inline(always)]
[INFO] [stdout]    |     ^^^^^^^^^^^^^^^^^
[INFO] [stdout] 
[INFO] [stdout] 
[INFO] [stdout] warning: `#[inline]` is ignored on function prototypes
[INFO] [stdout]   --> src/structure.rs:17:5
[INFO] [stdout]    |
[INFO] [stdout] 17 |     #[inline(always)]
[INFO] [stdout]    |     ^^^^^^^^^^^^^^^^^
[INFO] [stdout] 
[INFO] [stdout] 
[INFO] [stdout] warning: `#[inline]` is ignored on function prototypes
[INFO] [stdout]   --> src/structure.rs:19:5
[INFO] [stdout]    |
[INFO] [stdout] 19 |     #[inline(always)]
[INFO] [stdout]    |     ^^^^^^^^^^^^^^^^^
[INFO] [stdout] 
[INFO] [stdout] 
[INFO] [stdout] warning: `#[inline]` is ignored on function prototypes
[INFO] [stdout]   --> src/structure.rs:23:5
[INFO] [stdout]    |
[INFO] [stdout] 23 |     #[inline(always)]
[INFO] [stdout]    |     ^^^^^^^^^^^^^^^^^
[INFO] [stdout] 
[INFO] [stdout] 
[INFO] [stdout] warning: `#[inline]` is ignored on function prototypes
[INFO] [stdout]   --> src/structure.rs:25:5
[INFO] [stdout]    |
[INFO] [stdout] 25 |     #[inline(always)]
[INFO] [stdout]    |     ^^^^^^^^^^^^^^^^^
[INFO] [stdout] 
[INFO] [stdout] 
[INFO] [stdout] warning: `#[inline]` is ignored on function prototypes
[INFO] [stdout]   --> src/structure.rs:29:5
[INFO] [stdout]    |
[INFO] [stdout] 29 |     #[inline(always)]
[INFO] [stdout]    |     ^^^^^^^^^^^^^^^^^
[INFO] [stdout] 
[INFO] [stdout] 
[INFO] [stdout] warning: `#[inline]` is ignored on function prototypes
[INFO] [stdout]   --> src/structure.rs:31:5
[INFO] [stdout]    |
[INFO] [stdout] 31 |     #[inline(always)]
[INFO] [stdout]    |     ^^^^^^^^^^^^^^^^^
[INFO] [stdout] 
[INFO] [stdout] 
[INFO] [stdout] warning: unnecessary parentheses around block return value
[INFO] [stdout]   --> src/sse_extensions.rs:27:5
[INFO] [stdout]    |
[INFO] [stdout] 27 |     (((z) << 6) | ((y) << 4) | ((x) << 2) | (w))
[INFO] [stdout]    |     ^^^^^^^^^^^^^^^^^^^^^^^^^^^^^^^^^^^^^^^^^^^^ help: remove these parentheses
[INFO] [stdout]    |
[INFO] [stdout]    = note: `#[warn(unused_parens)]` on by default
[INFO] [stdout] 
[INFO] [stdout] 
[INFO] [stdout] warning: `#[inline]` is ignored on function prototypes
[INFO] [stdout]   --> src/structure.rs:11:5
[INFO] [stdout]    |
[INFO] [stdout] 11 |     #[inline(always)]
[INFO] [stdout]    |     ^^^^^^^^^^^^^^^^^
[INFO] [stdout]    |
[INFO] [stdout]    = note: `#[warn(unused_attributes)]` on by default
[INFO] [stdout] 
[INFO] [stdout] 
[INFO] [stdout] warning: `#[inline]` is ignored on function prototypes
[INFO] [stdout]   --> src/structure.rs:13:5
[INFO] [stdout]    |
[INFO] [stdout] 13 |     #[inline(always)]
[INFO] [stdout]    |     ^^^^^^^^^^^^^^^^^
[INFO] [stdout] 
[INFO] [stdout] 
[INFO] [stdout] warning: `#[inline]` is ignored on function prototypes
[INFO] [stdout]   --> src/structure.rs:17:5
[INFO] [stdout]    |
[INFO] [stdout] 17 |     #[inline(always)]
[INFO] [stdout]    |     ^^^^^^^^^^^^^^^^^
[INFO] [stdout] 
[INFO] [stdout] 
[INFO] [stdout] warning: `#[inline]` is ignored on function prototypes
[INFO] [stdout]   --> src/structure.rs:19:5
[INFO] [stdout]    |
[INFO] [stdout] 19 |     #[inline(always)]
[INFO] [stdout]    |     ^^^^^^^^^^^^^^^^^
[INFO] [stdout] 
[INFO] [stdout] 
[INFO] [stdout] warning: `#[inline]` is ignored on function prototypes
[INFO] [stdout]   --> src/structure.rs:23:5
[INFO] [stdout]    |
[INFO] [stdout] 23 |     #[inline(always)]
[INFO] [stdout]    |     ^^^^^^^^^^^^^^^^^
[INFO] [stdout] 
[INFO] [stdout] 
[INFO] [stdout] warning: `#[inline]` is ignored on function prototypes
[INFO] [stdout]   --> src/structure.rs:25:5
[INFO] [stdout]    |
[INFO] [stdout] 25 |     #[inline(always)]
[INFO] [stdout]    |     ^^^^^^^^^^^^^^^^^
[INFO] [stdout] 
[INFO] [stdout] 
[INFO] [stdout] warning: `#[inline]` is ignored on function prototypes
[INFO] [stdout]   --> src/structure.rs:29:5
[INFO] [stdout]    |
[INFO] [stdout] 29 |     #[inline(always)]
[INFO] [stdout]    |     ^^^^^^^^^^^^^^^^^
[INFO] [stdout] 
[INFO] [stdout] 
[INFO] [stdout] warning: `#[inline]` is ignored on function prototypes
[INFO] [stdout]   --> src/structure.rs:31:5
[INFO] [stdout]    |
[INFO] [stdout] 31 |     #[inline(always)]
[INFO] [stdout]    |     ^^^^^^^^^^^^^^^^^
[INFO] [stdout] 
[INFO] [stdout] 
[INFO] [stdout] warning: 9 warnings emitted
[INFO] [stdout] 
[INFO] [stdout] 
[INFO] [stdout] warning: 9 warnings emitted
[INFO] [stdout] 
[INFO] [stdout] 
[INFO] [stderr]     Finished test [optimized + debuginfo] target(s) in 15.42s
[INFO] running `Command { std: "docker" "inspect" "304b0187da1963ed933e0c9cd92c12272bbf33d9a11e4483da0ca4387e9cfaae", kill_on_drop: false }`
[INFO] running `Command { std: "docker" "rm" "-f" "304b0187da1963ed933e0c9cd92c12272bbf33d9a11e4483da0ca4387e9cfaae", kill_on_drop: false }`
[INFO] [stdout] 304b0187da1963ed933e0c9cd92c12272bbf33d9a11e4483da0ca4387e9cfaae
[INFO] running `Command { std: "docker" "create" "-v" "/var/lib/crater-agent-workspace/builds/worker-11/target:/opt/rustwide/target:rw,Z" "-v" "/var/lib/crater-agent-workspace/builds/worker-11/source:/opt/rustwide/workdir:ro,Z" "-v" "/var/lib/crater-agent-workspace/cargo-home:/opt/rustwide/cargo-home:ro,Z" "-v" "/var/lib/crater-agent-workspace/rustup-home:/opt/rustwide/rustup-home:ro,Z" "-e" "SOURCE_DIR=/opt/rustwide/workdir" "-e" "CARGO_TARGET_DIR=/opt/rustwide/target" "-e" "CARGO_INCREMENTAL=0" "-e" "RUST_BACKTRACE=full" "-e" "RUSTFLAGS=--cap-lints=warn" "-e" "CARGO_HOME=/opt/rustwide/cargo-home" "-e" "RUSTUP_HOME=/opt/rustwide/rustup-home" "-w" "/opt/rustwide/workdir" "-m" "1610612736" "--user" "0:0" "--network" "none" "ghcr.io/rust-lang/crates-build-env/linux@sha256:34b6a614d2c27851fe6cbf88fbd1137609cefab8b10d0615aaeb6fd47975d74e" "/opt/rustwide/cargo-home/bin/cargo" "+1.54.0" "test" "--frozen", kill_on_drop: false }`
[INFO] [stderr] WARNING: Your kernel does not support swap limit capabilities or the cgroup is not mounted. Memory limited without swap.
[INFO] [stdout] 81881b0934aa561035454cb4cf6b251c919ece6cc86f4d4a4bc8ad72bf56d657
[INFO] running `Command { std: "docker" "start" "-a" "81881b0934aa561035454cb4cf6b251c919ece6cc86f4d4a4bc8ad72bf56d657", kill_on_drop: false }`
[INFO] [stderr] warning: unnecessary parentheses around block return value
[INFO] [stderr]   --> src/sse_extensions.rs:27:5
[INFO] [stderr]    |
[INFO] [stderr] 27 |     (((z) << 6) | ((y) << 4) | ((x) << 2) | (w))
[INFO] [stderr]    |     ^^^^^^^^^^^^^^^^^^^^^^^^^^^^^^^^^^^^^^^^^^^^ help: remove these parentheses
[INFO] [stderr]    |
[INFO] [stderr]    = note: `#[warn(unused_parens)]` on by default
[INFO] [stderr] 
[INFO] [stderr] warning: `#[inline]` is ignored on function prototypes
[INFO] [stderr]   --> src/structure.rs:11:5
[INFO] [stderr]    |
[INFO] [stderr] 11 |     #[inline(always)]
[INFO] [stderr]    |     ^^^^^^^^^^^^^^^^^
[INFO] [stderr]    |
[INFO] [stderr]    = note: `#[warn(unused_attributes)]` on by default
[INFO] [stderr] 
[INFO] [stderr] warning: `#[inline]` is ignored on function prototypes
[INFO] [stderr]   --> src/structure.rs:13:5
[INFO] [stderr]    |
[INFO] [stderr] 13 |     #[inline(always)]
[INFO] [stderr]    |     ^^^^^^^^^^^^^^^^^
[INFO] [stderr] 
[INFO] [stderr] warning: `#[inline]` is ignored on function prototypes
[INFO] [stderr]   --> src/structure.rs:17:5
[INFO] [stderr]    |
[INFO] [stderr] 17 |     #[inline(always)]
[INFO] [stderr]    |     ^^^^^^^^^^^^^^^^^
[INFO] [stderr] 
[INFO] [stderr] warning: `#[inline]` is ignored on function prototypes
[INFO] [stderr]   --> src/structure.rs:19:5
[INFO] [stderr]    |
[INFO] [stderr] 19 |     #[inline(always)]
[INFO] [stderr]    |     ^^^^^^^^^^^^^^^^^
[INFO] [stderr] 
[INFO] [stderr] warning: `#[inline]` is ignored on function prototypes
[INFO] [stderr]   --> src/structure.rs:23:5
[INFO] [stderr]    |
[INFO] [stderr] 23 |     #[inline(always)]
[INFO] [stderr]    |     ^^^^^^^^^^^^^^^^^
[INFO] [stderr] 
[INFO] [stderr] warning: `#[inline]` is ignored on function prototypes
[INFO] [stderr]   --> src/structure.rs:25:5
[INFO] [stderr]    |
[INFO] [stderr] 25 |     #[inline(always)]
[INFO] [stderr]    |     ^^^^^^^^^^^^^^^^^
[INFO] [stderr] 
[INFO] [stderr] warning: `#[inline]` is ignored on function prototypes
[INFO] [stderr]   --> src/structure.rs:29:5
[INFO] [stderr]    |
[INFO] [stderr] 29 |     #[inline(always)]
[INFO] [stderr]    |     ^^^^^^^^^^^^^^^^^
[INFO] [stderr] 
[INFO] [stderr] warning: `#[inline]` is ignored on function prototypes
[INFO] [stderr]   --> src/structure.rs:31:5
[INFO] [stderr]    |
[INFO] [stderr] 31 |     #[inline(always)]
[INFO] [stderr]    |     ^^^^^^^^^^^^^^^^^
[INFO] [stderr] 
[INFO] [stderr] warning: 9 warnings emitted
[INFO] [stderr] 
[INFO] [stderr] warning: unnecessary parentheses around block return value
[INFO] [stderr]   --> src/sse_extensions.rs:27:5
[INFO] [stderr]    |
[INFO] [stderr] 27 |     (((z) << 6) | ((y) << 4) | ((x) << 2) | (w))
[INFO] [stderr]    |     ^^^^^^^^^^^^^^^^^^^^^^^^^^^^^^^^^^^^^^^^^^^^ help: remove these parentheses
[INFO] [stderr]    |
[INFO] [stderr]    = note: `#[warn(unused_parens)]` on by default
[INFO] [stderr] 
[INFO] [stderr] warning: `#[inline]` is ignored on function prototypes
[INFO] [stderr]   --> src/structure.rs:11:5
[INFO] [stderr]    |
[INFO] [stderr] 11 |     #[inline(always)]
[INFO] [stderr]    |     ^^^^^^^^^^^^^^^^^
[INFO] [stderr]    |
[INFO] [stderr]    = note: `#[warn(unused_attributes)]` on by default
[INFO] [stderr] 
[INFO] [stderr] warning: `#[inline]` is ignored on function prototypes
[INFO] [stderr]   --> src/structure.rs:13:5
[INFO] [stderr]    |
[INFO] [stderr] 13 |     #[inline(always)]
[INFO] [stderr]    |     ^^^^^^^^^^^^^^^^^
[INFO] [stderr] 
[INFO] [stderr] warning: `#[inline]` is ignored on function prototypes
[INFO] [stderr]   --> src/structure.rs:17:5
[INFO] [stderr]    |
[INFO] [stderr] 17 |     #[inline(always)]
[INFO] [stderr]    |     ^^^^^^^^^^^^^^^^^
[INFO] [stderr] 
[INFO] [stderr] warning: `#[inline]` is ignored on function prototypes
[INFO] [stderr]   --> src/structure.rs:19:5
[INFO] [stderr]    |
[INFO] [stderr] 19 |     #[inline(always)]
[INFO] [stderr]    |     ^^^^^^^^^^^^^^^^^
[INFO] [stderr] 
[INFO] [stderr] warning: `#[inline]` is ignored on function prototypes
[INFO] [stderr]   --> src/structure.rs:23:5
[INFO] [stderr]    |
[INFO] [stderr] 23 |     #[inline(always)]
[INFO] [stderr]    |     ^^^^^^^^^^^^^^^^^
[INFO] [stderr] 
[INFO] [stderr] warning: `#[inline]` is ignored on function prototypes
[INFO] [stderr]   --> src/structure.rs:25:5
[INFO] [stderr]    |
[INFO] [stderr] 25 |     #[inline(always)]
[INFO] [stderr]    |     ^^^^^^^^^^^^^^^^^
[INFO] [stderr] 
[INFO] [stderr] warning: `#[inline]` is ignored on function prototypes
[INFO] [stderr]   --> src/structure.rs:29:5
[INFO] [stderr]    |
[INFO] [stderr] 29 |     #[inline(always)]
[INFO] [stderr]    |     ^^^^^^^^^^^^^^^^^
[INFO] [stderr] 
[INFO] [stderr] warning: `#[inline]` is ignored on function prototypes
[INFO] [stderr]   --> src/structure.rs:31:5
[INFO] [stderr]    |
[INFO] [stderr] 31 |     #[inline(always)]
[INFO] [stderr]    |     ^^^^^^^^^^^^^^^^^
[INFO] [stderr] 
[INFO] [stderr] warning: 9 warnings emitted
[INFO] [stderr] 
[INFO] [stderr]     Finished test [optimized + debuginfo] target(s) in 0.01s
[INFO] [stderr]      Running unittests (/opt/rustwide/target/debug/deps/ico_math-bda529df99cd5307)
[INFO] [stdout] 
[INFO] [stdout] running 261 tests
[INFO] [stdout] test dual_quaternion::test::test::identity ... ok
[INFO] [stdout] test quaternion::test::test::angle_axis ... ok
[INFO] [stdout] test quaternion::test::test::euler_yxz ... ok
[INFO] [stdout] test quaternion::test::test::euler_yzx ... ok
[INFO] [stdout] test quaternion::test::test::euler_zxy ... ok
[INFO] [stdout] test quaternion::test::test::new ... ok
[INFO] [stdout] test quaternion::test::test::normalize ... ok
[INFO] [stdout] test quaternion::test::test::set_w ... ok
[INFO] [stdout] test quaternion::test::test::set_x ... ok
[INFO] [stdout] test quaternion::test::test::set_y ... ok
[INFO] [stdout] test quaternion::test::test::euler_xyz ... ok
[INFO] [stdout] test vector2::test::test::all ... ok
[INFO] [stdout] test vector2::test::test::and ... ok
[INFO] [stdout] test quaternion::test::test::set_z ... ok
[INFO] [stdout] test quaternion::test::test::euler_xzy ... ok
[INFO] [stdout] test vector2::test::test::add ... ok
[INFO] [stdout] test quaternion::test::test::slerp ... ok
[INFO] [stdout] test vector2::test::test::ceil ... ok
[INFO] [stdout] test quaternion::test::test::euler_zyx ... ok
[INFO] [stdout] test vector2::test::test::component_div ... ok
[INFO] [stdout] test quaternion::test::test::identity ... ok
[INFO] [stdout] test vector2::test::test::component_mul ... ok
[INFO] [stdout] test vector2::test::test::add_assign ... ok
[INFO] [stdout] test vector2::test::test::ceil_to_int ... ok
[INFO] [stdout] test vector2::test::test::abs ... ok
[INFO] [stdout] test vector2::test::test::andnot ... ok
[INFO] [stdout] test quaternion::test::test::lerp ... ok
[INFO] [stdout] test vector2::test::test::horizontal_max ... ok
[INFO] [stdout] test vector2::test::test::lerp ... ok
[INFO] [stdout] test vector2::test::test::less_equal ... ok
[INFO] [stdout] test vector2::test::test::max ... ok
[INFO] [stdout] test vector2::test::test::greater ... ok
[INFO] [stdout] test vector2::test::test::copysign ... ok
[INFO] [stdout] test vector2::test::test::equal ... ok
[INFO] [stdout] test vector2::test::test::floor ... ok
[INFO] [stdout] test vector2::test::test::div ... ok
[INFO] [stdout] test vector2::test::test::min ... ok
[INFO] [stdout] test vector2::test::test::greater_equal ... ok
[INFO] [stdout] test vector2::test::test::horizontal_min ... ok
[INFO] [stdout] test vector2::test::test::less ... ok
[INFO] [stdout] test vector2::test::test::frac ... ok
[INFO] [stdout] test vector2::test::test::floor_to_int ... ok
[INFO] [stdout] test vector2::test::test::magnitude ... ok
[INFO] [stdout] test vector2::test::test::div_assign ... ok
[INFO] [stdout] test vector2::test::test::dot ... ok
[INFO] [stdout] test vector2::test::test::div_inv ... ok
[INFO] [stdout] test vector2::test::test::any ... FAILED
[INFO] [stdout] test vector2::test::test::mul_assign ... ok
[INFO] [stdout] test vector2::test::test::mul_sub ... ok
[INFO] [stdout] test vector2::test::test::neg ... ok
[INFO] [stdout] test vector2::test::test::neg_mul_add ... ok
[INFO] [stdout] test vector2::test::test::new ... ok
[INFO] [stdout] test vector2::test::test::normalize ... ok
[INFO] [stdout] test vector2::test::test::not_equal ... ok
[INFO] [stdout] test vector2::test::test::rotate ... ok
[INFO] [stdout] test vector2::test::test::round ... ok
[INFO] [stdout] test vector2::test::test::set_x ... ok
[INFO] [stdout] test vector2::test::test::set_y ... ok
[INFO] [stdout] test vector2::test::test::sub ... ok
[INFO] [stdout] test vector2::test::test::set ... ok
[INFO] [stdout] test vector2::test::test::mul ... ok
[INFO] [stdout] test vector2::test::test::sqr_magnitude ... ok
[INFO] [stdout] test vector2::test::test::sqrt ... ok
[INFO] [stdout] test vector2::test::test::zero ... ok
[INFO] [stdout] test vector2::test::test::store ... ok
[INFO] [stdout] test vector2::test::test::truncate ... ok
[INFO] [stdout] test vector3::test::test::acos ... ok
[INFO] [stdout] test vector2::test::test::xor ... ok
[INFO] [stdout] test vector2::test::test::sub_assign ... ok
[INFO] [stdout] test vector3::test::test::abs ... ok
[INFO] [stdout] test vector3::test::test::asin ... ok
[INFO] [stdout] test vector3::test::test::approx_equal ... ok
[INFO] [stdout] test vector2::test::test::mul_add ... ok
[INFO] [stdout] test vector3::test::test::add ... ok
[INFO] [stdout] test vector2::test::test::neg_mul_sub ... ok
[INFO] [stdout] test vector3::test::test::add_assign ... ok
[INFO] [stdout] test vector3::test::test::all ... ok
[INFO] [stdout] test vector3::test::test::andnot ... ok
[INFO] [stdout] test vector3::test::test::any ... ok
[INFO] [stdout] test vector3::test::test::and ... ok
[INFO] [stdout] test vector3::test::test::ceil ... ok
[INFO] [stdout] test vector3::test::test::component_div ... ok
[INFO] [stdout] test vector3::test::test::atan ... ok
[INFO] [stdout] test vector2::test::test::or ... ok
[INFO] [stdout] test vector3::test::test::copysign ... ok
[INFO] [stdout] test vector3::test::test::div_inv ... ok
[INFO] [stdout] test vector3::test::test::div ... ok
[INFO] [stdout] test vector3::test::test::dot ... ok
[INFO] [stdout] test vector3::test::test::ceil_to_int ... ok
[INFO] [stdout] test vector3::test::test::component_mul ... ok
[INFO] [stdout] test vector3::test::test::div_assign ... ok
[INFO] [stdout] test vector3::test::test::definitely_less ... ok
[INFO] [stdout] test vector3::test::test::definitely_greater ... ok
[INFO] [stdout] test vector3::test::test::horizontal_max ... ok
[INFO] [stdout] test vector3::test::test::lerp ... ok
[INFO] [stdout] test vector3::test::test::cross ... ok
[INFO] [stdout] test vector3::test::test::magnitude ... ok
[INFO] [stdout] test vector3::test::test::floor ... ok
[INFO] [stdout] test vector3::test::test::horizontal_min ... ok
[INFO] [stdout] test vector3::test::test::equal ... ok
[INFO] [stdout] test vector3::test::test::max ... ok
[INFO] [stdout] test vector3::test::test::mul ... ok
[INFO] [stdout] test vector3::test::test::greater ... ok
[INFO] [stdout] test vector3::test::test::min ... ok
[INFO] [stdout] test vector3::test::test::new ... ok
[INFO] [stdout] test vector3::test::test::less_equal ... ok
[INFO] [stdout] test vector3::test::test::not_equal ... ok
[INFO] [stdout] test vector3::test::test::normalize ... ok
[INFO] [stdout] test vector3::test::test::or ... ok
[INFO] [stdout] test vector3::test::test::set ... ok
[INFO] [stdout] test vector3::test::test::set_z ... ok
[INFO] [stdout] test vector3::test::test::greater_equal ... ok
[INFO] [stdout] test vector3::test::test::less ... ok
[INFO] [stdout] test vector3::test::test::neg_mul_add ... ok
[INFO] [stdout] test vector3::test::test::sqrt ... ok
[INFO] [stdout] test vector3::test::test::frac ... ok
[INFO] [stdout] test vector3::test::test::store ... ok
[INFO] [stdout] test vector3::test::test::sub ... ok
[INFO] [stdout] test vector3::test::test::sub_assign ... ok
[INFO] [stdout] test vector3::test::test::swizzle ... ok
[INFO] [stdout] test vector3::test::test::tan ... ok
[INFO] [stdout] test vector3::test::test::truncate ... ok
[INFO] [stdout] test vector3::test::test::xor ... ok
[INFO] [stdout] test vector3::test::test::zero ... ok
[INFO] [stdout] test vector3_int::test::test::abs ... ok
[INFO] [stdout] test vector3_int::test::test::add ... ok
[INFO] [stdout] test vector3_int::test::test::add_assign ... ok
[INFO] [stdout] test vector3_int::test::test::all ... ok
[INFO] [stdout] test vector3_int::test::test::and ... ok
[INFO] [stdout] test vector3_int::test::test::andnot ... ok
[INFO] [stdout] test vector3_int::test::test::any ... ok
[INFO] [stdout] test vector3_int::test::test::component_mul ... ok
[INFO] [stdout] test vector2::test::test::swizzle ... ok
[INFO] [stdout] test vector3::test::test::mul_assign ... ok
[INFO] [stdout] test vector3::test::test::set_x ... ok
[INFO] [stdout] test vector3::test::test::neg ... ok
[INFO] [stdout] test vector3::test::test::mul_add ... ok
[INFO] [stdout] test vector3::test::test::sqr_magnitude ... ok
[INFO] [stdout] test vector3::test::test::neg_mul_sub ... ok
[INFO] [stdout] test vector3::test::test::set_y ... ok
[INFO] [stdout] test vector3::test::test::mul_sub ... ok
[INFO] [stdout] test vector3::test::test::round ... ok
[INFO] [stdout] test vector3_int::test::test::equal ... ok
[INFO] [stdout] test vector3_int::test::test::less ... ok
[INFO] [stdout] test vector3_int::test::test::max ... ok
[INFO] [stdout] test vector3_int::test::test::min ... ok
[INFO] [stdout] test vector3_int::test::test::mul ... ok
[INFO] [stdout] test vector3_int::test::test::mul_assign ... ok
[INFO] [stdout] test vector3_int::test::test::neg ... ok
[INFO] [stdout] test vector3_int::test::test::new ... ok
[INFO] [stdout] test vector3_int::test::test::not_equal ... ok
[INFO] [stdout] test vector3_int::test::test::or ... ok
[INFO] [stdout] test vector3_int::test::test::set ... ok
[INFO] [stdout] test vector3_int::test::test::set_x ... ok
[INFO] [stdout] test vector3_int::test::test::set_y ... ok
[INFO] [stdout] test vector3_int::test::test::set_z ... ok
[INFO] [stdout] test vector3_int::test::test::store ... ok
[INFO] [stdout] test vector3_int::test::test::sub ... ok
[INFO] [stdout] test vector3_int::test::test::sub_assign ... ok
[INFO] [stdout] test vector3_int::test::test::swizzle ... ok
[INFO] [stdout] test vector3_int::test::test::xor ... ok
[INFO] [stdout] test vector3_int::test::test::zero ... ok
[INFO] [stdout] test vector4::test::test::abs ... ok
[INFO] [stdout] test vector4::test::test::add ... ok
[INFO] [stdout] test vector4::test::test::add_assign ... ok
[INFO] [stdout] test vector4::test::test::all ... ok
[INFO] [stdout] test vector4::test::test::and ... ok
[INFO] [stdout] test vector4::test::test::andnot ... ok
[INFO] [stdout] test vector4::test::test::any ... ok
[INFO] [stdout] test vector4::test::test::approx_equal ... ok
[INFO] [stdout] test vector4::test::test::ceil ... ok
[INFO] [stdout] test vector3_int::test::test::less_equal ... ok
[INFO] [stdout] test vector4::test::test::ceil_to_int ... ok
[INFO] [stdout] test vector3_int::test::test::sign ... ok
[INFO] [stdout] test vector4::test::test::copysign ... ok
[INFO] [stdout] test vector4::test::test::component_mul ... ok
[INFO] [stdout] test vector4::test::test::definitely_greater ... ok
[INFO] [stdout] test vector4::test::test::div ... ok
[INFO] [stdout] test vector4::test::test::definitely_less ... ok
[INFO] [stdout] test vector4::test::test::div_inv ... ok
[INFO] [stdout] test vector4::test::test::dot ... ok
[INFO] [stdout] test vector4::test::test::equal ... ok
[INFO] [stdout] test vector4::test::test::div_assign ... ok
[INFO] [stdout] test vector4::test::test::floor ... ok
[INFO] [stdout] test vector4::test::test::floor_to_int ... ok
[INFO] [stdout] test vector4::test::test::frac ... ok
[INFO] [stdout] test vector4::test::test::greater ... ok
[INFO] [stdout] test vector4::test::test::greater_equal ... ok
[INFO] [stdout] test vector4::test::test::horizontal_max ... ok
[INFO] [stdout] test vector4::test::test::horizontal_min ... ok
[INFO] [stdout] test vector4::test::test::lerp ... ok
[INFO] [stdout] test vector4::test::test::less ... ok
[INFO] [stdout] test vector4::test::test::less_equal ... ok
[INFO] [stdout] test vector4::test::test::magnitude ... ok
[INFO] [stdout] test vector4::test::test::max ... ok
[INFO] [stdout] test vector4::test::test::min ... ok
[INFO] [stdout] test vector4::test::test::mul ... ok
[INFO] [stdout] test vector4::test::test::mul_assign ... ok
[INFO] [stdout] test vector4::test::test::mul_sub ... ok
[INFO] [stdout] test vector4::test::test::neg ... ok
[INFO] [stdout] test vector4::test::test::neg_mul_add ... ok
[INFO] [stdout] test vector4::test::test::new ... ok
[INFO] [stdout] test vector4::test::test::neg_mul_sub ... ok
[INFO] [stdout] test vector4::test::test::normalize ... ok
[INFO] [stdout] test vector4::test::test::not_equal ... ok
[INFO] [stdout] test vector4::test::test::or ... ok
[INFO] [stdout] test vector4::test::test::round ... ok
[INFO] [stdout] test vector4::test::test::set ... ok
[INFO] [stdout] test vector4::test::test::set_w ... ok
[INFO] [stdout] test vector4::test::test::set_x ... ok
[INFO] [stdout] test vector4::test::test::set_y ... ok
[INFO] [stdout] test vector4::test::test::set_z ... ok
[INFO] [stdout] test vector4::test::test::sqr_magnitude ... ok
[INFO] [stdout] test vector4::test::test::sqrt ... ok
[INFO] [stdout] test vector4::test::test::store ... ok
[INFO] [stdout] test vector4::test::test::sub_assign ... ok
[INFO] [stdout] test vector4::test::test::swizzle ... ok
[INFO] [stdout] test vector4::test::test::truncate ... ok
[INFO] [stdout] test vector4::test::test::xor ... ok
[INFO] [stdout] test vector4::test::test::zero ... ok
[INFO] [stdout] test vector4_int::test::test::abs ... ok
[INFO] [stdout] test vector4_int::test::test::add_assign ... ok
[INFO] [stdout] test vector4_int::test::test::add ... ok
[INFO] [stdout] test vector4_int::test::test::and ... ok
[INFO] [stdout] test vector4_int::test::test::any ... ok
[INFO] [stdout] test vector4_int::test::test::component_mul ... ok
[INFO] [stdout] test vector4::test::test::sub ... ok
[INFO] [stdout] test vector4::test::test::mul_add ... ok
[INFO] [stdout] test vector3::test::test::floor_to_int ... ok
[INFO] [stdout] test vector3_int::test::test::greater ... ok
[INFO] [stdout] test vector4::test::test::component_div ... ok
[INFO] [stdout] test vector4_int::test::test::all ... ok
[INFO] [stdout] test vector3_int::test::test::greater_equal ... ok
[INFO] [stdout] test vector4_int::test::test::andnot ... ok
[INFO] [stdout] test vector4_int::test::test::less_equal ... ok
[INFO] [stdout] test vector4_int::test::test::set_w ... ok
[INFO] [stdout] test vector4_int::test::test::equal ... ok
[INFO] [stdout] test vector4_int::test::test::greater ... ok
[INFO] [stdout] test vector4_int::test::test::less ... ok
[INFO] [stdout] test vector4_int::test::test::greater_equal ... ok
[INFO] [stdout] test vector4_int::test::test::max ... ok
[INFO] [stdout] test vector4_int::test::test::set_y ... ok
[INFO] [stdout] test vector4_int::test::test::set_z ... ok
[INFO] [stdout] test vector4_int::test::test::sign ... ok
[INFO] [stdout] test vector4_int::test::test::sub ... ok
[INFO] [stdout] test vector4_int::test::test::sub_assign ... ok
[INFO] [stdout] test vector4_int::test::test::swizzle ... ok
[INFO] [stdout] test vector4_int::test::test::xor ... ok
[INFO] [stdout] test vector4_int::test::test::zero ... ok
[INFO] [stdout] test vector4_int::test::test::mul_assign ... ok
[INFO] [stdout] test vector4_int::test::test::or ... ok
[INFO] [stdout] test vector4_int::test::test::set ... ok
[INFO] [stdout] test vector4_int::test::test::new ... ok
[INFO] [stdout] test vector4_int::test::test::set_x ... ok
[INFO] [stdout] test vector4_int::test::test::store ... ok
[INFO] [stdout] test vector4_int::test::test::not_equal ... ok
[INFO] [stdout] test vector4_int::test::test::neg ... ok
[INFO] [stdout] test vector4_int::test::test::mul ... ok
[INFO] [stdout] test vector4_int::test::test::min ... ok
[INFO] [stdout] test vector3::test::test::cos ... ok
[INFO] [stdout] test vector3::test::test::sin ... ok
[INFO] [stdout] 
[INFO] [stdout] failures:
[INFO] [stdout] 
[INFO] [stdout] ---- vector2::test::test::any stdout ----
[INFO] [stdout] thread 'vector2::test::test::any' panicked at 'assertion failed: `(left == right)`
[INFO] [stdout]   left: `true`,
[INFO] [stdout]  right: `false`', src/vector2/test.rs:322:13
[INFO] [stdout] stack backtrace:
[INFO] [stdout]    0:     0x5627e2141ac0 - std::backtrace_rs::backtrace::libunwind::trace::h34055254b57d8e79
[INFO] [stdout]                                at /rustc/a178d0322ce20e33eac124758e837cbd80a6f633/library/std/src/../../backtrace/src/backtrace/libunwind.rs:90:5
[INFO] [stdout]    1:     0x5627e2141ac0 - std::backtrace_rs::backtrace::trace_unsynchronized::h8f1e3fbd9afff6ec
[INFO] [stdout]                                at /rustc/a178d0322ce20e33eac124758e837cbd80a6f633/library/std/src/../../backtrace/src/backtrace/mod.rs:66:5
[INFO] [stdout]    2:     0x5627e2141ac0 - std::sys_common::backtrace::_print_fmt::h3a99a796b770c360
[INFO] [stdout]                                at /rustc/a178d0322ce20e33eac124758e837cbd80a6f633/library/std/src/sys_common/backtrace.rs:67:5
[INFO] [stdout]    3:     0x5627e2141ac0 - <std::sys_common::backtrace::_print::DisplayBacktrace as core::fmt::Display>::fmt::h32d1f94a80615d18
[INFO] [stdout]                                at /rustc/a178d0322ce20e33eac124758e837cbd80a6f633/library/std/src/sys_common/backtrace.rs:46:22
[INFO] [stdout]    4:     0x5627e2164b2c - core::fmt::write::h306731c068f7162c
[INFO] [stdout]                                at /rustc/a178d0322ce20e33eac124758e837cbd80a6f633/library/core/src/fmt/mod.rs:1110:17
[INFO] [stdout]    5:     0x5627e213e9e5 - std::io::Write::write_fmt::h87f19b0a2cd190bc
[INFO] [stdout]                                at /rustc/a178d0322ce20e33eac124758e837cbd80a6f633/library/std/src/io/mod.rs:1588:15
[INFO] [stdout]    6:     0x5627e2143c2b - std::sys_common::backtrace::_print::h5abaa2601a852287
[INFO] [stdout]                                at /rustc/a178d0322ce20e33eac124758e837cbd80a6f633/library/std/src/sys_common/backtrace.rs:49:5
[INFO] [stdout]    7:     0x5627e2143c2b - std::sys_common::backtrace::print::h8d81445442bb638f
[INFO] [stdout]                                at /rustc/a178d0322ce20e33eac124758e837cbd80a6f633/library/std/src/sys_common/backtrace.rs:36:9
[INFO] [stdout]    8:     0x5627e2143c2b - std::panicking::default_hook::{{closure}}::hcfe804496a9fa747
[INFO] [stdout]                                at /rustc/a178d0322ce20e33eac124758e837cbd80a6f633/library/std/src/panicking.rs:208:50
[INFO] [stdout]    9:     0x5627e214373c - std::panicking::default_hook::hbea8e3ccf2ba8901
[INFO] [stdout]                                at /rustc/a178d0322ce20e33eac124758e837cbd80a6f633/library/std/src/panicking.rs:222:9
[INFO] [stdout]   10:     0x5627e21442f4 - std::panicking::rust_panic_with_hook::h7ee9e1a2d0f8975a
[INFO] [stdout]                                at /rustc/a178d0322ce20e33eac124758e837cbd80a6f633/library/std/src/panicking.rs:622:17
[INFO] [stdout]   11:     0x5627e2143dd7 - std::panicking::begin_panic_handler::{{closure}}::h8ab3b4491718b2c7
[INFO] [stdout]                                at /rustc/a178d0322ce20e33eac124758e837cbd80a6f633/library/std/src/panicking.rs:519:13
[INFO] [stdout]   12:     0x5627e2141fbc - std::sys_common::backtrace::__rust_end_short_backtrace::hd489062ffa586a9f
[INFO] [stdout]                                at /rustc/a178d0322ce20e33eac124758e837cbd80a6f633/library/std/src/sys_common/backtrace.rs:141:18
[INFO] [stdout]   13:     0x5627e2143d39 - rust_begin_unwind
[INFO] [stdout]                                at /rustc/a178d0322ce20e33eac124758e837cbd80a6f633/library/std/src/panicking.rs:515:5
[INFO] [stdout]   14:     0x5627e20cd7f1 - core::panicking::panic_fmt::hca6330e3e14086b4
[INFO] [stdout]                                at /rustc/a178d0322ce20e33eac124758e837cbd80a6f633/library/core/src/panicking.rs:92:14
[INFO] [stdout]   15:     0x5627e2162bd8 - core::panicking::assert_failed_inner::h33b45280069a80ed
[INFO] [stdout]   16:     0x5627e20c812b - core::panicking::assert_failed::h92502cc80c9b9e76
[INFO] [stdout]                                at /rustc/a178d0322ce20e33eac124758e837cbd80a6f633/library/core/src/panicking.rs:117:5
[INFO] [stdout]   17:     0x5627e20daff2 - ico_math::vector2::test::test::any::h33c9f3145e8985b2
[INFO] [stdout]   18:     0x5627e2118fc3 - core::ops::function::FnOnce::call_once::h152e7e439ff59e19
[INFO] [stdout]                                at /rustc/a178d0322ce20e33eac124758e837cbd80a6f633/library/core/src/ops/function.rs:227:5
[INFO] [stdout]   19:     0x5627e2118fc3 - test::__rust_begin_short_backtrace::h0908f3b1fdbb72ab
[INFO] [stdout]                                at /rustc/a178d0322ce20e33eac124758e837cbd80a6f633/library/test/src/lib.rs:577:5
[INFO] [stdout]   20:     0x5627e2117a80 - <alloc::boxed::Box<F,A> as core::ops::function::FnOnce<Args>>::call_once::hf6d2a51e5587546c
[INFO] [stdout]                                at /rustc/a178d0322ce20e33eac124758e837cbd80a6f633/library/alloc/src/boxed.rs:1575:9
[INFO] [stdout]   21:     0x5627e2117a80 - <std::panic::AssertUnwindSafe<F> as core::ops::function::FnOnce<()>>::call_once::h8af660f3a89ef593
[INFO] [stdout]                                at /rustc/a178d0322ce20e33eac124758e837cbd80a6f633/library/std/src/panic.rs:347:9
[INFO] [stdout]   22:     0x5627e2117a80 - std::panicking::try::do_call::hd36aef60f84b6d36
[INFO] [stdout]                                at /rustc/a178d0322ce20e33eac124758e837cbd80a6f633/library/std/src/panicking.rs:401:40
[INFO] [stdout]   23:     0x5627e2117a80 - std::panicking::try::h9932b4480e69817c
[INFO] [stdout]                                at /rustc/a178d0322ce20e33eac124758e837cbd80a6f633/library/std/src/panicking.rs:365:19
[INFO] [stdout]   24:     0x5627e2117a80 - std::panic::catch_unwind::h6aa177099cfff5f8
[INFO] [stdout]                                at /rustc/a178d0322ce20e33eac124758e837cbd80a6f633/library/std/src/panic.rs:434:14
[INFO] [stdout]   25:     0x5627e2117a80 - test::run_test_in_process::h5884d6f2d99e20c3
[INFO] [stdout]                                at /rustc/a178d0322ce20e33eac124758e837cbd80a6f633/library/test/src/lib.rs:600:18
[INFO] [stdout]   26:     0x5627e2117a80 - test::run_test::run_test_inner::{{closure}}::h6fdc58c6d5f5b6e3
[INFO] [stdout]                                at /rustc/a178d0322ce20e33eac124758e837cbd80a6f633/library/test/src/lib.rs:492:39
[INFO] [stdout]   27:     0x5627e20f1132 - test::run_test::run_test_inner::{{closure}}::h408365d67a78ade8
[INFO] [stdout]                                at /rustc/a178d0322ce20e33eac124758e837cbd80a6f633/library/test/src/lib.rs:519:37
[INFO] [stdout]   28:     0x5627e20f1132 - std::sys_common::backtrace::__rust_begin_short_backtrace::hb560b77c4f701523
[INFO] [stdout]                                at /rustc/a178d0322ce20e33eac124758e837cbd80a6f633/library/std/src/sys_common/backtrace.rs:125:18
[INFO] [stdout]   29:     0x5627e20f4ce8 - std::thread::Builder::spawn_unchecked::{{closure}}::{{closure}}::hf2e7831dad93c597
[INFO] [stdout]                                at /rustc/a178d0322ce20e33eac124758e837cbd80a6f633/library/std/src/thread/mod.rs:481:17
[INFO] [stdout]   30:     0x5627e20f4ce8 - <std::panic::AssertUnwindSafe<F> as core::ops::function::FnOnce<()>>::call_once::hd2e08783d8be4d02
[INFO] [stdout]                                at /rustc/a178d0322ce20e33eac124758e837cbd80a6f633/library/std/src/panic.rs:347:9
[INFO] [stdout]   31:     0x5627e20f4ce8 - std::panicking::try::do_call::h062597b7acfd6b82
[INFO] [stdout]                                at /rustc/a178d0322ce20e33eac124758e837cbd80a6f633/library/std/src/panicking.rs:401:40
[INFO] [stdout]   32:     0x5627e20f4ce8 - std::panicking::try::h0d7b79db04c14552
[INFO] [stdout]                                at /rustc/a178d0322ce20e33eac124758e837cbd80a6f633/library/std/src/panicking.rs:365:19
[INFO] [stdout]   33:     0x5627e20f4ce8 - std::panic::catch_unwind::hb01a0b5e7c8cd43b
[INFO] [stdout]                                at /rustc/a178d0322ce20e33eac124758e837cbd80a6f633/library/std/src/panic.rs:434:14
[INFO] [stdout]   34:     0x5627e20f4ce8 - std::thread::Builder::spawn_unchecked::{{closure}}::h5bde48cc887e0d1e
[INFO] [stdout]                                at /rustc/a178d0322ce20e33eac124758e837cbd80a6f633/library/std/src/thread/mod.rs:480:30
[INFO] [stdout]   35:     0x5627e20f4ce8 - core::ops::function::FnOnce::call_once{{vtable.shim}}::h745ea30807a29e55
[INFO] [stdout]                                at /rustc/a178d0322ce20e33eac124758e837cbd80a6f633/library/core/src/ops/function.rs:227:5
[INFO] [stdout]   36:     0x5627e2148db7 - <alloc::boxed::Box<F,A> as core::ops::function::FnOnce<Args>>::call_once::h7ece6cfefaff1005
[INFO] [stdout]                                at /rustc/a178d0322ce20e33eac124758e837cbd80a6f633/library/alloc/src/boxed.rs:1575:9
[INFO] [stdout]   37:     0x5627e2148db7 - <alloc::boxed::Box<F,A> as core::ops::function::FnOnce<Args>>::call_once::hb8b48e55c21f193e
[INFO] [stdout]                                at /rustc/a178d0322ce20e33eac124758e837cbd80a6f633/library/alloc/src/boxed.rs:1575:9
[INFO] [stdout]   38:     0x5627e2148db7 - std::sys::unix::thread::Thread::new::thread_start::h8c7c4450dba62914
[INFO] [stdout]                                at /rustc/a178d0322ce20e33eac124758e837cbd80a6f633/library/std/src/sys/unix/thread.rs:71:17
[INFO] [stdout]   39:     0x7fe292604609 - start_thread
[INFO] [stdout]   40:     0x7fe2923d6293 - clone
[INFO] [stdout]   41:                0x0 - <unknown>
[INFO] [stdout] 
[INFO] [stdout] 
[INFO] [stdout] failures:
[INFO] [stdout]     vector2::test::test::any
[INFO] [stdout] 
[INFO] [stdout] test result: FAILED. 260 passed; 1 failed; 0 ignored; 0 measured; 0 filtered out; finished in 0.23s
[INFO] [stdout] 
[INFO] [stderr] error: test failed, to rerun pass '--lib'
[INFO] running `Command { std: "docker" "inspect" "81881b0934aa561035454cb4cf6b251c919ece6cc86f4d4a4bc8ad72bf56d657", kill_on_drop: false }`
[INFO] running `Command { std: "docker" "rm" "-f" "81881b0934aa561035454cb4cf6b251c919ece6cc86f4d4a4bc8ad72bf56d657", kill_on_drop: false }`
[INFO] [stdout] 81881b0934aa561035454cb4cf6b251c919ece6cc86f4d4a4bc8ad72bf56d657
