[INFO] fetching crate icee-rabbit-rs 0.1.13...
[INFO] testing icee-rabbit-rs-0.1.13 against beta-2021-08-01 for beta-1.55-1
[INFO] extracting crate icee-rabbit-rs 0.1.13 into /workspace/builds/worker-6/source
[INFO] validating manifest of crates.io crate icee-rabbit-rs 0.1.13 on toolchain beta-2021-08-01
[INFO] running `Command { std: "/workspace/cargo-home/bin/cargo" "+beta-2021-08-01" "metadata" "--manifest-path" "Cargo.toml" "--no-deps", kill_on_drop: false }`
[INFO] started tweaking crates.io crate icee-rabbit-rs 0.1.13
[INFO] finished tweaking crates.io crate icee-rabbit-rs 0.1.13
[INFO] tweaked toml for crates.io crate icee-rabbit-rs 0.1.13 written to /workspace/builds/worker-6/source/Cargo.toml
[INFO] running `Command { std: "/workspace/cargo-home/bin/cargo" "+beta-2021-08-01" "generate-lockfile" "--manifest-path" "Cargo.toml" "-Zno-index-update", kill_on_drop: false }`
[INFO] [stderr]     Blocking waiting for file lock on package cache
[INFO] running `Command { std: "/workspace/cargo-home/bin/cargo" "+beta-2021-08-01" "fetch" "--manifest-path" "Cargo.toml", kill_on_drop: false }`
[INFO] [stderr]  Downloading crates ...
[INFO] [stderr]   Downloaded cookie-factory v0.3.2
[INFO] [stderr]   Downloaded tcp-stream v0.20.7
[INFO] [stderr]   Downloaded amq-protocol-types v6.0.3
[INFO] [stderr]   Downloaded amq-protocol v6.0.3
[INFO] [stderr]   Downloaded async-amqp v1.2.0
[INFO] [stderr]   Downloaded amq-protocol-uri v6.0.3
[INFO] [stderr]   Downloaded async-lapin v1.2.0
[INFO] [stderr]   Downloaded amq-protocol-tcp v6.0.3
[INFO] [stderr]   Downloaded pinky-swear v4.4.0
[INFO] [stderr]   Downloaded lapin v1.7.1
[INFO] [stderr]   Downloaded icee-config-rs v0.1.2
[INFO] [stderr]   Downloaded icee-container-rs v0.1.2
[INFO] running `Command { std: "docker" "create" "-v" "/var/lib/crater-agent-workspace/builds/worker-6/target:/opt/rustwide/target:rw,Z" "-v" "/var/lib/crater-agent-workspace/builds/worker-6/source:/opt/rustwide/workdir:ro,Z" "-v" "/var/lib/crater-agent-workspace/cargo-home:/opt/rustwide/cargo-home:ro,Z" "-v" "/var/lib/crater-agent-workspace/rustup-home:/opt/rustwide/rustup-home:ro,Z" "-e" "SOURCE_DIR=/opt/rustwide/workdir" "-e" "CARGO_TARGET_DIR=/opt/rustwide/target" "-e" "CARGO_HOME=/opt/rustwide/cargo-home" "-e" "RUSTUP_HOME=/opt/rustwide/rustup-home" "-w" "/opt/rustwide/workdir" "-m" "1610612736" "--user" "0:0" "--network" "none" "ghcr.io/rust-lang/crates-build-env/linux@sha256:34b6a614d2c27851fe6cbf88fbd1137609cefab8b10d0615aaeb6fd47975d74e" "/opt/rustwide/cargo-home/bin/cargo" "+beta-2021-08-01" "metadata" "--no-deps" "--format-version=1", kill_on_drop: false }`
[INFO] [stdout] 202a799a2941abf84806077ce22edf044937b840abdb4739c9519bf1e06c8b2a
[INFO] [stderr] WARNING: Your kernel does not support swap limit capabilities or the cgroup is not mounted. Memory limited without swap.
[INFO] running `Command { std: "docker" "start" "-a" "202a799a2941abf84806077ce22edf044937b840abdb4739c9519bf1e06c8b2a", kill_on_drop: false }`
[INFO] running `Command { std: "docker" "inspect" "202a799a2941abf84806077ce22edf044937b840abdb4739c9519bf1e06c8b2a", kill_on_drop: false }`
[INFO] running `Command { std: "docker" "rm" "-f" "202a799a2941abf84806077ce22edf044937b840abdb4739c9519bf1e06c8b2a", kill_on_drop: false }`
[INFO] [stdout] 202a799a2941abf84806077ce22edf044937b840abdb4739c9519bf1e06c8b2a
[INFO] running `Command { std: "docker" "create" "-v" "/var/lib/crater-agent-workspace/builds/worker-6/target:/opt/rustwide/target:rw,Z" "-v" "/var/lib/crater-agent-workspace/builds/worker-6/source:/opt/rustwide/workdir:ro,Z" "-v" "/var/lib/crater-agent-workspace/cargo-home:/opt/rustwide/cargo-home:ro,Z" "-v" "/var/lib/crater-agent-workspace/rustup-home:/opt/rustwide/rustup-home:ro,Z" "-e" "SOURCE_DIR=/opt/rustwide/workdir" "-e" "CARGO_TARGET_DIR=/opt/rustwide/target" "-e" "CARGO_INCREMENTAL=0" "-e" "RUST_BACKTRACE=full" "-e" "RUSTFLAGS=--cap-lints=warn" "-e" "CARGO_HOME=/opt/rustwide/cargo-home" "-e" "RUSTUP_HOME=/opt/rustwide/rustup-home" "-w" "/opt/rustwide/workdir" "-m" "1610612736" "--user" "0:0" "--network" "none" "ghcr.io/rust-lang/crates-build-env/linux@sha256:34b6a614d2c27851fe6cbf88fbd1137609cefab8b10d0615aaeb6fd47975d74e" "/opt/rustwide/cargo-home/bin/cargo" "+beta-2021-08-01" "build" "--frozen" "--message-format=json", kill_on_drop: false }`
[INFO] [stdout] dd7d4e1cad7e45b05afc64a76149141d4e786212fa19843bb6e5088de94e38ec
[INFO] [stderr] WARNING: Your kernel does not support swap limit capabilities or the cgroup is not mounted. Memory limited without swap.
[INFO] running `Command { std: "docker" "start" "-a" "dd7d4e1cad7e45b05afc64a76149141d4e786212fa19843bb6e5088de94e38ec", kill_on_drop: false }`
[INFO] [stderr]    Compiling log v0.4.14
[INFO] [stderr]    Compiling funty v1.1.0
[INFO] [stderr]    Compiling tracing-core v0.1.18
[INFO] [stderr]    Compiling cookie-factory v0.3.2
[INFO] [stderr]    Compiling amq-protocol v6.0.3
[INFO] [stderr]    Compiling lapin v1.7.1
[INFO] [stderr]    Compiling rust-ini v0.13.0
[INFO] [stderr]    Compiling nom v6.1.2
[INFO] [stderr]    Compiling serde_test v0.8.23
[INFO] [stderr]    Compiling futures-lite v1.12.0
[INFO] [stderr]    Compiling nom v5.1.2
[INFO] [stderr]    Compiling ctor v0.1.20
[INFO] [stderr]    Compiling pem v0.8.3
[INFO] [stderr]    Compiling async-attributes v1.1.2
[INFO] [stderr]    Compiling amq-protocol-uri v6.0.3
[INFO] [stderr]    Compiling serde_json v1.0.66
[INFO] [stderr]    Compiling toml v0.5.8
[INFO] [stderr]    Compiling linked-hash-map v0.3.0
[INFO] [stderr]    Compiling tracing v0.1.26
[INFO] [stderr]    Compiling bitvec v0.19.5
[INFO] [stderr]    Compiling serde-hjson v0.9.1
[INFO] [stderr]    Compiling pinky-swear v4.4.0
[INFO] [stderr]    Compiling async-executor v1.4.1
[INFO] [stderr]    Compiling blocking v1.0.2
[INFO] [stderr]    Compiling value-bag v1.0.0-alpha.7
[INFO] [stderr]    Compiling mio v0.7.13
[INFO] [stderr]    Compiling polling v2.1.0
[INFO] [stderr]    Compiling native-tls v0.2.7
[INFO] [stderr]    Compiling kv-log-macro v1.0.7
[INFO] [stderr]    Compiling config v0.10.1
[INFO] [stderr]    Compiling async-io v1.6.0
[INFO] [stderr]    Compiling tcp-stream v0.20.7
[INFO] [stderr]    Compiling amq-protocol-tcp v6.0.3
[INFO] [stderr]    Compiling async-global-executor v2.0.2
[INFO] [stderr]    Compiling icee-config-rs v0.1.2
[INFO] [stderr]    Compiling async-std v1.9.0
[INFO] [stderr]    Compiling amq-protocol-types v6.0.3
[INFO] [stderr]    Compiling icee-container-rs v0.1.2
[INFO] [stderr]    Compiling async-lapin v1.2.0
[INFO] [stderr]    Compiling async-amqp v1.2.0
[INFO] [stderr]    Compiling icee-rabbit-rs v0.1.13 (/opt/rustwide/workdir)
[INFO] [stderr]     Finished dev [unoptimized + debuginfo] target(s) in 56.63s
[INFO] running `Command { std: "docker" "inspect" "dd7d4e1cad7e45b05afc64a76149141d4e786212fa19843bb6e5088de94e38ec", kill_on_drop: false }`
[INFO] running `Command { std: "docker" "rm" "-f" "dd7d4e1cad7e45b05afc64a76149141d4e786212fa19843bb6e5088de94e38ec", kill_on_drop: false }`
[INFO] [stdout] dd7d4e1cad7e45b05afc64a76149141d4e786212fa19843bb6e5088de94e38ec
[INFO] running `Command { std: "docker" "create" "-v" "/var/lib/crater-agent-workspace/builds/worker-6/target:/opt/rustwide/target:rw,Z" "-v" "/var/lib/crater-agent-workspace/builds/worker-6/source:/opt/rustwide/workdir:ro,Z" "-v" "/var/lib/crater-agent-workspace/cargo-home:/opt/rustwide/cargo-home:ro,Z" "-v" "/var/lib/crater-agent-workspace/rustup-home:/opt/rustwide/rustup-home:ro,Z" "-e" "SOURCE_DIR=/opt/rustwide/workdir" "-e" "CARGO_TARGET_DIR=/opt/rustwide/target" "-e" "CARGO_INCREMENTAL=0" "-e" "RUST_BACKTRACE=full" "-e" "RUSTFLAGS=--cap-lints=warn" "-e" "CARGO_HOME=/opt/rustwide/cargo-home" "-e" "RUSTUP_HOME=/opt/rustwide/rustup-home" "-w" "/opt/rustwide/workdir" "-m" "1610612736" "--user" "0:0" "--network" "none" "ghcr.io/rust-lang/crates-build-env/linux@sha256:34b6a614d2c27851fe6cbf88fbd1137609cefab8b10d0615aaeb6fd47975d74e" "/opt/rustwide/cargo-home/bin/cargo" "+beta-2021-08-01" "test" "--frozen" "--no-run" "--message-format=json", kill_on_drop: false }`
[INFO] [stdout] 65a43b13c501ba60ca4898b6a0989cb3a6f1f5b79ced8bd2bccfc207427a9679
[INFO] [stderr] WARNING: Your kernel does not support swap limit capabilities or the cgroup is not mounted. Memory limited without swap.
[INFO] running `Command { std: "docker" "start" "-a" "65a43b13c501ba60ca4898b6a0989cb3a6f1f5b79ced8bd2bccfc207427a9679", kill_on_drop: false }`
[INFO] [stderr]    Compiling icee-rabbit-rs v0.1.13 (/opt/rustwide/workdir)
[INFO] [stderr]     Finished test [unoptimized + debuginfo] target(s) in 2.32s
[INFO] running `Command { std: "docker" "inspect" "65a43b13c501ba60ca4898b6a0989cb3a6f1f5b79ced8bd2bccfc207427a9679", kill_on_drop: false }`
[INFO] running `Command { std: "docker" "rm" "-f" "65a43b13c501ba60ca4898b6a0989cb3a6f1f5b79ced8bd2bccfc207427a9679", kill_on_drop: false }`
[INFO] [stdout] 65a43b13c501ba60ca4898b6a0989cb3a6f1f5b79ced8bd2bccfc207427a9679
[INFO] running `Command { std: "docker" "create" "-v" "/var/lib/crater-agent-workspace/builds/worker-6/target:/opt/rustwide/target:rw,Z" "-v" "/var/lib/crater-agent-workspace/builds/worker-6/source:/opt/rustwide/workdir:ro,Z" "-v" "/var/lib/crater-agent-workspace/cargo-home:/opt/rustwide/cargo-home:ro,Z" "-v" "/var/lib/crater-agent-workspace/rustup-home:/opt/rustwide/rustup-home:ro,Z" "-e" "SOURCE_DIR=/opt/rustwide/workdir" "-e" "CARGO_TARGET_DIR=/opt/rustwide/target" "-e" "CARGO_INCREMENTAL=0" "-e" "RUST_BACKTRACE=full" "-e" "RUSTFLAGS=--cap-lints=warn" "-e" "CARGO_HOME=/opt/rustwide/cargo-home" "-e" "RUSTUP_HOME=/opt/rustwide/rustup-home" "-w" "/opt/rustwide/workdir" "-m" "1610612736" "--user" "0:0" "--network" "none" "ghcr.io/rust-lang/crates-build-env/linux@sha256:34b6a614d2c27851fe6cbf88fbd1137609cefab8b10d0615aaeb6fd47975d74e" "/opt/rustwide/cargo-home/bin/cargo" "+beta-2021-08-01" "test" "--frozen", kill_on_drop: false }`
[INFO] [stdout] 067da5ce8c7ef0fa964e89da2f2e28429ef7f8224df1e44920289e58245f238c
[INFO] [stderr] WARNING: Your kernel does not support swap limit capabilities or the cgroup is not mounted. Memory limited without swap.
[INFO] running `Command { std: "docker" "start" "-a" "067da5ce8c7ef0fa964e89da2f2e28429ef7f8224df1e44920289e58245f238c", kill_on_drop: false }`
[INFO] [stderr]     Finished test [unoptimized + debuginfo] target(s) in 0.13s
[INFO] [stderr]      Running unittests (/opt/rustwide/target/debug/deps/icee_rabbit_rs-d56636cf1376fe6b)
[INFO] [stdout] 
[INFO] [stderr]    Doc-tests icee-rabbit-rs
[INFO] [stdout] running 0 tests
[INFO] [stdout] 
[INFO] [stdout] test result: ok. 0 passed; 0 failed; 0 ignored; 0 measured; 0 filtered out; finished in 0.00s
[INFO] [stdout] 
[INFO] [stdout] 
[INFO] [stdout] running 7 tests
[INFO] [stdout] test src/rabbitmq/consumer.rs - rabbitmq::consumer::AmqpConsumer (line 20) - compile ... ok
[INFO] [stdout] test src/rabbitmq/publisher.rs - rabbitmq::publisher::AmqpPublisher (line 12) - compile ... FAILED
[INFO] [stdout] test src/rabbitmq/consumer.rs - rabbitmq::consumer::AmqpConsumer (line 37) - compile ... ok
[INFO] [stdout] test src/model/message.rs - model::message::Message::header_string (line 23) ... ok
[INFO] [stdout] test src/model/message.rs - model::message::Message::header_i32 (line 82) ... ok
[INFO] [stdout] test src/model/message.rs - model::message::Message::header_string_default (line 52) ... ok
[INFO] [stdout] test src/model/message.rs - model::message::Message::header_i32_default (line 112) ... ok
[INFO] [stdout] 
[INFO] [stdout] failures:
[INFO] [stdout] 
[INFO] [stdout] ---- src/rabbitmq/publisher.rs - rabbitmq::publisher::AmqpPublisher (line 12) stdout ----
[INFO] [stdout] error[E0061]: this function takes 3 arguments but 1 argument was supplied
[INFO] [stdout]   --> src/rabbitmq/publisher.rs:20:11
[INFO] [stdout]    |
[INFO] [stdout] 10 | publisher.publish(message);
[INFO] [stdout]    |           ^^^^^^^ ------- supplied 1 argument
[INFO] [stdout]    |           |
[INFO] [stdout]    |           expected 3 arguments
[INFO] [stdout]    |
[INFO] [stdout] note: associated function defined here
[INFO] [stdout]   --> /opt/rustwide/workdir/src/rabbitmq/publisher.rs:62:18
[INFO] [stdout]    |
[INFO] [stdout] 62 |     pub async fn publish(&self, message: Message, exchange_key_override: Option<&str>, routing_key_override: Option<&str>) {
[INFO] [stdout]    |                  ^^^^^^^
[INFO] [stdout] 
[INFO] [stdout] error: aborting due to previous error
[INFO] [stdout] 
[INFO] [stdout] For more information about this error, try `rustc --explain E0061`.
[INFO] [stdout] Couldn't compile the test.
[INFO] [stdout] 
[INFO] [stdout] failures:
[INFO] [stdout]     src/rabbitmq/publisher.rs - rabbitmq::publisher::AmqpPublisher (line 12)
[INFO] [stdout] 
[INFO] [stdout] test result: FAILED. 6 passed; 1 failed; 0 ignored; 0 measured; 0 filtered out; finished in 16.73s
[INFO] [stdout] 
[INFO] [stderr] error: test failed, to rerun pass '--doc'
[INFO] running `Command { std: "docker" "inspect" "067da5ce8c7ef0fa964e89da2f2e28429ef7f8224df1e44920289e58245f238c", kill_on_drop: false }`
[INFO] running `Command { std: "docker" "rm" "-f" "067da5ce8c7ef0fa964e89da2f2e28429ef7f8224df1e44920289e58245f238c", kill_on_drop: false }`
[INFO] [stdout] 067da5ce8c7ef0fa964e89da2f2e28429ef7f8224df1e44920289e58245f238c
