[INFO] fetching crate ibuilder_derive 0.1.7...
[INFO] testing ibuilder_derive-0.1.7 against beta-2021-08-01 for beta-1.55-1
[INFO] extracting crate ibuilder_derive 0.1.7 into /workspace/builds/worker-14/source
[INFO] validating manifest of crates.io crate ibuilder_derive 0.1.7 on toolchain beta-2021-08-01
[INFO] running `Command { std: "/workspace/cargo-home/bin/cargo" "+beta-2021-08-01" "metadata" "--manifest-path" "Cargo.toml" "--no-deps", kill_on_drop: false }`
[INFO] started tweaking crates.io crate ibuilder_derive 0.1.7
[INFO] finished tweaking crates.io crate ibuilder_derive 0.1.7
[INFO] tweaked toml for crates.io crate ibuilder_derive 0.1.7 written to /workspace/builds/worker-14/source/Cargo.toml
[INFO] running `Command { std: "/workspace/cargo-home/bin/cargo" "+beta-2021-08-01" "generate-lockfile" "--manifest-path" "Cargo.toml" "-Zno-index-update", kill_on_drop: false }`
[INFO] [stderr]     Blocking waiting for file lock on package cache
[INFO] running `Command { std: "/workspace/cargo-home/bin/cargo" "+beta-2021-08-01" "fetch" "--manifest-path" "Cargo.toml", kill_on_drop: false }`
[INFO] [stderr]     Blocking waiting for file lock on package cache
[INFO] [stderr]     Blocking waiting for file lock on package cache
[INFO] running `Command { std: "docker" "create" "-v" "/var/lib/crater-agent-workspace/builds/worker-14/target:/opt/rustwide/target:rw,Z" "-v" "/var/lib/crater-agent-workspace/builds/worker-14/source:/opt/rustwide/workdir:ro,Z" "-v" "/var/lib/crater-agent-workspace/cargo-home:/opt/rustwide/cargo-home:ro,Z" "-v" "/var/lib/crater-agent-workspace/rustup-home:/opt/rustwide/rustup-home:ro,Z" "-e" "SOURCE_DIR=/opt/rustwide/workdir" "-e" "CARGO_TARGET_DIR=/opt/rustwide/target" "-e" "CARGO_HOME=/opt/rustwide/cargo-home" "-e" "RUSTUP_HOME=/opt/rustwide/rustup-home" "-w" "/opt/rustwide/workdir" "-m" "1610612736" "--user" "0:0" "--network" "none" "ghcr.io/rust-lang/crates-build-env/linux@sha256:34b6a614d2c27851fe6cbf88fbd1137609cefab8b10d0615aaeb6fd47975d74e" "/opt/rustwide/cargo-home/bin/cargo" "+beta-2021-08-01" "metadata" "--no-deps" "--format-version=1", kill_on_drop: false }`
[INFO] [stdout] cbb7ef3366e1da459b30e05c030ebfedb3fbdbee4fd9ea29bbeafb4c6d268c7a
[INFO] running `Command { std: "docker" "start" "-a" "cbb7ef3366e1da459b30e05c030ebfedb3fbdbee4fd9ea29bbeafb4c6d268c7a", kill_on_drop: false }`
[INFO] running `Command { std: "docker" "inspect" "cbb7ef3366e1da459b30e05c030ebfedb3fbdbee4fd9ea29bbeafb4c6d268c7a", kill_on_drop: false }`
[INFO] running `Command { std: "docker" "rm" "-f" "cbb7ef3366e1da459b30e05c030ebfedb3fbdbee4fd9ea29bbeafb4c6d268c7a", kill_on_drop: false }`
[INFO] [stdout] cbb7ef3366e1da459b30e05c030ebfedb3fbdbee4fd9ea29bbeafb4c6d268c7a
[INFO] running `Command { std: "docker" "create" "-v" "/var/lib/crater-agent-workspace/builds/worker-14/target:/opt/rustwide/target:rw,Z" "-v" "/var/lib/crater-agent-workspace/builds/worker-14/source:/opt/rustwide/workdir:ro,Z" "-v" "/var/lib/crater-agent-workspace/cargo-home:/opt/rustwide/cargo-home:ro,Z" "-v" "/var/lib/crater-agent-workspace/rustup-home:/opt/rustwide/rustup-home:ro,Z" "-e" "SOURCE_DIR=/opt/rustwide/workdir" "-e" "CARGO_TARGET_DIR=/opt/rustwide/target" "-e" "CARGO_INCREMENTAL=0" "-e" "RUST_BACKTRACE=full" "-e" "RUSTFLAGS=--cap-lints=warn" "-e" "CARGO_HOME=/opt/rustwide/cargo-home" "-e" "RUSTUP_HOME=/opt/rustwide/rustup-home" "-w" "/opt/rustwide/workdir" "-m" "1610612736" "--user" "0:0" "--network" "none" "ghcr.io/rust-lang/crates-build-env/linux@sha256:34b6a614d2c27851fe6cbf88fbd1137609cefab8b10d0615aaeb6fd47975d74e" "/opt/rustwide/cargo-home/bin/cargo" "+beta-2021-08-01" "build" "--frozen" "--message-format=json", kill_on_drop: false }`
[INFO] [stdout] bc4d4479ba8776b1f21c4d1306df02b8ae548bf5e449c7ee1c2676e1f4946a26
[INFO] running `Command { std: "docker" "start" "-a" "bc4d4479ba8776b1f21c4d1306df02b8ae548bf5e449c7ee1c2676e1f4946a26", kill_on_drop: false }`
[INFO] [stderr]     Blocking waiting for file lock on package cache
[INFO] [stderr]    Compiling syn v1.0.74
[INFO] [stderr]    Compiling proc-macro-error-attr v1.0.4
[INFO] [stderr]    Compiling proc-macro-error v1.0.4
[INFO] [stderr]    Compiling ibuilder_derive v0.1.7 (/opt/rustwide/workdir)
[INFO] [stderr]     Finished dev [unoptimized + debuginfo] target(s) in 23.90s
[INFO] running `Command { std: "docker" "inspect" "bc4d4479ba8776b1f21c4d1306df02b8ae548bf5e449c7ee1c2676e1f4946a26", kill_on_drop: false }`
[INFO] running `Command { std: "docker" "rm" "-f" "bc4d4479ba8776b1f21c4d1306df02b8ae548bf5e449c7ee1c2676e1f4946a26", kill_on_drop: false }`
[INFO] [stdout] bc4d4479ba8776b1f21c4d1306df02b8ae548bf5e449c7ee1c2676e1f4946a26
[INFO] running `Command { std: "docker" "create" "-v" "/var/lib/crater-agent-workspace/builds/worker-14/target:/opt/rustwide/target:rw,Z" "-v" "/var/lib/crater-agent-workspace/builds/worker-14/source:/opt/rustwide/workdir:ro,Z" "-v" "/var/lib/crater-agent-workspace/cargo-home:/opt/rustwide/cargo-home:ro,Z" "-v" "/var/lib/crater-agent-workspace/rustup-home:/opt/rustwide/rustup-home:ro,Z" "-e" "SOURCE_DIR=/opt/rustwide/workdir" "-e" "CARGO_TARGET_DIR=/opt/rustwide/target" "-e" "CARGO_INCREMENTAL=0" "-e" "RUST_BACKTRACE=full" "-e" "RUSTFLAGS=--cap-lints=warn" "-e" "CARGO_HOME=/opt/rustwide/cargo-home" "-e" "RUSTUP_HOME=/opt/rustwide/rustup-home" "-w" "/opt/rustwide/workdir" "-m" "1610612736" "--user" "0:0" "--network" "none" "ghcr.io/rust-lang/crates-build-env/linux@sha256:34b6a614d2c27851fe6cbf88fbd1137609cefab8b10d0615aaeb6fd47975d74e" "/opt/rustwide/cargo-home/bin/cargo" "+beta-2021-08-01" "test" "--frozen" "--no-run" "--message-format=json", kill_on_drop: false }`
[INFO] [stdout] 71c27fc608a592d0c42058bdf7d46cb40e5f445c2db547651f0cef3fb6188576
[INFO] running `Command { std: "docker" "start" "-a" "71c27fc608a592d0c42058bdf7d46cb40e5f445c2db547651f0cef3fb6188576", kill_on_drop: false }`
[INFO] [stderr]    Compiling ibuilder_derive v0.1.7 (/opt/rustwide/workdir)
[INFO] [stderr]     Finished test [unoptimized + debuginfo] target(s) in 1.28s
[INFO] running `Command { std: "docker" "inspect" "71c27fc608a592d0c42058bdf7d46cb40e5f445c2db547651f0cef3fb6188576", kill_on_drop: false }`
[INFO] running `Command { std: "docker" "rm" "-f" "71c27fc608a592d0c42058bdf7d46cb40e5f445c2db547651f0cef3fb6188576", kill_on_drop: false }`
[INFO] [stdout] 71c27fc608a592d0c42058bdf7d46cb40e5f445c2db547651f0cef3fb6188576
[INFO] running `Command { std: "docker" "create" "-v" "/var/lib/crater-agent-workspace/builds/worker-14/target:/opt/rustwide/target:rw,Z" "-v" "/var/lib/crater-agent-workspace/builds/worker-14/source:/opt/rustwide/workdir:ro,Z" "-v" "/var/lib/crater-agent-workspace/cargo-home:/opt/rustwide/cargo-home:ro,Z" "-v" "/var/lib/crater-agent-workspace/rustup-home:/opt/rustwide/rustup-home:ro,Z" "-e" "SOURCE_DIR=/opt/rustwide/workdir" "-e" "CARGO_TARGET_DIR=/opt/rustwide/target" "-e" "CARGO_INCREMENTAL=0" "-e" "RUST_BACKTRACE=full" "-e" "RUSTFLAGS=--cap-lints=warn" "-e" "CARGO_HOME=/opt/rustwide/cargo-home" "-e" "RUSTUP_HOME=/opt/rustwide/rustup-home" "-w" "/opt/rustwide/workdir" "-m" "1610612736" "--user" "0:0" "--network" "none" "ghcr.io/rust-lang/crates-build-env/linux@sha256:34b6a614d2c27851fe6cbf88fbd1137609cefab8b10d0615aaeb6fd47975d74e" "/opt/rustwide/cargo-home/bin/cargo" "+beta-2021-08-01" "test" "--frozen", kill_on_drop: false }`
[INFO] [stdout] 8c66fa7b06a29458a479d81f17b992b66676ebab82c352386fe55938237cfaa9
[INFO] running `Command { std: "docker" "start" "-a" "8c66fa7b06a29458a479d81f17b992b66676ebab82c352386fe55938237cfaa9", kill_on_drop: false }`
[INFO] [stderr]     Blocking waiting for file lock on package cache
[INFO] [stderr]     Finished test [unoptimized + debuginfo] target(s) in 0.42s
[INFO] [stderr]      Running unittests (/opt/rustwide/target/debug/deps/ibuilder_derive-372daa48ec372257)
[INFO] [stdout] 
[INFO] [stdout] running 0 tests
[INFO] [stdout] 
[INFO] [stdout] test result: ok. 0 passed; 0 failed; 0 ignored; 0 measured; 0 filtered out; finished in 0.00s
[INFO] [stdout] 
[INFO] [stderr]    Doc-tests ibuilder_derive
[INFO] [stdout] 
[INFO] [stdout] running 6 tests
[INFO] [stdout] test src/lib.rs - ibuilder_derive (line 52) ... FAILED
[INFO] [stdout] test src/lib.rs - (line 10) ... FAILED
[INFO] [stdout] test src/lib.rs - ibuilder_derive (line 145) ... FAILED
[INFO] [stdout] test src/lib.rs - ibuilder_derive (line 129) ... FAILED
[INFO] [stdout] test src/lib.rs - ibuilder_derive (line 76) ... FAILED
[INFO] [stdout] test src/lib.rs - ibuilder_derive (line 103) ... FAILED
[INFO] [stderr] error: test failed, to rerun pass '--doc'
[INFO] [stdout] 
[INFO] [stdout] failures:
[INFO] [stdout] 
[INFO] [stdout] ---- src/lib.rs - ibuilder_derive (line 52) stdout ----
[INFO] [stdout] error[E0433]: failed to resolve: use of undeclared crate or module `ibuilder`
[INFO] [stdout]  --> src/lib.rs:54:10
[INFO] [stdout]   |
[INFO] [stdout] 5 | #[derive(IBuilder)]
[INFO] [stdout]   |          ^^^^^^^^ use of undeclared crate or module `ibuilder`
[INFO] [stdout]   |
[INFO] [stdout]   = note: this error originates in the derive macro `IBuilder` (in Nightly builds, run with -Z macro-backtrace for more info)
[INFO] [stdout] 
[INFO] [stdout] error[E0433]: failed to resolve: use of undeclared crate or module `ibuilder`
[INFO] [stdout]   --> src/lib.rs:60:10
[INFO] [stdout]    |
[INFO] [stdout] 11 | #[derive(IBuilder)]
[INFO] [stdout]    |          ^^^^^^^^ use of undeclared crate or module `ibuilder`
[INFO] [stdout]    |
[INFO] [stdout]    = note: this error originates in the derive macro `IBuilder` (in Nightly builds, run with -Z macro-backtrace for more info)
[INFO] [stdout] 
[INFO] [stdout] error[E0433]: failed to resolve: use of undeclared crate or module `ibuilder`
[INFO] [stdout]   --> src/lib.rs:60:10
[INFO] [stdout]    |
[INFO] [stdout] 11 | #[derive(IBuilder)]
[INFO] [stdout]    |          ^^^^^^^^ use of undeclared crate or module `ibuilder`
[INFO] [stdout]    |
[INFO] [stdout]    = note: this error originates in the derive macro `IBuilder` (in Nightly builds, run with -Z macro-backtrace for more info)
[INFO] [stdout] 
[INFO] [stdout] error[E0433]: failed to resolve: use of undeclared crate or module `ibuilder`
[INFO] [stdout]   --> src/lib.rs:60:10
[INFO] [stdout]    |
[INFO] [stdout] 11 | #[derive(IBuilder)]
[INFO] [stdout]    |          ^^^^^^^^ not found in `ibuilder::nodes`
[INFO] [stdout]    |
[INFO] [stdout]    = note: this error originates in the derive macro `IBuilder` (in Nightly builds, run with -Z macro-backtrace for more info)
[INFO] [stdout] help: consider importing this struct
[INFO] [stdout]    |
[INFO] [stdout] 3  | use syn::Field;
[INFO] [stdout]    |
[INFO] [stdout] 
[INFO] [stdout] error: aborting due to 4 previous errors
[INFO] [stdout] 
[INFO] [stdout] For more information about this error, try `rustc --explain E0433`.
[INFO] [stdout] Couldn't compile the test.
[INFO] [stdout] ---- src/lib.rs - (line 10) stdout ----
[INFO] [stdout] error[E0433]: failed to resolve: use of undeclared crate or module `ibuilder`
[INFO] [stdout]  --> src/lib.rs:12:10
[INFO] [stdout]   |
[INFO] [stdout] 5 | #[derive(IBuilder)]
[INFO] [stdout]   |          ^^^^^^^^ use of undeclared crate or module `ibuilder`
[INFO] [stdout]   |
[INFO] [stdout]   = note: this error originates in the derive macro `IBuilder` (in Nightly builds, run with -Z macro-backtrace for more info)
[INFO] [stdout] 
[INFO] [stdout] error: aborting due to previous error
[INFO] [stdout] 
[INFO] [stdout] For more information about this error, try `rustc --explain E0433`.
[INFO] [stdout] Couldn't compile the test.
[INFO] [stdout] ---- src/lib.rs - ibuilder_derive (line 145) stdout ----
[INFO] [stdout] error[E0433]: failed to resolve: use of undeclared crate or module `ibuilder`
[INFO] [stdout]  --> src/lib.rs:147:10
[INFO] [stdout]   |
[INFO] [stdout] 5 | #[derive(IBuilder)]
[INFO] [stdout]   |          ^^^^^^^^ use of undeclared crate or module `ibuilder`
[INFO] [stdout]   |
[INFO] [stdout]   = note: this error originates in the derive macro `IBuilder` (in Nightly builds, run with -Z macro-backtrace for more info)
[INFO] [stdout] 
[INFO] [stdout] error[E0433]: failed to resolve: use of undeclared crate or module `ibuilder`
[INFO] [stdout]   --> src/lib.rs:152:10
[INFO] [stdout]    |
[INFO] [stdout] 10 | #[derive(IBuilder)]
[INFO] [stdout]    |          ^^^^^^^^ use of undeclared crate or module `ibuilder`
[INFO] [stdout]    |
[INFO] [stdout]    = note: this error originates in the derive macro `IBuilder` (in Nightly builds, run with -Z macro-backtrace for more info)
[INFO] [stdout] 
[INFO] [stdout] error[E0433]: failed to resolve: use of undeclared crate or module `ibuilder`
[INFO] [stdout]   --> src/lib.rs:152:10
[INFO] [stdout]    |
[INFO] [stdout] 10 | #[derive(IBuilder)]
[INFO] [stdout]    |          ^^^^^^^^ not found in `ibuilder::nodes`
[INFO] [stdout]    |
[INFO] [stdout]    = note: this error originates in the derive macro `IBuilder` (in Nightly builds, run with -Z macro-backtrace for more info)
[INFO] [stdout] help: consider importing this struct
[INFO] [stdout]    |
[INFO] [stdout] 3  | use syn::Field;
[INFO] [stdout]    |
[INFO] [stdout] 
[INFO] [stdout] error: aborting due to 3 previous errors
[INFO] [stdout] 
[INFO] [stdout] For more information about this error, try `rustc --explain E0433`.
[INFO] [stdout] Couldn't compile the test.
[INFO] [stdout] ---- src/lib.rs - ibuilder_derive (line 129) stdout ----
[INFO] [stdout] error[E0433]: failed to resolve: use of undeclared crate or module `ibuilder`
[INFO] [stdout]  --> src/lib.rs:131:10
[INFO] [stdout]   |
[INFO] [stdout] 5 | #[derive(IBuilder)]
[INFO] [stdout]   |          ^^^^^^^^ use of undeclared crate or module `ibuilder`
[INFO] [stdout]   |
[INFO] [stdout]   = note: this error originates in the derive macro `IBuilder` (in Nightly builds, run with -Z macro-backtrace for more info)
[INFO] [stdout] 
[INFO] [stdout] error[E0433]: failed to resolve: use of undeclared crate or module `ibuilder`
[INFO] [stdout]  --> src/lib.rs:131:10
[INFO] [stdout]   |
[INFO] [stdout] 5 | #[derive(IBuilder)]
[INFO] [stdout]   |          ^^^^^^^^ not found in `ibuilder::nodes`
[INFO] [stdout]   |
[INFO] [stdout]   = note: this error originates in the derive macro `IBuilder` (in Nightly builds, run with -Z macro-backtrace for more info)
[INFO] [stdout] help: consider importing this struct
[INFO] [stdout]   |
[INFO] [stdout] 3 | use syn::Field;
[INFO] [stdout]   |
[INFO] [stdout] 
[INFO] [stdout] error: aborting due to 2 previous errors
[INFO] [stdout] 
[INFO] [stdout] For more information about this error, try `rustc --explain E0433`.
[INFO] [stdout] Couldn't compile the test.
[INFO] [stdout] ---- src/lib.rs - ibuilder_derive (line 76) stdout ----
[INFO] [stdout] error[E0433]: failed to resolve: use of undeclared crate or module `ibuilder`
[INFO] [stdout]  --> src/lib.rs:78:10
[INFO] [stdout]   |
[INFO] [stdout] 5 | #[derive(IBuilder)]
[INFO] [stdout]   |          ^^^^^^^^ use of undeclared crate or module `ibuilder`
[INFO] [stdout]   |
[INFO] [stdout]   = note: this error originates in the derive macro `IBuilder` (in Nightly builds, run with -Z macro-backtrace for more info)
[INFO] [stdout] 
[INFO] [stdout] error[E0433]: failed to resolve: use of undeclared crate or module `ibuilder`
[INFO] [stdout]   --> src/lib.rs:84:10
[INFO] [stdout]    |
[INFO] [stdout] 11 | #[derive(IBuilder)]
[INFO] [stdout]    |          ^^^^^^^^ use of undeclared crate or module `ibuilder`
[INFO] [stdout]    |
[INFO] [stdout]    = note: this error originates in the derive macro `IBuilder` (in Nightly builds, run with -Z macro-backtrace for more info)
[INFO] [stdout] 
[INFO] [stdout] error[E0433]: failed to resolve: use of undeclared crate or module `ibuilder`
[INFO] [stdout]   --> src/lib.rs:84:10
[INFO] [stdout]    |
[INFO] [stdout] 11 | #[derive(IBuilder)]
[INFO] [stdout]    |          ^^^^^^^^ use of undeclared crate or module `ibuilder`
[INFO] [stdout]    |
[INFO] [stdout]    = note: this error originates in the derive macro `IBuilder` (in Nightly builds, run with -Z macro-backtrace for more info)
[INFO] [stdout] 
[INFO] [stdout] error[E0433]: failed to resolve: use of undeclared crate or module `ibuilder`
[INFO] [stdout]   --> src/lib.rs:84:10
[INFO] [stdout]    |
[INFO] [stdout] 11 | #[derive(IBuilder)]
[INFO] [stdout]    |          ^^^^^^^^ not found in `ibuilder::nodes`
[INFO] [stdout]    |
[INFO] [stdout]    = note: this error originates in the derive macro `IBuilder` (in Nightly builds, run with -Z macro-backtrace for more info)
[INFO] [stdout] help: consider importing this struct
[INFO] [stdout]    |
[INFO] [stdout] 3  | use syn::Field;
[INFO] [stdout]    |
[INFO] [stdout] 
[INFO] [stdout] error: aborting due to 4 previous errors
[INFO] [stdout] 
[INFO] [stdout] For more information about this error, try `rustc --explain E0433`.
[INFO] [stdout] Couldn't compile the test.
[INFO] [stdout] ---- src/lib.rs - ibuilder_derive (line 103) stdout ----
[INFO] [stdout] error[E0433]: failed to resolve: use of undeclared crate or module `ibuilder`
[INFO] [stdout]  --> src/lib.rs:105:10
[INFO] [stdout]   |
[INFO] [stdout] 5 | #[derive(IBuilder)]
[INFO] [stdout]   |          ^^^^^^^^ use of undeclared crate or module `ibuilder`
[INFO] [stdout]   |
[INFO] [stdout]   = note: this error originates in the derive macro `IBuilder` (in Nightly builds, run with -Z macro-backtrace for more info)
[INFO] [stdout] 
[INFO] [stdout] error[E0433]: failed to resolve: use of undeclared crate or module `ibuilder`
[INFO] [stdout]   --> src/lib.rs:116:10
[INFO] [stdout]    |
[INFO] [stdout] 16 | #[derive(IBuilder)]
[INFO] [stdout]    |          ^^^^^^^^ use of undeclared crate or module `ibuilder`
[INFO] [stdout]    |
[INFO] [stdout]    = note: this error originates in the derive macro `IBuilder` (in Nightly builds, run with -Z macro-backtrace for more info)
[INFO] [stdout] 
[INFO] [stdout] error[E0433]: failed to resolve: use of undeclared crate or module `ibuilder`
[INFO] [stdout]   --> src/lib.rs:116:10
[INFO] [stdout]    |
[INFO] [stdout] 16 | #[derive(IBuilder)]
[INFO] [stdout]    |          ^^^^^^^^ use of undeclared crate or module `ibuilder`
[INFO] [stdout]    |
[INFO] [stdout]    = note: this error originates in the derive macro `IBuilder` (in Nightly builds, run with -Z macro-backtrace for more info)
[INFO] [stdout] 
[INFO] [stdout] error: aborting due to 3 previous errors
[INFO] [stdout] 
[INFO] [stdout] For more information about this error, try `rustc --explain E0433`.
[INFO] [stdout] Couldn't compile the test.
[INFO] [stdout] 
[INFO] [stdout] failures:
[INFO] [stdout]     src/lib.rs - (line 10)
[INFO] [stdout]     src/lib.rs - ibuilder_derive (line 103)
[INFO] [stdout]     src/lib.rs - ibuilder_derive (line 129)
[INFO] [stdout]     src/lib.rs - ibuilder_derive (line 145)
[INFO] [stdout]     src/lib.rs - ibuilder_derive (line 52)
[INFO] [stdout]     src/lib.rs - ibuilder_derive (line 76)
[INFO] [stdout] 
[INFO] [stdout] test result: FAILED. 0 passed; 6 failed; 0 ignored; 0 measured; 0 filtered out; finished in 0.39s
[INFO] [stdout] 
[INFO] running `Command { std: "docker" "inspect" "8c66fa7b06a29458a479d81f17b992b66676ebab82c352386fe55938237cfaa9", kill_on_drop: false }`
[INFO] running `Command { std: "docker" "rm" "-f" "8c66fa7b06a29458a479d81f17b992b66676ebab82c352386fe55938237cfaa9", kill_on_drop: false }`
[INFO] [stdout] 8c66fa7b06a29458a479d81f17b992b66676ebab82c352386fe55938237cfaa9
