[INFO] fetching crate ibig 0.3.2...
[INFO] testing ibig-0.3.2 against 1.54.0 for beta-1.55-1
[INFO] extracting crate ibig 0.3.2 into /workspace/builds/worker-21/source
[INFO] validating manifest of crates.io crate ibig 0.3.2 on toolchain 1.54.0
[INFO] running `Command { std: "/workspace/cargo-home/bin/cargo" "+1.54.0" "metadata" "--manifest-path" "Cargo.toml" "--no-deps", kill_on_drop: false }`
[INFO] started tweaking crates.io crate ibig 0.3.2
[INFO] removed 0 missing tests
[INFO] finished tweaking crates.io crate ibig 0.3.2
[INFO] tweaked toml for crates.io crate ibig 0.3.2 written to /workspace/builds/worker-21/source/Cargo.toml
[INFO] crate crates.io crate ibig 0.3.2 already has a lockfile, it will not be regenerated
[INFO] running `Command { std: "/workspace/cargo-home/bin/cargo" "+1.54.0" "fetch" "--manifest-path" "Cargo.toml", kill_on_drop: false }`
[INFO] [stderr]     Blocking waiting for file lock on package cache
[INFO] [stderr]     Blocking waiting for file lock on package cache
[INFO] running `Command { std: "docker" "create" "-v" "/var/lib/crater-agent-workspace/builds/worker-21/target:/opt/rustwide/target:rw,Z" "-v" "/var/lib/crater-agent-workspace/builds/worker-21/source:/opt/rustwide/workdir:ro,Z" "-v" "/var/lib/crater-agent-workspace/cargo-home:/opt/rustwide/cargo-home:ro,Z" "-v" "/var/lib/crater-agent-workspace/rustup-home:/opt/rustwide/rustup-home:ro,Z" "-e" "SOURCE_DIR=/opt/rustwide/workdir" "-e" "CARGO_TARGET_DIR=/opt/rustwide/target" "-e" "CARGO_HOME=/opt/rustwide/cargo-home" "-e" "RUSTUP_HOME=/opt/rustwide/rustup-home" "-w" "/opt/rustwide/workdir" "-m" "1610612736" "--user" "0:0" "--network" "none" "ghcr.io/rust-lang/crates-build-env/linux@sha256:34b6a614d2c27851fe6cbf88fbd1137609cefab8b10d0615aaeb6fd47975d74e" "/opt/rustwide/cargo-home/bin/cargo" "+1.54.0" "metadata" "--no-deps" "--format-version=1", kill_on_drop: false }`
[INFO] [stdout] bcffb7c640b98ca91461218a8688b9cdc427f8162ba7554c159b180b52727dca
[INFO] running `Command { std: "docker" "start" "-a" "bcffb7c640b98ca91461218a8688b9cdc427f8162ba7554c159b180b52727dca", kill_on_drop: false }`
[INFO] running `Command { std: "docker" "inspect" "bcffb7c640b98ca91461218a8688b9cdc427f8162ba7554c159b180b52727dca", kill_on_drop: false }`
[INFO] running `Command { std: "docker" "rm" "-f" "bcffb7c640b98ca91461218a8688b9cdc427f8162ba7554c159b180b52727dca", kill_on_drop: false }`
[INFO] [stdout] bcffb7c640b98ca91461218a8688b9cdc427f8162ba7554c159b180b52727dca
[INFO] running `Command { std: "docker" "create" "-v" "/var/lib/crater-agent-workspace/builds/worker-21/target:/opt/rustwide/target:rw,Z" "-v" "/var/lib/crater-agent-workspace/builds/worker-21/source:/opt/rustwide/workdir:ro,Z" "-v" "/var/lib/crater-agent-workspace/cargo-home:/opt/rustwide/cargo-home:ro,Z" "-v" "/var/lib/crater-agent-workspace/rustup-home:/opt/rustwide/rustup-home:ro,Z" "-e" "SOURCE_DIR=/opt/rustwide/workdir" "-e" "CARGO_TARGET_DIR=/opt/rustwide/target" "-e" "CARGO_INCREMENTAL=0" "-e" "RUST_BACKTRACE=full" "-e" "RUSTFLAGS=--cap-lints=warn" "-e" "CARGO_HOME=/opt/rustwide/cargo-home" "-e" "RUSTUP_HOME=/opt/rustwide/rustup-home" "-w" "/opt/rustwide/workdir" "-m" "1610612736" "--user" "0:0" "--network" "none" "ghcr.io/rust-lang/crates-build-env/linux@sha256:34b6a614d2c27851fe6cbf88fbd1137609cefab8b10d0615aaeb6fd47975d74e" "/opt/rustwide/cargo-home/bin/cargo" "+1.54.0" "build" "--frozen" "--message-format=json", kill_on_drop: false }`
[INFO] [stdout] 9338082c9defe0cd64607ddc6977705f1cbcc6da814c615932cabefee79484af
[INFO] running `Command { std: "docker" "start" "-a" "9338082c9defe0cd64607ddc6977705f1cbcc6da814c615932cabefee79484af", kill_on_drop: false }`
[INFO] [stderr]     Blocking waiting for file lock on package cache
[INFO] [stderr]    Compiling libc v0.2.88
[INFO] [stderr]    Compiling getrandom v0.2.2
[INFO] [stderr]    Compiling ppv-lite86 v0.2.10
[INFO] [stderr]    Compiling static_assertions v1.1.0
[INFO] [stderr]    Compiling const_fn_assert v0.1.2
[INFO] [stderr]    Compiling num-traits v0.2.14
[INFO] [stderr]    Compiling rand_core v0.6.2
[INFO] [stderr]    Compiling rand_chacha v0.3.0
[INFO] [stderr]    Compiling rand v0.8.3
[INFO] [stderr]    Compiling ibig v0.3.2 (/opt/rustwide/workdir)
[INFO] [stderr]     Finished dev [unoptimized + debuginfo] target(s) in 41.14s
[INFO] running `Command { std: "docker" "inspect" "9338082c9defe0cd64607ddc6977705f1cbcc6da814c615932cabefee79484af", kill_on_drop: false }`
[INFO] running `Command { std: "docker" "rm" "-f" "9338082c9defe0cd64607ddc6977705f1cbcc6da814c615932cabefee79484af", kill_on_drop: false }`
[INFO] [stdout] 9338082c9defe0cd64607ddc6977705f1cbcc6da814c615932cabefee79484af
[INFO] running `Command { std: "docker" "create" "-v" "/var/lib/crater-agent-workspace/builds/worker-21/target:/opt/rustwide/target:rw,Z" "-v" "/var/lib/crater-agent-workspace/builds/worker-21/source:/opt/rustwide/workdir:ro,Z" "-v" "/var/lib/crater-agent-workspace/cargo-home:/opt/rustwide/cargo-home:ro,Z" "-v" "/var/lib/crater-agent-workspace/rustup-home:/opt/rustwide/rustup-home:ro,Z" "-e" "SOURCE_DIR=/opt/rustwide/workdir" "-e" "CARGO_TARGET_DIR=/opt/rustwide/target" "-e" "CARGO_INCREMENTAL=0" "-e" "RUST_BACKTRACE=full" "-e" "RUSTFLAGS=--cap-lints=warn" "-e" "CARGO_HOME=/opt/rustwide/cargo-home" "-e" "RUSTUP_HOME=/opt/rustwide/rustup-home" "-w" "/opt/rustwide/workdir" "-m" "1610612736" "--user" "0:0" "--network" "none" "ghcr.io/rust-lang/crates-build-env/linux@sha256:34b6a614d2c27851fe6cbf88fbd1137609cefab8b10d0615aaeb6fd47975d74e" "/opt/rustwide/cargo-home/bin/cargo" "+1.54.0" "test" "--frozen" "--no-run" "--message-format=json", kill_on_drop: false }`
[INFO] [stdout] 8e8554eb59196874fb5782ae0ca514a3f169beb0de67e147f7e64ab0b228f3f8
[INFO] running `Command { std: "docker" "start" "-a" "8e8554eb59196874fb5782ae0ca514a3f169beb0de67e147f7e64ab0b228f3f8", kill_on_drop: false }`
[INFO] [stderr]    Compiling serde v1.0.124
[INFO] [stderr]    Compiling semver-parser v0.7.0
[INFO] [stderr]    Compiling memchr v2.3.4
[INFO] [stderr]    Compiling proc-macro2 v1.0.24
[INFO] [stderr]    Compiling rayon-core v1.9.0
[INFO] [stderr]    Compiling syn v1.0.64
[INFO] [stderr]    Compiling plotters-backend v0.3.0
[INFO] [stderr]    Compiling serde_derive v1.0.124
[INFO] [stderr]    Compiling half v1.7.1
[INFO] [stderr]    Compiling regex-syntax v0.6.23
[INFO] [stderr]    Compiling same-file v1.0.6
[INFO] [stderr]    Compiling oorandom v11.1.3
[INFO] [stderr]    Compiling crossbeam-utils v0.8.3
[INFO] [stderr]    Compiling memoffset v0.6.1
[INFO] [stderr]    Compiling rayon v1.5.0
[INFO] [stderr]    Compiling regex-automata v0.1.9
[INFO] [stderr]    Compiling itertools v0.9.0
[INFO] [stderr]    Compiling num_cpus v1.13.0
[INFO] [stderr]    Compiling clap v2.33.3
[INFO] [stderr]    Compiling atty v0.2.14
[INFO] [stderr]    Compiling semver v0.9.0
[INFO] [stderr]    Compiling walkdir v2.3.1
[INFO] [stderr]    Compiling plotters-svg v0.3.0
[INFO] [stderr]    Compiling rustc_version v0.2.3
[INFO] [stderr]    Compiling plotters v0.3.0
[INFO] [stderr]    Compiling csv-core v0.1.10
[INFO] [stderr]    Compiling cast v0.2.3
[INFO] [stderr]    Compiling quote v1.0.9
[INFO] [stderr]    Compiling regex v1.4.5
[INFO] [stderr]    Compiling criterion-plot v0.4.3
[INFO] [stderr]    Compiling crossbeam-epoch v0.9.3
[INFO] [stderr]    Compiling crossbeam-channel v0.5.0
[INFO] [stderr]    Compiling crossbeam-deque v0.8.0
[INFO] [stderr]    Compiling bstr v0.2.15
[INFO] [stderr]    Compiling serde_json v1.0.64
[INFO] [stderr]    Compiling serde_cbor v0.11.1
[INFO] [stderr]    Compiling csv v1.1.6
[INFO] [stderr]    Compiling tinytemplate v1.2.1
[INFO] [stderr]    Compiling criterion v0.3.4
[INFO] [stderr]    Compiling ibig v0.3.2 (/opt/rustwide/workdir)
[INFO] [stderr]     Finished test [unoptimized + debuginfo] target(s) in 29.66s
[INFO] running `Command { std: "docker" "inspect" "8e8554eb59196874fb5782ae0ca514a3f169beb0de67e147f7e64ab0b228f3f8", kill_on_drop: false }`
[INFO] running `Command { std: "docker" "rm" "-f" "8e8554eb59196874fb5782ae0ca514a3f169beb0de67e147f7e64ab0b228f3f8", kill_on_drop: false }`
[INFO] [stdout] 8e8554eb59196874fb5782ae0ca514a3f169beb0de67e147f7e64ab0b228f3f8
[INFO] running `Command { std: "docker" "create" "-v" "/var/lib/crater-agent-workspace/builds/worker-21/target:/opt/rustwide/target:rw,Z" "-v" "/var/lib/crater-agent-workspace/builds/worker-21/source:/opt/rustwide/workdir:ro,Z" "-v" "/var/lib/crater-agent-workspace/cargo-home:/opt/rustwide/cargo-home:ro,Z" "-v" "/var/lib/crater-agent-workspace/rustup-home:/opt/rustwide/rustup-home:ro,Z" "-e" "SOURCE_DIR=/opt/rustwide/workdir" "-e" "CARGO_TARGET_DIR=/opt/rustwide/target" "-e" "CARGO_INCREMENTAL=0" "-e" "RUST_BACKTRACE=full" "-e" "RUSTFLAGS=--cap-lints=warn" "-e" "CARGO_HOME=/opt/rustwide/cargo-home" "-e" "RUSTUP_HOME=/opt/rustwide/rustup-home" "-w" "/opt/rustwide/workdir" "-m" "1610612736" "--user" "0:0" "--network" "none" "ghcr.io/rust-lang/crates-build-env/linux@sha256:34b6a614d2c27851fe6cbf88fbd1137609cefab8b10d0615aaeb6fd47975d74e" "/opt/rustwide/cargo-home/bin/cargo" "+1.54.0" "test" "--frozen", kill_on_drop: false }`
[INFO] [stdout] 7655ef7698776fcd3a991bb698d6c1cd20b654a2db1a7369d66b9a6264f6e37b
[INFO] running `Command { std: "docker" "start" "-a" "7655ef7698776fcd3a991bb698d6c1cd20b654a2db1a7369d66b9a6264f6e37b", kill_on_drop: false }`
[INFO] [stderr]     Blocking waiting for file lock on package cache
[INFO] [stderr]     Finished test [unoptimized + debuginfo] target(s) in 0.81s
[INFO] [stderr]      Running unittests (/opt/rustwide/target/debug/deps/ibig-59a9ba5be3fca954)
[INFO] [stdout] 
[INFO] [stdout] running 53 tests
[INFO] [stdout] test add::tests::test_add_in_place ... ok
[INFO] [stdout] test add::tests::test_add_one_in_place ... ok
[INFO] [stdout] test add::tests::test_add_signed_word_in_place ... ok
[INFO] [stdout] test add::tests::test_sub_in_place ... ok
[INFO] [stdout] test add::tests::test_sub_in_place_with_sign ... ok
[INFO] [stdout] test add::tests::test_sub_one_in_place ... ok
[INFO] [stdout] test buffer::tests::test_clone ... ok
[INFO] [stdout] test buffer::tests::test_default_capacity ... ok
[INFO] [stdout] test buffer::tests::test_erase_front ... ok
[INFO] [stdout] test buffer::tests::test_clone_from ... ok
[INFO] [stdout] test buffer::tests::test_extend ... ok
[INFO] [stdout] test add::tests::test_sub_word_in_place ... ok
[INFO] [stdout] test buffer::tests::test_pop_leading_zeros ... ok
[INFO] [stdout] test buffer::tests::test_push_may_reallocate ... ok
[INFO] [stdout] test math::tests::test_bit_len ... ok
[INFO] [stdout] test math::tests::test_ceil_log_2 ... ok
[INFO] [stdout] test math::tests::test_round_up ... ok
[INFO] [stdout] test memory::tests::test_add_layout ... ok
[INFO] [stdout] test add::tests::test_add_word_in_place ... ok
[INFO] [stdout] test buffer::tests::test_allocate ... ok
[INFO] [stdout] test buffer::tests::test_push_zeros ... ok
[INFO] [stdout] test memory::tests::test_max_layout ... ok
[INFO] [stdout] test buffer::tests::test_ensure_capacity ... ok
[INFO] [stdout] test buffer::tests::test_push_pop ... ok
[INFO] [stdout] test buffer::tests::test_shrink ... ok
[INFO] [stdout] test math::tests::test_ceil_div ... ok
[INFO] [stdout] test div::tests::test_rem_by_word_empty ... ok
[INFO] [stdout] test buffer::tests::test_resizing_clone_from ... ok
[INFO] [stdout] test memory::tests::test_memory ... ok
[INFO] [stdout] test buffer::tests::test_max_compact_capacity ... ok
[INFO] [stdout] test div::tests::test_div_by_word_in_place_empty ... ok
[INFO] [stdout] test buffer::tests::test_push_zeros_front ... ok
[INFO] [stdout] test math::tests::test_ones ... ok
[INFO] [stdout] test mul::ntt::tests::test_roots ... ok
[INFO] [stdout] test buffer::tests::test_truncate ... ok
[INFO] [stdout] test modular::pow::tests::test_pow_word ... ok
[INFO] [stdout] test mul::ntt::tests::test_inverse ... ok
[INFO] [stdout] test primitive::tests::test_bits_bytes ... ok
[INFO] [stdout] test primitive::tests::test_double_word ... ok
[INFO] [stdout] test primitive::tests::test_try_from_sign_magnitude ... ok
[INFO] [stdout] test primitive::tests::test_word_from_le_bytes_partial ... ok
[INFO] [stdout] test radix::tests::test_digit_from_utf8_byte ... ok
[INFO] [stdout] test ubig::tests::test_buffer_to_ubig ... ok
[INFO] [stdout] test primitive::tests::test_word_from_be_bytes_partial ... ok
[INFO] [stdout] test ubig::tests::test_clone ... ok
[INFO] [stdout] test primitive::tests::test_to_sign_magnitude ... ok
[INFO] [stdout] test radix::tests::test_radix_info_table ... ok
[INFO] [stdout] test ubig::tests::test_clone_from ... ok
[INFO] [stdout] test buffer::tests::test_allocate_too_large - should panic ... ok
[INFO] [stdout] test buffer::tests::test_push_failed - should panic ... ok
[INFO] [stdout] test memory::tests::test_memory_ran_out - should panic ... ok
[INFO] [stdout] test fast_divide::tests::test_fast_divide_normalized ... ok
[INFO] [stdout] test fast_divide::tests::test_fast_divide_small ... ok
[INFO] [stdout] 
[INFO] [stdout] test result: ok. 53 passed; 0 failed; 0 ignored; 0 measured; 0 filtered out; finished in 6.35s
[INFO] [stdout] 
[INFO] [stderr]      Running tests/add.rs (/opt/rustwide/target/debug/deps/add-5a856ef0cd0cfa94)
[INFO] [stdout] 
[INFO] [stdout] running 3 tests
[INFO] [stdout] test test_add_sub_ibig ... ok
[INFO] [stdout] test test_add_sub_ubig ... ok
[INFO] [stdout] test test_sub_ubig_overflow - should panic ... ok
[INFO] [stdout] 
[INFO] [stdout] test result: ok. 3 passed; 0 failed; 0 ignored; 0 measured; 0 filtered out; finished in 0.01s
[INFO] [stdout] 
[INFO] [stderr]      Running tests/bits.rs (/opt/rustwide/target/debug/deps/bits-b198e21c9e74a665)
[INFO] [stdout] 
[INFO] [stdout] running 16 tests
[INFO] [stdout] test test_and_not_ubig ... ok
[INFO] [stdout] test test_and_ubig ... ok
[INFO] [stdout] test test_bit ... ok
[INFO] [stdout] test test_bit_len ... ok
[INFO] [stdout] test test_is_power_of_two ... ok
[INFO] [stdout] test test_clear_bit ... ok
[INFO] [stdout] test test_not_ibig ... ok
[INFO] [stdout] test test_next_power_of_two ... ok
[INFO] [stdout] test test_or_ubig ... ok
[INFO] [stdout] test test_trailing_zeros ... ok
[INFO] [stdout] test test_set_bit ... ok
[INFO] [stdout] test test_xor_ubig ... ok
[INFO] [stdout] test test_and_not_ibig ... ok
[INFO] [stdout] test test_and_ibig ... ok
[INFO] [stdout] test test_xor_ibig ... ok
[INFO] [stdout] test test_or_ibig ... ok
[INFO] [stdout] 
[INFO] [stdout] test result: ok. 16 passed; 0 failed; 0 ignored; 0 measured; 0 filtered out; finished in 0.01s
[INFO] [stdout] 
[INFO] [stderr]      Running tests/cmp.rs (/opt/rustwide/target/debug/deps/cmp-50693de07b6a8746)
[INFO] [stdout] 
[INFO] [stdout] running 1 test
[INFO] [stderr]      Running tests/convert.rs (/opt/rustwide/target/debug/deps/convert-454a196738c4cd01)
[INFO] [stdout] test test_cmp ... ok
[INFO] [stdout] 
[INFO] [stdout] test result: ok. 1 passed; 0 failed; 0 ignored; 0 measured; 0 filtered out; finished in 0.00s
[INFO] [stdout] 
[INFO] [stdout] 
[INFO] [stdout] running 18 tests
[INFO] [stdout] test test_default ... ok
[INFO] [stdout] test test_display_out_of_bounds_error ... ok
[INFO] [stdout] test test_from_to_be_bytes ... ok
[INFO] [stdout] test test_from_to_le_bytes ... ok
[INFO] [stdout] test test_ibig_from_bool ... ok
[INFO] [stdout] test test_ibig_from_signed ... ok
[INFO] [stdout] test test_ibig_from_unsigned ... ok
[INFO] [stdout] test test_ibig_to_signed ... ok
[INFO] [stdout] test test_ibig_to_ubig ... ok
[INFO] [stdout] test test_ibig_to_unsigned ... ok
[INFO] [stdout] test test_ubig_from_bool ... ok
[INFO] [stdout] test test_ubig_from_signed ... ok
[INFO] [stdout] test test_ubig_from_unsigned ... ok
[INFO] [stdout] test test_ubig_to_ibig ... ok
[INFO] [stdout] test test_ubig_to_signed ... ok
[INFO] [stdout] test test_ubig_to_unsigned ... ok
[INFO] [stdout] test test_to_f32 ... ok
[INFO] [stdout] test test_to_f64 ... ok
[INFO] [stdout] 
[INFO] [stdout] test result: ok. 18 passed; 0 failed; 0 ignored; 0 measured; 0 filtered out; finished in 0.01s
[INFO] [stdout] 
[INFO] [stderr]      Running tests/div.rs (/opt/rustwide/target/debug/deps/div-a81b32dcfeb62f31)
[INFO] [stdout] 
[INFO] [stdout] running 5 tests
[INFO] [stdout] test test_div_rem_ibig ... ok
[INFO] [stdout] test test_div_rem_euclid_ibig ... ok
[INFO] [stdout] test test_divide_by_0_ibig - should panic ... ok
[INFO] [stdout] test test_divide_by_0_ubig - should panic ... ok
[INFO] [stdout] test test_div_rem_ubig ... ok
[INFO] [stdout] 
[INFO] [stdout] test result: ok. 5 passed; 0 failed; 0 ignored; 0 measured; 0 filtered out; finished in 0.11s
[INFO] [stdout] 
[INFO] [stderr]      Running tests/hash.rs (/opt/rustwide/target/debug/deps/hash-a3d4bc3a28eec2cb)
[INFO] [stdout] 
[INFO] [stdout] running 1 test
[INFO] [stdout] test test_hash ... ok
[INFO] [stdout] 
[INFO] [stdout] test result: ok. 1 passed; 0 failed; 0 ignored; 0 measured; 0 filtered out; finished in 0.01s
[INFO] [stdout] 
[INFO] [stderr]      Running tests/modular.rs (/opt/rustwide/target/debug/deps/modular-d0acd52a9da76ea4)
[INFO] [stdout] 
[INFO] [stdout] running 12 tests
[INFO] [stdout] test test_add_sub ... ok
[INFO] [stdout] test test_clone ... ok
[INFO] [stdout] test test_different_rings ... ok
[INFO] [stdout] test test_convert ... ok
[INFO] [stdout] test test_modulus ... ok
[INFO] [stdout] test test_format ... ok
[INFO] [stdout] test test_negate ... ok
[INFO] [stdout] test test_add_different_rings - should panic ... ok
[INFO] [stdout] test test_cmp_different_rings - should panic ... ok
[INFO] [stdout] test test_sub_different_rings - should panic ... ok
[INFO] [stdout] test test_mul ... ok
[INFO] [stdout] test test_pow ... ok
[INFO] [stdout] 
[INFO] [stdout] test result: ok. 12 passed; 0 failed; 0 ignored; 0 measured; 0 filtered out; finished in 3.11s
[INFO] [stdout] 
[INFO] [stderr]      Running tests/mul.rs (/opt/rustwide/target/debug/deps/mul-af44a3d99d6252f8)
[INFO] [stdout] 
[INFO] [stdout] running 2 tests
[INFO] [stdout] test test_mul_ibig ... ok
[INFO] [stdout] test test_mul_ubig ... ok
[INFO] [stdout] 
[INFO] [stdout] test result: ok. 2 passed; 0 failed; 0 ignored; 0 measured; 0 filtered out; finished in 0.00s
[INFO] [stdout] 
[INFO] [stderr]      Running tests/pow.rs (/opt/rustwide/target/debug/deps/pow-30827e17697347d9)
[INFO] [stderr]      Running tests/radix.rs (/opt/rustwide/target/debug/deps/radix-0dad33352e2f21c3)
[INFO] [stdout] 
[INFO] [stdout] running 2 tests
[INFO] [stdout] test test_pow_ibig ... ok
[INFO] [stdout] test test_pow_ubig ... ok
[INFO] [stdout] 
[INFO] [stdout] test result: ok. 2 passed; 0 failed; 0 ignored; 0 measured; 0 filtered out; finished in 0.00s
[INFO] [stdout] 
[INFO] [stdout] 
[INFO] [stdout] running 10 tests
[INFO] [stdout] test test_display_errors ... ok
[INFO] [stdout] test test_from_str_radix_with_radix_prefix ... ok
[INFO] [stdout] test test_ibig_from_str_radix ... ok
[INFO] [stdout] test test_ibig_format ... ok
[INFO] [stdout] test test_ibig_in_radix ... ok
[INFO] [stdout] test test_macros ... ok
[INFO] [stdout] test test_ubig_from_str_radix ... ok
[INFO] [stdout] test test_ubig_format ... ok
[INFO] [stdout] test test_ubig_in_radix ... ok
[INFO] [stdout] test test_radix_round_trip ... ok
[INFO] [stdout] 
[INFO] [stdout] test result: ok. 10 passed; 0 failed; 0 ignored; 0 measured; 0 filtered out; finished in 0.59s
[INFO] [stdout] 
[INFO] [stderr]      Running tests/random.rs (/opt/rustwide/target/debug/deps/random-92e68b86e6f16c2a)
[INFO] [stdout] 
[INFO] [stdout] running 3 tests
[INFO] [stdout] test test_uniform_ibig ... ok
[INFO] [stdout] test test_uniform_ubig ... ok
[INFO] [stdout] test test_random_arithmetic has been running for over 60 seconds
[INFO] [stdout] test test_random_arithmetic ... ok
[INFO] [stdout] 
[INFO] [stdout] test result: ok. 3 passed; 0 failed; 0 ignored; 0 measured; 0 filtered out; finished in 69.63s
[INFO] [stdout] 
[INFO] [stderr]      Running tests/shift.rs (/opt/rustwide/target/debug/deps/shift-c420747a5ddaaa6a)
[INFO] [stdout] 
[INFO] [stdout] running 7 tests
[INFO] [stdout] test test_ibig_shl ... ok
[INFO] [stdout] test test_shl_assign ... ok
[INFO] [stdout] test test_ibig_shr ... ok
[INFO] [stdout] test test_ubig_shr_assign ... ok
[INFO] [stdout] test test_ubig_shr ... ok
[INFO] [stdout] test test_ubig_shl ... ok
[INFO] [stdout] test test_ubig_shl_too_large - should panic ... ok
[INFO] [stdout] 
[INFO] [stdout] test result: ok. 7 passed; 0 failed; 0 ignored; 0 measured; 0 filtered out; finished in 0.01s
[INFO] [stdout] 
[INFO] [stderr]      Running tests/sign.rs (/opt/rustwide/target/debug/deps/sign-d2ce715c5d45031e)
[INFO] [stdout] 
[INFO] [stdout] running 4 tests
[INFO] [stdout] test test_abs ... ok
[INFO] [stdout] test test_neg ... ok
[INFO] [stdout] test test_signum ... ok
[INFO] [stdout] test test_unsigned_abs ... ok
[INFO] [stdout] 
[INFO] [stdout] test result: ok. 4 passed; 0 failed; 0 ignored; 0 measured; 0 filtered out; finished in 0.00s
[INFO] [stdout] 
[INFO] [stderr]    Doc-tests ibig
[INFO] [stdout] 
[INFO] [stdout] running 53 tests
[INFO] [stdout] test src/buffer.rs - buffer::Buffer::resizing_clone_from (line 129) ... ignored
[INFO] [stdout] test src/ops.rs - ops::DivRemEuclid (line 102) ... FAILED
[INFO] [stdout] test src/modular/modulo_ring.rs - modular::modulo_ring::ModuloRing::new (line 52) ... FAILED
[INFO] [stdout] test src/pow.rs - pow::UBig::pow (line 15) ... FAILED
[INFO] [stdout] test src/parse/mod.rs - parse::UBig::from_str_with_radix_prefix (line 61) ... FAILED
[INFO] [stdout] test src/ops.rs - ops::AndNot (line 10) ... FAILED
[INFO] [stdout] test src/rand.rs - rand::UniformIBig (line 139) ... FAILED
[INFO] [stdout] test src/pow.rs - pow::IBig::pow (line 57) ... FAILED
[INFO] [stdout] test src/parse/mod.rs - parse::IBig::from_str_radix (line 115) ... FAILED
[INFO] [stdout] test src/ops.rs - ops::NextPowerOfTwo (line 23) ... FAILED
[INFO] [stdout] test src/ubig.rs - ubig::UBig (line 32) ... FAILED
[INFO] [stdout] test src/ops.rs - ops::UnsignedAbs (line 49) ... FAILED
[INFO] [stderr] error: test failed, to rerun pass '--doc'
[INFO] [stderr] 
[INFO] [stderr] Caused by:
[INFO] [stderr]   process didn't exit successfully: `rustdoc --edition=2018 --crate-type lib --crate-name ibig --test /opt/rustwide/workdir/src/lib.rs -L dependency=/opt/rustwide/target/debug/deps -L dependency=/opt/rustwide/target/debug/deps --extern cfg_if=/opt/rustwide/target/debug/deps/libcfg_if-38c8a3e888ecb06a.rlib --extern const_fn_assert=/opt/rustwide/target/debug/deps/libconst_fn_assert-dcd9d07f15e5b5b5.rlib --extern criterion=/opt/rustwide/target/debug/deps/libcriterion-4707be05b740af23.rlib --extern ibig=/opt/rustwide/target/debug/deps/libibig-33a89cb0b5bd931c.rlib --extern num_traits=/opt/rustwide/target/debug/deps/libnum_traits-d2f26dc32356e531.rlib --extern rand=/opt/rustwide/target/debug/deps/librand-40039b3920b9f6a3.rlib --extern static_assertions=/opt/rustwide/target/debug/deps/libstatic_assertions-3572c7a6c8acd33d.rlib -C embed-bitcode=no --cfg 'feature="default"' --cfg 'feature="num-traits"' --cfg 'feature="rand"' --cfg 'feature="std"' --error-format human` (signal: 9, SIGKILL: kill)
[INFO] running `Command { std: "docker" "inspect" "7655ef7698776fcd3a991bb698d6c1cd20b654a2db1a7369d66b9a6264f6e37b", kill_on_drop: false }`
[INFO] running `Command { std: "docker" "rm" "-f" "7655ef7698776fcd3a991bb698d6c1cd20b654a2db1a7369d66b9a6264f6e37b", kill_on_drop: false }`
[INFO] [stdout] 7655ef7698776fcd3a991bb698d6c1cd20b654a2db1a7369d66b9a6264f6e37b
