[INFO] fetching crate ibc 0.6.2...
[INFO] testing ibc-0.6.2 against beta-2021-08-01 for beta-1.55-1
[INFO] extracting crate ibc 0.6.2 into /workspace/builds/worker-4/source
[INFO] validating manifest of crates.io crate ibc 0.6.2 on toolchain beta-2021-08-01
[INFO] running `Command { std: "/workspace/cargo-home/bin/cargo" "+beta-2021-08-01" "metadata" "--manifest-path" "Cargo.toml" "--no-deps", kill_on_drop: false }`
[INFO] started tweaking crates.io crate ibc 0.6.2
[INFO] removed 0 missing tests
[INFO] finished tweaking crates.io crate ibc 0.6.2
[INFO] tweaked toml for crates.io crate ibc 0.6.2 written to /workspace/builds/worker-4/source/Cargo.toml
[INFO] running `Command { std: "/workspace/cargo-home/bin/cargo" "+beta-2021-08-01" "generate-lockfile" "--manifest-path" "Cargo.toml" "-Zno-index-update", kill_on_drop: false }`
[INFO] [stderr]     Blocking waiting for file lock on package cache
[INFO] running `Command { std: "/workspace/cargo-home/bin/cargo" "+beta-2021-08-01" "fetch" "--manifest-path" "Cargo.toml", kill_on_drop: false }`
[INFO] [stderr]     Blocking waiting for file lock on package cache
[INFO] [stderr]     Blocking waiting for file lock on package cache
[INFO] running `Command { std: "docker" "create" "-v" "/var/lib/crater-agent-workspace/builds/worker-4/target:/opt/rustwide/target:rw,Z" "-v" "/var/lib/crater-agent-workspace/builds/worker-4/source:/opt/rustwide/workdir:ro,Z" "-v" "/var/lib/crater-agent-workspace/cargo-home:/opt/rustwide/cargo-home:ro,Z" "-v" "/var/lib/crater-agent-workspace/rustup-home:/opt/rustwide/rustup-home:ro,Z" "-e" "SOURCE_DIR=/opt/rustwide/workdir" "-e" "CARGO_TARGET_DIR=/opt/rustwide/target" "-e" "CARGO_HOME=/opt/rustwide/cargo-home" "-e" "RUSTUP_HOME=/opt/rustwide/rustup-home" "-w" "/opt/rustwide/workdir" "-m" "1610612736" "--user" "0:0" "--network" "none" "ghcr.io/rust-lang/crates-build-env/linux@sha256:34b6a614d2c27851fe6cbf88fbd1137609cefab8b10d0615aaeb6fd47975d74e" "/opt/rustwide/cargo-home/bin/cargo" "+beta-2021-08-01" "metadata" "--no-deps" "--format-version=1", kill_on_drop: false }`
[INFO] [stdout] dc45ab0131d0c7f86f435d4951dca65b4bc9bdbb2f7b571ca979d55e19c4040d
[INFO] running `Command { std: "docker" "start" "-a" "dc45ab0131d0c7f86f435d4951dca65b4bc9bdbb2f7b571ca979d55e19c4040d", kill_on_drop: false }`
[INFO] running `Command { std: "docker" "inspect" "dc45ab0131d0c7f86f435d4951dca65b4bc9bdbb2f7b571ca979d55e19c4040d", kill_on_drop: false }`
[INFO] running `Command { std: "docker" "rm" "-f" "dc45ab0131d0c7f86f435d4951dca65b4bc9bdbb2f7b571ca979d55e19c4040d", kill_on_drop: false }`
[INFO] [stdout] dc45ab0131d0c7f86f435d4951dca65b4bc9bdbb2f7b571ca979d55e19c4040d
[INFO] running `Command { std: "docker" "create" "-v" "/var/lib/crater-agent-workspace/builds/worker-4/target:/opt/rustwide/target:rw,Z" "-v" "/var/lib/crater-agent-workspace/builds/worker-4/source:/opt/rustwide/workdir:ro,Z" "-v" "/var/lib/crater-agent-workspace/cargo-home:/opt/rustwide/cargo-home:ro,Z" "-v" "/var/lib/crater-agent-workspace/rustup-home:/opt/rustwide/rustup-home:ro,Z" "-e" "SOURCE_DIR=/opt/rustwide/workdir" "-e" "CARGO_TARGET_DIR=/opt/rustwide/target" "-e" "CARGO_INCREMENTAL=0" "-e" "RUST_BACKTRACE=full" "-e" "RUSTFLAGS=--cap-lints=warn" "-e" "CARGO_HOME=/opt/rustwide/cargo-home" "-e" "RUSTUP_HOME=/opt/rustwide/rustup-home" "-w" "/opt/rustwide/workdir" "-m" "1610612736" "--user" "0:0" "--network" "none" "ghcr.io/rust-lang/crates-build-env/linux@sha256:34b6a614d2c27851fe6cbf88fbd1137609cefab8b10d0615aaeb6fd47975d74e" "/opt/rustwide/cargo-home/bin/cargo" "+beta-2021-08-01" "build" "--frozen" "--message-format=json", kill_on_drop: false }`
[INFO] [stdout] e8d9ee66b5a17b87bfa6d4808ec82ca9910c66799c488a25bbf846079cb378fe
[INFO] running `Command { std: "docker" "start" "-a" "e8d9ee66b5a17b87bfa6d4808ec82ca9910c66799c488a25bbf846079cb378fe", kill_on_drop: false }`
[INFO] [stderr]    Compiling syn v1.0.74
[INFO] [stderr]    Compiling futures-channel v0.3.16
[INFO] [stderr]    Compiling anyhow v1.0.42
[INFO] [stderr]    Compiling ppv-lite86 v0.2.10
[INFO] [stderr]    Compiling getrandom v0.1.16
[INFO] [stderr]    Compiling block-padding v0.2.1
[INFO] [stderr]    Compiling gimli v0.25.0
[INFO] [stderr]    Compiling adler v1.0.2
[INFO] [stderr]    Compiling rustc-demangle v0.1.20
[INFO] [stderr]    Compiling async-trait v0.1.51
[INFO] [stderr]    Compiling subtle v2.4.1
[INFO] [stderr]    Compiling httpdate v1.0.1
[INFO] [stderr]    Compiling signature v1.3.1
[INFO] [stderr]    Compiling eyre v0.6.5
[INFO] [stderr]    Compiling byteorder v1.4.3
[INFO] [stderr]    Compiling tower-layer v0.3.1
[INFO] [stderr]    Compiling indenter v0.3.3
[INFO] [stderr]    Compiling keccak v0.1.0
[INFO] [stderr]    Compiling dyn-clone v1.0.4
[INFO] [stderr]    Compiling paste v1.0.5
[INFO] [stderr]    Compiling futures-macro v0.3.16
[INFO] [stderr]    Compiling futures-util v0.3.16
[INFO] [stderr]    Compiling tokio v1.9.0
[INFO] [stderr]    Compiling itertools v0.9.0
[INFO] [stderr]    Compiling tracing-core v0.1.18
[INFO] [stderr]    Compiling miniz_oxide v0.4.4
[INFO] [stderr]    Compiling indexmap v1.7.0
[INFO] [stderr]    Compiling backtrace v0.3.61
[INFO] [stderr]    Compiling http-body v0.4.2
[INFO] [stderr]    Compiling mio v0.7.13
[INFO] [stderr]    Compiling getrandom v0.2.3
[INFO] [stderr]    Compiling object v0.26.0
[INFO] [stderr]    Compiling socket2 v0.4.1
[INFO] [stderr]    Compiling block-buffer v0.9.0
[INFO] [stderr]    Compiling rand_core v0.6.3
[INFO] [stderr]    Compiling sha2 v0.9.5
[INFO] [stderr]    Compiling sha3 v0.9.1
[INFO] [stderr]    Compiling ripemd160 v0.9.1
[INFO] [stderr]    Compiling rand_chacha v0.3.1
[INFO] [stderr]    Compiling rand_core v0.5.1
[INFO] [stderr]    Compiling rand v0.8.4
[INFO] [stderr]    Compiling rand_chacha v0.2.2
[INFO] [stderr]    Compiling flex-error v0.4.2
[INFO] [stderr]    Compiling rand v0.7.3
[INFO] [stderr]    Compiling addr2line v0.16.0
[INFO] [stderr]    Compiling anomaly v0.2.0
[INFO] [stderr]    Compiling synstructure v0.12.5
[INFO] [stderr]    Compiling serde_derive v1.0.127
[INFO] [stderr]    Compiling tokio-macros v1.3.0
[INFO] [stderr]    Compiling zeroize_derive v1.1.0
[INFO] [stderr]    Compiling tracing-attributes v0.1.15
[INFO] [stderr]    Compiling prost-derive v0.7.0
[INFO] [stderr]    Compiling pin-project-internal v1.0.8
[INFO] [stderr]    Compiling thiserror-impl v1.0.26
[INFO] [stderr]    Compiling async-stream-impl v0.3.2
[INFO] [stderr]    Compiling num-derive v0.3.3
[INFO] [stderr]    Compiling serde_repr v0.1.7
[INFO] [stderr]    Compiling dyn-clonable-impl v0.9.0
[INFO] [stderr]    Compiling dyn-clonable v0.9.0
[INFO] [stderr]    Compiling async-stream v0.3.2
[INFO] [stderr]    Compiling zeroize v1.4.1
[INFO] [stderr]    Compiling subtle-encoding v0.5.1
[INFO] [stderr]    Compiling curve25519-dalek v3.2.0
[INFO] [stderr]    Compiling thiserror v1.0.26
[INFO] [stderr]    Compiling tracing v0.1.26
[INFO] [stderr]    Compiling pin-project v1.0.8
[INFO] [stderr]    Compiling tracing-futures v0.2.5
[INFO] [stderr]    Compiling prost v0.7.0
[INFO] [stderr]    Compiling prost-types v0.7.0
[INFO] [stderr]    Compiling ics23 v0.6.5
[INFO] [stderr]    Compiling serde v1.0.127
[INFO] [stderr]    Compiling futures-executor v0.3.16
[INFO] [stderr]    Compiling tokio-util v0.6.7
[INFO] [stderr]    Compiling tokio-stream v0.1.7
[INFO] [stderr]    Compiling futures v0.3.16
[INFO] [stderr]    Compiling h2 v0.3.3
[INFO] [stderr]    Compiling tower v0.4.8
[INFO] [stderr]    Compiling serde_bytes v0.11.5
[INFO] [stderr]    Compiling chrono v0.4.19
[INFO] [stderr]    Compiling ed25519 v1.2.0
[INFO] [stderr]    Compiling toml v0.5.8
[INFO] [stderr]    Compiling serde_json v1.0.66
[INFO] [stderr]    Compiling ed25519-dalek v1.0.1
[INFO] [stderr]    Compiling tendermint-proto v0.21.0
[INFO] [stderr]    Compiling hyper v0.14.11
[INFO] [stderr]    Compiling tendermint v0.21.0
[INFO] [stderr]    Compiling tonic v0.4.3
[INFO] [stderr]    Compiling ibc-proto v0.9.1
[INFO] [stderr]    Compiling ibc v0.6.2 (/opt/rustwide/workdir)
[INFO] [stderr]     Finished dev [unoptimized + debuginfo] target(s) in 56.65s
[INFO] running `Command { std: "docker" "inspect" "e8d9ee66b5a17b87bfa6d4808ec82ca9910c66799c488a25bbf846079cb378fe", kill_on_drop: false }`
[INFO] running `Command { std: "docker" "rm" "-f" "e8d9ee66b5a17b87bfa6d4808ec82ca9910c66799c488a25bbf846079cb378fe", kill_on_drop: false }`
[INFO] [stdout] e8d9ee66b5a17b87bfa6d4808ec82ca9910c66799c488a25bbf846079cb378fe
[INFO] running `Command { std: "docker" "create" "-v" "/var/lib/crater-agent-workspace/builds/worker-4/target:/opt/rustwide/target:rw,Z" "-v" "/var/lib/crater-agent-workspace/builds/worker-4/source:/opt/rustwide/workdir:ro,Z" "-v" "/var/lib/crater-agent-workspace/cargo-home:/opt/rustwide/cargo-home:ro,Z" "-v" "/var/lib/crater-agent-workspace/rustup-home:/opt/rustwide/rustup-home:ro,Z" "-e" "SOURCE_DIR=/opt/rustwide/workdir" "-e" "CARGO_TARGET_DIR=/opt/rustwide/target" "-e" "CARGO_INCREMENTAL=0" "-e" "RUST_BACKTRACE=full" "-e" "RUSTFLAGS=--cap-lints=warn" "-e" "CARGO_HOME=/opt/rustwide/cargo-home" "-e" "RUSTUP_HOME=/opt/rustwide/rustup-home" "-w" "/opt/rustwide/workdir" "-m" "1610612736" "--user" "0:0" "--network" "none" "ghcr.io/rust-lang/crates-build-env/linux@sha256:34b6a614d2c27851fe6cbf88fbd1137609cefab8b10d0615aaeb6fd47975d74e" "/opt/rustwide/cargo-home/bin/cargo" "+beta-2021-08-01" "test" "--frozen" "--no-run" "--message-format=json", kill_on_drop: false }`
[INFO] [stdout] 8f65f8a24ebab430cf21b245497375d86d1bcf0a81caa64c48b825ea5c8b8950
[INFO] running `Command { std: "docker" "start" "-a" "8f65f8a24ebab430cf21b245497375d86d1bcf0a81caa64c48b825ea5c8b8950", kill_on_drop: false }`
[INFO] [stderr]    Compiling utf-8 v0.7.6
[INFO] [stderr]    Compiling remove_dir_all v0.5.3
[INFO] [stderr]    Compiling uuid v0.8.2
[INFO] [stderr]    Compiling humantime v2.1.0
[INFO] [stderr]    Compiling ansi_term v0.12.1
[INFO] [stderr]    Compiling simple-error v0.2.3
[INFO] [stderr]    Compiling termcolor v1.1.2
[INFO] [stderr]    Compiling ring v0.16.20
[INFO] [stderr]    Compiling input_buffer v0.4.0
[INFO] [stderr]    Compiling regex-automata v0.1.10
[INFO] [stderr]    Compiling thread_local v1.1.3
[INFO] [stderr]    Compiling sharded-slab v0.1.3
[INFO] [stderr]    Compiling openssl-sys v0.9.65
[INFO] [stderr]    Compiling tracing-log v0.1.2
[INFO] [stderr]    Compiling gumdrop_derive v0.8.0
[INFO] [stderr]    Compiling test-env-log v0.2.7
[INFO] [stderr]    Compiling sha-1 v0.9.7
[INFO] [stderr]    Compiling tracing-serde v0.1.2
[INFO] [stderr]    Compiling tempfile v3.2.0
[INFO] [stderr]    Compiling headers v0.3.4
[INFO] [stderr]    Compiling tungstenite v0.12.0
[INFO] [stderr]    Compiling env_logger v0.9.0
[INFO] [stderr]    Compiling openssl v0.10.35
[INFO] [stderr]    Compiling matchers v0.0.1
[INFO] [stderr]    Compiling tracing-subscriber v0.2.19
[INFO] [stderr]    Compiling gumdrop v0.8.0
[INFO] [stderr]    Compiling tendermint-testgen v0.21.0
[INFO] [stderr]    Compiling native-tls v0.2.7
[INFO] [stderr]    Compiling tokio-native-tls v0.3.0
[INFO] [stderr]    Compiling hyper-tls v0.5.0
[INFO] [stderr]    Compiling hyper-proxy v0.9.1
[INFO] [stderr]    Compiling webpki v0.21.4
[INFO] [stderr]    Compiling sct v0.6.1
[INFO] [stderr]    Compiling ct-logs v0.8.0
[INFO] [stderr]    Compiling rustls v0.19.1
[INFO] [stderr]    Compiling webpki-roots v0.21.1
[INFO] [stderr]    Compiling tokio-rustls v0.22.0
[INFO] [stderr]    Compiling rustls-native-certs v0.5.0
[INFO] [stderr]    Compiling hyper-rustls v0.22.1
[INFO] [stderr]    Compiling async-tungstenite v0.12.0
[INFO] [stderr]    Compiling tendermint-rpc v0.21.0
[INFO] [stderr]    Compiling ibc v0.6.2 (/opt/rustwide/workdir)
[INFO] [stderr]     Finished test [unoptimized + debuginfo] target(s) in 41.51s
[INFO] running `Command { std: "docker" "inspect" "8f65f8a24ebab430cf21b245497375d86d1bcf0a81caa64c48b825ea5c8b8950", kill_on_drop: false }`
[INFO] running `Command { std: "docker" "rm" "-f" "8f65f8a24ebab430cf21b245497375d86d1bcf0a81caa64c48b825ea5c8b8950", kill_on_drop: false }`
[INFO] [stdout] 8f65f8a24ebab430cf21b245497375d86d1bcf0a81caa64c48b825ea5c8b8950
[INFO] running `Command { std: "docker" "create" "-v" "/var/lib/crater-agent-workspace/builds/worker-4/target:/opt/rustwide/target:rw,Z" "-v" "/var/lib/crater-agent-workspace/builds/worker-4/source:/opt/rustwide/workdir:ro,Z" "-v" "/var/lib/crater-agent-workspace/cargo-home:/opt/rustwide/cargo-home:ro,Z" "-v" "/var/lib/crater-agent-workspace/rustup-home:/opt/rustwide/rustup-home:ro,Z" "-e" "SOURCE_DIR=/opt/rustwide/workdir" "-e" "CARGO_TARGET_DIR=/opt/rustwide/target" "-e" "CARGO_INCREMENTAL=0" "-e" "RUST_BACKTRACE=full" "-e" "RUSTFLAGS=--cap-lints=warn" "-e" "CARGO_HOME=/opt/rustwide/cargo-home" "-e" "RUSTUP_HOME=/opt/rustwide/rustup-home" "-w" "/opt/rustwide/workdir" "-m" "1610612736" "--user" "0:0" "--network" "none" "ghcr.io/rust-lang/crates-build-env/linux@sha256:34b6a614d2c27851fe6cbf88fbd1137609cefab8b10d0615aaeb6fd47975d74e" "/opt/rustwide/cargo-home/bin/cargo" "+beta-2021-08-01" "test" "--frozen", kill_on_drop: false }`
[INFO] [stdout] da74af8b8300e3f4f2b546f2113c06bc385b981ad25112000399e6667e6785c0
[INFO] running `Command { std: "docker" "start" "-a" "da74af8b8300e3f4f2b546f2113c06bc385b981ad25112000399e6667e6785c0", kill_on_drop: false }`
[INFO] [stderr]     Blocking waiting for file lock on package cache
[INFO] [stderr]     Blocking waiting for file lock on package cache
[INFO] [stderr]     Blocking waiting for file lock on package cache
[INFO] [stderr]     Blocking waiting for file lock on package cache
[INFO] [stderr]     Finished test [unoptimized + debuginfo] target(s) in 0.74s
[INFO] [stderr]      Running unittests (/opt/rustwide/target/debug/deps/ibc-70ae1365f1b8fc87)
[INFO] [stdout] 
[INFO] [stdout] running 87 tests
[INFO] [stdout] test ics02_client::client_type::tests::parse_mock_as_string_result ... ok
[INFO] [stdout] test ics02_client::client_type::tests::parse_mock_client_type ... ok
[INFO] [stdout] test ics02_client::client_type::tests::parse_tendermint_client_type ... ok
[INFO] [stdout] test ics02_client::client_type::tests::parse_tendermint_as_string_result ... ok
[INFO] [stdout] test ics02_client::handler::create_client::tests::test_create_client_ok ... ok
[INFO] [stdout] test ics02_client::handler::update_client::tests::test_update_client_ok ... ok
[INFO] [stdout] test ics02_client::handler::update_client::tests::test_update_nonexisting_client ... ok
[INFO] [stdout] test ics02_client::handler::create_client::tests::test_create_client_ok_multiple ... ok
[INFO] [stdout] test ics02_client::handler::upgrade_client::tests::test_upgrade_client_low_height ... ok
[INFO] [stdout] test ics02_client::handler::create_client::tests::test_tm_create_client_ok ... ok
[INFO] [stdout] test ics02_client::handler::update_client::tests::test_update_client_ok_multiple ... ok
[INFO] [stdout] test ics02_client::handler::upgrade_client::tests::test_upgrade_client_ok ... ok
[INFO] [stdout] test ics02_client::handler::upgrade_client::tests::test_upgrade_nonexisting_client ... ok
[INFO] [stdout] test ics02_client::msgs::upgrade_client::tests::msg_upgrade_client_serialization ... ok
[INFO] [stdout] test ics03_connection::handler::conn_open_confirm::tests::conn_open_confirm_msg_processing ... ok
[INFO] [stdout] test ics03_connection::handler::conn_open_ack::tests::conn_open_ack_msg_processing ... ok
[INFO] [stdout] test ics03_connection::msgs::conn_open_ack::tests::parse_connection_open_ack_msg ... ok
[INFO] [stdout] test ics03_connection::handler::conn_open_init::tests::conn_open_init_msg_processing ... ok
[INFO] [stdout] test ics02_client::client_state::tests::any_client_state_serialization ... ok
[INFO] [stdout] test ics03_connection::msgs::conn_open_ack::tests::to_and_from ... ok
[INFO] [stdout] test ics03_connection::msgs::conn_open_confirm::tests::parse_connection_open_confirm_msg ... ok
[INFO] [stdout] test ics03_connection::msgs::conn_open_init::tests::parse_connection_open_init_msg ... ok
[INFO] [stdout] test ics02_client::msgs::update_client::tests::msg_update_client_serialization ... ok
[INFO] [stdout] test ics03_connection::handler::conn_open_try::tests::conn_open_try_msg_processing ... ok
[INFO] [stdout] test ics03_connection::msgs::conn_open_init::tests::to_and_from ... ok
[INFO] [stdout] test ics03_connection::msgs::conn_open_try::tests::parse_connection_open_try_msg ... ok
[INFO] [stdout] test ics03_connection::msgs::conn_open_confirm::tests::to_and_from ... ok
[INFO] [stdout] test ics03_connection::version::tests::serialize ... ok
[INFO] [stdout] test ics03_connection::msgs::conn_open_try::tests::to_and_from ... ok
[INFO] [stdout] test ics03_connection::version::tests::pick ... ok
[INFO] [stdout] test ics03_connection::version::tests::verify ... ok
[INFO] [stdout] test ics04_channel::channel::tests::parse_channel_ordering_type ... ok
[INFO] [stdout] test ics02_client::msgs::create_client::tests::msg_create_client_serialization ... ok
[INFO] [stdout] test ics04_channel::channel::tests::channel_end_try_from_raw ... ok
[INFO] [stdout] test ics04_channel::handler::acknowledgement::tests::ack_packet_processing ... ok
[INFO] [stdout] test ics04_channel::handler::chan_open_confirm::tests::chan_open_confirm_msg_processing ... ok
[INFO] [stdout] test ics04_channel::handler::chan_open_init::tests::chan_open_init_msg_processing ... ok
[INFO] [stdout] test ics04_channel::handler::chan_open_ack::tests::chan_open_ack_msg_processing ... ok
[INFO] [stdout] test ics04_channel::handler::send_packet::tests::send_packet_processing ... ok
[INFO] [stdout] test ics04_channel::handler::chan_open_try::tests::chan_open_try_msg_processing ... ok
[INFO] [stdout] test ics04_channel::msgs::acknowledgement::test::msg_acknowledgment_try_from_raw ... ok
[INFO] [stdout] test ics04_channel::msgs::chan_close_confirm::tests::parse_channel_close_confirm_msg ... ok
[INFO] [stdout] test ics04_channel::msgs::chan_close_confirm::tests::to_and_from ... ok
[INFO] [stdout] test ics04_channel::handler::write_acknowledgement::tests::write_ack_packet_processing ... ok
[INFO] [stdout] test ics04_channel::handler::timeout::tests::timeout_packet_processing ... ok
[INFO] [stdout] test ics04_channel::handler::timeout_on_close::tests::timeout_on_close_packet_processing ... ok
[INFO] [stdout] test ics04_channel::msgs::chan_close_init::tests::parse_channel_close_init_msg ... ok
[INFO] [stdout] test ics04_channel::handler::recv_packet::tests::recv_packet_processing ... ok
[INFO] [stdout] test ics04_channel::msgs::chan_close_init::tests::to_and_from ... ok
[INFO] [stdout] test ics04_channel::msgs::chan_open_ack::tests::parse_channel_open_ack_msg ... ok
[INFO] [stdout] test ics04_channel::msgs::chan_open_confirm::tests::to_and_from ... ok
[INFO] [stdout] test ics04_channel::msgs::chan_open_ack::tests::to_and_from ... ok
[INFO] [stdout] test ics04_channel::msgs::chan_open_confirm::tests::parse_channel_open_confirm_msg ... ok
[INFO] [stdout] test ics04_channel::msgs::chan_open_init::tests::to_and_from ... ok
[INFO] [stdout] test ics04_channel::msgs::chan_open_init::tests::channel_open_init_from_raw ... ok
[INFO] [stdout] test ics04_channel::msgs::chan_open_try::tests::to_and_from ... ok
[INFO] [stdout] test ics04_channel::packet::tests::to_and_from ... ok
[INFO] [stdout] test ics04_channel::msgs::timeout::test::to_and_from ... ok
[INFO] [stdout] test ics07_tendermint::client_state::tests::serialization_roundtrip_no_proof ... ok
[INFO] [stdout] test ics04_channel::msgs::recv_packet::test::msg_recv_packet_try_from_raw ... ok
[INFO] [stdout] test ics04_channel::msgs::recv_packet::test::to_and_from ... ok
[INFO] [stdout] test ics07_tendermint::client_state::tests::serialization_roundtrip_with_proof ... ok
[INFO] [stdout] test ics04_channel::msgs::chan_open_try::tests::channel_open_try_from_raw ... ok
[INFO] [stdout] test ics04_channel::packet::tests::packet_try_from_raw ... ok
[INFO] [stdout] test ics07_tendermint::consensus_state::tests::serialization_roundtrip_with_proof ... ok
[INFO] [stdout] test ics04_channel::msgs::timeout::test::msg_timeout_try_from_raw ... ok
[INFO] [stdout] test ics24_host::validate::tests::parse_client_id_max ... ok
[INFO] [stdout] test ics24_host::validate::tests::parse_connection_id_max ... ok
[INFO] [stdout] test ics24_host::validate::tests::parse_channel_id_max ... ok
[INFO] [stdout] test ics24_host::validate::tests::parse_invalid_connection_id_min ... ok
[INFO] [stdout] test ics24_host::validate::tests::parse_invalid_client_id_min ... ok
[INFO] [stdout] test ics24_host::validate::tests::parse_invalid_channel_id_min ... ok
[INFO] [stdout] test ics24_host::validate::tests::parse_invalid_id_empty ... ok
[INFO] [stdout] test ics24_host::validate::tests::parse_invalid_id_chars ... ok
[INFO] [stdout] test ics24_host::validate::tests::parse_invalid_port_id_max ... ok
[INFO] [stdout] test ics07_tendermint::consensus_state::tests::serialization_roundtrip_no_proof ... ok
[INFO] [stdout] test ics24_host::validate::tests::parse_invalid_id_path_separator ... ok
[INFO] [stdout] test ics24_host::validate::tests::parse_invalid_port_id_min ... ok
[INFO] [stdout] test timestamp::tests::test_timestamp_arithmetic ... ok
[INFO] [stdout] test timestamp::tests::subtract_compare ... ok
[INFO] [stdout] test mock::header::tests::encode_any ... ok
[INFO] [stdout] test timestamp::tests::test_timestamp_comparisons ... ok
[INFO] [stdout] test ics07_tendermint::client_state::tests::client_state_new ... ok
[INFO] [stdout] test ics26_routing::handler::tests::routing_module_and_keepers ... ok
[INFO] [stdout] test ics02_client::client_type::tests::parse_unknown_client_type ... FAILED
[INFO] [stdout] test ics18_relayer::utils::tests::client_update_ping_pong ... ok
[INFO] [stdout] test mock::context::tests::test_history_manipulation ... ok
[INFO] [stdout] 
[INFO] [stdout] failures:
[INFO] [stdout] 
[INFO] [stdout] ---- ics02_client::client_type::tests::parse_unknown_client_type stdout ----
[INFO] [stdout] thread 'ics02_client::client_type::tests::parse_unknown_client_type' panicked at 'assertion failed: `(left == right)`
[INFO] [stdout]   left: `"unknown client type: some-random-client-type\n\nLocation:\n    /opt/rustwide/cargo-home/registry/src/github.com-1ecc6299db9ec823/flex-error-0.4.2/src/tracer_impl/eyre.rs:10:9"`,
[INFO] [stdout]  right: `"unknown client type: some-random-client-type"`', src/ics02_client/client_type.rs:86:25
[INFO] [stdout] stack backtrace:
[INFO] [stdout]    0:     0x5639d73ccb50 - std::backtrace_rs::backtrace::libunwind::trace::hff4d1766e93f64f1
[INFO] [stdout]                                at /rustc/53fd98ca776cb875bc9e5514f56b52eb74f9e7a9/library/std/src/../../backtrace/src/backtrace/libunwind.rs:90:5
[INFO] [stdout]    1:     0x5639d73ccb50 - std::backtrace_rs::backtrace::trace_unsynchronized::h56bbc8eb78770bcb
[INFO] [stdout]                                at /rustc/53fd98ca776cb875bc9e5514f56b52eb74f9e7a9/library/std/src/../../backtrace/src/backtrace/mod.rs:66:5
[INFO] [stdout]    2:     0x5639d73ccb50 - std::sys_common::backtrace::_print_fmt::h5c8e75464faca780
[INFO] [stdout]                                at /rustc/53fd98ca776cb875bc9e5514f56b52eb74f9e7a9/library/std/src/sys_common/backtrace.rs:67:5
[INFO] [stdout]    3:     0x5639d73ccb50 - <std::sys_common::backtrace::_print::DisplayBacktrace as core::fmt::Display>::fmt::h48b88277def8b362
[INFO] [stdout]                                at /rustc/53fd98ca776cb875bc9e5514f56b52eb74f9e7a9/library/std/src/sys_common/backtrace.rs:46:22
[INFO] [stdout]    4:     0x5639d73f029c - core::fmt::write::h3381b3176fe2b3d3
[INFO] [stdout]                                at /rustc/53fd98ca776cb875bc9e5514f56b52eb74f9e7a9/library/core/src/fmt/mod.rs:1115:17
[INFO] [stdout]    5:     0x5639d73c9625 - std::io::Write::write_fmt::h5f34a676f60246b5
[INFO] [stdout]                                at /rustc/53fd98ca776cb875bc9e5514f56b52eb74f9e7a9/library/std/src/io/mod.rs:1665:15
[INFO] [stdout]    6:     0x5639d73ced3b - std::sys_common::backtrace::_print::ha537687d6c17dd0d
[INFO] [stdout]                                at /rustc/53fd98ca776cb875bc9e5514f56b52eb74f9e7a9/library/std/src/sys_common/backtrace.rs:49:5
[INFO] [stdout]    7:     0x5639d73ced3b - std::sys_common::backtrace::print::h61376ae57d131d72
[INFO] [stdout]                                at /rustc/53fd98ca776cb875bc9e5514f56b52eb74f9e7a9/library/std/src/sys_common/backtrace.rs:36:9
[INFO] [stdout]    8:     0x5639d73ced3b - std::panicking::default_hook::{{closure}}::h0f7208c0b9644a54
[INFO] [stdout]                                at /rustc/53fd98ca776cb875bc9e5514f56b52eb74f9e7a9/library/std/src/panicking.rs:208:50
[INFO] [stdout]    9:     0x5639d73ce84c - std::panicking::default_hook::hdac7fc06578c14ce
[INFO] [stdout]                                at /rustc/53fd98ca776cb875bc9e5514f56b52eb74f9e7a9/library/std/src/panicking.rs:222:9
[INFO] [stdout]   10:     0x5639d73cf404 - std::panicking::rust_panic_with_hook::h72b21c283da3d1ef
[INFO] [stdout]                                at /rustc/53fd98ca776cb875bc9e5514f56b52eb74f9e7a9/library/std/src/panicking.rs:622:17
[INFO] [stdout]   11:     0x5639d73ceee7 - std::panicking::begin_panic_handler::{{closure}}::he5778f1729cff84a
[INFO] [stdout]                                at /rustc/53fd98ca776cb875bc9e5514f56b52eb74f9e7a9/library/std/src/panicking.rs:519:13
[INFO] [stdout]   12:     0x5639d73cd02c - std::sys_common::backtrace::__rust_end_short_backtrace::h2d11ca8b453b4b1d
[INFO] [stdout]                                at /rustc/53fd98ca776cb875bc9e5514f56b52eb74f9e7a9/library/std/src/sys_common/backtrace.rs:141:18
[INFO] [stdout]   13:     0x5639d73cee49 - rust_begin_unwind
[INFO] [stdout]                                at /rustc/53fd98ca776cb875bc9e5514f56b52eb74f9e7a9/library/std/src/panicking.rs:515:5
[INFO] [stdout]   14:     0x5639d6bf88c1 - core::panicking::panic_fmt::hf9de31d4acbce4db
[INFO] [stdout]                                at /rustc/53fd98ca776cb875bc9e5514f56b52eb74f9e7a9/library/core/src/panicking.rs:92:14
[INFO] [stdout]   15:     0x5639d73ee8c8 - core::panicking::assert_failed_inner::h62e8cb2847a6e7ec
[INFO] [stdout]   16:     0x5639d6c617be - core::panicking::assert_failed::h50c579f9674af35d
[INFO] [stdout]                                at /rustc/53fd98ca776cb875bc9e5514f56b52eb74f9e7a9/library/core/src/panicking.rs:117:5
[INFO] [stdout]   17:     0x5639d6daec80 - ibc::ics02_client::client_type::tests::parse_unknown_client_type::test_impl::h7566eaa83bb2db23
[INFO] [stdout]                                at /opt/rustwide/workdir/src/ics02_client/client_type.rs:86:25
[INFO] [stdout]   18:     0x5639d6dae784 - ibc::ics02_client::client_type::tests::parse_unknown_client_type::hd3195a236be5a3c2
[INFO] [stdout]                                at /opt/rustwide/workdir/src/ics02_client/client_type.rs:81:5
[INFO] [stdout]   19:     0x5639d6dae40a - ibc::ics02_client::client_type::tests::parse_unknown_client_type::{{closure}}::h58f345ef0b9bcf6f
[INFO] [stdout]                                at /opt/rustwide/workdir/src/ics02_client/client_type.rs:81:5
[INFO] [stdout]   20:     0x5639d6dbf23e - core::ops::function::FnOnce::call_once::he6eaa8b28f4277ae
[INFO] [stdout]                                at /rustc/53fd98ca776cb875bc9e5514f56b52eb74f9e7a9/library/core/src/ops/function.rs:227:5
[INFO] [stdout]   21:     0x5639d717bb33 - core::ops::function::FnOnce::call_once::hbb52c4519d3137b0
[INFO] [stdout]                                at /rustc/53fd98ca776cb875bc9e5514f56b52eb74f9e7a9/library/core/src/ops/function.rs:227:5
[INFO] [stdout]   22:     0x5639d717bb33 - test::__rust_begin_short_backtrace::h86fe3a2a5a5121af
[INFO] [stdout]                                at /rustc/53fd98ca776cb875bc9e5514f56b52eb74f9e7a9/library/test/src/lib.rs:578:5
[INFO] [stdout]   23:     0x5639d717a5e8 - <alloc::boxed::Box<F,A> as core::ops::function::FnOnce<Args>>::call_once::hfd956bc3d57399be
[INFO] [stdout]                                at /rustc/53fd98ca776cb875bc9e5514f56b52eb74f9e7a9/library/alloc/src/boxed.rs:1572:9
[INFO] [stdout]   24:     0x5639d717a5e8 - <std::panic::AssertUnwindSafe<F> as core::ops::function::FnOnce<()>>::call_once::h40dc93e0ddb5938a
[INFO] [stdout]                                at /rustc/53fd98ca776cb875bc9e5514f56b52eb74f9e7a9/library/std/src/panic.rs:347:9
[INFO] [stdout]   25:     0x5639d717a5e8 - std::panicking::try::do_call::h90d07750cb47c562
[INFO] [stdout]                                at /rustc/53fd98ca776cb875bc9e5514f56b52eb74f9e7a9/library/std/src/panicking.rs:401:40
[INFO] [stdout]   26:     0x5639d717a5e8 - std::panicking::try::h063c84733ad2a629
[INFO] [stdout]                                at /rustc/53fd98ca776cb875bc9e5514f56b52eb74f9e7a9/library/std/src/panicking.rs:365:19
[INFO] [stdout]   27:     0x5639d717a5e8 - std::panic::catch_unwind::h0c464836a84e7c08
[INFO] [stdout]                                at /rustc/53fd98ca776cb875bc9e5514f56b52eb74f9e7a9/library/std/src/panic.rs:434:14
[INFO] [stdout]   28:     0x5639d717a5e8 - test::run_test_in_process::h5cb06ef620b157fc
[INFO] [stdout]                                at /rustc/53fd98ca776cb875bc9e5514f56b52eb74f9e7a9/library/test/src/lib.rs:601:18
[INFO] [stdout]   29:     0x5639d717a5e8 - test::run_test::run_test_inner::{{closure}}::h76f677f4b93f9828
[INFO] [stdout]                                at /rustc/53fd98ca776cb875bc9e5514f56b52eb74f9e7a9/library/test/src/lib.rs:493:39
[INFO] [stdout]   30:     0x5639d7148d7d - test::run_test::run_test_inner::{{closure}}::h366d01fe04f4d67a
[INFO] [stdout]                                at /rustc/53fd98ca776cb875bc9e5514f56b52eb74f9e7a9/library/test/src/lib.rs:520:37
[INFO] [stdout]   31:     0x5639d7148d7d - std::sys_common::backtrace::__rust_begin_short_backtrace::h7dfa0de4eb395af2
[INFO] [stdout]                                at /rustc/53fd98ca776cb875bc9e5514f56b52eb74f9e7a9/library/std/src/sys_common/backtrace.rs:125:18
[INFO] [stdout]   32:     0x5639d714d548 - std::thread::Builder::spawn_unchecked::{{closure}}::{{closure}}::hf0a74bb58798037f
[INFO] [stdout]                                at /rustc/53fd98ca776cb875bc9e5514f56b52eb74f9e7a9/library/std/src/thread/mod.rs:476:17
[INFO] [stdout]   33:     0x5639d714d548 - <std::panic::AssertUnwindSafe<F> as core::ops::function::FnOnce<()>>::call_once::hb024e854818586ac
[INFO] [stdout]                                at /rustc/53fd98ca776cb875bc9e5514f56b52eb74f9e7a9/library/std/src/panic.rs:347:9
[INFO] [stdout]   34:     0x5639d714d548 - std::panicking::try::do_call::hb2dd9f1d0d48e41d
[INFO] [stdout]                                at /rustc/53fd98ca776cb875bc9e5514f56b52eb74f9e7a9/library/std/src/panicking.rs:401:40
[INFO] [stdout]   35:     0x5639d714d548 - std::panicking::try::h4717ae7bac8b2bf3
[INFO] [stdout]                                at /rustc/53fd98ca776cb875bc9e5514f56b52eb74f9e7a9/library/std/src/panicking.rs:365:19
[INFO] [stdout]   36:     0x5639d714d548 - std::panic::catch_unwind::h0dc8a061326ce8d8
[INFO] [stdout]                                at /rustc/53fd98ca776cb875bc9e5514f56b52eb74f9e7a9/library/std/src/panic.rs:434:14
[INFO] [stdout]   37:     0x5639d714d548 - std::thread::Builder::spawn_unchecked::{{closure}}::haa369e2d6fd00aa1
[INFO] [stdout]                                at /rustc/53fd98ca776cb875bc9e5514f56b52eb74f9e7a9/library/std/src/thread/mod.rs:475:30
[INFO] [stdout]   38:     0x5639d714d548 - core::ops::function::FnOnce::call_once{{vtable.shim}}::h36dcf3de8b056f17
[INFO] [stdout]                                at /rustc/53fd98ca776cb875bc9e5514f56b52eb74f9e7a9/library/core/src/ops/function.rs:227:5
[INFO] [stdout]   39:     0x5639d73d42c7 - <alloc::boxed::Box<F,A> as core::ops::function::FnOnce<Args>>::call_once::h65c29e4642be2358
[INFO] [stdout]                                at /rustc/53fd98ca776cb875bc9e5514f56b52eb74f9e7a9/library/alloc/src/boxed.rs:1572:9
[INFO] [stdout]   40:     0x5639d73d42c7 - <alloc::boxed::Box<F,A> as core::ops::function::FnOnce<Args>>::call_once::hd0f8f7fbbd9fffbf
[INFO] [stdout]                                at /rustc/53fd98ca776cb875bc9e5514f56b52eb74f9e7a9/library/alloc/src/boxed.rs:1572:9
[INFO] [stdout]   41:     0x5639d73d42c7 - std::sys::unix::thread::Thread::new::thread_start::h2fd22fee3ca77b65
[INFO] [stdout]                                at /rustc/53fd98ca776cb875bc9e5514f56b52eb74f9e7a9/library/std/src/sys/unix/thread.rs:74:17
[INFO] [stdout]   42:     0x7fd5ca5e7609 - start_thread
[INFO] [stdout]   43:     0x7fd5ca3b7293 - clone
[INFO] [stdout]   44:                0x0 - <unknown>
[INFO] [stdout] 
[INFO] [stdout] 
[INFO] [stdout] failures:
[INFO] [stdout]     ics02_client::client_type::tests::parse_unknown_client_type
[INFO] [stdout] 
[INFO] [stdout] test result: FAILED. 86 passed; 1 failed; 0 ignored; 0 measured; 0 filtered out; finished in 2.08s
[INFO] [stdout] 
[INFO] [stderr] error: test failed, to rerun pass '--lib'
[INFO] running `Command { std: "docker" "inspect" "da74af8b8300e3f4f2b546f2113c06bc385b981ad25112000399e6667e6785c0", kill_on_drop: false }`
[INFO] running `Command { std: "docker" "rm" "-f" "da74af8b8300e3f4f2b546f2113c06bc385b981ad25112000399e6667e6785c0", kill_on_drop: false }`
[INFO] [stdout] da74af8b8300e3f4f2b546f2113c06bc385b981ad25112000399e6667e6785c0
