[INFO] fetching crate hyperdrive 0.2.0...
[INFO] testing hyperdrive-0.2.0 against beta-2021-08-01 for beta-1.55-1
[INFO] extracting crate hyperdrive 0.2.0 into /workspace/builds/worker-30/source
[INFO] validating manifest of crates.io crate hyperdrive 0.2.0 on toolchain beta-2021-08-01
[INFO] running `Command { std: "/workspace/cargo-home/bin/cargo" "+beta-2021-08-01" "metadata" "--manifest-path" "Cargo.toml" "--no-deps", kill_on_drop: false }`
[INFO] started tweaking crates.io crate hyperdrive 0.2.0
[INFO] finished tweaking crates.io crate hyperdrive 0.2.0
[INFO] tweaked toml for crates.io crate hyperdrive 0.2.0 written to /workspace/builds/worker-30/source/Cargo.toml
[INFO] running `Command { std: "/workspace/cargo-home/bin/cargo" "+beta-2021-08-01" "generate-lockfile" "--manifest-path" "Cargo.toml" "-Zno-index-update", kill_on_drop: false }`
[INFO] [stderr]     Blocking waiting for file lock on package cache
[INFO] running `Command { std: "/workspace/cargo-home/bin/cargo" "+beta-2021-08-01" "fetch" "--manifest-path" "Cargo.toml", kill_on_drop: false }`
[INFO] [stderr]     Blocking waiting for file lock on package cache
[INFO] [stderr]     Blocking waiting for file lock on package cache
[INFO] running `Command { std: "docker" "create" "-v" "/var/lib/crater-agent-workspace/builds/worker-30/target:/opt/rustwide/target:rw,Z" "-v" "/var/lib/crater-agent-workspace/builds/worker-30/source:/opt/rustwide/workdir:ro,Z" "-v" "/var/lib/crater-agent-workspace/cargo-home:/opt/rustwide/cargo-home:ro,Z" "-v" "/var/lib/crater-agent-workspace/rustup-home:/opt/rustwide/rustup-home:ro,Z" "-e" "SOURCE_DIR=/opt/rustwide/workdir" "-e" "CARGO_TARGET_DIR=/opt/rustwide/target" "-e" "CARGO_HOME=/opt/rustwide/cargo-home" "-e" "RUSTUP_HOME=/opt/rustwide/rustup-home" "-w" "/opt/rustwide/workdir" "-m" "1610612736" "--user" "0:0" "--network" "none" "ghcr.io/rust-lang/crates-build-env/linux@sha256:34b6a614d2c27851fe6cbf88fbd1137609cefab8b10d0615aaeb6fd47975d74e" "/opt/rustwide/cargo-home/bin/cargo" "+beta-2021-08-01" "metadata" "--no-deps" "--format-version=1", kill_on_drop: false }`
[INFO] [stdout] ec9a4eac2f0c0df3fd9ad669eb1e5fb67b4012fc218efcbd74d6df4911126d0d
[INFO] running `Command { std: "docker" "start" "-a" "ec9a4eac2f0c0df3fd9ad669eb1e5fb67b4012fc218efcbd74d6df4911126d0d", kill_on_drop: false }`
[INFO] running `Command { std: "docker" "inspect" "ec9a4eac2f0c0df3fd9ad669eb1e5fb67b4012fc218efcbd74d6df4911126d0d", kill_on_drop: false }`
[INFO] running `Command { std: "docker" "rm" "-f" "ec9a4eac2f0c0df3fd9ad669eb1e5fb67b4012fc218efcbd74d6df4911126d0d", kill_on_drop: false }`
[INFO] [stdout] ec9a4eac2f0c0df3fd9ad669eb1e5fb67b4012fc218efcbd74d6df4911126d0d
[INFO] running `Command { std: "docker" "create" "-v" "/var/lib/crater-agent-workspace/builds/worker-30/target:/opt/rustwide/target:rw,Z" "-v" "/var/lib/crater-agent-workspace/builds/worker-30/source:/opt/rustwide/workdir:ro,Z" "-v" "/var/lib/crater-agent-workspace/cargo-home:/opt/rustwide/cargo-home:ro,Z" "-v" "/var/lib/crater-agent-workspace/rustup-home:/opt/rustwide/rustup-home:ro,Z" "-e" "SOURCE_DIR=/opt/rustwide/workdir" "-e" "CARGO_TARGET_DIR=/opt/rustwide/target" "-e" "CARGO_INCREMENTAL=0" "-e" "RUST_BACKTRACE=full" "-e" "RUSTFLAGS=--cap-lints=warn" "-e" "CARGO_HOME=/opt/rustwide/cargo-home" "-e" "RUSTUP_HOME=/opt/rustwide/rustup-home" "-w" "/opt/rustwide/workdir" "-m" "1610612736" "--user" "0:0" "--network" "none" "ghcr.io/rust-lang/crates-build-env/linux@sha256:34b6a614d2c27851fe6cbf88fbd1137609cefab8b10d0615aaeb6fd47975d74e" "/opt/rustwide/cargo-home/bin/cargo" "+beta-2021-08-01" "build" "--frozen" "--message-format=json", kill_on_drop: false }`
[INFO] [stdout] 56b5b4625f03042a77643c2a4504a2231e0238a7d97a209c67436d72f0f2969d
[INFO] running `Command { std: "docker" "start" "-a" "56b5b4625f03042a77643c2a4504a2231e0238a7d97a209c67436d72f0f2969d", kill_on_drop: false }`
[INFO] [stderr]     Blocking waiting for file lock on package cache
[INFO] [stderr]    Compiling either v1.6.1
[INFO] [stderr]    Compiling proc-macro2 v0.4.30
[INFO] [stderr]    Compiling syn v1.0.74
[INFO] [stderr]    Compiling unicode-xid v0.1.0
[INFO] [stderr]    Compiling syn v0.15.44
[INFO] [stderr]    Compiling indexmap v1.7.0
[INFO] [stderr]    Compiling aho-corasick v0.7.18
[INFO] [stderr]    Compiling hyper v0.12.36
[INFO] [stderr]    Compiling want v0.2.0
[INFO] [stderr]    Compiling mio v0.6.23
[INFO] [stderr]    Compiling crossbeam-deque v0.7.4
[INFO] [stderr]    Compiling tokio-timer v0.2.13
[INFO] [stderr]    Compiling tokio-current-thread v0.1.7
[INFO] [stderr]    Compiling bytes v0.4.12
[INFO] [stderr]    Compiling tokio-threadpool v0.1.18
[INFO] [stderr]    Compiling tokio-io v0.1.13
[INFO] [stderr]    Compiling http v0.1.21
[INFO] [stderr]    Compiling tokio-buf v0.1.1
[INFO] [stderr]    Compiling string v0.2.1
[INFO] [stderr]    Compiling regex v1.5.4
[INFO] [stderr]    Compiling tokio-reactor v0.1.12
[INFO] [stderr]    Compiling quote v0.6.13
[INFO] [stderr]    Compiling tokio-tcp v0.1.4
[INFO] [stderr]    Compiling tokio v0.1.22
[INFO] [stderr]    Compiling http-body v0.1.0
[INFO] [stderr]    Compiling h2 v0.1.26
[INFO] [stderr]    Compiling serde_derive v1.0.127
[INFO] [stderr]    Compiling synstructure v0.11.0
[INFO] [stderr]    Compiling hyperderive v0.0.3
[INFO] [stderr]    Compiling serde v1.0.127
[INFO] [stderr]    Compiling serde_urlencoded v0.6.1
[INFO] [stderr]    Compiling serde_json v1.0.66
[INFO] [stderr]    Compiling hyperdrive v0.2.0 (/opt/rustwide/workdir)
[INFO] [stderr]     Finished dev [unoptimized + debuginfo] target(s) in 28.52s
[INFO] running `Command { std: "docker" "inspect" "56b5b4625f03042a77643c2a4504a2231e0238a7d97a209c67436d72f0f2969d", kill_on_drop: false }`
[INFO] running `Command { std: "docker" "rm" "-f" "56b5b4625f03042a77643c2a4504a2231e0238a7d97a209c67436d72f0f2969d", kill_on_drop: false }`
[INFO] [stdout] 56b5b4625f03042a77643c2a4504a2231e0238a7d97a209c67436d72f0f2969d
[INFO] running `Command { std: "docker" "create" "-v" "/var/lib/crater-agent-workspace/builds/worker-30/target:/opt/rustwide/target:rw,Z" "-v" "/var/lib/crater-agent-workspace/builds/worker-30/source:/opt/rustwide/workdir:ro,Z" "-v" "/var/lib/crater-agent-workspace/cargo-home:/opt/rustwide/cargo-home:ro,Z" "-v" "/var/lib/crater-agent-workspace/rustup-home:/opt/rustwide/rustup-home:ro,Z" "-e" "SOURCE_DIR=/opt/rustwide/workdir" "-e" "CARGO_TARGET_DIR=/opt/rustwide/target" "-e" "CARGO_INCREMENTAL=0" "-e" "RUST_BACKTRACE=full" "-e" "RUSTFLAGS=--cap-lints=warn" "-e" "CARGO_HOME=/opt/rustwide/cargo-home" "-e" "RUSTUP_HOME=/opt/rustwide/rustup-home" "-w" "/opt/rustwide/workdir" "-m" "1610612736" "--user" "0:0" "--network" "none" "ghcr.io/rust-lang/crates-build-env/linux@sha256:34b6a614d2c27851fe6cbf88fbd1137609cefab8b10d0615aaeb6fd47975d74e" "/opt/rustwide/cargo-home/bin/cargo" "+beta-2021-08-01" "test" "--frozen" "--no-run" "--message-format=json", kill_on_drop: false }`
[INFO] [stdout] b84c4c6955708dd6063f0ac29b87c05dccac4275b281b00d8bdec64078629421
[INFO] running `Command { std: "docker" "start" "-a" "b84c4c6955708dd6063f0ac29b87c05dccac4275b281b00d8bdec64078629421", kill_on_drop: false }`
[INFO] [stderr]    Compiling rand_core v0.4.2
[INFO] [stderr]    Compiling autocfg v0.1.7
[INFO] [stderr]    Compiling adler v1.0.2
[INFO] [stderr]    Compiling gimli v0.25.0
[INFO] [stderr]    Compiling failure_derive v0.1.8
[INFO] [stderr]    Compiling rustc-demangle v0.1.20
[INFO] [stderr]    Compiling crc32fast v1.2.1
[INFO] [stderr]    Compiling encoding_rs v0.8.28
[INFO] [stderr]    Compiling miniz_oxide v0.4.4
[INFO] [stderr]    Compiling backtrace v0.3.61
[INFO] [stderr]    Compiling try_from v0.3.2
[INFO] [stderr]    Compiling base64 v0.10.1
[INFO] [stderr]    Compiling object v0.26.0
[INFO] [stderr]    Compiling mime_guess v2.0.3
[INFO] [stderr]    Compiling synstructure v0.12.5
[INFO] [stderr]    Compiling cookie v0.12.0
[INFO] [stderr]    Compiling publicsuffix v1.5.6
[INFO] [stderr]    Compiling serde_urlencoded v0.5.5
[INFO] [stderr]    Compiling rand_core v0.3.1
[INFO] [stderr]    Compiling rand_jitter v0.1.4
[INFO] [stderr]    Compiling rand_os v0.1.3
[INFO] [stderr]    Compiling rand_xorshift v0.1.1
[INFO] [stderr]    Compiling rand_isaac v0.1.1
[INFO] [stderr]    Compiling rand_hc v0.1.0
[INFO] [stderr]    Compiling rand_chacha v0.1.1
[INFO] [stderr]    Compiling rand_pcg v0.1.2
[INFO] [stderr]    Compiling rand v0.6.5
[INFO] [stderr]    Compiling flate2 v1.0.20
[INFO] [stderr]    Compiling addr2line v0.16.0
[INFO] [stderr]    Compiling uuid v0.7.4
[INFO] [stderr]    Compiling failure v0.1.8
[INFO] [stderr]    Compiling cookie_store v0.7.0
[INFO] [stderr]    Compiling reqwest v0.9.24
[INFO] [stderr]    Compiling hyperdrive v0.2.0 (/opt/rustwide/workdir)
[INFO] [stdout] warning: unnecessary parentheses around type
[INFO] [stdout]    --> tests/from_request.rs:142:14
[INFO] [stdout]     |
[INFO] [stdout] 142 |     #[context(SpecialContext)]
[INFO] [stdout]     |              ^^^^^^^^^^^^^^^^ help: remove these parentheses
[INFO] [stdout]     |
[INFO] [stdout]     = note: `#[warn(unused_parens)]` on by default
[INFO] [stdout] 
[INFO] [stdout] 
[INFO] [stdout] warning: unnecessary parentheses around type
[INFO] [stdout]    --> tests/from_request.rs:187:14
[INFO] [stdout]     |
[INFO] [stdout] 187 |     #[context(SpecialContext)]
[INFO] [stdout]     |              ^^^^^^^^^^^^^^^^ help: remove these parentheses
[INFO] [stdout] 
[INFO] [stdout] 
[INFO] [stdout] warning: unnecessary parentheses around type
[INFO] [stdout]    --> tests/from_request.rs:410:14
[INFO] [stdout]     |
[INFO] [stdout] 410 |     #[context(SpecialContext)]
[INFO] [stdout]     |              ^^^^^^^^^^^^^^^^ help: remove these parentheses
[INFO] [stdout] 
[INFO] [stdout] 
[INFO] [stdout] warning: 3 warnings emitted
[INFO] [stdout] 
[INFO] [stdout] 
[INFO] [stderr]     Finished test [unoptimized + debuginfo] target(s) in 22.50s
[INFO] running `Command { std: "docker" "inspect" "b84c4c6955708dd6063f0ac29b87c05dccac4275b281b00d8bdec64078629421", kill_on_drop: false }`
[INFO] running `Command { std: "docker" "rm" "-f" "b84c4c6955708dd6063f0ac29b87c05dccac4275b281b00d8bdec64078629421", kill_on_drop: false }`
[INFO] [stdout] b84c4c6955708dd6063f0ac29b87c05dccac4275b281b00d8bdec64078629421
[INFO] running `Command { std: "docker" "create" "-v" "/var/lib/crater-agent-workspace/builds/worker-30/target:/opt/rustwide/target:rw,Z" "-v" "/var/lib/crater-agent-workspace/builds/worker-30/source:/opt/rustwide/workdir:ro,Z" "-v" "/var/lib/crater-agent-workspace/cargo-home:/opt/rustwide/cargo-home:ro,Z" "-v" "/var/lib/crater-agent-workspace/rustup-home:/opt/rustwide/rustup-home:ro,Z" "-e" "SOURCE_DIR=/opt/rustwide/workdir" "-e" "CARGO_TARGET_DIR=/opt/rustwide/target" "-e" "CARGO_INCREMENTAL=0" "-e" "RUST_BACKTRACE=full" "-e" "RUSTFLAGS=--cap-lints=warn" "-e" "CARGO_HOME=/opt/rustwide/cargo-home" "-e" "RUSTUP_HOME=/opt/rustwide/rustup-home" "-w" "/opt/rustwide/workdir" "-m" "1610612736" "--user" "0:0" "--network" "none" "ghcr.io/rust-lang/crates-build-env/linux@sha256:34b6a614d2c27851fe6cbf88fbd1137609cefab8b10d0615aaeb6fd47975d74e" "/opt/rustwide/cargo-home/bin/cargo" "+beta-2021-08-01" "test" "--frozen", kill_on_drop: false }`
[INFO] [stdout] 84910fa9ecbfcde567c047c4e907b0140070ceca6f97950f649a226d29d25eea
[INFO] running `Command { std: "docker" "start" "-a" "84910fa9ecbfcde567c047c4e907b0140070ceca6f97950f649a226d29d25eea", kill_on_drop: false }`
[INFO] [stderr] warning: unnecessary parentheses around type
[INFO] [stderr]    --> tests/from_request.rs:142:14
[INFO] [stderr]     |
[INFO] [stderr] 142 |     #[context(SpecialContext)]
[INFO] [stderr]     |              ^^^^^^^^^^^^^^^^ help: remove these parentheses
[INFO] [stderr]     |
[INFO] [stderr]     = note: `#[warn(unused_parens)]` on by default
[INFO] [stderr] 
[INFO] [stderr] warning: unnecessary parentheses around type
[INFO] [stderr]    --> tests/from_request.rs:187:14
[INFO] [stderr]     |
[INFO] [stderr] 187 |     #[context(SpecialContext)]
[INFO] [stderr]     |              ^^^^^^^^^^^^^^^^ help: remove these parentheses
[INFO] [stderr] 
[INFO] [stderr] warning: unnecessary parentheses around type
[INFO] [stderr]    --> tests/from_request.rs:410:14
[INFO] [stderr]     |
[INFO] [stderr] 410 |     #[context(SpecialContext)]
[INFO] [stderr]     |              ^^^^^^^^^^^^^^^^ help: remove these parentheses
[INFO] [stderr] 
[INFO] [stderr] warning: `hyperdrive` (test "from_request") generated 3 warnings
[INFO] [stderr]     Finished test [unoptimized + debuginfo] target(s) in 0.11s
[INFO] [stderr]      Running unittests (/opt/rustwide/target/debug/deps/hyperdrive-63abc42e3faaa496)
[INFO] [stdout] 
[INFO] [stdout] running 0 tests
[INFO] [stdout] 
[INFO] [stdout] test result: ok. 0 passed; 0 failed; 0 ignored; 0 measured; 0 filtered out; finished in 0.00s
[INFO] [stdout] 
[INFO] [stderr]      Running tests/catch_unwind.rs (/opt/rustwide/target/debug/deps/catch_unwind-3d7271acef026066)
[INFO] [stdout] 
[INFO] [stdout] running 1 test
[INFO] [stdout] test main ... ok
[INFO] [stdout] 
[INFO] [stdout] test result: ok. 1 passed; 0 failed; 0 ignored; 0 measured; 0 filtered out; finished in 0.28s
[INFO] [stdout] 
[INFO] [stderr]      Running tests/forward_pollution.rs (/opt/rustwide/target/debug/deps/forward_pollution-648e48727b281d2f)
[INFO] [stdout] 
[INFO] [stderr]      Running tests/from_request.rs (/opt/rustwide/target/debug/deps/from_request-70f27f4a629d85b7)
[INFO] [stdout] running 0 tests
[INFO] [stdout] 
[INFO] [stdout] test result: ok. 0 passed; 0 failed; 0 ignored; 0 measured; 0 filtered out; finished in 0.00s
[INFO] [stdout] 
[INFO] [stdout] 
[INFO] [stdout] running 14 tests
[INFO] [stdout] test context ... ok
[INFO] [stdout] test generic_forward ... ok
[INFO] [stdout] test generic_guard_struct_2 ... ok
[INFO] [stdout] test asterisk ... ok
[INFO] [stdout] test query_params ... ok
[INFO] [stdout] test generic ... ok
[INFO] [stdout] test forward ... ok
[INFO] [stdout] test generic_guard_struct ... ok
[INFO] [stdout] test struct_context ... ok
[INFO] [stdout] test klepto_arc ... ok
[INFO] [stdout] test implicit_head_route ... ok
[INFO] [stdout] test any_placeholder ... ok
[INFO] [stdout] test user_app ... ok
[INFO] [stdout] test forward_allowed_methods ... ok
[INFO] [stdout] 
[INFO] [stdout] test result: ok. 14 passed; 0 failed; 0 ignored; 0 measured; 0 filtered out; finished in 0.02s
[INFO] [stdout] 
[INFO] [stderr]      Running tests/ice.rs (/opt/rustwide/target/debug/deps/ice-1946aeb513d1cc1d)
[INFO] [stdout] 
[INFO] [stderr]      Running tests/request_context.rs (/opt/rustwide/target/debug/deps/request_context-1fc3f3af8cc88994)
[INFO] [stdout] running 0 tests
[INFO] [stdout] 
[INFO] [stdout] test result: ok. 0 passed; 0 failed; 0 ignored; 0 measured; 0 filtered out; finished in 0.00s
[INFO] [stdout] 
[INFO] [stdout] 
[INFO] [stdout] running 6 tests
[INFO] [stdout] test as_ref ... ok
[INFO] [stdout] test as_ref_tuple ... ok
[INFO] [stdout] test empty ... ok
[INFO] [stdout] test on_enum ... ok
[INFO] [stdout] test simple ... ok
[INFO] [stdout] test unit ... ok
[INFO] [stdout] 
[INFO] [stdout] test result: ok. 6 passed; 0 failed; 0 ignored; 0 measured; 0 filtered out; finished in 0.00s
[INFO] [stdout] 
[INFO] [stderr]    Doc-tests hyperdrive
[INFO] [stdout] 
[INFO] [stdout] running 23 tests
[INFO] [stdout] test src/lib.rs - FromRequest (line 243) - compile fail ... ok
[INFO] [stdout] test src/service.rs - service::ServiceExt::catch_unwind (line 480) - compile ... ok
[INFO] [stdout] test src/lib.rs - FromRequest (line 444) ... ok
[INFO] [stdout] test src/readme.rs - readme (line 40) ... FAILED
[INFO] [stdout] test src/lib.rs - (line 24) ... FAILED
[INFO] [stdout] test src/body.rs - body::HtmlForm (line 61) ... FAILED
[INFO] [stdout] test src/body.rs - body::Json (line 126) ... FAILED
[INFO] [stdout] test src/service.rs - service::AsyncService (line 53) ... FAILED
[INFO] [stdout] test src/lib.rs - (line 55) ... FAILED
[INFO] [stdout] test src/lib.rs - Guard (line 612) ... ok
[INFO] [stdout] test src/lib.rs - FromBody (line 724) ... ok
[INFO] [stdout] test src/lib.rs - RequestContext (line 870) ... ok
[INFO] [stdout] test src/lib.rs - RequestContext (line 880) ... ok
[INFO] [stdout] test src/lib.rs - FromBody (line 753) ... ok
[INFO] [stdout] test src/lib.rs - (line 86) ... ok
[INFO] [stdout] test src/lib.rs - Guard (line 635) ... ok
[INFO] [stdout] test src/lib.rs - FromRequest (line 391) ... ok
[INFO] [stdout] test src/lib.rs - FromRequest (line 196) ... ok
[INFO] [stdout] test src/lib.rs - FromRequest (line 475) ... ok
[INFO] [stdout] test src/lib.rs - FromRequest (line 260) ... ok
[INFO] [stdout] test src/lib.rs - FromRequest (line 352) ... ok
[INFO] [stdout] test src/service.rs - service::SyncService (line 273) ... ok
[INFO] [stdout] test src/error.rs - error::Error::response (line 109) ... ok
[INFO] [stdout] 
[INFO] [stdout] failures:
[INFO] [stdout] 
[INFO] [stdout] ---- src/readme.rs - readme (line 40) stdout ----
[INFO] [stdout] Couldn't compile the test.
[INFO] [stdout] ---- src/lib.rs - (line 24) stdout ----
[INFO] [stdout] warning: unused variable: `srv`
[INFO] [stdout]   --> src/lib.rs:38:5
[INFO] [stdout]    |
[INFO] [stdout] 17 | let srv = Server::bind(&"127.0.0.1:0".parse().unwrap())
[INFO] [stdout]    |     ^^^ help: if this is intentional, prefix it with an underscore: `_srv`
[INFO] [stdout]    |
[INFO] [stdout]    = note: `#[warn(unused_variables)]` on by default
[INFO] [stdout] 
[INFO] [stdout] error: linking with `cc` failed: exit status: 1
[INFO] [stdout]   |
[INFO] [stdout]   = note: "cc" "-m64" "/tmp/rustdoctestmnFLo9/rust_out.rust_out.1376475e-cgu.0.rcgu.o" "/tmp/rustdoctestmnFLo9/rust_out.3oi7hjnjienb8flc.rcgu.o" "-Wl,--as-needed" "-L" "/opt/rustwide/target/debug/deps" "-L" "/opt/rustwide/target/debug/deps" "-L" "/opt/rustwide/rustup-home/toolchains/beta-2021-08-01-x86_64-unknown-linux-gnu/lib/rustlib/x86_64-unknown-linux-gnu/lib" "-Wl,-Bstatic" "/opt/rustwide/target/debug/deps/libhyperdrive-c91d4153d6de7685.rlib" "/opt/rustwide/target/debug/deps/libserde_json-07f1ef31b244e170.rlib" "/opt/rustwide/target/debug/deps/libryu-58d6bdbbdb00e196.rlib" "/opt/rustwide/target/debug/deps/libserde_urlencoded-1d10721c9a868bb4.rlib" "/opt/rustwide/target/debug/deps/liburl-59331658f2311f77.rlib" "/opt/rustwide/target/debug/deps/libidna-a6817081c64bae8f.rlib" "/opt/rustwide/target/debug/deps/libunicode_normalization-9937e5bde6b792fd.rlib" "/opt/rustwide/target/debug/deps/libtinyvec-37d41940def455b4.rlib" "/opt/rustwide/target/debug/deps/libtinyvec_macros-92a1c487a2a985df.rlib" "/opt/rustwide/target/debug/deps/libunicode_bidi-afe326ebf8dbe853.rlib" "/opt/rustwide/target/debug/deps/libform_urlencoded-76d637a70c0a9c56.rlib" "/opt/rustwide/target/debug/deps/libpercent_encoding-f9199a68e8c135fc.rlib" "/opt/rustwide/target/debug/deps/libmatches-9cfb84f2ef24c6e0.rlib" "/opt/rustwide/target/debug/deps/libdtoa-28325d63cc9a64d8.rlib" "/opt/rustwide/target/debug/deps/libregex-a3872ea1c1199fca.rlib" "/opt/rustwide/target/debug/deps/libaho_corasick-e187271509b4f902.rlib" "/opt/rustwide/target/debug/deps/libmemchr-fdb14ed691dc70dd.rlib" "/opt/rustwide/target/debug/deps/libregex_syntax-b1f5a8f2fb571c3f.rlib" "/opt/rustwide/target/debug/deps/libhyper-4ca3df0655d2c663.rlib" "/opt/rustwide/target/debug/deps/libwant-50dce6c28363fd67.rlib" "/opt/rustwide/target/debug/deps/libtry_lock-5413453539618953.rlib" "/opt/rustwide/target/debug/deps/libtokio-49bfcbe6621b766d.rlib" "/opt/rustwide/target/debug/deps/libtokio_timer-13a751ee669e99c6.rlib" "/opt/rustwide/target/debug/deps/libtokio_threadpool-c00f2503c63a816c.rlib" "/opt/rustwide/target/debug/deps/libcrossbeam_queue-7e820ed6f748bdf1.rlib" "/opt/rustwide/target/debug/deps/libcrossbeam_deque-585e1e31dcd4882d.rlib" "/opt/rustwide/target/debug/deps/libcrossbeam_epoch-e969548fcbdf5d75.rlib" "/opt/rustwide/target/debug/deps/libmemoffset-a12ae7293f8eed8b.rlib" "/opt/rustwide/target/debug/deps/libtokio_tcp-2284986c93f1c04e.rlib" "/opt/rustwide/target/debug/deps/libtokio_reactor-bbb4edf279517966.rlib" "/opt/rustwide/target/debug/deps/libtokio_sync-cef6b8c15875f604.rlib" "/opt/rustwide/target/debug/deps/libparking_lot-912cd8183a0f7b47.rlib" "/opt/rustwide/target/debug/deps/libparking_lot_core-a6e8dcce06d42d0b.rlib" "/opt/rustwide/target/debug/deps/libsmallvec-3f53ab61be893db5.rlib" "/opt/rustwide/target/debug/deps/libmaybe_uninit-695311e2d4eb5931.rlib" "/opt/rustwide/target/debug/deps/liblock_api-354151540ba24b93.rlib" "/opt/rustwide/target/debug/deps/libscopeguard-77ffbe2fe379a2bf.rlib" "/opt/rustwide/target/debug/deps/libtokio_current_thread-c22b1fa6df721136.rlib" "/opt/rustwide/target/debug/deps/libtokio_executor-b84e4b9407f610cf.rlib" "/opt/rustwide/target/debug/deps/libcrossbeam_utils-6ccdd1cb1d87c90c.rlib" "/opt/rustwide/target/debug/deps/liblazy_static-e92083d5a39a8b50.rlib" "/opt/rustwide/target/debug/deps/libmio-de8240190648fe5c.rlib" "/opt/rustwide/target/debug/deps/libtime-ba10b1878fe332d6.rlib" "/opt/rustwide/target/debug/deps/libnet2-535bc888beb7bad3.rlib" "/opt/rustwide/target/debug/deps/libcfg_if-ffb7f11ad1437080.rlib" "/opt/rustwide/target/debug/deps/libhttparse-c567b0f61aebf2a9.rlib" "/opt/rustwide/target/debug/deps/libhttp_body-dddee39360938518.rlib" "/opt/rustwide/target/debug/deps/libtokio_buf-1ac20668f6212fa2.rlib" "/opt/rustwide/target/debug/deps/libh2-610ddde5e25b828f.rlib" "/opt/rustwide/target/debug/deps/libindexmap-aaa7679905b2afd3.rlib" "/opt/rustwide/target/debug/deps/libhashbrown-0a6de1fd7b8891d4.rlib" "/opt/rustwide/target/debug/deps/libstring-319aae3eb64d6f81.rlib" "/opt/rustwide/target/debug/deps/libslab-d8039491c225f987.rlib" "/opt/rustwide/target/debug/deps/libtokio_io-3c690a13ebb03ac4.rlib" "/opt/rustwide/target/debug/deps/liblog-6eac8828b0293875.rlib" "/opt/rustwide/target/debug/deps/libcfg_if-0d27f345b2a6a3cd.rlib" "/opt/rustwide/target/debug/deps/libfutures_cpupool-3059c28ca277f26f.rlib" "/opt/rustwide/target/debug/deps/libnum_cpus-c71919f527130ee7.rlib" "/opt/rustwide/target/debug/deps/libhttp-a6b4079bb55b893a.rlib" "/opt/rustwide/target/debug/deps/libitoa-f0883342bffd153c.rlib" "/opt/rustwide/target/debug/deps/libfnv-059813dc4f8dd4c8.rlib" "/opt/rustwide/target/debug/deps/libbytes-2016cc25398dc649.rlib" "/opt/rustwide/target/debug/deps/libeither-7c6ea7c6fa08bb39.rlib" "/opt/rustwide/target/debug/deps/libiovec-fbb2024ac0bba903.rlib" "/opt/rustwide/target/debug/deps/liblibc-bd0a7f2f55865ae0.rlib" "/opt/rustwide/target/debug/deps/libbyteorder-f30fa083324a1476.rlib" "/opt/rustwide/target/debug/deps/libserde-43684e022ed6caba.rlib" "/opt/rustwide/target/debug/deps/libfutures-c39dff430ac81ac9.rlib" "-Wl,--start-group" "/opt/rustwide/rustup-home/toolchains/beta-2021-08-01-x86_64-unknown-linux-gnu/lib/rustlib/x86_64-unknown-linux-gnu/lib/libstd-197d933f09d9a590.rlib" "/opt/rustwide/rustup-home/toolchains/beta-2021-08-01-x86_64-unknown-linux-gnu/lib/rustlib/x86_64-unknown-linux-gnu/lib/libpanic_unwind-46a006cddfd334f0.rlib" "/opt/rustwide/rustup-home/toolchains/beta-2021-08-01-x86_64-unknown-linux-gnu/lib/rustlib/x86_64-unknown-linux-gnu/lib/libminiz_oxide-5b9870310e470b38.rlib" "/opt/rustwide/rustup-home/toolchains/beta-2021-08-01-x86_64-unknown-linux-gnu/lib/rustlib/x86_64-unknown-linux-gnu/lib/libadler-260022ba8f1ab4ee.rlib" "/opt/rustwide/rustup-home/toolchains/beta-2021-08-01-x86_64-unknown-linux-gnu/lib/rustlib/x86_64-unknown-linux-gnu/lib/libobject-71377435a799394f.rlib" "/opt/rustwide/rustup-home/toolchains/beta-2021-08-01-x86_64-unknown-linux-gnu/lib/rustlib/x86_64-unknown-linux-gnu/lib/libaddr2line-658ee5924fde57cd.rlib" "/opt/rustwide/rustup-home/toolchains/beta-2021-08-01-x86_64-unknown-linux-gnu/lib/rustlib/x86_64-unknown-linux-gnu/lib/libgimli-9e8627da6bd1b94a.rlib" "/opt/rustwide/rustup-home/toolchains/beta-2021-08-01-x86_64-unknown-linux-gnu/lib/rustlib/x86_64-unknown-linux-gnu/lib/libstd_detect-19fdaac49f59be84.rlib" "/opt/rustwide/rustup-home/toolchains/beta-2021-08-01-x86_64-unknown-linux-gnu/lib/rustlib/x86_64-unknown-linux-gnu/lib/librustc_demangle-cb00e2691ea45905.rlib" "/opt/rustwide/rustup-home/toolchains/beta-2021-08-01-x86_64-unknown-linux-gnu/lib/rustlib/x86_64-unknown-linux-gnu/lib/libhashbrown-50f6726defae5ae1.rlib" "/opt/rustwide/rustup-home/toolchains/beta-2021-08-01-x86_64-unknown-linux-gnu/lib/rustlib/x86_64-unknown-linux-gnu/lib/librustc_std_workspace_alloc-2afc16311deea26e.rlib" "/opt/rustwide/rustup-home/toolchains/beta-2021-08-01-x86_64-unknown-linux-gnu/lib/rustlib/x86_64-unknown-linux-gnu/lib/libunwind-bb5cb0fe086ee8cf.rlib" "/opt/rustwide/rustup-home/toolchains/beta-2021-08-01-x86_64-unknown-linux-gnu/lib/rustlib/x86_64-unknown-linux-gnu/lib/libcfg_if-896053247b5dfd0b.rlib" "/opt/rustwide/rustup-home/toolchains/beta-2021-08-01-x86_64-unknown-linux-gnu/lib/rustlib/x86_64-unknown-linux-gnu/lib/liblibc-735e1f2ac3cf23be.rlib" "/opt/rustwide/rustup-home/toolchains/beta-2021-08-01-x86_64-unknown-linux-gnu/lib/rustlib/x86_64-unknown-linux-gnu/lib/liballoc-9dfb6622644c732c.rlib" "/opt/rustwide/rustup-home/toolchains/beta-2021-08-01-x86_64-unknown-linux-gnu/lib/rustlib/x86_64-unknown-linux-gnu/lib/librustc_std_workspace_core-beea7d9617fe25c5.rlib" "/opt/rustwide/rustup-home/toolchains/beta-2021-08-01-x86_64-unknown-linux-gnu/lib/rustlib/x86_64-unknown-linux-gnu/lib/libcore-8ef7dd43fc671f88.rlib" "-Wl,--end-group" "/opt/rustwide/rustup-home/toolchains/beta-2021-08-01-x86_64-unknown-linux-gnu/lib/rustlib/x86_64-unknown-linux-gnu/lib/libcompiler_builtins-a9a3b2ad67977f47.rlib" "-Wl,-Bdynamic" "-lgcc_s" "-lutil" "-lrt" "-lpthread" "-lm" "-ldl" "-lc" "-Wl,--eh-frame-hdr" "-Wl,-znoexecstack" "-L" "/opt/rustwide/rustup-home/toolchains/beta-2021-08-01-x86_64-unknown-linux-gnu/lib/rustlib/x86_64-unknown-linux-gnu/lib" "-o" "/tmp/rustdoctestmnFLo9/rust_out" "-Wl,--gc-sections" "-pie" "-Wl,-zrelro" "-Wl,-znow" "-nodefaultlibs"
[INFO] [stdout]   = note: collect2: fatal error: ld terminated with signal 9 [Killed]
[INFO] [stdout]           compilation terminated.
[INFO] [stdout]           
[INFO] [stdout] 
[INFO] [stdout] error: aborting due to previous error; 1 warning emitted
[INFO] [stdout] 
[INFO] [stdout] Couldn't compile the test.
[INFO] [stdout] ---- src/body.rs - body::HtmlForm (line 61) stdout ----
[INFO] [stdout] Couldn't compile the test.
[INFO] [stdout] ---- src/body.rs - body::Json (line 126) stdout ----
[INFO] [stdout] Couldn't compile the test.
[INFO] [stdout] ---- src/service.rs - service::AsyncService (line 53) stdout ----
[INFO] [stdout] warning: unused variable: `orig`
[INFO] [stdout]   --> src/service.rs:65:48
[INFO] [stdout]    |
[INFO] [stdout] 15 | let service = AsyncService::new(|route: Route, orig: Arc<Request<()>>| {
[INFO] [stdout]    |                                                ^^^^ help: if this is intentional, prefix it with an underscore: `_orig`
[INFO] [stdout]    |
[INFO] [stdout]    = note: `#[warn(unused_variables)]` on by default
[INFO] [stdout] 
[INFO] [stdout] warning: unused variable: `srv`
[INFO] [stdout]   --> src/service.rs:77:5
[INFO] [stdout]    |
[INFO] [stdout] 27 | let srv = Server::bind(&"127.0.0.1:0".parse().unwrap())
[INFO] [stdout]    |     ^^^ help: if this is intentional, prefix it with an underscore: `_srv`
[INFO] [stdout] 
[INFO] [stdout] Couldn't compile the test.
[INFO] [stdout] ---- src/lib.rs - (line 55) stdout ----
[INFO] [stdout] warning: unused variable: `srv`
[INFO] [stdout]   --> src/lib.rs:68:5
[INFO] [stdout]    |
[INFO] [stdout] 16 | let srv = Server::bind(&"127.0.0.1:0".parse().unwrap())
[INFO] [stdout]    |     ^^^ help: if this is intentional, prefix it with an underscore: `_srv`
[INFO] [stdout]    |
[INFO] [stdout]    = note: `#[warn(unused_variables)]` on by default
[INFO] [stdout] 
[INFO] [stdout] error: linking with `cc` failed: exit status: 1
[INFO] [stdout]   |
[INFO] [stdout]   = note: "cc" "-m64" "/tmp/rustdoctestPhJdu7/rust_out.rust_out.1376475e-cgu.0.rcgu.o" "/tmp/rustdoctestPhJdu7/rust_out.3oi7hjnjienb8flc.rcgu.o" "-Wl,--as-needed" "-L" "/opt/rustwide/target/debug/deps" "-L" "/opt/rustwide/target/debug/deps" "-L" "/opt/rustwide/rustup-home/toolchains/beta-2021-08-01-x86_64-unknown-linux-gnu/lib/rustlib/x86_64-unknown-linux-gnu/lib" "-Wl,-Bstatic" "/opt/rustwide/target/debug/deps/libhyperdrive-c91d4153d6de7685.rlib" "/opt/rustwide/target/debug/deps/libserde_json-07f1ef31b244e170.rlib" "/opt/rustwide/target/debug/deps/libryu-58d6bdbbdb00e196.rlib" "/opt/rustwide/target/debug/deps/libserde_urlencoded-1d10721c9a868bb4.rlib" "/opt/rustwide/target/debug/deps/liburl-59331658f2311f77.rlib" "/opt/rustwide/target/debug/deps/libidna-a6817081c64bae8f.rlib" "/opt/rustwide/target/debug/deps/libunicode_normalization-9937e5bde6b792fd.rlib" "/opt/rustwide/target/debug/deps/libtinyvec-37d41940def455b4.rlib" "/opt/rustwide/target/debug/deps/libtinyvec_macros-92a1c487a2a985df.rlib" "/opt/rustwide/target/debug/deps/libunicode_bidi-afe326ebf8dbe853.rlib" "/opt/rustwide/target/debug/deps/libform_urlencoded-76d637a70c0a9c56.rlib" "/opt/rustwide/target/debug/deps/libpercent_encoding-f9199a68e8c135fc.rlib" "/opt/rustwide/target/debug/deps/libmatches-9cfb84f2ef24c6e0.rlib" "/opt/rustwide/target/debug/deps/libdtoa-28325d63cc9a64d8.rlib" "/opt/rustwide/target/debug/deps/libregex-a3872ea1c1199fca.rlib" "/opt/rustwide/target/debug/deps/libaho_corasick-e187271509b4f902.rlib" "/opt/rustwide/target/debug/deps/libmemchr-fdb14ed691dc70dd.rlib" "/opt/rustwide/target/debug/deps/libregex_syntax-b1f5a8f2fb571c3f.rlib" "/opt/rustwide/target/debug/deps/libhyper-4ca3df0655d2c663.rlib" "/opt/rustwide/target/debug/deps/libwant-50dce6c28363fd67.rlib" "/opt/rustwide/target/debug/deps/libtry_lock-5413453539618953.rlib" "/opt/rustwide/target/debug/deps/libtokio-49bfcbe6621b766d.rlib" "/opt/rustwide/target/debug/deps/libtokio_timer-13a751ee669e99c6.rlib" "/opt/rustwide/target/debug/deps/libtokio_threadpool-c00f2503c63a816c.rlib" "/opt/rustwide/target/debug/deps/libcrossbeam_queue-7e820ed6f748bdf1.rlib" "/opt/rustwide/target/debug/deps/libcrossbeam_deque-585e1e31dcd4882d.rlib" "/opt/rustwide/target/debug/deps/libcrossbeam_epoch-e969548fcbdf5d75.rlib" "/opt/rustwide/target/debug/deps/libmemoffset-a12ae7293f8eed8b.rlib" "/opt/rustwide/target/debug/deps/libtokio_tcp-2284986c93f1c04e.rlib" "/opt/rustwide/target/debug/deps/libtokio_reactor-bbb4edf279517966.rlib" "/opt/rustwide/target/debug/deps/libtokio_sync-cef6b8c15875f604.rlib" "/opt/rustwide/target/debug/deps/libparking_lot-912cd8183a0f7b47.rlib" "/opt/rustwide/target/debug/deps/libparking_lot_core-a6e8dcce06d42d0b.rlib" "/opt/rustwide/target/debug/deps/libsmallvec-3f53ab61be893db5.rlib" "/opt/rustwide/target/debug/deps/libmaybe_uninit-695311e2d4eb5931.rlib" "/opt/rustwide/target/debug/deps/liblock_api-354151540ba24b93.rlib" "/opt/rustwide/target/debug/deps/libscopeguard-77ffbe2fe379a2bf.rlib" "/opt/rustwide/target/debug/deps/libtokio_current_thread-c22b1fa6df721136.rlib" "/opt/rustwide/target/debug/deps/libtokio_executor-b84e4b9407f610cf.rlib" "/opt/rustwide/target/debug/deps/libcrossbeam_utils-6ccdd1cb1d87c90c.rlib" "/opt/rustwide/target/debug/deps/liblazy_static-e92083d5a39a8b50.rlib" "/opt/rustwide/target/debug/deps/libmio-de8240190648fe5c.rlib" "/opt/rustwide/target/debug/deps/libtime-ba10b1878fe332d6.rlib" "/opt/rustwide/target/debug/deps/libnet2-535bc888beb7bad3.rlib" "/opt/rustwide/target/debug/deps/libcfg_if-ffb7f11ad1437080.rlib" "/opt/rustwide/target/debug/deps/libhttparse-c567b0f61aebf2a9.rlib" "/opt/rustwide/target/debug/deps/libhttp_body-dddee39360938518.rlib" "/opt/rustwide/target/debug/deps/libtokio_buf-1ac20668f6212fa2.rlib" "/opt/rustwide/target/debug/deps/libh2-610ddde5e25b828f.rlib" "/opt/rustwide/target/debug/deps/libindexmap-aaa7679905b2afd3.rlib" "/opt/rustwide/target/debug/deps/libhashbrown-0a6de1fd7b8891d4.rlib" "/opt/rustwide/target/debug/deps/libstring-319aae3eb64d6f81.rlib" "/opt/rustwide/target/debug/deps/libslab-d8039491c225f987.rlib" "/opt/rustwide/target/debug/deps/libtokio_io-3c690a13ebb03ac4.rlib" "/opt/rustwide/target/debug/deps/liblog-6eac8828b0293875.rlib" "/opt/rustwide/target/debug/deps/libcfg_if-0d27f345b2a6a3cd.rlib" "/opt/rustwide/target/debug/deps/libfutures_cpupool-3059c28ca277f26f.rlib" "/opt/rustwide/target/debug/deps/libnum_cpus-c71919f527130ee7.rlib" "/opt/rustwide/target/debug/deps/libhttp-a6b4079bb55b893a.rlib" "/opt/rustwide/target/debug/deps/libitoa-f0883342bffd153c.rlib" "/opt/rustwide/target/debug/deps/libfnv-059813dc4f8dd4c8.rlib" "/opt/rustwide/target/debug/deps/libbytes-2016cc25398dc649.rlib" "/opt/rustwide/target/debug/deps/libeither-7c6ea7c6fa08bb39.rlib" "/opt/rustwide/target/debug/deps/libiovec-fbb2024ac0bba903.rlib" "/opt/rustwide/target/debug/deps/liblibc-bd0a7f2f55865ae0.rlib" "/opt/rustwide/target/debug/deps/libbyteorder-f30fa083324a1476.rlib" "/opt/rustwide/target/debug/deps/libserde-43684e022ed6caba.rlib" "/opt/rustwide/target/debug/deps/libfutures-c39dff430ac81ac9.rlib" "-Wl,--start-group" "/opt/rustwide/rustup-home/toolchains/beta-2021-08-01-x86_64-unknown-linux-gnu/lib/rustlib/x86_64-unknown-linux-gnu/lib/libstd-197d933f09d9a590.rlib" "/opt/rustwide/rustup-home/toolchains/beta-2021-08-01-x86_64-unknown-linux-gnu/lib/rustlib/x86_64-unknown-linux-gnu/lib/libpanic_unwind-46a006cddfd334f0.rlib" "/opt/rustwide/rustup-home/toolchains/beta-2021-08-01-x86_64-unknown-linux-gnu/lib/rustlib/x86_64-unknown-linux-gnu/lib/libminiz_oxide-5b9870310e470b38.rlib" "/opt/rustwide/rustup-home/toolchains/beta-2021-08-01-x86_64-unknown-linux-gnu/lib/rustlib/x86_64-unknown-linux-gnu/lib/libadler-260022ba8f1ab4ee.rlib" "/opt/rustwide/rustup-home/toolchains/beta-2021-08-01-x86_64-unknown-linux-gnu/lib/rustlib/x86_64-unknown-linux-gnu/lib/libobject-71377435a799394f.rlib" "/opt/rustwide/rustup-home/toolchains/beta-2021-08-01-x86_64-unknown-linux-gnu/lib/rustlib/x86_64-unknown-linux-gnu/lib/libaddr2line-658ee5924fde57cd.rlib" "/opt/rustwide/rustup-home/toolchains/beta-2021-08-01-x86_64-unknown-linux-gnu/lib/rustlib/x86_64-unknown-linux-gnu/lib/libgimli-9e8627da6bd1b94a.rlib" "/opt/rustwide/rustup-home/toolchains/beta-2021-08-01-x86_64-unknown-linux-gnu/lib/rustlib/x86_64-unknown-linux-gnu/lib/libstd_detect-19fdaac49f59be84.rlib" "/opt/rustwide/rustup-home/toolchains/beta-2021-08-01-x86_64-unknown-linux-gnu/lib/rustlib/x86_64-unknown-linux-gnu/lib/librustc_demangle-cb00e2691ea45905.rlib" "/opt/rustwide/rustup-home/toolchains/beta-2021-08-01-x86_64-unknown-linux-gnu/lib/rustlib/x86_64-unknown-linux-gnu/lib/libhashbrown-50f6726defae5ae1.rlib" "/opt/rustwide/rustup-home/toolchains/beta-2021-08-01-x86_64-unknown-linux-gnu/lib/rustlib/x86_64-unknown-linux-gnu/lib/librustc_std_workspace_alloc-2afc16311deea26e.rlib" "/opt/rustwide/rustup-home/toolchains/beta-2021-08-01-x86_64-unknown-linux-gnu/lib/rustlib/x86_64-unknown-linux-gnu/lib/libunwind-bb5cb0fe086ee8cf.rlib" "/opt/rustwide/rustup-home/toolchains/beta-2021-08-01-x86_64-unknown-linux-gnu/lib/rustlib/x86_64-unknown-linux-gnu/lib/libcfg_if-896053247b5dfd0b.rlib" "/opt/rustwide/rustup-home/toolchains/beta-2021-08-01-x86_64-unknown-linux-gnu/lib/rustlib/x86_64-unknown-linux-gnu/lib/liblibc-735e1f2ac3cf23be.rlib" "/opt/rustwide/rustup-home/toolchains/beta-2021-08-01-x86_64-unknown-linux-gnu/lib/rustlib/x86_64-unknown-linux-gnu/lib/liballoc-9dfb6622644c732c.rlib" "/opt/rustwide/rustup-home/toolchains/beta-2021-08-01-x86_64-unknown-linux-gnu/lib/rustlib/x86_64-unknown-linux-gnu/lib/librustc_std_workspace_core-beea7d9617fe25c5.rlib" "/opt/rustwide/rustup-home/toolchains/beta-2021-08-01-x86_64-unknown-linux-gnu/lib/rustlib/x86_64-unknown-linux-gnu/lib/libcore-8ef7dd43fc671f88.rlib" "-Wl,--end-group" "/opt/rustwide/rustup-home/toolchains/beta-2021-08-01-x86_64-unknown-linux-gnu/lib/rustlib/x86_64-unknown-linux-gnu/lib/libcompiler_builtins-a9a3b2ad67977f47.rlib" "-Wl,-Bdynamic" "-lgcc_s" "-lutil" "-lrt" "-lpthread" "-lm" "-ldl" "-lc" "-Wl,--eh-frame-hdr" "-Wl,-znoexecstack" "-L" "/opt/rustwide/rustup-home/toolchains/beta-2021-08-01-x86_64-unknown-linux-gnu/lib/rustlib/x86_64-unknown-linux-gnu/lib" "-o" "/tmp/rustdoctestPhJdu7/rust_out" "-Wl,--gc-sections" "-pie" "-Wl,-zrelro" "-Wl,-znow" "-nodefaultlibs"
[INFO] [stdout]   = note: collect2: fatal error: ld terminated with signal 9 [Killed]
[INFO] [stdout]           compilation terminated.
[INFO] [stdout]           
[INFO] [stdout] 
[INFO] [stdout] error: aborting due to previous error; 1 warning emitted
[INFO] [stdout] 
[INFO] [stdout] Couldn't compile the test.
[INFO] [stdout] 
[INFO] [stdout] failures:
[INFO] [stdout]     src/body.rs - body::HtmlForm (line 61)
[INFO] [stdout]     src/body.rs - body::Json (line 126)
[INFO] [stdout]     src/lib.rs - (line 24)
[INFO] [stdout]     src/lib.rs - (line 55)
[INFO] [stdout]     src/readme.rs - readme (line 40)
[INFO] [stdout]     src/service.rs - service::AsyncService (line 53)
[INFO] [stdout] 
[INFO] [stdout] test result: FAILED. 17 passed; 6 failed; 0 ignored; 0 measured; 0 filtered out; finished in 3.07s
[INFO] [stdout] 
[INFO] [stderr] error: test failed, to rerun pass '--doc'
[INFO] running `Command { std: "docker" "inspect" "84910fa9ecbfcde567c047c4e907b0140070ceca6f97950f649a226d29d25eea", kill_on_drop: false }`
[INFO] running `Command { std: "docker" "rm" "-f" "84910fa9ecbfcde567c047c4e907b0140070ceca6f97950f649a226d29d25eea", kill_on_drop: false }`
[INFO] [stdout] 84910fa9ecbfcde567c047c4e907b0140070ceca6f97950f649a226d29d25eea
