[INFO] fetching crate hyper-tungstenite 0.3.3...
[INFO] testing hyper-tungstenite-0.3.3 against 1.54.0 for beta-1.55-1
[INFO] extracting crate hyper-tungstenite 0.3.3 into /workspace/builds/worker-117/source
[INFO] validating manifest of crates.io crate hyper-tungstenite 0.3.3 on toolchain 1.54.0
[INFO] running `Command { std: "/workspace/cargo-home/bin/cargo" "+1.54.0" "metadata" "--manifest-path" "Cargo.toml" "--no-deps", kill_on_drop: false }`
[INFO] started tweaking crates.io crate hyper-tungstenite 0.3.3
[INFO] finished tweaking crates.io crate hyper-tungstenite 0.3.3
[INFO] tweaked toml for crates.io crate hyper-tungstenite 0.3.3 written to /workspace/builds/worker-117/source/Cargo.toml
[INFO] running `Command { std: "/workspace/cargo-home/bin/cargo" "+1.54.0" "generate-lockfile" "--manifest-path" "Cargo.toml" "-Zno-index-update", kill_on_drop: false }`
[INFO] running `Command { std: "/workspace/cargo-home/bin/cargo" "+1.54.0" "fetch" "--manifest-path" "Cargo.toml", kill_on_drop: false }`
[INFO] running `Command { std: "docker" "create" "-v" "/var/lib/crater-agent-workspace/builds/worker-117/target:/opt/rustwide/target:rw,Z" "-v" "/var/lib/crater-agent-workspace/builds/worker-117/source:/opt/rustwide/workdir:ro,Z" "-v" "/var/lib/crater-agent-workspace/cargo-home:/opt/rustwide/cargo-home:ro,Z" "-v" "/var/lib/crater-agent-workspace/rustup-home:/opt/rustwide/rustup-home:ro,Z" "-e" "SOURCE_DIR=/opt/rustwide/workdir" "-e" "CARGO_TARGET_DIR=/opt/rustwide/target" "-e" "CARGO_HOME=/opt/rustwide/cargo-home" "-e" "RUSTUP_HOME=/opt/rustwide/rustup-home" "-w" "/opt/rustwide/workdir" "-m" "1610612736" "--user" "0:0" "--network" "none" "ghcr.io/rust-lang/crates-build-env/linux@sha256:34b6a614d2c27851fe6cbf88fbd1137609cefab8b10d0615aaeb6fd47975d74e" "/opt/rustwide/cargo-home/bin/cargo" "+1.54.0" "metadata" "--no-deps" "--format-version=1", kill_on_drop: false }`
[INFO] [stdout] fb1aed9c4dd4da41aff4eef9a3f5f49f442a5f443c0652df801c389450b55ae7
[INFO] running `Command { std: "docker" "start" "-a" "fb1aed9c4dd4da41aff4eef9a3f5f49f442a5f443c0652df801c389450b55ae7", kill_on_drop: false }`
[INFO] running `Command { std: "docker" "inspect" "fb1aed9c4dd4da41aff4eef9a3f5f49f442a5f443c0652df801c389450b55ae7", kill_on_drop: false }`
[INFO] running `Command { std: "docker" "rm" "-f" "fb1aed9c4dd4da41aff4eef9a3f5f49f442a5f443c0652df801c389450b55ae7", kill_on_drop: false }`
[INFO] [stdout] fb1aed9c4dd4da41aff4eef9a3f5f49f442a5f443c0652df801c389450b55ae7
[INFO] running `Command { std: "docker" "create" "-v" "/var/lib/crater-agent-workspace/builds/worker-117/target:/opt/rustwide/target:rw,Z" "-v" "/var/lib/crater-agent-workspace/builds/worker-117/source:/opt/rustwide/workdir:ro,Z" "-v" "/var/lib/crater-agent-workspace/cargo-home:/opt/rustwide/cargo-home:ro,Z" "-v" "/var/lib/crater-agent-workspace/rustup-home:/opt/rustwide/rustup-home:ro,Z" "-e" "SOURCE_DIR=/opt/rustwide/workdir" "-e" "CARGO_TARGET_DIR=/opt/rustwide/target" "-e" "CARGO_INCREMENTAL=0" "-e" "RUST_BACKTRACE=full" "-e" "RUSTFLAGS=--cap-lints=warn" "-e" "CARGO_HOME=/opt/rustwide/cargo-home" "-e" "RUSTUP_HOME=/opt/rustwide/rustup-home" "-w" "/opt/rustwide/workdir" "-m" "1610612736" "--user" "0:0" "--network" "none" "ghcr.io/rust-lang/crates-build-env/linux@sha256:34b6a614d2c27851fe6cbf88fbd1137609cefab8b10d0615aaeb6fd47975d74e" "/opt/rustwide/cargo-home/bin/cargo" "+1.54.0" "build" "--frozen" "--message-format=json", kill_on_drop: false }`
[INFO] [stdout] 67fab8099bba2e3c2491f0209237c73d18c976ec3b6325c736c7afac34de3d04
[INFO] running `Command { std: "docker" "start" "-a" "67fab8099bba2e3c2491f0209237c73d18c976ec3b6325c736c7afac34de3d04", kill_on_drop: false }`
[INFO] [stderr]    Compiling syn v1.0.74
[INFO] [stderr]    Compiling memchr v2.4.0
[INFO] [stderr]    Compiling futures-core v0.3.16
[INFO] [stderr]    Compiling pin-project-lite v0.2.7
[INFO] [stderr]    Compiling proc-macro-hack v0.5.19
[INFO] [stderr]    Compiling httparse v1.4.1
[INFO] [stderr]    Compiling futures-channel v0.3.16
[INFO] [stderr]    Compiling proc-macro-nested v0.1.7
[INFO] [stderr]    Compiling futures-task v0.3.16
[INFO] [stderr]    Compiling futures-sink v0.3.16
[INFO] [stderr]    Compiling cpufeatures v0.1.5
[INFO] [stderr]    Compiling slab v0.4.4
[INFO] [stderr]    Compiling futures-io v0.3.16
[INFO] [stderr]    Compiling utf-8 v0.7.6
[INFO] [stderr]    Compiling httpdate v1.0.1
[INFO] [stderr]    Compiling futures-macro v0.3.16
[INFO] [stderr]    Compiling tinyvec v1.3.1
[INFO] [stderr]    Compiling futures-util v0.3.16
[INFO] [stderr]    Compiling tokio v1.9.0
[INFO] [stderr]    Compiling tracing-core v0.1.18
[INFO] [stderr]    Compiling getrandom v0.2.3
[INFO] [stderr]    Compiling mio v0.7.13
[INFO] [stderr]    Compiling socket2 v0.4.1
[INFO] [stderr]    Compiling sha-1 v0.9.7
[INFO] [stderr]    Compiling http-body v0.4.2
[INFO] [stderr]    Compiling rand_core v0.6.3
[INFO] [stderr]    Compiling tracing v0.1.26
[INFO] [stderr]    Compiling unicode-normalization v0.1.19
[INFO] [stderr]    Compiling rand_chacha v0.3.1
[INFO] [stderr]    Compiling rand v0.8.4
[INFO] [stderr]    Compiling idna v0.2.3
[INFO] [stderr]    Compiling url v2.2.2
[INFO] [stderr]    Compiling tokio-macros v1.3.0
[INFO] [stderr]    Compiling thiserror-impl v1.0.26
[INFO] [stderr]    Compiling pin-project-internal v1.0.8
[INFO] [stderr]    Compiling thiserror v1.0.26
[INFO] [stderr]    Compiling tungstenite v0.13.0
[INFO] [stderr]    Compiling pin-project v1.0.8
[INFO] [stderr]    Compiling tokio-tungstenite v0.14.0
[INFO] [stderr]    Compiling hyper v0.14.11
[INFO] [stderr]    Compiling hyper-tungstenite v0.3.3 (/opt/rustwide/workdir)
[INFO] [stderr]     Finished dev [unoptimized + debuginfo] target(s) in 29.17s
[INFO] running `Command { std: "docker" "inspect" "67fab8099bba2e3c2491f0209237c73d18c976ec3b6325c736c7afac34de3d04", kill_on_drop: false }`
[INFO] running `Command { std: "docker" "rm" "-f" "67fab8099bba2e3c2491f0209237c73d18c976ec3b6325c736c7afac34de3d04", kill_on_drop: false }`
[INFO] [stdout] 67fab8099bba2e3c2491f0209237c73d18c976ec3b6325c736c7afac34de3d04
[INFO] running `Command { std: "docker" "create" "-v" "/var/lib/crater-agent-workspace/builds/worker-117/target:/opt/rustwide/target:rw,Z" "-v" "/var/lib/crater-agent-workspace/builds/worker-117/source:/opt/rustwide/workdir:ro,Z" "-v" "/var/lib/crater-agent-workspace/cargo-home:/opt/rustwide/cargo-home:ro,Z" "-v" "/var/lib/crater-agent-workspace/rustup-home:/opt/rustwide/rustup-home:ro,Z" "-e" "SOURCE_DIR=/opt/rustwide/workdir" "-e" "CARGO_TARGET_DIR=/opt/rustwide/target" "-e" "CARGO_INCREMENTAL=0" "-e" "RUST_BACKTRACE=full" "-e" "RUSTFLAGS=--cap-lints=warn" "-e" "CARGO_HOME=/opt/rustwide/cargo-home" "-e" "RUSTUP_HOME=/opt/rustwide/rustup-home" "-w" "/opt/rustwide/workdir" "-m" "1610612736" "--user" "0:0" "--network" "none" "ghcr.io/rust-lang/crates-build-env/linux@sha256:34b6a614d2c27851fe6cbf88fbd1137609cefab8b10d0615aaeb6fd47975d74e" "/opt/rustwide/cargo-home/bin/cargo" "+1.54.0" "test" "--frozen" "--no-run" "--message-format=json", kill_on_drop: false }`
[INFO] [stdout] 69c1ce62fa9c379ee790e2065ba1f9d1861b66a1bbeecaa49fc48c8de6f271e0
[INFO] running `Command { std: "docker" "start" "-a" "69c1ce62fa9c379ee790e2065ba1f9d1861b66a1bbeecaa49fc48c8de6f271e0", kill_on_drop: false }`
[INFO] [stderr]    Compiling yansi v0.5.0
[INFO] [stderr]    Compiling assert2-macros v0.3.6
[INFO] [stderr]    Compiling futures-executor v0.3.16
[INFO] [stderr]    Compiling futures v0.3.16
[INFO] [stderr]    Compiling assert2 v0.3.6
[INFO] [stderr]    Compiling hyper-tungstenite v0.3.3 (/opt/rustwide/workdir)
[INFO] [stderr]     Finished test [unoptimized + debuginfo] target(s) in 6.91s
[INFO] running `Command { std: "docker" "inspect" "69c1ce62fa9c379ee790e2065ba1f9d1861b66a1bbeecaa49fc48c8de6f271e0", kill_on_drop: false }`
[INFO] running `Command { std: "docker" "rm" "-f" "69c1ce62fa9c379ee790e2065ba1f9d1861b66a1bbeecaa49fc48c8de6f271e0", kill_on_drop: false }`
[INFO] [stdout] 69c1ce62fa9c379ee790e2065ba1f9d1861b66a1bbeecaa49fc48c8de6f271e0
[INFO] running `Command { std: "docker" "create" "-v" "/var/lib/crater-agent-workspace/builds/worker-117/target:/opt/rustwide/target:rw,Z" "-v" "/var/lib/crater-agent-workspace/builds/worker-117/source:/opt/rustwide/workdir:ro,Z" "-v" "/var/lib/crater-agent-workspace/cargo-home:/opt/rustwide/cargo-home:ro,Z" "-v" "/var/lib/crater-agent-workspace/rustup-home:/opt/rustwide/rustup-home:ro,Z" "-e" "SOURCE_DIR=/opt/rustwide/workdir" "-e" "CARGO_TARGET_DIR=/opt/rustwide/target" "-e" "CARGO_INCREMENTAL=0" "-e" "RUST_BACKTRACE=full" "-e" "RUSTFLAGS=--cap-lints=warn" "-e" "CARGO_HOME=/opt/rustwide/cargo-home" "-e" "RUSTUP_HOME=/opt/rustwide/rustup-home" "-w" "/opt/rustwide/workdir" "-m" "1610612736" "--user" "0:0" "--network" "none" "ghcr.io/rust-lang/crates-build-env/linux@sha256:34b6a614d2c27851fe6cbf88fbd1137609cefab8b10d0615aaeb6fd47975d74e" "/opt/rustwide/cargo-home/bin/cargo" "+1.54.0" "test" "--frozen", kill_on_drop: false }`
[INFO] [stdout] 044b9e6c30437b102fc0c50ed1dcf8a9b5751dac485de0e171cb420d99a67438
[INFO] running `Command { std: "docker" "start" "-a" "044b9e6c30437b102fc0c50ed1dcf8a9b5751dac485de0e171cb420d99a67438", kill_on_drop: false }`
[INFO] [stderr]     Finished test [unoptimized + debuginfo] target(s) in 0.14s
[INFO] [stderr]      Running unittests (/opt/rustwide/target/debug/deps/hyper_tungstenite-13467c55f1b989fa)
[INFO] [stdout] 
[INFO] [stdout] running 0 tests
[INFO] [stdout] 
[INFO] [stdout] test result: ok. 0 passed; 0 failed; 0 ignored; 0 measured; 0 filtered out; finished in 0.00s
[INFO] [stdout] 
[INFO] [stderr]      Running tests/simple-server.rs (/opt/rustwide/target/debug/deps/simple_server-3b5d5ded585a4d21)
[INFO] [stdout] 
[INFO] [stdout] running 1 test
[INFO] [stdout] test hyper ... FAILED
[INFO] [stdout] 
[INFO] [stdout] failures:
[INFO] [stdout] 
[INFO] [stdout] ---- hyper stdout ----
[INFO] [stdout] Assertion failed at tests/simple-server.rs:16:2:
[INFO] [stdout]   let_assert!( Ok(listener) = std::net::TcpListener::bind((Ipv6Addr::LOCALHOST, 0u16)) )
[INFO] [stdout] with expansion:
[INFO] [stdout]   Err(Os { code: 99, kind: AddrNotAvailable, message: "Cannot assign requested address" })
[INFO] [stdout] 
[INFO] [stdout] thread 'hyper' panicked at 'assertion failed', tests/simple-server.rs:16:5
[INFO] [stdout] stack backtrace:
[INFO] [stdout]    0:     0x55a70e9a8d30 - std::backtrace_rs::backtrace::libunwind::trace::h34055254b57d8e79
[INFO] [stdout]                                at /rustc/a178d0322ce20e33eac124758e837cbd80a6f633/library/std/src/../../backtrace/src/backtrace/libunwind.rs:90:5
[INFO] [stdout]    1:     0x55a70e9a8d30 - std::backtrace_rs::backtrace::trace_unsynchronized::h8f1e3fbd9afff6ec
[INFO] [stdout]                                at /rustc/a178d0322ce20e33eac124758e837cbd80a6f633/library/std/src/../../backtrace/src/backtrace/mod.rs:66:5
[INFO] [stdout]    2:     0x55a70e9a8d30 - std::sys_common::backtrace::_print_fmt::h3a99a796b770c360
[INFO] [stdout]                                at /rustc/a178d0322ce20e33eac124758e837cbd80a6f633/library/std/src/sys_common/backtrace.rs:67:5
[INFO] [stdout]    3:     0x55a70e9a8d30 - <std::sys_common::backtrace::_print::DisplayBacktrace as core::fmt::Display>::fmt::h32d1f94a80615d18
[INFO] [stdout]                                at /rustc/a178d0322ce20e33eac124758e837cbd80a6f633/library/std/src/sys_common/backtrace.rs:46:22
[INFO] [stdout]    4:     0x55a70e9cc45c - core::fmt::write::h306731c068f7162c
[INFO] [stdout]                                at /rustc/a178d0322ce20e33eac124758e837cbd80a6f633/library/core/src/fmt/mod.rs:1110:17
[INFO] [stdout]    5:     0x55a70e9a3af5 - std::io::Write::write_fmt::h87f19b0a2cd190bc
[INFO] [stdout]                                at /rustc/a178d0322ce20e33eac124758e837cbd80a6f633/library/std/src/io/mod.rs:1588:15
[INFO] [stdout]    6:     0x55a70e9aaf0b - std::sys_common::backtrace::_print::h5abaa2601a852287
[INFO] [stdout]                                at /rustc/a178d0322ce20e33eac124758e837cbd80a6f633/library/std/src/sys_common/backtrace.rs:49:5
[INFO] [stdout]    7:     0x55a70e9aaf0b - std::sys_common::backtrace::print::h8d81445442bb638f
[INFO] [stdout]                                at /rustc/a178d0322ce20e33eac124758e837cbd80a6f633/library/std/src/sys_common/backtrace.rs:36:9
[INFO] [stdout]    8:     0x55a70e9aaf0b - std::panicking::default_hook::{{closure}}::hcfe804496a9fa747
[INFO] [stdout]                                at /rustc/a178d0322ce20e33eac124758e837cbd80a6f633/library/std/src/panicking.rs:208:50
[INFO] [stdout]    9:     0x55a70e9aaa1c - std::panicking::default_hook::hbea8e3ccf2ba8901
[INFO] [stdout]                                at /rustc/a178d0322ce20e33eac124758e837cbd80a6f633/library/std/src/panicking.rs:222:9
[INFO] [stdout]   10:     0x55a70e9ab5d4 - std::panicking::rust_panic_with_hook::h7ee9e1a2d0f8975a
[INFO] [stdout]                                at /rustc/a178d0322ce20e33eac124758e837cbd80a6f633/library/std/src/panicking.rs:622:17
[INFO] [stdout]   11:     0x55a70e828803 - std::panicking::begin_panic::{{closure}}::hd0411ccca8806ffb
[INFO] [stdout]                                at /rustc/a178d0322ce20e33eac124758e837cbd80a6f633/library/std/src/panicking.rs:542:9
[INFO] [stdout]   12:     0x55a70e8289d9 - std::sys_common::backtrace::__rust_end_short_backtrace::hd6c9e6e70387a0da
[INFO] [stdout]                                at /rustc/a178d0322ce20e33eac124758e837cbd80a6f633/library/std/src/sys_common/backtrace.rs:141:18
[INFO] [stdout]   13:     0x55a70e828739 - std::panicking::begin_panic::h8d8de138617f13cf
[INFO] [stdout]                                at /rustc/a178d0322ce20e33eac124758e837cbd80a6f633/library/std/src/panicking.rs:541:12
[INFO] [stdout]   14:     0x55a70e722908 - simple_server::hyper::{{closure}}::h086374a9905ead88
[INFO] [stdout]                                at /opt/rustwide/workdir/tests/simple-server.rs:16:2
[INFO] [stdout]   15:     0x55a70e71cc5b - <core::future::from_generator::GenFuture<T> as core::future::future::Future>::poll::he9b550495eaa7771
[INFO] [stdout]                                at /rustc/a178d0322ce20e33eac124758e837cbd80a6f633/library/core/src/future/mod.rs:80:19
[INFO] [stdout]   16:     0x55a70e70c1af - <core::pin::Pin<P> as core::future::future::Future>::poll::hf8b46052cf948afc
[INFO] [stdout]                                at /rustc/a178d0322ce20e33eac124758e837cbd80a6f633/library/core/src/future/future.rs:119:9
[INFO] [stdout]   17:     0x55a70e7039f0 - tokio::runtime::basic_scheduler::Inner<P>::block_on::{{closure}}::{{closure}}::haf15f73af77b9af3
[INFO] [stdout]                                at /opt/rustwide/cargo-home/registry/src/github.com-1ecc6299db9ec823/tokio-1.9.0/src/runtime/basic_scheduler.rs:208:62
[INFO] [stdout]   18:     0x55a70e6fd32c - tokio::coop::with_budget::{{closure}}::h9912e6c4f5f82f02
[INFO] [stdout]                                at /opt/rustwide/cargo-home/registry/src/github.com-1ecc6299db9ec823/tokio-1.9.0/src/coop.rs:106:9
[INFO] [stdout]   19:     0x55a70e754281 - std::thread::local::LocalKey<T>::try_with::h783bb390beac16e1
[INFO] [stdout]                                at /rustc/a178d0322ce20e33eac124758e837cbd80a6f633/library/std/src/thread/local.rs:400:16
[INFO] [stdout]   20:     0x55a70e753f2d - std::thread::local::LocalKey<T>::with::h7e787bdddc6c64c9
[INFO] [stdout]                                at /rustc/a178d0322ce20e33eac124758e837cbd80a6f633/library/std/src/thread/local.rs:376:9
[INFO] [stdout]   21:     0x55a70e7033fc - tokio::coop::with_budget::h3a77c2c72622fd8d
[INFO] [stdout]                                at /opt/rustwide/cargo-home/registry/src/github.com-1ecc6299db9ec823/tokio-1.9.0/src/coop.rs:99:5
[INFO] [stdout]   22:     0x55a70e7033fc - tokio::coop::budget::hb48fd55a547e601b
[INFO] [stdout]                                at /opt/rustwide/cargo-home/registry/src/github.com-1ecc6299db9ec823/tokio-1.9.0/src/coop.rs:76:5
[INFO] [stdout]   23:     0x55a70e7033fc - tokio::runtime::basic_scheduler::Inner<P>::block_on::{{closure}}::hddd1f26f69045bb2
[INFO] [stdout]                                at /opt/rustwide/cargo-home/registry/src/github.com-1ecc6299db9ec823/tokio-1.9.0/src/runtime/basic_scheduler.rs:208:39
[INFO] [stdout]   24:     0x55a70e704571 - tokio::runtime::basic_scheduler::enter::{{closure}}::h1e74cabf68a34065
[INFO] [stdout]                                at /opt/rustwide/cargo-home/registry/src/github.com-1ecc6299db9ec823/tokio-1.9.0/src/runtime/basic_scheduler.rs:299:29
[INFO] [stdout]   25:     0x55a70e70b96d - tokio::macros::scoped_tls::ScopedKey<T>::set::h112bae53fc933a4d
[INFO] [stdout]                                at /opt/rustwide/cargo-home/registry/src/github.com-1ecc6299db9ec823/tokio-1.9.0/src/macros/scoped_tls.rs:61:9
[INFO] [stdout]   26:     0x55a70e7044f6 - tokio::runtime::basic_scheduler::enter::h8436c5d17e1df81e
[INFO] [stdout]                                at /opt/rustwide/cargo-home/registry/src/github.com-1ecc6299db9ec823/tokio-1.9.0/src/runtime/basic_scheduler.rs:299:5
[INFO] [stdout]   27:     0x55a70e7030db - tokio::runtime::basic_scheduler::Inner<P>::block_on::h80c5b30279dff241
[INFO] [stdout]                                at /opt/rustwide/cargo-home/registry/src/github.com-1ecc6299db9ec823/tokio-1.9.0/src/runtime/basic_scheduler.rs:197:9
[INFO] [stdout]   28:     0x55a70e703b44 - tokio::runtime::basic_scheduler::InnerGuard<P>::block_on::he7accb66789dce47
[INFO] [stdout]                                at /opt/rustwide/cargo-home/registry/src/github.com-1ecc6299db9ec823/tokio-1.9.0/src/runtime/basic_scheduler.rs:452:9
[INFO] [stdout]   29:     0x55a70e703e58 - tokio::runtime::basic_scheduler::BasicScheduler<P>::block_on::hf2fb1185728cbaea
[INFO] [stdout]                                at /opt/rustwide/cargo-home/registry/src/github.com-1ecc6299db9ec823/tokio-1.9.0/src/runtime/basic_scheduler.rs:157:24
[INFO] [stdout]   30:     0x55a70e6f0de0 - tokio::runtime::Runtime::block_on::h3fb47ec18aa7225a
[INFO] [stdout]                                at /opt/rustwide/cargo-home/registry/src/github.com-1ecc6299db9ec823/tokio-1.9.0/src/runtime/mod.rs:450:46
[INFO] [stdout]   31:     0x55a70e721ded - simple_server::hyper::h2e1d827765f9b78d
[INFO] [stdout]                                at /opt/rustwide/workdir/tests/simple-server.rs:36:2
[INFO] [stdout]   32:     0x55a70e721d0a - simple_server::hyper::{{closure}}::h09cb31aa2f90dce6
[INFO] [stdout]                                at /opt/rustwide/workdir/tests/simple-server.rs:14:7
[INFO] [stdout]   33:     0x55a70e71218e - core::ops::function::FnOnce::call_once::hdc0461e855282e90
[INFO] [stdout]                                at /rustc/a178d0322ce20e33eac124758e837cbd80a6f633/library/core/src/ops/function.rs:227:5
[INFO] [stdout]   34:     0x55a70e7a0393 - core::ops::function::FnOnce::call_once::h152e7e439ff59e19
[INFO] [stdout]                                at /rustc/a178d0322ce20e33eac124758e837cbd80a6f633/library/core/src/ops/function.rs:227:5
[INFO] [stdout]   35:     0x55a70e7a0393 - test::__rust_begin_short_backtrace::h0908f3b1fdbb72ab
[INFO] [stdout]                                at /rustc/a178d0322ce20e33eac124758e837cbd80a6f633/library/test/src/lib.rs:577:5
[INFO] [stdout]   36:     0x55a70e79ee50 - <alloc::boxed::Box<F,A> as core::ops::function::FnOnce<Args>>::call_once::hf6d2a51e5587546c
[INFO] [stdout]                                at /rustc/a178d0322ce20e33eac124758e837cbd80a6f633/library/alloc/src/boxed.rs:1575:9
[INFO] [stdout]   37:     0x55a70e79ee50 - <std::panic::AssertUnwindSafe<F> as core::ops::function::FnOnce<()>>::call_once::h8af660f3a89ef593
[INFO] [stdout]                                at /rustc/a178d0322ce20e33eac124758e837cbd80a6f633/library/std/src/panic.rs:347:9
[INFO] [stdout]   38:     0x55a70e79ee50 - std::panicking::try::do_call::hd36aef60f84b6d36
[INFO] [stdout]                                at /rustc/a178d0322ce20e33eac124758e837cbd80a6f633/library/std/src/panicking.rs:401:40
[INFO] [stdout]   39:     0x55a70e79ee50 - std::panicking::try::h9932b4480e69817c
[INFO] [stdout]                                at /rustc/a178d0322ce20e33eac124758e837cbd80a6f633/library/std/src/panicking.rs:365:19
[INFO] [stdout]   40:     0x55a70e79ee50 - std::panic::catch_unwind::h6aa177099cfff5f8
[INFO] [stdout]                                at /rustc/a178d0322ce20e33eac124758e837cbd80a6f633/library/std/src/panic.rs:434:14
[INFO] [stdout]   41:     0x55a70e79ee50 - test::run_test_in_process::h5884d6f2d99e20c3
[INFO] [stdout]                                at /rustc/a178d0322ce20e33eac124758e837cbd80a6f633/library/test/src/lib.rs:600:18
[INFO] [stdout]   42:     0x55a70e79ee50 - test::run_test::run_test_inner::{{closure}}::h6fdc58c6d5f5b6e3
[INFO] [stdout]                                at /rustc/a178d0322ce20e33eac124758e837cbd80a6f633/library/test/src/lib.rs:492:39
[INFO] [stdout]   43:     0x55a70e778502 - test::run_test::run_test_inner::{{closure}}::h408365d67a78ade8
[INFO] [stdout]                                at /rustc/a178d0322ce20e33eac124758e837cbd80a6f633/library/test/src/lib.rs:519:37
[INFO] [stdout]   44:     0x55a70e778502 - std::sys_common::backtrace::__rust_begin_short_backtrace::hb560b77c4f701523
[INFO] [stdout]                                at /rustc/a178d0322ce20e33eac124758e837cbd80a6f633/library/std/src/sys_common/backtrace.rs:125:18
[INFO] [stdout]   45:     0x55a70e77c0b8 - std::thread::Builder::spawn_unchecked::{{closure}}::{{closure}}::hf2e7831dad93c597
[INFO] [stdout]                                at /rustc/a178d0322ce20e33eac124758e837cbd80a6f633/library/std/src/thread/mod.rs:481:17
[INFO] [stdout]   46:     0x55a70e77c0b8 - <std::panic::AssertUnwindSafe<F> as core::ops::function::FnOnce<()>>::call_once::hd2e08783d8be4d02
[INFO] [stdout]                                at /rustc/a178d0322ce20e33eac124758e837cbd80a6f633/library/std/src/panic.rs:347:9
[INFO] [stdout]   47:     0x55a70e77c0b8 - std::panicking::try::do_call::h062597b7acfd6b82
[INFO] [stdout]                                at /rustc/a178d0322ce20e33eac124758e837cbd80a6f633/library/std/src/panicking.rs:401:40
[INFO] [stdout]   48:     0x55a70e77c0b8 - std::panicking::try::h0d7b79db04c14552
[INFO] [stdout]                                at /rustc/a178d0322ce20e33eac124758e837cbd80a6f633/library/std/src/panicking.rs:365:19
[INFO] [stdout]   49:     0x55a70e77c0b8 - std::panic::catch_unwind::hb01a0b5e7c8cd43b
[INFO] [stdout]                                at /rustc/a178d0322ce20e33eac124758e837cbd80a6f633/library/std/src/panic.rs:434:14
[INFO] [stdout]   50:     0x55a70e77c0b8 - std::thread::Builder::spawn_unchecked::{{closure}}::h5bde48cc887e0d1e
[INFO] [stdout]                                at /rustc/a178d0322ce20e33eac124758e837cbd80a6f633/library/std/src/thread/mod.rs:480:30
[INFO] [stdout]   51:     0x55a70e77c0b8 - core::ops::function::FnOnce::call_once{{vtable.shim}}::h745ea30807a29e55
[INFO] [stdout]                                at /rustc/a178d0322ce20e33eac124758e837cbd80a6f633/library/core/src/ops/function.rs:227:5
[INFO] [stdout]   52:     0x55a70e9b0ab7 - <alloc::boxed::Box<F,A> as core::ops::function::FnOnce<Args>>::call_once::h7ece6cfefaff1005
[INFO] [stdout]                                at /rustc/a178d0322ce20e33eac124758e837cbd80a6f633/library/alloc/src/boxed.rs:1575:9
[INFO] [stdout]   53:     0x55a70e9b0ab7 - <alloc::boxed::Box<F,A> as core::ops::function::FnOnce<Args>>::call_once::hb8b48e55c21f193e
[INFO] [stdout]                                at /rustc/a178d0322ce20e33eac124758e837cbd80a6f633/library/alloc/src/boxed.rs:1575:9
[INFO] [stdout]   54:     0x55a70e9b0ab7 - std::sys::unix::thread::Thread::new::thread_start::h8c7c4450dba62914
[INFO] [stdout]                                at /rustc/a178d0322ce20e33eac124758e837cbd80a6f633/library/std/src/sys/unix/thread.rs:71:17
[INFO] [stdout]   55:     0x7f8272d63609 - start_thread
[INFO] [stdout]   56:     0x7f8272b35293 - clone
[INFO] [stdout]   57:                0x0 - <unknown>
[INFO] [stdout] 
[INFO] [stdout] 
[INFO] [stdout] failures:
[INFO] [stdout]     hyper
[INFO] [stdout] 
[INFO] [stdout] test result: FAILED. 0 passed; 1 failed; 0 ignored; 0 measured; 0 filtered out; finished in 0.05s
[INFO] [stdout] 
[INFO] [stderr] error: test failed, to rerun pass '--test simple-server'
[INFO] running `Command { std: "docker" "inspect" "044b9e6c30437b102fc0c50ed1dcf8a9b5751dac485de0e171cb420d99a67438", kill_on_drop: false }`
[INFO] running `Command { std: "docker" "rm" "-f" "044b9e6c30437b102fc0c50ed1dcf8a9b5751dac485de0e171cb420d99a67438", kill_on_drop: false }`
[INFO] [stdout] 044b9e6c30437b102fc0c50ed1dcf8a9b5751dac485de0e171cb420d99a67438
