[INFO] fetching crate httptest 0.13.3...
[INFO] testing httptest-0.13.3 against beta-2021-08-01 for beta-1.55-1
[INFO] extracting crate httptest 0.13.3 into /workspace/builds/worker-100/source
[INFO] validating manifest of crates.io crate httptest 0.13.3 on toolchain beta-2021-08-01
[INFO] running `Command { std: "/workspace/cargo-home/bin/cargo" "+beta-2021-08-01" "metadata" "--manifest-path" "Cargo.toml" "--no-deps", kill_on_drop: false }`
[INFO] started tweaking crates.io crate httptest 0.13.3
[INFO] finished tweaking crates.io crate httptest 0.13.3
[INFO] tweaked toml for crates.io crate httptest 0.13.3 written to /workspace/builds/worker-100/source/Cargo.toml
[INFO] running `Command { std: "/workspace/cargo-home/bin/cargo" "+beta-2021-08-01" "generate-lockfile" "--manifest-path" "Cargo.toml" "-Zno-index-update", kill_on_drop: false }`
[INFO] running `Command { std: "/workspace/cargo-home/bin/cargo" "+beta-2021-08-01" "fetch" "--manifest-path" "Cargo.toml", kill_on_drop: false }`
[INFO] running `Command { std: "docker" "create" "-v" "/var/lib/crater-agent-workspace/builds/worker-100/target:/opt/rustwide/target:rw,Z" "-v" "/var/lib/crater-agent-workspace/builds/worker-100/source:/opt/rustwide/workdir:ro,Z" "-v" "/var/lib/crater-agent-workspace/cargo-home:/opt/rustwide/cargo-home:ro,Z" "-v" "/var/lib/crater-agent-workspace/rustup-home:/opt/rustwide/rustup-home:ro,Z" "-e" "SOURCE_DIR=/opt/rustwide/workdir" "-e" "CARGO_TARGET_DIR=/opt/rustwide/target" "-e" "CARGO_HOME=/opt/rustwide/cargo-home" "-e" "RUSTUP_HOME=/opt/rustwide/rustup-home" "-w" "/opt/rustwide/workdir" "-m" "1610612736" "--user" "0:0" "--network" "none" "ghcr.io/rust-lang/crates-build-env/linux@sha256:34b6a614d2c27851fe6cbf88fbd1137609cefab8b10d0615aaeb6fd47975d74e" "/opt/rustwide/cargo-home/bin/cargo" "+beta-2021-08-01" "metadata" "--no-deps" "--format-version=1", kill_on_drop: false }`
[INFO] [stdout] ae455913fe3c511388e2f32131d567a753a6c635d0509ee1849871252d1530ef
[INFO] running `Command { std: "docker" "start" "-a" "ae455913fe3c511388e2f32131d567a753a6c635d0509ee1849871252d1530ef", kill_on_drop: false }`
[INFO] running `Command { std: "docker" "inspect" "ae455913fe3c511388e2f32131d567a753a6c635d0509ee1849871252d1530ef", kill_on_drop: false }`
[INFO] running `Command { std: "docker" "rm" "-f" "ae455913fe3c511388e2f32131d567a753a6c635d0509ee1849871252d1530ef", kill_on_drop: false }`
[INFO] [stdout] ae455913fe3c511388e2f32131d567a753a6c635d0509ee1849871252d1530ef
[INFO] running `Command { std: "docker" "create" "-v" "/var/lib/crater-agent-workspace/builds/worker-100/target:/opt/rustwide/target:rw,Z" "-v" "/var/lib/crater-agent-workspace/builds/worker-100/source:/opt/rustwide/workdir:ro,Z" "-v" "/var/lib/crater-agent-workspace/cargo-home:/opt/rustwide/cargo-home:ro,Z" "-v" "/var/lib/crater-agent-workspace/rustup-home:/opt/rustwide/rustup-home:ro,Z" "-e" "SOURCE_DIR=/opt/rustwide/workdir" "-e" "CARGO_TARGET_DIR=/opt/rustwide/target" "-e" "CARGO_INCREMENTAL=0" "-e" "RUST_BACKTRACE=full" "-e" "RUSTFLAGS=--cap-lints=warn" "-e" "CARGO_HOME=/opt/rustwide/cargo-home" "-e" "RUSTUP_HOME=/opt/rustwide/rustup-home" "-w" "/opt/rustwide/workdir" "-m" "1610612736" "--user" "0:0" "--network" "none" "ghcr.io/rust-lang/crates-build-env/linux@sha256:34b6a614d2c27851fe6cbf88fbd1137609cefab8b10d0615aaeb6fd47975d74e" "/opt/rustwide/cargo-home/bin/cargo" "+beta-2021-08-01" "build" "--frozen" "--message-format=json", kill_on_drop: false }`
[INFO] [stdout] b17725087cd64e152a8fdb54b4566c7540d2cb938ff3cb920d6fcd43f786e565
[INFO] running `Command { std: "docker" "start" "-a" "b17725087cd64e152a8fdb54b4566c7540d2cb938ff3cb920d6fcd43f786e565", kill_on_drop: false }`
[INFO] [stderr]    Compiling proc-macro2 v1.0.28
[INFO] [stderr]    Compiling unicode-xid v0.2.2
[INFO] [stderr]    Compiling syn v1.0.74
[INFO] [stderr]    Compiling autocfg v1.0.1
[INFO] [stderr]    Compiling memchr v2.4.0
[INFO] [stderr]    Compiling libc v0.2.98
[INFO] [stderr]    Compiling lazy_static v1.4.0
[INFO] [stderr]    Compiling futures-core v0.3.16
[INFO] [stderr]    Compiling log v0.4.14
[INFO] [stderr]    Compiling cfg-if v1.0.0
[INFO] [stderr]    Compiling slab v0.4.4
[INFO] [stderr]    Compiling cfg-if v0.1.10
[INFO] [stderr]    Compiling proc-macro-hack v0.5.19
[INFO] [stderr]    Compiling futures-channel v0.3.16
[INFO] [stderr]    Compiling futures-sink v0.3.16
[INFO] [stderr]    Compiling pin-project-lite v0.2.7
[INFO] [stderr]    Compiling futures-task v0.3.16
[INFO] [stderr]    Compiling proc-macro-nested v0.1.7
[INFO] [stderr]    Compiling itoa v0.4.7
[INFO] [stderr]    Compiling fnv v1.0.7
[INFO] [stderr]    Compiling futures-io v0.3.16
[INFO] [stderr]    Compiling pin-utils v0.1.0
[INFO] [stderr]    Compiling bytes v0.5.6
[INFO] [stderr]    Compiling serde_derive v1.0.127
[INFO] [stderr]    Compiling pin-project-lite v0.1.12
[INFO] [stderr]    Compiling ryu v1.0.5
[INFO] [stderr]    Compiling bytes v1.0.1
[INFO] [stderr]    Compiling serde v1.0.127
[INFO] [stderr]    Compiling hashbrown v0.11.2
[INFO] [stderr]    Compiling maybe-uninit v2.0.0
[INFO] [stderr]    Compiling httparse v1.4.1
[INFO] [stderr]    Compiling serde_json v1.0.66
[INFO] [stderr]    Compiling matches v0.1.8
[INFO] [stderr]    Compiling percent-encoding v2.1.0
[INFO] [stderr]    Compiling try-lock v0.2.3
[INFO] [stderr]    Compiling regex-syntax v0.6.25
[INFO] [stderr]    Compiling tower-service v0.3.1
[INFO] [stderr]    Compiling regex-automata v0.1.10
[INFO] [stderr]    Compiling httpdate v0.3.2
[INFO] [stderr]    Compiling once_cell v1.8.0
[INFO] [stderr]    Compiling tracing-core v0.1.18
[INFO] [stderr]    Compiling form_urlencoded v1.0.1
[INFO] [stderr]    Compiling futures-macro v0.3.16
[INFO] [stderr]    Compiling futures-util v0.3.16
[INFO] [stderr]    Compiling indexmap v1.7.0
[INFO] [stderr]    Compiling crossbeam-utils v0.7.2
[INFO] [stderr]    Compiling http v0.2.4
[INFO] [stderr]    Compiling want v0.3.0
[INFO] [stderr]    Compiling tracing v0.1.26
[INFO] [stderr]    Compiling quote v1.0.9
[INFO] [stderr]    Compiling aho-corasick v0.7.18
[INFO] [stderr]    Compiling bstr v0.2.16
[INFO] [stderr]    Compiling iovec v0.1.4
[INFO] [stderr]    Compiling net2 v0.2.37
[INFO] [stderr]    Compiling num_cpus v1.13.0
[INFO] [stderr]    Compiling socket2 v0.3.19
[INFO] [stderr]    Compiling mio v0.6.23
[INFO] [stderr]    Compiling crossbeam-channel v0.4.4
[INFO] [stderr]    Compiling http-body v0.3.1
[INFO] [stderr]    Compiling regex v1.5.4
[INFO] [stderr]    Compiling tokio-macros v0.2.6
[INFO] [stderr]    Compiling pin-project-internal v1.0.8
[INFO] [stderr]    Compiling tokio v0.2.25
[INFO] [stderr]    Compiling pin-project v1.0.8
[INFO] [stderr]    Compiling tracing-futures v0.2.5
[INFO] [stderr]    Compiling tokio-util v0.3.1
[INFO] [stderr]    Compiling futures-executor v0.3.16
[INFO] [stderr]    Compiling h2 v0.2.7
[INFO] [stderr]    Compiling futures v0.3.16
[INFO] [stderr]    Compiling hyper v0.13.10
[INFO] [stderr]    Compiling serde_urlencoded v0.7.0
[INFO] [stderr]    Compiling httptest v0.13.3 (/opt/rustwide/workdir)
[INFO] [stdout] warning: panic message is not a string literal
[INFO] [stdout]    --> src/server.rs:131:24
[INFO] [stdout]     |
[INFO] [stdout] 131 |                   panic!(format!(
[INFO] [stdout]     |  ________________________^
[INFO] [stdout] 132 | |                     "Unexpected number of requests for matcher '{:?}'; received {}; expected {}",
[INFO] [stdout] 133 | |                     matcher_name(&*expectation.matcher),
[INFO] [stdout] 134 | |                     expectation.hit_count,
[INFO] [stdout] 135 | |                     RangeDisplay(expectation.times),
[INFO] [stdout] 136 | |                 ));
[INFO] [stdout]     | |_________________^
[INFO] [stdout]     |
[INFO] [stdout]     = note: `#[warn(non_fmt_panics)]` on by default
[INFO] [stdout]     = note: this usage of panic!() is deprecated; it will be a hard error in Rust 2021
[INFO] [stdout]     = note: for more information, see <https://doc.rust-lang.org/nightly/edition-guide/rust-2021/panic-macro-consistency.html>
[INFO] [stdout]     = note: the panic!() macro supports formatting, so there's no need for the format!() macro here
[INFO] [stdout] help: remove the `format!(..)` macro call
[INFO] [stdout]     |
[INFO] [stdout] 131 |                 panic!(
[INFO] [stdout] 132 |                     "Unexpected number of requests for matcher '{:?}'; received {}; expected {}",
[INFO] [stdout] 133 |                     matcher_name(&*expectation.matcher),
[INFO] [stdout] 134 |                     expectation.hit_count,
[INFO] [stdout] 135 |                     RangeDisplay(expectation.times),
[INFO] [stdout] 136 |                 );
[INFO] [stdout]     |
[INFO] [stdout] 
[INFO] [stdout] 
[INFO] [stdout] warning: 1 warning emitted
[INFO] [stdout] 
[INFO] [stdout] 
[INFO] [stderr]     Finished dev [unoptimized + debuginfo] target(s) in 31.59s
[INFO] running `Command { std: "docker" "inspect" "b17725087cd64e152a8fdb54b4566c7540d2cb938ff3cb920d6fcd43f786e565", kill_on_drop: false }`
[INFO] running `Command { std: "docker" "rm" "-f" "b17725087cd64e152a8fdb54b4566c7540d2cb938ff3cb920d6fcd43f786e565", kill_on_drop: false }`
[INFO] [stdout] b17725087cd64e152a8fdb54b4566c7540d2cb938ff3cb920d6fcd43f786e565
[INFO] running `Command { std: "docker" "create" "-v" "/var/lib/crater-agent-workspace/builds/worker-100/target:/opt/rustwide/target:rw,Z" "-v" "/var/lib/crater-agent-workspace/builds/worker-100/source:/opt/rustwide/workdir:ro,Z" "-v" "/var/lib/crater-agent-workspace/cargo-home:/opt/rustwide/cargo-home:ro,Z" "-v" "/var/lib/crater-agent-workspace/rustup-home:/opt/rustwide/rustup-home:ro,Z" "-e" "SOURCE_DIR=/opt/rustwide/workdir" "-e" "CARGO_TARGET_DIR=/opt/rustwide/target" "-e" "CARGO_INCREMENTAL=0" "-e" "RUST_BACKTRACE=full" "-e" "RUSTFLAGS=--cap-lints=warn" "-e" "CARGO_HOME=/opt/rustwide/cargo-home" "-e" "RUSTUP_HOME=/opt/rustwide/rustup-home" "-w" "/opt/rustwide/workdir" "-m" "1610612736" "--user" "0:0" "--network" "none" "ghcr.io/rust-lang/crates-build-env/linux@sha256:34b6a614d2c27851fe6cbf88fbd1137609cefab8b10d0615aaeb6fd47975d74e" "/opt/rustwide/cargo-home/bin/cargo" "+beta-2021-08-01" "test" "--frozen" "--no-run" "--message-format=json", kill_on_drop: false }`
[INFO] [stdout] e122105715f793c3c9bf14aa23a28c78344ba766662db3731b93814ab42c6b99
[INFO] running `Command { std: "docker" "start" "-a" "e122105715f793c3c9bf14aa23a28c78344ba766662db3731b93814ab42c6b99", kill_on_drop: false }`
[INFO] [stderr]     Blocking waiting for file lock on package cache
[INFO] [stderr]    Compiling quick-error v1.2.3
[INFO] [stderr]    Compiling termcolor v1.1.2
[INFO] [stderr]    Compiling atty v0.2.14
[INFO] [stdout] warning: panic message is not a string literal
[INFO] [stdout]    --> src/server.rs:131:24
[INFO] [stdout]     |
[INFO] [stdout] 131 |                   panic!(format!(
[INFO] [stdout]     |  ________________________^
[INFO] [stdout] 132 | |                     "Unexpected number of requests for matcher '{:?}'; received {}; expected {}",
[INFO] [stdout] 133 | |                     matcher_name(&*expectation.matcher),
[INFO] [stdout] 134 | |                     expectation.hit_count,
[INFO] [stdout] 135 | |                     RangeDisplay(expectation.times),
[INFO] [stdout] 136 | |                 ));
[INFO] [stdout]     | |_________________^
[INFO] [stdout]     |
[INFO] [stdout]     = note: `#[warn(non_fmt_panics)]` on by default
[INFO] [stdout]     = note: this usage of panic!() is deprecated; it will be a hard error in Rust 2021
[INFO] [stdout]     = note: for more information, see <https://doc.rust-lang.org/nightly/edition-guide/rust-2021/panic-macro-consistency.html>
[INFO] [stdout]     = note: the panic!() macro supports formatting, so there's no need for the format!() macro here
[INFO] [stdout] help: remove the `format!(..)` macro call
[INFO] [stdout]     |
[INFO] [stdout] 131 |                 panic!(
[INFO] [stdout] 132 |                     "Unexpected number of requests for matcher '{:?}'; received {}; expected {}",
[INFO] [stdout] 133 |                     matcher_name(&*expectation.matcher),
[INFO] [stdout] 134 |                     expectation.hit_count,
[INFO] [stdout] 135 |                     RangeDisplay(expectation.times),
[INFO] [stdout] 136 |                 );
[INFO] [stdout]     |
[INFO] [stdout] 
[INFO] [stdout] 
[INFO] [stdout] warning: 1 warning emitted
[INFO] [stdout] 
[INFO] [stdout] 
[INFO] [stderr]    Compiling humantime v1.3.0
[INFO] [stderr]    Compiling env_logger v0.7.1
[INFO] [stderr]    Compiling pretty_env_logger v0.4.0
[INFO] [stderr]    Compiling httptest v0.13.3 (/opt/rustwide/workdir)
[INFO] [stdout] warning: panic message is not a string literal
[INFO] [stdout]    --> src/server.rs:131:24
[INFO] [stdout]     |
[INFO] [stdout] 131 |                   panic!(format!(
[INFO] [stdout]     |  ________________________^
[INFO] [stdout] 132 | |                     "Unexpected number of requests for matcher '{:?}'; received {}; expected {}",
[INFO] [stdout] 133 | |                     matcher_name(&*expectation.matcher),
[INFO] [stdout] 134 | |                     expectation.hit_count,
[INFO] [stdout] 135 | |                     RangeDisplay(expectation.times),
[INFO] [stdout] 136 | |                 ));
[INFO] [stdout]     | |_________________^
[INFO] [stdout]     |
[INFO] [stdout]     = note: `#[warn(non_fmt_panics)]` on by default
[INFO] [stdout]     = note: this usage of panic!() is deprecated; it will be a hard error in Rust 2021
[INFO] [stdout]     = note: for more information, see <https://doc.rust-lang.org/nightly/edition-guide/rust-2021/panic-macro-consistency.html>
[INFO] [stdout]     = note: the panic!() macro supports formatting, so there's no need for the format!() macro here
[INFO] [stdout] help: remove the `format!(..)` macro call
[INFO] [stdout]     |
[INFO] [stdout] 131 |                 panic!(
[INFO] [stdout] 132 |                     "Unexpected number of requests for matcher '{:?}'; received {}; expected {}",
[INFO] [stdout] 133 |                     matcher_name(&*expectation.matcher),
[INFO] [stdout] 134 |                     expectation.hit_count,
[INFO] [stdout] 135 |                     RangeDisplay(expectation.times),
[INFO] [stdout] 136 |                 );
[INFO] [stdout]     |
[INFO] [stdout] 
[INFO] [stdout] 
[INFO] [stdout] warning: 1 warning emitted
[INFO] [stdout] 
[INFO] [stdout] 
[INFO] [stderr]     Finished test [unoptimized + debuginfo] target(s) in 13.99s
[INFO] running `Command { std: "docker" "inspect" "e122105715f793c3c9bf14aa23a28c78344ba766662db3731b93814ab42c6b99", kill_on_drop: false }`
[INFO] running `Command { std: "docker" "rm" "-f" "e122105715f793c3c9bf14aa23a28c78344ba766662db3731b93814ab42c6b99", kill_on_drop: false }`
[INFO] [stdout] e122105715f793c3c9bf14aa23a28c78344ba766662db3731b93814ab42c6b99
[INFO] running `Command { std: "docker" "create" "-v" "/var/lib/crater-agent-workspace/builds/worker-100/target:/opt/rustwide/target:rw,Z" "-v" "/var/lib/crater-agent-workspace/builds/worker-100/source:/opt/rustwide/workdir:ro,Z" "-v" "/var/lib/crater-agent-workspace/cargo-home:/opt/rustwide/cargo-home:ro,Z" "-v" "/var/lib/crater-agent-workspace/rustup-home:/opt/rustwide/rustup-home:ro,Z" "-e" "SOURCE_DIR=/opt/rustwide/workdir" "-e" "CARGO_TARGET_DIR=/opt/rustwide/target" "-e" "CARGO_INCREMENTAL=0" "-e" "RUST_BACKTRACE=full" "-e" "RUSTFLAGS=--cap-lints=warn" "-e" "CARGO_HOME=/opt/rustwide/cargo-home" "-e" "RUSTUP_HOME=/opt/rustwide/rustup-home" "-w" "/opt/rustwide/workdir" "-m" "1610612736" "--user" "0:0" "--network" "none" "ghcr.io/rust-lang/crates-build-env/linux@sha256:34b6a614d2c27851fe6cbf88fbd1137609cefab8b10d0615aaeb6fd47975d74e" "/opt/rustwide/cargo-home/bin/cargo" "+beta-2021-08-01" "test" "--frozen", kill_on_drop: false }`
[INFO] [stdout] 13e1f6309c9622070a44e2533a575f3199bef5ccfee9249644752db64b0258bb
[INFO] running `Command { std: "docker" "start" "-a" "13e1f6309c9622070a44e2533a575f3199bef5ccfee9249644752db64b0258bb", kill_on_drop: false }`
[INFO] [stderr]     Blocking waiting for file lock on package cache
[INFO] [stderr] warning: panic message is not a string literal
[INFO] [stderr]    --> src/server.rs:131:24
[INFO] [stderr]     |
[INFO] [stderr] 131 |                   panic!(format!(
[INFO] [stderr]     |  ________________________^
[INFO] [stderr] 132 | |                     "Unexpected number of requests for matcher '{:?}'; received {}; expected {}",
[INFO] [stderr] 133 | |                     matcher_name(&*expectation.matcher),
[INFO] [stderr] 134 | |                     expectation.hit_count,
[INFO] [stderr] 135 | |                     RangeDisplay(expectation.times),
[INFO] [stderr] 136 | |                 ));
[INFO] [stderr]     | |_________________^
[INFO] [stderr]     |
[INFO] [stderr]     = note: `#[warn(non_fmt_panics)]` on by default
[INFO] [stderr]     = note: this usage of panic!() is deprecated; it will be a hard error in Rust 2021
[INFO] [stderr]     = note: for more information, see <https://doc.rust-lang.org/nightly/edition-guide/rust-2021/panic-macro-consistency.html>
[INFO] [stderr]     = note: the panic!() macro supports formatting, so there's no need for the format!() macro here
[INFO] [stderr] help: remove the `format!(..)` macro call
[INFO] [stderr]     |
[INFO] [stderr] 131 |                 panic!(
[INFO] [stderr] 132 |                     "Unexpected number of requests for matcher '{:?}'; received {}; expected {}",
[INFO] [stderr] 133 |                     matcher_name(&*expectation.matcher),
[INFO] [stderr] 134 |                     expectation.hit_count,
[INFO] [stderr] 135 |                     RangeDisplay(expectation.times),
[INFO] [stderr] 136 |                 );
[INFO] [stderr]     |
[INFO] [stderr] 
[INFO] [stderr] warning: `httptest` (lib) generated 1 warning
[INFO] [stderr] warning: `httptest` (lib test) generated 1 warning (1 duplicate)
[INFO] [stderr]     Finished test [unoptimized + debuginfo] target(s) in 0.24s
[INFO] [stderr]      Running unittests (/opt/rustwide/target/debug/deps/httptest-265fd6fbe98a3190)
[INFO] [stdout] 
[INFO] [stdout] running 22 tests
[INFO] [stdout] test matchers::request::tests::test_body ... ok
[INFO] [stdout] test matchers::request::tests::test_method ... ok
[INFO] [stdout] test matchers::request::tests::test_path ... ok
[INFO] [stdout] test matchers::request::tests::test_headers ... ok
[INFO] [stdout] test matchers::tests::test_contains ... ok
[INFO] [stdout] test matchers::tests::test_json_decoded ... ok
[INFO] [stdout] test matchers::tests::test_eq ... ok
[INFO] [stdout] test matchers::request::tests::test_query ... ok
[INFO] [stdout] test matchers::tests::test_url_decoded ... ok
[INFO] [stdout] test matchers::tests::test_len ... ok
[INFO] [stdout] test matchers::request::tests::test_method_path ... ok
[INFO] [stdout] test matchers::tests::test_tuple ... ok
[INFO] [stdout] test matchers::tests::test_key ... ok
[INFO] [stdout] test matchers::tests::test_all_of ... ok
[INFO] [stdout] test matchers::tests::test_fn ... ok
[INFO] [stdout] test matchers::tests::test_fn_mapper ... ok
[INFO] [stdout] test matchers::tests::test_not ... ok
[INFO] [stdout] test matchers::tests::test_value ... ok
[INFO] [stdout] test matchers::tests::test_lowercase ... ok
[INFO] [stdout] test matchers::tests::test_any_of ... ok
[INFO] [stdout] test matchers::tests::test_matches ... ok
[INFO] [stdout] test server_pool::tests::test_max_threads ... ok
[INFO] [stdout] 
[INFO] [stdout] test result: ok. 22 passed; 0 failed; 0 ignored; 0 measured; 0 filtered out; finished in 1.13s
[INFO] [stdout] 
[INFO] [stderr]      Running tests/tests.rs (/opt/rustwide/target/debug/deps/tests-113b0f2cd2a41f9f)
[INFO] [stdout] 
[INFO] [stdout] running 11 tests
[INFO] [stdout] test test_outside_of_tokio_context ... ok
[INFO] [stdout] test test_expectation_cardinality_not_reached - should panic ... ok
[INFO] [stdout] test test_cycle ... ok
[INFO] [stdout] test test_expectation_cardinality_not_reached_explicit_verify - should panic ... ok
[INFO] [stdout] test test_server ... ok
[INFO] [stdout] test test_custom_json ... ok
[INFO] [stdout] test test_json ... ok
[INFO] [stdout] test test_url_encoded ... ok
[INFO] [stdout] test test_expectation_cardinality_exceeded - should panic ... ok
[INFO] [stdout] test test_readme ... ok
[INFO] [stdout] test test_respond_with_fn ... ok
[INFO] [stdout] 
[INFO] [stdout] test result: ok. 11 passed; 0 failed; 0 ignored; 0 measured; 0 filtered out; finished in 0.19s
[INFO] [stdout] 
[INFO] [stderr]    Doc-tests httptest
[INFO] [stdout] 
[INFO] [stdout] running 26 tests
[INFO] [stdout] test src/lib.rs - (line 262) ... FAILED
[INFO] [stdout] test src/lib.rs - (line 144) ... FAILED
[INFO] [stdout] test src/server.rs - server::ExpectationBuilder::times (line 246) ... FAILED
[INFO] [stdout] test src/lib.rs - (line 175) ... FAILED
[INFO] [stdout] test src/lib.rs - (line 212) ... FAILED
[INFO] [stdout] test src/matchers.rs - matchers::all_of (line 336) ... FAILED
[INFO] [stdout] test src/matchers.rs - matchers::any_of (line 391) ... FAILED
[INFO] [stdout] test src/matchers/request.rs - matchers::request::body (line 139) ... FAILED
[INFO] [stdout] test src/matchers.rs - matchers::eq (line 168) ... FAILED
[INFO] [stdout] test src/lib.rs - (line 13) ... FAILED
[INFO] [stdout] test src/matchers.rs - matchers::json_decoded (line 517) ... FAILED
[INFO] [stdout] test src/matchers/request.rs - matchers::request::path (line 32) ... FAILED
[INFO] [stdout] test src/server_pool.rs - server_pool::ServerPool (line 27) ... FAILED
[INFO] [stdout] test src/matchers.rs - matchers::value (line 682) ... FAILED
[INFO] [stdout] test src/matchers.rs - matchers::any (line 139) ... FAILED
[INFO] [stdout] test src/matchers.rs - matchers::lowercase (line 556) ... FAILED
[INFO] [stdout] test src/matchers.rs - matchers::len (line 734) ... FAILED
[INFO] [stdout] test src/matchers/request.rs - matchers::request::method_path (line 178) ... FAILED
[INFO] [stdout] test src/matchers.rs - matchers::matches (line 278) ... FAILED
[INFO] [stdout] test src/matchers.rs - matchers::key (line 648) ... FAILED
[INFO] [stdout] test src/matchers.rs - matchers::not (line 308) ... FAILED
[INFO] [stdout] test src/matchers.rs - matchers::contains (line 609) ... FAILED
[INFO] [stdout] test src/matchers.rs - matchers::url_decoded (line 473) ... FAILED
[INFO] [stdout] test src/matchers/request.rs - matchers::request::query (line 64) ... FAILED
[INFO] [stdout] test src/lib.rs - (line 97) ... FAILED
[INFO] [stdout] test src/matchers/request.rs - matchers::request::headers (line 96) ... FAILED
[INFO] [stdout] 
[INFO] [stdout] failures:
[INFO] [stdout] 
[INFO] [stdout] ---- src/lib.rs - (line 262) stdout ----
[INFO] [stdout] Couldn't compile the test.
[INFO] [stdout] ---- src/lib.rs - (line 144) stdout ----
[INFO] [stdout] Couldn't compile the test.
[INFO] [stdout] ---- src/server.rs - server::ExpectationBuilder::times (line 246) stdout ----
[INFO] [stdout] Couldn't compile the test.
[INFO] [stdout] ---- src/lib.rs - (line 175) stdout ----
[INFO] [stdout] Couldn't compile the test.
[INFO] [stdout] ---- src/lib.rs - (line 212) stdout ----
[INFO] [stdout] Couldn't compile the test.
[INFO] [stdout] ---- src/matchers.rs - matchers::all_of (line 336) stdout ----
[INFO] [stdout] Couldn't compile the test.
[INFO] [stdout] ---- src/matchers.rs - matchers::any_of (line 391) stdout ----
[INFO] [stdout] Couldn't compile the test.
[INFO] [stdout] ---- src/matchers/request.rs - matchers::request::body (line 139) stdout ----
[INFO] [stdout] Couldn't compile the test.
[INFO] [stdout] ---- src/matchers.rs - matchers::eq (line 168) stdout ----
[INFO] [stdout] Couldn't compile the test.
[INFO] [stdout] ---- src/lib.rs - (line 13) stdout ----
[INFO] [stdout] Couldn't compile the test.
[INFO] [stdout] ---- src/matchers.rs - matchers::json_decoded (line 517) stdout ----
[INFO] [stdout] Couldn't compile the test.
[INFO] [stdout] ---- src/matchers/request.rs - matchers::request::path (line 32) stdout ----
[INFO] [stdout] Couldn't compile the test.
[INFO] [stdout] ---- src/server_pool.rs - server_pool::ServerPool (line 27) stdout ----
[INFO] [stdout] Couldn't compile the test.
[INFO] [stdout] ---- src/matchers.rs - matchers::value (line 682) stdout ----
[INFO] [stdout] Couldn't compile the test.
[INFO] [stdout] ---- src/matchers.rs - matchers::any (line 139) stdout ----
[INFO] [stdout] Couldn't compile the test.
[INFO] [stdout] ---- src/matchers.rs - matchers::lowercase (line 556) stdout ----
[INFO] [stdout] Couldn't compile the test.
[INFO] [stdout] ---- src/matchers.rs - matchers::len (line 734) stdout ----
[INFO] [stdout] Couldn't compile the test.
[INFO] [stdout] ---- src/matchers/request.rs - matchers::request::method_path (line 178) stdout ----
[INFO] [stdout] Couldn't compile the test.
[INFO] [stdout] ---- src/matchers.rs - matchers::matches (line 278) stdout ----
[INFO] [stdout] Couldn't compile the test.
[INFO] [stdout] ---- src/matchers.rs - matchers::key (line 648) stdout ----
[INFO] [stdout] Couldn't compile the test.
[INFO] [stdout] ---- src/matchers.rs - matchers::not (line 308) stdout ----
[INFO] [stdout] Couldn't compile the test.
[INFO] [stdout] ---- src/matchers.rs - matchers::contains (line 609) stdout ----
[INFO] [stdout] Couldn't compile the test.
[INFO] [stdout] ---- src/matchers.rs - matchers::url_decoded (line 473) stdout ----
[INFO] [stdout] Couldn't compile the test.
[INFO] [stdout] ---- src/matchers/request.rs - matchers::request::query (line 64) stdout ----
[INFO] [stdout] Couldn't compile the test.
[INFO] [stdout] ---- src/lib.rs - (line 97) stdout ----
[INFO] [stdout] Couldn't compile the test.
[INFO] [stdout] ---- src/matchers/request.rs - matchers::request::headers (line 96) stdout ----
[INFO] [stdout] Couldn't compile the test.
[INFO] [stdout] 
[INFO] [stdout] failures:
[INFO] [stdout]     src/lib.rs - (line 13)
[INFO] [stdout]     src/lib.rs - (line 144)
[INFO] [stdout]     src/lib.rs - (line 175)
[INFO] [stdout]     src/lib.rs - (line 212)
[INFO] [stdout]     src/lib.rs - (line 262)
[INFO] [stdout]     src/lib.rs - (line 97)
[INFO] [stdout]     src/matchers.rs - matchers::all_of (line 336)
[INFO] [stdout]     src/matchers.rs - matchers::any (line 139)
[INFO] [stdout]     src/matchers.rs - matchers::any_of (line 391)
[INFO] [stdout]     src/matchers.rs - matchers::contains (line 609)
[INFO] [stdout]     src/matchers.rs - matchers::eq (line 168)
[INFO] [stdout]     src/matchers.rs - matchers::json_decoded (line 517)
[INFO] [stdout]     src/matchers.rs - matchers::key (line 648)
[INFO] [stdout]     src/matchers.rs - matchers::len (line 734)
[INFO] [stdout]     src/matchers.rs - matchers::lowercase (line 556)
[INFO] [stdout]     src/matchers.rs - matchers::matches (line 278)
[INFO] [stdout]     src/matchers.rs - matchers::not (line 308)
[INFO] [stdout]     src/matchers.rs - matchers::url_decoded (line 473)
[INFO] [stdout]     src/matchers.rs - matchers::value (line 682)
[INFO] [stdout]     src/matchers/request.rs - matchers::request::body (line 139)
[INFO] [stdout]     src/matchers/request.rs - matchers::request::headers (line 96)
[INFO] [stdout]     src/matchers/request.rs - matchers::request::method_path (line 178)
[INFO] [stdout]     src/matchers/request.rs - matchers::request::path (line 32)
[INFO] [stdout]     src/matchers/request.rs - matchers::request::query (line 64)
[INFO] [stdout]     src/server.rs - server::ExpectationBuilder::times (line 246)
[INFO] [stdout]     src/server_pool.rs - server_pool::ServerPool (line 27)
[INFO] [stdout] 
[INFO] [stdout] test result: FAILED. 0 passed; 26 failed; 0 ignored; 0 measured; 0 filtered out; finished in 1.73s
[INFO] [stdout] 
[INFO] [stderr] error: test failed, to rerun pass '--doc'
[INFO] running `Command { std: "docker" "inspect" "13e1f6309c9622070a44e2533a575f3199bef5ccfee9249644752db64b0258bb", kill_on_drop: false }`
[INFO] running `Command { std: "docker" "rm" "-f" "13e1f6309c9622070a44e2533a575f3199bef5ccfee9249644752db64b0258bb", kill_on_drop: false }`
[INFO] [stdout] 13e1f6309c9622070a44e2533a575f3199bef5ccfee9249644752db64b0258bb
