[INFO] fetching crate httpc 0.1.1...
[INFO] testing httpc-0.1.1 against 1.54.0 for beta-1.55-1
[INFO] extracting crate httpc 0.1.1 into /workspace/builds/worker-115/source
[INFO] validating manifest of crates.io crate httpc 0.1.1 on toolchain 1.54.0
[INFO] running `Command { std: "/workspace/cargo-home/bin/cargo" "+1.54.0" "metadata" "--manifest-path" "Cargo.toml" "--no-deps", kill_on_drop: false }`
[INFO] removed /workspace/builds/worker-115/source/.cargo/config
[INFO] started tweaking crates.io crate httpc 0.1.1
[INFO] removed 0 missing examples
[INFO] finished tweaking crates.io crate httpc 0.1.1
[INFO] tweaked toml for crates.io crate httpc 0.1.1 written to /workspace/builds/worker-115/source/Cargo.toml
[INFO] crate crates.io crate httpc 0.1.1 already has a lockfile, it will not be regenerated
[INFO] running `Command { std: "/workspace/cargo-home/bin/cargo" "+1.54.0" "fetch" "--manifest-path" "Cargo.toml", kill_on_drop: false }`
[INFO] [stderr]     Blocking waiting for file lock on package cache
[INFO] [stderr]     Blocking waiting for file lock on package cache
[INFO] [stderr]  Downloading crates ...
[INFO] [stderr]   Downloaded wasm-bindgen-test-macro v0.3.24
[INFO] [stderr]   Downloaded wasm-bindgen-test v0.3.24
[INFO] running `Command { std: "docker" "create" "-v" "/var/lib/crater-agent-workspace/builds/worker-115/target:/opt/rustwide/target:rw,Z" "-v" "/var/lib/crater-agent-workspace/builds/worker-115/source:/opt/rustwide/workdir:ro,Z" "-v" "/var/lib/crater-agent-workspace/cargo-home:/opt/rustwide/cargo-home:ro,Z" "-v" "/var/lib/crater-agent-workspace/rustup-home:/opt/rustwide/rustup-home:ro,Z" "-e" "SOURCE_DIR=/opt/rustwide/workdir" "-e" "CARGO_TARGET_DIR=/opt/rustwide/target" "-e" "CARGO_HOME=/opt/rustwide/cargo-home" "-e" "RUSTUP_HOME=/opt/rustwide/rustup-home" "-w" "/opt/rustwide/workdir" "-m" "1610612736" "--user" "0:0" "--network" "none" "ghcr.io/rust-lang/crates-build-env/linux@sha256:34b6a614d2c27851fe6cbf88fbd1137609cefab8b10d0615aaeb6fd47975d74e" "/opt/rustwide/cargo-home/bin/cargo" "+1.54.0" "metadata" "--no-deps" "--format-version=1", kill_on_drop: false }`
[INFO] [stdout] f5909f802ca1ddfa219af96c2f3de15be16af269e46345a784c7280a4a73733d
[INFO] running `Command { std: "docker" "start" "-a" "f5909f802ca1ddfa219af96c2f3de15be16af269e46345a784c7280a4a73733d", kill_on_drop: false }`
[INFO] running `Command { std: "docker" "inspect" "f5909f802ca1ddfa219af96c2f3de15be16af269e46345a784c7280a4a73733d", kill_on_drop: false }`
[INFO] running `Command { std: "docker" "rm" "-f" "f5909f802ca1ddfa219af96c2f3de15be16af269e46345a784c7280a4a73733d", kill_on_drop: false }`
[INFO] [stdout] f5909f802ca1ddfa219af96c2f3de15be16af269e46345a784c7280a4a73733d
[INFO] running `Command { std: "docker" "create" "-v" "/var/lib/crater-agent-workspace/builds/worker-115/target:/opt/rustwide/target:rw,Z" "-v" "/var/lib/crater-agent-workspace/builds/worker-115/source:/opt/rustwide/workdir:ro,Z" "-v" "/var/lib/crater-agent-workspace/cargo-home:/opt/rustwide/cargo-home:ro,Z" "-v" "/var/lib/crater-agent-workspace/rustup-home:/opt/rustwide/rustup-home:ro,Z" "-e" "SOURCE_DIR=/opt/rustwide/workdir" "-e" "CARGO_TARGET_DIR=/opt/rustwide/target" "-e" "CARGO_INCREMENTAL=0" "-e" "RUST_BACKTRACE=full" "-e" "RUSTFLAGS=--cap-lints=warn" "-e" "CARGO_HOME=/opt/rustwide/cargo-home" "-e" "RUSTUP_HOME=/opt/rustwide/rustup-home" "-w" "/opt/rustwide/workdir" "-m" "1610612736" "--user" "0:0" "--network" "none" "ghcr.io/rust-lang/crates-build-env/linux@sha256:34b6a614d2c27851fe6cbf88fbd1137609cefab8b10d0615aaeb6fd47975d74e" "/opt/rustwide/cargo-home/bin/cargo" "+1.54.0" "build" "--frozen" "--message-format=json", kill_on_drop: false }`
[INFO] [stdout] b7b43bc375acefc0e9b95ef232f5f9b7460ea4ac08bf62b77eac1c6c82117a6f
[INFO] running `Command { std: "docker" "start" "-a" "b7b43bc375acefc0e9b95ef232f5f9b7460ea4ac08bf62b77eac1c6c82117a6f", kill_on_drop: false }`
[INFO] [stderr]    Compiling proc-macro2 v1.0.27
[INFO] [stderr]    Compiling syn v1.0.72
[INFO] [stderr]    Compiling libc v0.2.95
[INFO] [stderr]    Compiling futures-core v0.3.15
[INFO] [stderr]    Compiling pin-project-lite v0.2.6
[INFO] [stderr]    Compiling memchr v2.4.0
[INFO] [stderr]    Compiling futures-task v0.3.15
[INFO] [stderr]    Compiling futures-sink v0.3.15
[INFO] [stderr]    Compiling futures-channel v0.3.15
[INFO] [stderr]    Compiling slab v0.4.3
[INFO] [stderr]    Compiling async-trait v0.1.50
[INFO] [stderr]    Compiling tokio v1.6.1
[INFO] [stderr]    Compiling futures-util v0.3.15
[INFO] [stderr]    Compiling indexmap v1.6.2
[INFO] [stderr]    Compiling tracing v0.1.26
[INFO] [stderr]    Compiling http-body v0.4.2
[INFO] [stderr]    Compiling quote v1.0.9
[INFO] [stderr]    Compiling mio v0.7.11
[INFO] [stderr]    Compiling num_cpus v1.13.0
[INFO] [stderr]    Compiling socket2 v0.4.0
[INFO] [stderr]    Compiling tokio-macros v1.2.0
[INFO] [stderr]    Compiling pin-project-internal v1.0.7
[INFO] [stderr]    Compiling thiserror-impl v1.0.25
[INFO] [stderr]    Compiling thiserror v1.0.25
[INFO] [stderr]    Compiling pin-project v1.0.7
[INFO] [stderr]    Compiling tokio-util v0.6.7
[INFO] [stderr]    Compiling h2 v0.3.3
[INFO] [stderr]    Compiling hyper v0.14.8
[INFO] [stderr]    Compiling httpc v0.1.1 (/opt/rustwide/workdir)
[INFO] [stdout] warning: use of deprecated struct `native::Client`: use Issue trait instead
[INFO] [stdout]   --> src/lib.rs:19:9
[INFO] [stdout]    |
[INFO] [stdout] 19 | pub use native::Client;
[INFO] [stdout]    |         ^^^^^^^^^^^^^^
[INFO] [stdout]    |
[INFO] [stdout]    = note: `#[warn(deprecated)]` on by default
[INFO] [stdout] 
[INFO] [stdout] 
[INFO] [stdout] warning: use of deprecated struct `native::Client`: use Issue trait instead
[INFO] [stdout]   --> src/native.rs:50:6
[INFO] [stdout]    |
[INFO] [stdout] 50 | impl Client {
[INFO] [stdout]    |      ^^^^^^
[INFO] [stdout] 
[INFO] [stdout] 
[INFO] [stdout] warning: use of deprecated struct `native::Client`: use Issue trait instead
[INFO] [stdout]   --> src/native.rs:62:18
[INFO] [stdout]    |
[INFO] [stdout] 62 | impl Default for Client {
[INFO] [stdout]    |                  ^^^^^^
[INFO] [stdout] 
[INFO] [stdout] 
[INFO] [stdout] warning: use of deprecated struct `native::Client`: use Issue trait instead
[INFO] [stdout]   --> src/native.rs:68:49
[INFO] [stdout]    |
[INFO] [stdout] 68 | impl From<HyperClient<HttpConnector, Body>> for Client {
[INFO] [stdout]    |                                                 ^^^^^^
[INFO] [stdout] 
[INFO] [stdout] 
[INFO] [stdout] warning: use of deprecated struct `native::Client`: use Issue trait instead
[INFO] [stdout]   --> src/native.rs:75:49
[INFO] [stdout]    |
[INFO] [stdout] 75 | impl Into<HyperClient<HttpConnector, Body>> for Client {
[INFO] [stdout]    |                                                 ^^^^^^
[INFO] [stdout] 
[INFO] [stdout] 
[INFO] [stdout] warning: use of deprecated field `native::Client::0`: use Issue trait instead
[INFO] [stdout]   --> src/native.rs:58:20
[INFO] [stdout]    |
[INFO] [stdout] 58 |     self::request(&self.0, request).await
[INFO] [stdout]    |                    ^^^^^^
[INFO] [stdout] 
[INFO] [stdout] 
[INFO] [stdout] warning: use of deprecated field `native::Client::0`: use Issue trait instead
[INFO] [stdout]   --> src/native.rs:78:5
[INFO] [stdout]    |
[INFO] [stdout] 78 |     self.0
[INFO] [stdout]    |     ^^^^^^
[INFO] [stdout] 
[INFO] [stdout] 
[INFO] [stdout] warning: 7 warnings emitted
[INFO] [stdout] 
[INFO] [stdout] 
[INFO] [stderr]     Finished dev [unoptimized + debuginfo] target(s) in 33.67s
[INFO] running `Command { std: "docker" "inspect" "b7b43bc375acefc0e9b95ef232f5f9b7460ea4ac08bf62b77eac1c6c82117a6f", kill_on_drop: false }`
[INFO] running `Command { std: "docker" "rm" "-f" "b7b43bc375acefc0e9b95ef232f5f9b7460ea4ac08bf62b77eac1c6c82117a6f", kill_on_drop: false }`
[INFO] [stdout] b7b43bc375acefc0e9b95ef232f5f9b7460ea4ac08bf62b77eac1c6c82117a6f
[INFO] running `Command { std: "docker" "create" "-v" "/var/lib/crater-agent-workspace/builds/worker-115/target:/opt/rustwide/target:rw,Z" "-v" "/var/lib/crater-agent-workspace/builds/worker-115/source:/opt/rustwide/workdir:ro,Z" "-v" "/var/lib/crater-agent-workspace/cargo-home:/opt/rustwide/cargo-home:ro,Z" "-v" "/var/lib/crater-agent-workspace/rustup-home:/opt/rustwide/rustup-home:ro,Z" "-e" "SOURCE_DIR=/opt/rustwide/workdir" "-e" "CARGO_TARGET_DIR=/opt/rustwide/target" "-e" "CARGO_INCREMENTAL=0" "-e" "RUST_BACKTRACE=full" "-e" "RUSTFLAGS=--cap-lints=warn" "-e" "CARGO_HOME=/opt/rustwide/cargo-home" "-e" "RUSTUP_HOME=/opt/rustwide/rustup-home" "-w" "/opt/rustwide/workdir" "-m" "1610612736" "--user" "0:0" "--network" "none" "ghcr.io/rust-lang/crates-build-env/linux@sha256:34b6a614d2c27851fe6cbf88fbd1137609cefab8b10d0615aaeb6fd47975d74e" "/opt/rustwide/cargo-home/bin/cargo" "+1.54.0" "test" "--frozen" "--no-run" "--message-format=json", kill_on_drop: false }`
[INFO] [stdout] 17af397be6b91e308345bc5cf0f7e000620c186f2688b26967ff34f0b10252d9
[INFO] running `Command { std: "docker" "start" "-a" "17af397be6b91e308345bc5cf0f7e000620c186f2688b26967ff34f0b10252d9", kill_on_drop: false }`
[INFO] [stderr]    Compiling version_check v0.9.3
[INFO] [stderr]    Compiling typenum v1.13.0
[INFO] [stderr]    Compiling serde v1.0.126
[INFO] [stderr]    Compiling opaque-debug v0.3.0
[INFO] [stderr]    Compiling cpufeatures v0.1.4
[INFO] [stderr]    Compiling futures-io v0.3.15
[INFO] [stderr]    Compiling scoped-tls v1.0.0
[INFO] [stderr]    Compiling headers-core v0.2.0
[INFO] [stderr]    Compiling time v0.1.44
[INFO] [stderr]    Compiling tokio-stream v0.1.6
[INFO] [stdout] warning: use of deprecated struct `native::Client`: use Issue trait instead
[INFO] [stdout]   --> src/lib.rs:19:9
[INFO] [stdout]    |
[INFO] [stdout] 19 | pub use native::Client;
[INFO] [stdout]    |         ^^^^^^^^^^^^^^
[INFO] [stdout]    |
[INFO] [stdout]    = note: `#[warn(deprecated)]` on by default
[INFO] [stdout] 
[INFO] [stdout] 
[INFO] [stdout] warning: use of deprecated struct `native::Client`: use Issue trait instead
[INFO] [stdout]   --> src/native.rs:50:6
[INFO] [stdout]    |
[INFO] [stdout] 50 | impl Client {
[INFO] [stdout]    |      ^^^^^^
[INFO] [stdout] 
[INFO] [stdout] 
[INFO] [stdout] warning: use of deprecated struct `native::Client`: use Issue trait instead
[INFO] [stdout]   --> src/native.rs:62:18
[INFO] [stdout]    |
[INFO] [stdout] 62 | impl Default for Client {
[INFO] [stdout]    |                  ^^^^^^
[INFO] [stdout] 
[INFO] [stdout] 
[INFO] [stdout] warning: use of deprecated struct `native::Client`: use Issue trait instead
[INFO] [stdout]   --> src/native.rs:68:49
[INFO] [stdout]    |
[INFO] [stdout] 68 | impl From<HyperClient<HttpConnector, Body>> for Client {
[INFO] [stdout]    |                                                 ^^^^^^
[INFO] [stdout] 
[INFO] [stdout] 
[INFO] [stdout] warning: use of deprecated struct `native::Client`: use Issue trait instead
[INFO] [stdout]   --> src/native.rs:75:49
[INFO] [stdout]    |
[INFO] [stdout] 75 | impl Into<HyperClient<HttpConnector, Body>> for Client {
[INFO] [stdout]    |                                                 ^^^^^^
[INFO] [stdout] 
[INFO] [stdout] 
[INFO] [stdout] warning: use of deprecated field `native::Client::0`: use Issue trait instead
[INFO] [stdout]   --> src/native.rs:58:20
[INFO] [stdout]    |
[INFO] [stdout] 58 |     self::request(&self.0, request).await
[INFO] [stdout]    |                    ^^^^^^
[INFO] [stdout] 
[INFO] [stdout] 
[INFO] [stdout] warning: use of deprecated field `native::Client::0`: use Issue trait instead
[INFO] [stdout]   --> src/native.rs:78:5
[INFO] [stdout]    |
[INFO] [stdout] 78 |     self.0
[INFO] [stdout]    |     ^^^^^^
[INFO] [stdout] 
[INFO] [stdout] 
[INFO] [stdout] warning: 7 warnings emitted
[INFO] [stdout] 
[INFO] [stdout] 
[INFO] [stderr]    Compiling futures v0.3.15
[INFO] [stderr]    Compiling generic-array v0.14.4
[INFO] [stderr]    Compiling unicase v2.6.0
[INFO] [stderr]    Compiling mime_guess v2.0.3
[INFO] [stderr]    Compiling digest v0.9.0
[INFO] [stderr]    Compiling block-buffer v0.9.0
[INFO] [stderr]    Compiling sha-1 v0.9.6
[INFO] [stderr]    Compiling headers v0.3.4
[INFO] [stderr]    Compiling serde_json v1.0.64
[INFO] [stderr]    Compiling serde_urlencoded v0.7.0
[INFO] [stderr]    Compiling warp v0.3.1
[INFO] [stderr]    Compiling httpc v0.1.1 (/opt/rustwide/workdir)
[INFO] [stdout] warning: use of deprecated struct `native::Client`: use Issue trait instead
[INFO] [stdout]   --> src/lib.rs:19:9
[INFO] [stdout]    |
[INFO] [stdout] 19 | pub use native::Client;
[INFO] [stdout]    |         ^^^^^^^^^^^^^^
[INFO] [stdout]    |
[INFO] [stdout]    = note: `#[warn(deprecated)]` on by default
[INFO] [stdout] 
[INFO] [stdout] 
[INFO] [stdout] warning: use of deprecated struct `native::Client`: use Issue trait instead
[INFO] [stdout]   --> src/native.rs:50:6
[INFO] [stdout]    |
[INFO] [stdout] 50 | impl Client {
[INFO] [stdout]    |      ^^^^^^
[INFO] [stdout] 
[INFO] [stdout] 
[INFO] [stdout] warning: use of deprecated struct `native::Client`: use Issue trait instead
[INFO] [stdout]   --> src/native.rs:62:18
[INFO] [stdout]    |
[INFO] [stdout] 62 | impl Default for Client {
[INFO] [stdout]    |                  ^^^^^^
[INFO] [stdout] 
[INFO] [stdout] 
[INFO] [stdout] warning: use of deprecated struct `native::Client`: use Issue trait instead
[INFO] [stdout]   --> src/native.rs:68:49
[INFO] [stdout]    |
[INFO] [stdout] 68 | impl From<HyperClient<HttpConnector, Body>> for Client {
[INFO] [stdout]    |                                                 ^^^^^^
[INFO] [stdout] 
[INFO] [stdout] 
[INFO] [stdout] warning: use of deprecated struct `native::Client`: use Issue trait instead
[INFO] [stdout]   --> src/native.rs:75:49
[INFO] [stdout]    |
[INFO] [stdout] 75 | impl Into<HyperClient<HttpConnector, Body>> for Client {
[INFO] [stdout]    |                                                 ^^^^^^
[INFO] [stdout] 
[INFO] [stdout] 
[INFO] [stdout] warning: use of deprecated struct `native::Client`: use Issue trait instead
[INFO] [stdout]    --> src/native.rs:111:20
[INFO] [stdout]     |
[INFO] [stdout] 111 |       let client = Client::new();
[INFO] [stdout]     |                    ^^^^^^
[INFO] [stdout] 
[INFO] [stdout] 
[INFO] [stdout] warning: use of deprecated field `native::Client::0`: use Issue trait instead
[INFO] [stdout]   --> src/native.rs:58:20
[INFO] [stdout]    |
[INFO] [stdout] 58 |     self::request(&self.0, request).await
[INFO] [stdout]    |                    ^^^^^^
[INFO] [stdout] 
[INFO] [stdout] 
[INFO] [stdout] warning: use of deprecated field `native::Client::0`: use Issue trait instead
[INFO] [stdout]   --> src/native.rs:78:5
[INFO] [stdout]    |
[INFO] [stdout] 78 |     self.0
[INFO] [stdout]    |     ^^^^^^
[INFO] [stdout] 
[INFO] [stdout] 
[INFO] [stdout] warning: use of deprecated field `native::Client::0`: use Issue trait instead
[INFO] [stdout]    --> src/native.rs:113:20
[INFO] [stdout]     |
[INFO] [stdout] 113 |       let future = client.0.issue(request);
[INFO] [stdout]     |                    ^^^^^^^^
[INFO] [stdout] 
[INFO] [stdout] 
[INFO] [stdout] warning: 9 warnings emitted
[INFO] [stdout] 
[INFO] [stdout] 
[INFO] [stderr]     Finished test [unoptimized + debuginfo] target(s) in 18.74s
[INFO] running `Command { std: "docker" "inspect" "17af397be6b91e308345bc5cf0f7e000620c186f2688b26967ff34f0b10252d9", kill_on_drop: false }`
[INFO] running `Command { std: "docker" "rm" "-f" "17af397be6b91e308345bc5cf0f7e000620c186f2688b26967ff34f0b10252d9", kill_on_drop: false }`
[INFO] [stdout] 17af397be6b91e308345bc5cf0f7e000620c186f2688b26967ff34f0b10252d9
[INFO] running `Command { std: "docker" "create" "-v" "/var/lib/crater-agent-workspace/builds/worker-115/target:/opt/rustwide/target:rw,Z" "-v" "/var/lib/crater-agent-workspace/builds/worker-115/source:/opt/rustwide/workdir:ro,Z" "-v" "/var/lib/crater-agent-workspace/cargo-home:/opt/rustwide/cargo-home:ro,Z" "-v" "/var/lib/crater-agent-workspace/rustup-home:/opt/rustwide/rustup-home:ro,Z" "-e" "SOURCE_DIR=/opt/rustwide/workdir" "-e" "CARGO_TARGET_DIR=/opt/rustwide/target" "-e" "CARGO_INCREMENTAL=0" "-e" "RUST_BACKTRACE=full" "-e" "RUSTFLAGS=--cap-lints=warn" "-e" "CARGO_HOME=/opt/rustwide/cargo-home" "-e" "RUSTUP_HOME=/opt/rustwide/rustup-home" "-w" "/opt/rustwide/workdir" "-m" "1610612736" "--user" "0:0" "--network" "none" "ghcr.io/rust-lang/crates-build-env/linux@sha256:34b6a614d2c27851fe6cbf88fbd1137609cefab8b10d0615aaeb6fd47975d74e" "/opt/rustwide/cargo-home/bin/cargo" "+1.54.0" "test" "--frozen", kill_on_drop: false }`
[INFO] [stdout] 58ffeb3dcaad50af87d37d59602561b4de6a93d86807e6218d2c11a8a991420b
[INFO] running `Command { std: "docker" "start" "-a" "58ffeb3dcaad50af87d37d59602561b4de6a93d86807e6218d2c11a8a991420b", kill_on_drop: false }`
[INFO] [stderr] warning: use of deprecated struct `native::Client`: use Issue trait instead
[INFO] [stderr]   --> src/lib.rs:19:9
[INFO] [stderr]    |
[INFO] [stderr] 19 | pub use native::Client;
[INFO] [stderr]    |         ^^^^^^^^^^^^^^
[INFO] [stderr]    |
[INFO] [stderr]    = note: `#[warn(deprecated)]` on by default
[INFO] [stderr] 
[INFO] [stderr] warning: use of deprecated struct `native::Client`: use Issue trait instead
[INFO] [stderr]   --> src/native.rs:50:6
[INFO] [stderr]    |
[INFO] [stderr] 50 | impl Client {
[INFO] [stderr]    |      ^^^^^^
[INFO] [stderr] 
[INFO] [stderr] warning: use of deprecated struct `native::Client`: use Issue trait instead
[INFO] [stderr]   --> src/native.rs:62:18
[INFO] [stderr]    |
[INFO] [stderr] 62 | impl Default for Client {
[INFO] [stderr]    |                  ^^^^^^
[INFO] [stderr] 
[INFO] [stderr] warning: use of deprecated struct `native::Client`: use Issue trait instead
[INFO] [stderr]   --> src/native.rs:68:49
[INFO] [stderr]    |
[INFO] [stderr] 68 | impl From<HyperClient<HttpConnector, Body>> for Client {
[INFO] [stderr]    |                                                 ^^^^^^
[INFO] [stderr] 
[INFO] [stderr] warning: use of deprecated struct `native::Client`: use Issue trait instead
[INFO] [stderr]   --> src/native.rs:75:49
[INFO] [stderr]    |
[INFO] [stderr] 75 | impl Into<HyperClient<HttpConnector, Body>> for Client {
[INFO] [stderr]    |                                                 ^^^^^^
[INFO] [stderr] 
[INFO] [stderr] warning: use of deprecated field `native::Client::0`: use Issue trait instead
[INFO] [stderr]   --> src/native.rs:58:20
[INFO] [stderr]    |
[INFO] [stderr] 58 |     self::request(&self.0, request).await
[INFO] [stderr]    |                    ^^^^^^
[INFO] [stderr] 
[INFO] [stderr] warning: use of deprecated field `native::Client::0`: use Issue trait instead
[INFO] [stderr]   --> src/native.rs:78:5
[INFO] [stderr]    |
[INFO] [stderr] 78 |     self.0
[INFO] [stderr]    |     ^^^^^^
[INFO] [stderr] 
[INFO] [stderr] warning: 7 warnings emitted
[INFO] [stderr] 
[INFO] [stderr] warning: use of deprecated struct `native::Client`: use Issue trait instead
[INFO] [stderr]   --> src/lib.rs:19:9
[INFO] [stderr]    |
[INFO] [stderr] 19 | pub use native::Client;
[INFO] [stderr]    |         ^^^^^^^^^^^^^^
[INFO] [stderr]    |
[INFO] [stderr]    = note: `#[warn(deprecated)]` on by default
[INFO] [stderr] 
[INFO] [stderr] warning: use of deprecated struct `native::Client`: use Issue trait instead
[INFO] [stderr]   --> src/native.rs:50:6
[INFO] [stderr]    |
[INFO] [stderr] 50 | impl Client {
[INFO] [stderr]    |      ^^^^^^
[INFO] [stderr] 
[INFO] [stderr] warning: use of deprecated struct `native::Client`: use Issue trait instead
[INFO] [stderr]   --> src/native.rs:62:18
[INFO] [stderr]    |
[INFO] [stderr] 62 | impl Default for Client {
[INFO] [stderr]    |                  ^^^^^^
[INFO] [stderr] 
[INFO] [stderr] warning: use of deprecated struct `native::Client`: use Issue trait instead
[INFO] [stderr]   --> src/native.rs:68:49
[INFO] [stderr]    |
[INFO] [stderr] 68 | impl From<HyperClient<HttpConnector, Body>> for Client {
[INFO] [stderr]    |                                                 ^^^^^^
[INFO] [stderr] 
[INFO] [stderr] warning: use of deprecated struct `native::Client`: use Issue trait instead
[INFO] [stderr]   --> src/native.rs:75:49
[INFO] [stderr]    |
[INFO] [stderr] 75 | impl Into<HyperClient<HttpConnector, Body>> for Client {
[INFO] [stderr]    |                                                 ^^^^^^
[INFO] [stderr] 
[INFO] [stderr] warning: use of deprecated struct `native::Client`: use Issue trait instead
[INFO] [stderr]    --> src/native.rs:111:20
[INFO] [stderr]     |
[INFO] [stderr] 111 |       let client = Client::new();
[INFO] [stderr]     |                    ^^^^^^
[INFO] [stderr] 
[INFO] [stderr] warning: use of deprecated field `native::Client::0`: use Issue trait instead
[INFO] [stderr]   --> src/native.rs:58:20
[INFO] [stderr]    |
[INFO] [stderr] 58 |     self::request(&self.0, request).await
[INFO] [stderr]    |                    ^^^^^^
[INFO] [stderr] 
[INFO] [stderr] warning: use of deprecated field `native::Client::0`: use Issue trait instead
[INFO] [stderr]   --> src/native.rs:78:5
[INFO] [stderr]    |
[INFO] [stderr] 78 |     self.0
[INFO] [stderr]    |     ^^^^^^
[INFO] [stderr] 
[INFO] [stderr] warning: use of deprecated field `native::Client::0`: use Issue trait instead
[INFO] [stderr]    --> src/native.rs:113:20
[INFO] [stderr]     |
[INFO] [stderr] 113 |       let future = client.0.issue(request);
[INFO] [stderr]     |                    ^^^^^^^^
[INFO] [stderr] 
[INFO] [stderr] warning: 9 warnings emitted
[INFO] [stderr] 
[INFO] [stderr]     Finished test [unoptimized + debuginfo] target(s) in 0.38s
[INFO] [stdout] 
[INFO] [stderr]      Running unittests (/opt/rustwide/target/debug/deps/httpc-6e57c2082f8f26d3)
[INFO] [stdout] running 2 tests
[INFO] [stdout] test error::tests::ensure_error_trait_impls ... ok
[INFO] [stderr]      Running tests/request.rs (/opt/rustwide/target/debug/deps/request-e4ca2997dcbed2ab)
[INFO] [stdout] test native::tests::issue_future_is_send ... ok
[INFO] [stdout] 
[INFO] [stdout] test result: ok. 2 passed; 0 failed; 0 ignored; 0 measured; 0 filtered out; finished in 0.00s
[INFO] [stdout] 
[INFO] [stdout] 
[INFO] [stdout] running 5 tests
[INFO] [stdout] test get_with_request_header ... FAILED
[INFO] [stdout] test get_not_found ... FAILED
[INFO] [stdout] test post_with_body ... FAILED
[INFO] [stdout] test get_ok ... FAILED
[INFO] [stdout] test get_binary ... FAILED
[INFO] [stdout] 
[INFO] [stdout] failures:
[INFO] [stdout] 
[INFO] [stdout] ---- get_with_request_header stdout ----
[INFO] [stdout] thread 'get_with_request_header' panicked at 'HTTPC_TEST_SERVER environment variable not found', tests/test/mod.rs:32:36
[INFO] [stdout] stack backtrace:
[INFO] [stdout]    0:     0x5647ff92e650 - std::backtrace_rs::backtrace::libunwind::trace::h34055254b57d8e79
[INFO] [stdout]                                at /rustc/a178d0322ce20e33eac124758e837cbd80a6f633/library/std/src/../../backtrace/src/backtrace/libunwind.rs:90:5
[INFO] [stdout]    1:     0x5647ff92e650 - std::backtrace_rs::backtrace::trace_unsynchronized::h8f1e3fbd9afff6ec
[INFO] [stdout]                                at /rustc/a178d0322ce20e33eac124758e837cbd80a6f633/library/std/src/../../backtrace/src/backtrace/mod.rs:66:5
[INFO] [stdout]    2:     0x5647ff92e650 - std::sys_common::backtrace::_print_fmt::h3a99a796b770c360
[INFO] [stdout]                                at /rustc/a178d0322ce20e33eac124758e837cbd80a6f633/library/std/src/sys_common/backtrace.rs:67:5
[INFO] [stdout]    3:     0x5647ff92e650 - <std::sys_common::backtrace::_print::DisplayBacktrace as core::fmt::Display>::fmt::h32d1f94a80615d18
[INFO] [stdout]                                at /rustc/a178d0322ce20e33eac124758e837cbd80a6f633/library/std/src/sys_common/backtrace.rs:46:22
[INFO] [stdout]    4:     0x5647ff95168c - core::fmt::write::h306731c068f7162c
[INFO] [stdout]                                at /rustc/a178d0322ce20e33eac124758e837cbd80a6f633/library/core/src/fmt/mod.rs:1110:17
[INFO] [stdout]    5:     0x5647ff928145 - std::io::Write::write_fmt::h87f19b0a2cd190bc
[INFO] [stdout]                                at /rustc/a178d0322ce20e33eac124758e837cbd80a6f633/library/std/src/io/mod.rs:1588:15
[INFO] [stdout]    6:     0x5647ff93082b - std::sys_common::backtrace::_print::h5abaa2601a852287
[INFO] [stdout]                                at /rustc/a178d0322ce20e33eac124758e837cbd80a6f633/library/std/src/sys_common/backtrace.rs:49:5
[INFO] [stdout]    7:     0x5647ff93082b - std::sys_common::backtrace::print::h8d81445442bb638f
[INFO] [stdout]                                at /rustc/a178d0322ce20e33eac124758e837cbd80a6f633/library/std/src/sys_common/backtrace.rs:36:9
[INFO] [stdout]    8:     0x5647ff93082b - std::panicking::default_hook::{{closure}}::hcfe804496a9fa747
[INFO] [stdout]                                at /rustc/a178d0322ce20e33eac124758e837cbd80a6f633/library/std/src/panicking.rs:208:50
[INFO] [stdout]    9:     0x5647ff93033c - std::panicking::default_hook::hbea8e3ccf2ba8901
[INFO] [stdout]                                at /rustc/a178d0322ce20e33eac124758e837cbd80a6f633/library/std/src/panicking.rs:222:9
[INFO] [stdout]   10:     0x5647ff930ef4 - std::panicking::rust_panic_with_hook::h7ee9e1a2d0f8975a
[INFO] [stdout]                                at /rustc/a178d0322ce20e33eac124758e837cbd80a6f633/library/std/src/panicking.rs:622:17
[INFO] [stdout]   11:     0x5647ff9309d7 - std::panicking::begin_panic_handler::{{closure}}::h8ab3b4491718b2c7
[INFO] [stdout]                                at /rustc/a178d0322ce20e33eac124758e837cbd80a6f633/library/std/src/panicking.rs:519:13
[INFO] [stdout]   12:     0x5647ff92eb4c - std::sys_common::backtrace::__rust_end_short_backtrace::hd489062ffa586a9f
[INFO] [stdout]                                at /rustc/a178d0322ce20e33eac124758e837cbd80a6f633/library/std/src/sys_common/backtrace.rs:141:18
[INFO] [stdout]   13:     0x5647ff930939 - rust_begin_unwind
[INFO] [stdout]                                at /rustc/a178d0322ce20e33eac124758e837cbd80a6f633/library/std/src/panicking.rs:515:5
[INFO] [stdout]   14:     0x5647ff53bc01 - core::panicking::panic_fmt::hca6330e3e14086b4
[INFO] [stdout]                                at /rustc/a178d0322ce20e33eac124758e837cbd80a6f633/library/core/src/panicking.rs:92:14
[INFO] [stdout]   15:     0x5647ff53baf3 - core::option::expect_failed::hb6407502861d5eec
[INFO] [stdout]                                at /rustc/a178d0322ce20e33eac124758e837cbd80a6f633/library/core/src/option.rs:1243:5
[INFO] [stdout]   16:     0x5647ff84ffb3 - core::option::Option<T>::expect::h22e0185d60f744ba
[INFO] [stdout]                                at /rustc/a178d0322ce20e33eac124758e837cbd80a6f633/library/core/src/option.rs:351:21
[INFO] [stdout]   17:     0x5647ff572180 - request::test::server::h935e168385f00787
[INFO] [stdout]                                at /opt/rustwide/workdir/tests/test/mod.rs:32:3
[INFO] [stdout]   18:     0x5647ff55e604 - request::get_with_request_header::{{closure}}::hefa785a7861dcbdf
[INFO] [stdout]                                at /opt/rustwide/workdir/tests/request.rs:63:16
[INFO] [stdout]   19:     0x5647ff67198b - <core::future::from_generator::GenFuture<T> as core::future::future::Future>::poll::ha8d1466b9d8a6179
[INFO] [stdout]                                at /rustc/a178d0322ce20e33eac124758e837cbd80a6f633/library/core/src/future/mod.rs:80:19
[INFO] [stdout]   20:     0x5647ff62f03f - <core::pin::Pin<P> as core::future::future::Future>::poll::h7e96f51161da40a9
[INFO] [stdout]                                at /rustc/a178d0322ce20e33eac124758e837cbd80a6f633/library/core/src/future/future.rs:119:9
[INFO] [stdout]   21:     0x5647ff5e0fc0 - tokio::runtime::basic_scheduler::Inner<P>::block_on::{{closure}}::{{closure}}::h3727dc5c8c530e5e
[INFO] [stdout]                                at /opt/rustwide/cargo-home/registry/src/github.com-1ecc6299db9ec823/tokio-1.6.1/src/runtime/basic_scheduler.rs:213:62
[INFO] [stdout]   22:     0x5647ff5aeb6c - tokio::coop::with_budget::{{closure}}::hd011621a4d4c4681
[INFO] [stdout]                                at /opt/rustwide/cargo-home/registry/src/github.com-1ecc6299db9ec823/tokio-1.6.1/src/coop.rs:106:9
[INFO] [stdout]   23:     0x5647ff5f86c1 - std::thread::local::LocalKey<T>::try_with::hd7ff84552781f9c6
[INFO] [stdout]                                at /rustc/a178d0322ce20e33eac124758e837cbd80a6f633/library/std/src/thread/local.rs:400:16
[INFO] [stdout]   24:     0x5647ff5f643d - std::thread::local::LocalKey<T>::with::h555ab33db0ca8a46
[INFO] [stdout]                                at /rustc/a178d0322ce20e33eac124758e837cbd80a6f633/library/std/src/thread/local.rs:376:9
[INFO] [stdout]   25:     0x5647ff5ddc2c - tokio::coop::with_budget::h71a56ae4f7f1c719
[INFO] [stdout]                                at /opt/rustwide/cargo-home/registry/src/github.com-1ecc6299db9ec823/tokio-1.6.1/src/coop.rs:99:5
[INFO] [stdout]   26:     0x5647ff5ddc2c - tokio::coop::budget::hbbd0d93b41fed0f5
[INFO] [stdout]                                at /opt/rustwide/cargo-home/registry/src/github.com-1ecc6299db9ec823/tokio-1.6.1/src/coop.rs:76:5
[INFO] [stdout]   27:     0x5647ff5ddc2c - tokio::runtime::basic_scheduler::Inner<P>::block_on::{{closure}}::h164693fbbd564b93
[INFO] [stdout]                                at /opt/rustwide/cargo-home/registry/src/github.com-1ecc6299db9ec823/tokio-1.6.1/src/runtime/basic_scheduler.rs:213:39
[INFO] [stdout]   28:     0x5647ff5e4401 - tokio::runtime::basic_scheduler::enter::{{closure}}::hd6ac1f6fbd5a26ac
[INFO] [stdout]                                at /opt/rustwide/cargo-home/registry/src/github.com-1ecc6299db9ec823/tokio-1.6.1/src/runtime/basic_scheduler.rs:323:29
[INFO] [stdout]   29:     0x5647ff63e23d - tokio::macros::scoped_tls::ScopedKey<T>::set::h9e8e516ec61eec32
[INFO] [stdout]                                at /opt/rustwide/cargo-home/registry/src/github.com-1ecc6299db9ec823/tokio-1.6.1/src/macros/scoped_tls.rs:61:9
[INFO] [stdout]   30:     0x5647ff5e427c - tokio::runtime::basic_scheduler::enter::h7e42a35b28d2c1f5
[INFO] [stdout]                                at /opt/rustwide/cargo-home/registry/src/github.com-1ecc6299db9ec823/tokio-1.6.1/src/runtime/basic_scheduler.rs:323:5
[INFO] [stdout]   31:     0x5647ff5dd8cb - tokio::runtime::basic_scheduler::Inner<P>::block_on::h758b10b76786d5c9
[INFO] [stdout]                                at /opt/rustwide/cargo-home/registry/src/github.com-1ecc6299db9ec823/tokio-1.6.1/src/runtime/basic_scheduler.rs:202:9
[INFO] [stdout]   32:     0x5647ff5e1784 - tokio::runtime::basic_scheduler::InnerGuard<P>::block_on::h8f6270d92ea94913
[INFO] [stdout]                                at /opt/rustwide/cargo-home/registry/src/github.com-1ecc6299db9ec823/tokio-1.6.1/src/runtime/basic_scheduler.rs:481:9
[INFO] [stdout]   33:     0x5647ff5e2288 - tokio::runtime::basic_scheduler::BasicScheduler<P>::block_on::haaed7c9549e22c50
[INFO] [stdout]                                at /opt/rustwide/cargo-home/registry/src/github.com-1ecc6299db9ec823/tokio-1.6.1/src/runtime/basic_scheduler.rs:162:24
[INFO] [stdout]   34:     0x5647ff591c60 - tokio::runtime::Runtime::block_on::h8ee90ced3c226ddf
[INFO] [stdout]                                at /opt/rustwide/cargo-home/registry/src/github.com-1ecc6299db9ec823/tokio-1.6.1/src/runtime/mod.rs:450:46
[INFO] [stdout]   35:     0x5647ff55e42b - request::get_with_request_header::hb911b083f10b8da3
[INFO] [stdout]                                at /opt/rustwide/workdir/tests/request.rs:76:3
[INFO] [stdout]   36:     0x5647ff55e35a - request::get_with_request_header::{{closure}}::hcd707186f8c2cae8
[INFO] [stdout]                                at /opt/rustwide/workdir/tests/request.rs:60:7
[INFO] [stdout]   37:     0x5647ff610d1e - core::ops::function::FnOnce::call_once::hdc9ba1f26232de02
[INFO] [stdout]                                at /rustc/a178d0322ce20e33eac124758e837cbd80a6f633/library/core/src/ops/function.rs:227:5
[INFO] [stdout]   38:     0x5647ff6ad553 - core::ops::function::FnOnce::call_once::h152e7e439ff59e19
[INFO] [stdout]                                at /rustc/a178d0322ce20e33eac124758e837cbd80a6f633/library/core/src/ops/function.rs:227:5
[INFO] [stdout]   39:     0x5647ff6ad553 - test::__rust_begin_short_backtrace::h0908f3b1fdbb72ab
[INFO] [stdout]                                at /rustc/a178d0322ce20e33eac124758e837cbd80a6f633/library/test/src/lib.rs:577:5
[INFO] [stdout]   40:     0x5647ff6ac010 - <alloc::boxed::Box<F,A> as core::ops::function::FnOnce<Args>>::call_once::hf6d2a51e5587546c
[INFO] [stdout]                                at /rustc/a178d0322ce20e33eac124758e837cbd80a6f633/library/alloc/src/boxed.rs:1575:9
[INFO] [stdout]   41:     0x5647ff6ac010 - <std::panic::AssertUnwindSafe<F> as core::ops::function::FnOnce<()>>::call_once::h8af660f3a89ef593
[INFO] [stdout]                                at /rustc/a178d0322ce20e33eac124758e837cbd80a6f633/library/std/src/panic.rs:347:9
[INFO] [stdout]   42:     0x5647ff6ac010 - std::panicking::try::do_call::hd36aef60f84b6d36
[INFO] [stdout]                                at /rustc/a178d0322ce20e33eac124758e837cbd80a6f633/library/std/src/panicking.rs:401:40
[INFO] [stdout]   43:     0x5647ff6ac010 - std::panicking::try::h9932b4480e69817c
[INFO] [stdout]                                at /rustc/a178d0322ce20e33eac124758e837cbd80a6f633/library/std/src/panicking.rs:365:19
[INFO] [stdout]   44:     0x5647ff6ac010 - std::panic::catch_unwind::h6aa177099cfff5f8
[INFO] [stdout]                                at /rustc/a178d0322ce20e33eac124758e837cbd80a6f633/library/std/src/panic.rs:434:14
[INFO] [stdout]   45:     0x5647ff6ac010 - test::run_test_in_process::h5884d6f2d99e20c3
[INFO] [stdout]                                at /rustc/a178d0322ce20e33eac124758e837cbd80a6f633/library/test/src/lib.rs:600:18
[INFO] [stdout]   46:     0x5647ff6ac010 - test::run_test::run_test_inner::{{closure}}::h6fdc58c6d5f5b6e3
[INFO] [stdout]                                at /rustc/a178d0322ce20e33eac124758e837cbd80a6f633/library/test/src/lib.rs:492:39
[INFO] [stdout]   47:     0x5647ff6856c2 - test::run_test::run_test_inner::{{closure}}::h408365d67a78ade8
[INFO] [stdout]                                at /rustc/a178d0322ce20e33eac124758e837cbd80a6f633/library/test/src/lib.rs:519:37
[INFO] [stdout]   48:     0x5647ff6856c2 - std::sys_common::backtrace::__rust_begin_short_backtrace::hb560b77c4f701523
[INFO] [stdout]                                at /rustc/a178d0322ce20e33eac124758e837cbd80a6f633/library/std/src/sys_common/backtrace.rs:125:18
[INFO] [stdout]   49:     0x5647ff689278 - std::thread::Builder::spawn_unchecked::{{closure}}::{{closure}}::hf2e7831dad93c597
[INFO] [stdout]                                at /rustc/a178d0322ce20e33eac124758e837cbd80a6f633/library/std/src/thread/mod.rs:481:17
[INFO] [stdout]   50:     0x5647ff689278 - <std::panic::AssertUnwindSafe<F> as core::ops::function::FnOnce<()>>::call_once::hd2e08783d8be4d02
[INFO] [stdout]                                at /rustc/a178d0322ce20e33eac124758e837cbd80a6f633/library/std/src/panic.rs:347:9
[INFO] [stdout]   51:     0x5647ff689278 - std::panicking::try::do_call::h062597b7acfd6b82
[INFO] [stdout]                                at /rustc/a178d0322ce20e33eac124758e837cbd80a6f633/library/std/src/panicking.rs:401:40
[INFO] [stdout]   52:     0x5647ff689278 - std::panicking::try::h0d7b79db04c14552
[INFO] [stdout]                                at /rustc/a178d0322ce20e33eac124758e837cbd80a6f633/library/std/src/panicking.rs:365:19
[INFO] [stdout]   53:     0x5647ff689278 - std::panic::catch_unwind::hb01a0b5e7c8cd43b
[INFO] [stdout]                                at /rustc/a178d0322ce20e33eac124758e837cbd80a6f633/library/std/src/panic.rs:434:14
[INFO] [stdout]   54:     0x5647ff689278 - std::thread::Builder::spawn_unchecked::{{closure}}::h5bde48cc887e0d1e
[INFO] [stdout]                                at /rustc/a178d0322ce20e33eac124758e837cbd80a6f633/library/std/src/thread/mod.rs:480:30
[INFO] [stdout]   55:     0x5647ff689278 - core::ops::function::FnOnce::call_once{{vtable.shim}}::h745ea30807a29e55
[INFO] [stdout]                                at /rustc/a178d0322ce20e33eac124758e837cbd80a6f633/library/core/src/ops/function.rs:227:5
[INFO] [stdout]   56:     0x5647ff936137 - <alloc::boxed::Box<F,A> as core::ops::function::FnOnce<Args>>::call_once::h7ece6cfefaff1005
[INFO] [stdout]                                at /rustc/a178d0322ce20e33eac124758e837cbd80a6f633/library/alloc/src/boxed.rs:1575:9
[INFO] [stdout]   57:     0x5647ff936137 - <alloc::boxed::Box<F,A> as core::ops::function::FnOnce<Args>>::call_once::hb8b48e55c21f193e
[INFO] [stdout]                                at /rustc/a178d0322ce20e33eac124758e837cbd80a6f633/library/alloc/src/boxed.rs:1575:9
[INFO] [stdout]   58:     0x5647ff936137 - std::sys::unix::thread::Thread::new::thread_start::h8c7c4450dba62914
[INFO] [stdout]                                at /rustc/a178d0322ce20e33eac124758e837cbd80a6f633/library/std/src/sys/unix/thread.rs:71:17
[INFO] [stdout]   59:     0x7f6cfe07f609 - start_thread
[INFO] [stdout]   60:     0x7f6cfde51293 - clone
[INFO] [stdout]   61:                0x0 - <unknown>
[INFO] [stdout] 
[INFO] [stdout] ---- get_not_found stdout ----
[INFO] [stdout] thread 'get_not_found' panicked at 'HTTPC_TEST_SERVER environment variable not found', tests/test/mod.rs:32:36
[INFO] [stdout] stack backtrace:
[INFO] [stdout]    0:     0x5647ff92e650 - std::backtrace_rs::backtrace::libunwind::trace::h34055254b57d8e79
[INFO] [stdout]                                at /rustc/a178d0322ce20e33eac124758e837cbd80a6f633/library/std/src/../../backtrace/src/backtrace/libunwind.rs:90:5
[INFO] [stdout]    1:     0x5647ff92e650 - std::backtrace_rs::backtrace::trace_unsynchronized::h8f1e3fbd9afff6ec
[INFO] [stdout]                                at /rustc/a178d0322ce20e33eac124758e837cbd80a6f633/library/std/src/../../backtrace/src/backtrace/mod.rs:66:5
[INFO] [stdout]    2:     0x5647ff92e650 - std::sys_common::backtrace::_print_fmt::h3a99a796b770c360
[INFO] [stdout]                                at /rustc/a178d0322ce20e33eac124758e837cbd80a6f633/library/std/src/sys_common/backtrace.rs:67:5
[INFO] [stdout]    3:     0x5647ff92e650 - <std::sys_common::backtrace::_print::DisplayBacktrace as core::fmt::Display>::fmt::h32d1f94a80615d18
[INFO] [stdout]                                at /rustc/a178d0322ce20e33eac124758e837cbd80a6f633/library/std/src/sys_common/backtrace.rs:46:22
[INFO] [stdout]    4:     0x5647ff95168c - core::fmt::write::h306731c068f7162c
[INFO] [stdout]                                at /rustc/a178d0322ce20e33eac124758e837cbd80a6f633/library/core/src/fmt/mod.rs:1110:17
[INFO] [stdout]    5:     0x5647ff928145 - std::io::Write::write_fmt::h87f19b0a2cd190bc
[INFO] [stdout]                                at /rustc/a178d0322ce20e33eac124758e837cbd80a6f633/library/std/src/io/mod.rs:1588:15
[INFO] [stdout]    6:     0x5647ff93082b - std::sys_common::backtrace::_print::h5abaa2601a852287
[INFO] [stdout]                                at /rustc/a178d0322ce20e33eac124758e837cbd80a6f633/library/std/src/sys_common/backtrace.rs:49:5
[INFO] [stdout]    7:     0x5647ff93082b - std::sys_common::backtrace::print::h8d81445442bb638f
[INFO] [stdout]                                at /rustc/a178d0322ce20e33eac124758e837cbd80a6f633/library/std/src/sys_common/backtrace.rs:36:9
[INFO] [stdout]    8:     0x5647ff93082b - std::panicking::default_hook::{{closure}}::hcfe804496a9fa747
[INFO] [stdout]                                at /rustc/a178d0322ce20e33eac124758e837cbd80a6f633/library/std/src/panicking.rs:208:50
[INFO] [stdout]    9:     0x5647ff93033c - std::panicking::default_hook::hbea8e3ccf2ba8901
[INFO] [stdout]                                at /rustc/a178d0322ce20e33eac124758e837cbd80a6f633/library/std/src/panicking.rs:222:9
[INFO] [stdout]   10:     0x5647ff930ef4 - std::panicking::rust_panic_with_hook::h7ee9e1a2d0f8975a
[INFO] [stdout]                                at /rustc/a178d0322ce20e33eac124758e837cbd80a6f633/library/std/src/panicking.rs:622:17
[INFO] [stdout]   11:     0x5647ff9309d7 - std::panicking::begin_panic_handler::{{closure}}::h8ab3b4491718b2c7
[INFO] [stdout]                                at /rustc/a178d0322ce20e33eac124758e837cbd80a6f633/library/std/src/panicking.rs:519:13
[INFO] [stdout]   12:     0x5647ff92eb4c - std::sys_common::backtrace::__rust_end_short_backtrace::hd489062ffa586a9f
[INFO] [stdout]                                at /rustc/a178d0322ce20e33eac124758e837cbd80a6f633/library/std/src/sys_common/backtrace.rs:141:18
[INFO] [stdout]   13:     0x5647ff930939 - rust_begin_unwind
[INFO] [stdout]                                at /rustc/a178d0322ce20e33eac124758e837cbd80a6f633/library/std/src/panicking.rs:515:5
[INFO] [stdout]   14:     0x5647ff53bc01 - core::panicking::panic_fmt::hca6330e3e14086b4
[INFO] [stdout]                                at /rustc/a178d0322ce20e33eac124758e837cbd80a6f633/library/core/src/panicking.rs:92:14
[INFO] [stdout]   15:     0x5647ff53baf3 - core::option::expect_failed::hb6407502861d5eec
[INFO] [stdout]                                at /rustc/a178d0322ce20e33eac124758e837cbd80a6f633/library/core/src/option.rs:1243:5
[INFO] [stdout]   16:     0x5647ff84ffb3 - core::option::Option<T>::expect::h22e0185d60f744ba
[INFO] [stdout]                                at /rustc/a178d0322ce20e33eac124758e837cbd80a6f633/library/core/src/option.rs:351:21
[INFO] [stdout]   17:     0x5647ff572180 - request::test::server::h935e168385f00787
[INFO] [stdout]                                at /opt/rustwide/workdir/tests/test/mod.rs:32:3
[INFO] [stdout]   18:     0x5647ff55efc2 - request::get_not_found::{{closure}}::ha84e38f0634450c6
[INFO] [stdout]                                at /opt/rustwide/workdir/tests/request.rs:84:16
[INFO] [stdout]   19:     0x5647ff67130b - <core::future::from_generator::GenFuture<T> as core::future::future::Future>::poll::h46e44eddff4cef80
[INFO] [stdout]                                at /rustc/a178d0322ce20e33eac124758e837cbd80a6f633/library/core/src/future/mod.rs:80:19
[INFO] [stdout]   20:     0x5647ff62ee0f - <core::pin::Pin<P> as core::future::future::Future>::poll::h021776afc38514ed
[INFO] [stdout]                                at /rustc/a178d0322ce20e33eac124758e837cbd80a6f633/library/core/src/future/future.rs:119:9
[INFO] [stdout]   21:     0x5647ff5e0ed0 - tokio::runtime::basic_scheduler::Inner<P>::block_on::{{closure}}::{{closure}}::h0fe6bb6ac97ef359
[INFO] [stdout]                                at /opt/rustwide/cargo-home/registry/src/github.com-1ecc6299db9ec823/tokio-1.6.1/src/runtime/basic_scheduler.rs:213:62
[INFO] [stdout]   22:     0x5647ff5ae31c - tokio::coop::with_budget::{{closure}}::h68ddfa4f7d994e2d
[INFO] [stdout]                                at /opt/rustwide/cargo-home/registry/src/github.com-1ecc6299db9ec823/tokio-1.6.1/src/coop.rs:106:9
[INFO] [stdout]   23:     0x5647ff5f7bc1 - std::thread::local::LocalKey<T>::try_with::ha429aa11d21fa9f9
[INFO] [stdout]                                at /rustc/a178d0322ce20e33eac124758e837cbd80a6f633/library/std/src/thread/local.rs:400:16
[INFO] [stdout]   24:     0x5647ff5f66fd - std::thread::local::LocalKey<T>::with::h8c693a2bd8558607
[INFO] [stdout]                                at /rustc/a178d0322ce20e33eac124758e837cbd80a6f633/library/std/src/thread/local.rs:376:9
[INFO] [stdout]   25:     0x5647ff5df18c - tokio::coop::with_budget::h062c94dcf2d68a65
[INFO] [stdout]                                at /opt/rustwide/cargo-home/registry/src/github.com-1ecc6299db9ec823/tokio-1.6.1/src/coop.rs:99:5
[INFO] [stdout]   26:     0x5647ff5df18c - tokio::coop::budget::h309631b053c9ce72
[INFO] [stdout]                                at /opt/rustwide/cargo-home/registry/src/github.com-1ecc6299db9ec823/tokio-1.6.1/src/coop.rs:76:5
[INFO] [stdout]   27:     0x5647ff5df18c - tokio::runtime::basic_scheduler::Inner<P>::block_on::{{closure}}::h5cf3881c504451ad
[INFO] [stdout]                                at /opt/rustwide/cargo-home/registry/src/github.com-1ecc6299db9ec823/tokio-1.6.1/src/runtime/basic_scheduler.rs:213:39
[INFO] [stdout]   28:     0x5647ff5e4341 - tokio::runtime::basic_scheduler::enter::{{closure}}::h6fa0a6612b3e9956
[INFO] [stdout]                                at /opt/rustwide/cargo-home/registry/src/github.com-1ecc6299db9ec823/tokio-1.6.1/src/runtime/basic_scheduler.rs:323:29
[INFO] [stdout]   29:     0x5647ff63e05d - tokio::macros::scoped_tls::ScopedKey<T>::set::h7147fc88f9522a0a
[INFO] [stdout]                                at /opt/rustwide/cargo-home/registry/src/github.com-1ecc6299db9ec823/tokio-1.6.1/src/macros/scoped_tls.rs:61:9
[INFO] [stdout]   30:     0x5647ff5e3b9c - tokio::runtime::basic_scheduler::enter::h56dbe25319769627
[INFO] [stdout]                                at /opt/rustwide/cargo-home/registry/src/github.com-1ecc6299db9ec823/tokio-1.6.1/src/runtime/basic_scheduler.rs:323:5
[INFO] [stdout]   31:     0x5647ff5dd8ab - tokio::runtime::basic_scheduler::Inner<P>::block_on::h2f448b3186781502
[INFO] [stdout]                                at /opt/rustwide/cargo-home/registry/src/github.com-1ecc6299db9ec823/tokio-1.6.1/src/runtime/basic_scheduler.rs:202:9
[INFO] [stdout]   32:     0x5647ff5e16f4 - tokio::runtime::basic_scheduler::InnerGuard<P>::block_on::h5eb2af4675756114
[INFO] [stdout]                                at /opt/rustwide/cargo-home/registry/src/github.com-1ecc6299db9ec823/tokio-1.6.1/src/runtime/basic_scheduler.rs:481:9
[INFO] [stdout]   33:     0x5647ff5e29e8 - tokio::runtime::basic_scheduler::BasicScheduler<P>::block_on::hf08600df1341d5e9
[INFO] [stdout]                                at /opt/rustwide/cargo-home/registry/src/github.com-1ecc6299db9ec823/tokio-1.6.1/src/runtime/basic_scheduler.rs:162:24
[INFO] [stdout]   34:     0x5647ff591ae0 - tokio::runtime::Runtime::block_on::h6990e48544c7c21b
[INFO] [stdout]                                at /opt/rustwide/cargo-home/registry/src/github.com-1ecc6299db9ec823/tokio-1.6.1/src/runtime/mod.rs:450:46
[INFO] [stdout]   35:     0x5647ff55ee0b - request::get_not_found::h5ea2c9efc583cc65
[INFO] [stdout]                                at /opt/rustwide/workdir/tests/request.rs:92:3
[INFO] [stdout]   36:     0x5647ff55ed3a - request::get_not_found::{{closure}}::hbed4ebec487b689e
[INFO] [stdout]                                at /opt/rustwide/workdir/tests/request.rs:81:7
[INFO] [stdout]   37:     0x5647ff610b5e - core::ops::function::FnOnce::call_once::hbbcd1f428f9ea0b9
[INFO] [stdout]                                at /rustc/a178d0322ce20e33eac124758e837cbd80a6f633/library/core/src/ops/function.rs:227:5
[INFO] [stdout]   38:     0x5647ff6ad553 - core::ops::function::FnOnce::call_once::h152e7e439ff59e19
[INFO] [stdout]                                at /rustc/a178d0322ce20e33eac124758e837cbd80a6f633/library/core/src/ops/function.rs:227:5
[INFO] [stdout]   39:     0x5647ff6ad553 - test::__rust_begin_short_backtrace::h0908f3b1fdbb72ab
[INFO] [stdout]                                at /rustc/a178d0322ce20e33eac124758e837cbd80a6f633/library/test/src/lib.rs:577:5
[INFO] [stdout]   40:     0x5647ff6ac010 - <alloc::boxed::Box<F,A> as core::ops::function::FnOnce<Args>>::call_once::hf6d2a51e5587546c
[INFO] [stdout]                                at /rustc/a178d0322ce20e33eac124758e837cbd80a6f633/library/alloc/src/boxed.rs:1575:9
[INFO] [stdout]   41:     0x5647ff6ac010 - <std::panic::AssertUnwindSafe<F> as core::ops::function::FnOnce<()>>::call_once::h8af660f3a89ef593
[INFO] [stdout]                                at /rustc/a178d0322ce20e33eac124758e837cbd80a6f633/library/std/src/panic.rs:347:9
[INFO] [stdout]   42:     0x5647ff6ac010 - std::panicking::try::do_call::hd36aef60f84b6d36
[INFO] [stdout]                                at /rustc/a178d0322ce20e33eac124758e837cbd80a6f633/library/std/src/panicking.rs:401:40
[INFO] [stdout]   43:     0x5647ff6ac010 - std::panicking::try::h9932b4480e69817c
[INFO] [stdout]                                at /rustc/a178d0322ce20e33eac124758e837cbd80a6f633/library/std/src/panicking.rs:365:19
[INFO] [stdout]   44:     0x5647ff6ac010 - std::panic::catch_unwind::h6aa177099cfff5f8
[INFO] [stdout]                                at /rustc/a178d0322ce20e33eac124758e837cbd80a6f633/library/std/src/panic.rs:434:14
[INFO] [stdout]   45:     0x5647ff6ac010 - test::run_test_in_process::h5884d6f2d99e20c3
[INFO] [stdout]                                at /rustc/a178d0322ce20e33eac124758e837cbd80a6f633/library/test/src/lib.rs:600:18
[INFO] [stdout]   46:     0x5647ff6ac010 - test::run_test::run_test_inner::{{closure}}::h6fdc58c6d5f5b6e3
[INFO] [stdout]                                at /rustc/a178d0322ce20e33eac124758e837cbd80a6f633/library/test/src/lib.rs:492:39
[INFO] [stdout]   47:     0x5647ff6856c2 - test::run_test::run_test_inner::{{closure}}::h408365d67a78ade8
[INFO] [stdout]                                at /rustc/a178d0322ce20e33eac124758e837cbd80a6f633/library/test/src/lib.rs:519:37
[INFO] [stdout]   48:     0x5647ff6856c2 - std::sys_common::backtrace::__rust_begin_short_backtrace::hb560b77c4f701523
[INFO] [stdout]                                at /rustc/a178d0322ce20e33eac124758e837cbd80a6f633/library/std/src/sys_common/backtrace.rs:125:18
[INFO] [stdout]   49:     0x5647ff689278 - std::thread::Builder::spawn_unchecked::{{closure}}::{{closure}}::hf2e7831dad93c597
[INFO] [stdout]                                at /rustc/a178d0322ce20e33eac124758e837cbd80a6f633/library/std/src/thread/mod.rs:481:17
[INFO] [stdout]   50:     0x5647ff689278 - <std::panic::AssertUnwindSafe<F> as core::ops::function::FnOnce<()>>::call_once::hd2e08783d8be4d02
[INFO] [stdout]                                at /rustc/a178d0322ce20e33eac124758e837cbd80a6f633/library/std/src/panic.rs:347:9
[INFO] [stdout]   51:     0x5647ff689278 - std::panicking::try::do_call::h062597b7acfd6b82
[INFO] [stdout]                                at /rustc/a178d0322ce20e33eac124758e837cbd80a6f633/library/std/src/panicking.rs:401:40
[INFO] [stdout]   52:     0x5647ff689278 - std::panicking::try::h0d7b79db04c14552
[INFO] [stdout]                                at /rustc/a178d0322ce20e33eac124758e837cbd80a6f633/library/std/src/panicking.rs:365:19
[INFO] [stdout]   53:     0x5647ff689278 - std::panic::catch_unwind::hb01a0b5e7c8cd43b
[INFO] [stdout]                                at /rustc/a178d0322ce20e33eac124758e837cbd80a6f633/library/std/src/panic.rs:434:14
[INFO] [stdout]   54:     0x5647ff689278 - std::thread::Builder::spawn_unchecked::{{closure}}::h5bde48cc887e0d1e
[INFO] [stdout]                                at /rustc/a178d0322ce20e33eac124758e837cbd80a6f633/library/std/src/thread/mod.rs:480:30
[INFO] [stdout]   55:     0x5647ff689278 - core::ops::function::FnOnce::call_once{{vtable.shim}}::h745ea30807a29e55
[INFO] [stdout]                                at /rustc/a178d0322ce20e33eac124758e837cbd80a6f633/library/core/src/ops/function.rs:227:5
[INFO] [stdout]   56:     0x5647ff936137 - <alloc::boxed::Box<F,A> as core::ops::function::FnOnce<Args>>::call_once::h7ece6cfefaff1005
[INFO] [stdout]                                at /rustc/a178d0322ce20e33eac124758e837cbd80a6f633/library/alloc/src/boxed.rs:1575:9
[INFO] [stdout]   57:     0x5647ff936137 - <alloc::boxed::Box<F,A> as core::ops::function::FnOnce<Args>>::call_once::hb8b48e55c21f193e
[INFO] [stdout]                                at /rustc/a178d0322ce20e33eac124758e837cbd80a6f633/library/alloc/src/boxed.rs:1575:9
[INFO] [stdout]   58:     0x5647ff936137 - std::sys::unix::thread::Thread::new::thread_start::h8c7c4450dba62914
[INFO] [stdout]                                at /rustc/a178d0322ce20e33eac124758e837cbd80a6f633/library/std/src/sys/unix/thread.rs:71:17
[INFO] [stdout]   59:     0x7f6cfe07f609 - start_thread
[INFO] [stdout]   60:     0x7f6cfde51293 - clone
[INFO] [stdout]   61:                0x0 - <unknown>
[INFO] [stdout] 
[INFO] [stdout] ---- post_with_body stdout ----
[INFO] [stdout] thread 'post_with_body' panicked at 'HTTPC_TEST_SERVER environment variable not found', tests/test/mod.rs:32:36
[INFO] [stdout] stack backtrace:
[INFO] [stdout]    0:     0x5647ff92e650 - std::backtrace_rs::backtrace::libunwind::trace::h34055254b57d8e79
[INFO] [stdout]                                at /rustc/a178d0322ce20e33eac124758e837cbd80a6f633/library/std/src/../../backtrace/src/backtrace/libunwind.rs:90:5
[INFO] [stdout]    1:     0x5647ff92e650 - std::backtrace_rs::backtrace::trace_unsynchronized::h8f1e3fbd9afff6ec
[INFO] [stdout]                                at /rustc/a178d0322ce20e33eac124758e837cbd80a6f633/library/std/src/../../backtrace/src/backtrace/mod.rs:66:5
[INFO] [stdout]    2:     0x5647ff92e650 - std::sys_common::backtrace::_print_fmt::h3a99a796b770c360
[INFO] [stdout]                                at /rustc/a178d0322ce20e33eac124758e837cbd80a6f633/library/std/src/sys_common/backtrace.rs:67:5
[INFO] [stdout]    3:     0x5647ff92e650 - <std::sys_common::backtrace::_print::DisplayBacktrace as core::fmt::Display>::fmt::h32d1f94a80615d18
[INFO] [stdout]                                at /rustc/a178d0322ce20e33eac124758e837cbd80a6f633/library/std/src/sys_common/backtrace.rs:46:22
[INFO] [stdout]    4:     0x5647ff95168c - core::fmt::write::h306731c068f7162c
[INFO] [stdout]                                at /rustc/a178d0322ce20e33eac124758e837cbd80a6f633/library/core/src/fmt/mod.rs:1110:17
[INFO] [stdout]    5:     0x5647ff928145 - std::io::Write::write_fmt::h87f19b0a2cd190bc
[INFO] [stdout]                                at /rustc/a178d0322ce20e33eac124758e837cbd80a6f633/library/std/src/io/mod.rs:1588:15
[INFO] [stdout]    6:     0x5647ff93082b - std::sys_common::backtrace::_print::h5abaa2601a852287
[INFO] [stdout]                                at /rustc/a178d0322ce20e33eac124758e837cbd80a6f633/library/std/src/sys_common/backtrace.rs:49:5
[INFO] [stdout]    7:     0x5647ff93082b - std::sys_common::backtrace::print::h8d81445442bb638f
[INFO] [stdout]                                at /rustc/a178d0322ce20e33eac124758e837cbd80a6f633/library/std/src/sys_common/backtrace.rs:36:9
[INFO] [stdout]    8:     0x5647ff93082b - std::panicking::default_hook::{{closure}}::hcfe804496a9fa747
[INFO] [stdout]                                at /rustc/a178d0322ce20e33eac124758e837cbd80a6f633/library/std/src/panicking.rs:208:50
[INFO] [stdout]    9:     0x5647ff93033c - std::panicking::default_hook::hbea8e3ccf2ba8901
[INFO] [stdout]                                at /rustc/a178d0322ce20e33eac124758e837cbd80a6f633/library/std/src/panicking.rs:222:9
[INFO] [stdout]   10:     0x5647ff930ef4 - std::panicking::rust_panic_with_hook::h7ee9e1a2d0f8975a
[INFO] [stdout]                                at /rustc/a178d0322ce20e33eac124758e837cbd80a6f633/library/std/src/panicking.rs:622:17
[INFO] [stdout]   11:     0x5647ff9309d7 - std::panicking::begin_panic_handler::{{closure}}::h8ab3b4491718b2c7
[INFO] [stdout]                                at /rustc/a178d0322ce20e33eac124758e837cbd80a6f633/library/std/src/panicking.rs:519:13
[INFO] [stdout]   12:     0x5647ff92eb4c - std::sys_common::backtrace::__rust_end_short_backtrace::hd489062ffa586a9f
[INFO] [stdout]                                at /rustc/a178d0322ce20e33eac124758e837cbd80a6f633/library/std/src/sys_common/backtrace.rs:141:18
[INFO] [stdout]   13:     0x5647ff930939 - rust_begin_unwind
[INFO] [stdout]                                at /rustc/a178d0322ce20e33eac124758e837cbd80a6f633/library/std/src/panicking.rs:515:5
[INFO] [stdout]   14:     0x5647ff53bc01 - core::panicking::panic_fmt::hca6330e3e14086b4
[INFO] [stdout]                                at /rustc/a178d0322ce20e33eac124758e837cbd80a6f633/library/core/src/panicking.rs:92:14
[INFO] [stdout]   15:     0x5647ff53baf3 - core::option::expect_failed::hb6407502861d5eec
[INFO] [stdout]                                at /rustc/a178d0322ce20e33eac124758e837cbd80a6f633/library/core/src/option.rs:1243:5
[INFO] [stdout]   16:     0x5647ff84ffb3 - core::option::Option<T>::expect::h22e0185d60f744ba
[INFO] [stdout]                                at /rustc/a178d0322ce20e33eac124758e837cbd80a6f633/library/core/src/option.rs:351:21
[INFO] [stdout]   17:     0x5647ff572180 - request::test::server::h935e168385f00787
[INFO] [stdout]                                at /opt/rustwide/workdir/tests/test/mod.rs:32:3
[INFO] [stdout]   18:     0x5647ff55f78c - request::post_with_body::{{closure}}::h757defdbab6180ab
[INFO] [stdout]                                at /opt/rustwide/workdir/tests/request.rs:100:16
[INFO] [stdout]   19:     0x5647ff6714bb - <core::future::from_generator::GenFuture<T> as core::future::future::Future>::poll::h496087acc8b9fe1b
[INFO] [stdout]                                at /rustc/a178d0322ce20e33eac124758e837cbd80a6f633/library/core/src/future/mod.rs:80:19
[INFO] [stdout]   20:     0x5647ff62efcf - <core::pin::Pin<P> as core::future::future::Future>::poll::h5bde08c7fee54495
[INFO] [stdout]                                at /rustc/a178d0322ce20e33eac124758e837cbd80a6f633/library/core/src/future/future.rs:119:9
[INFO] [stdout]   21:     0x5647ff5e0f30 - tokio::runtime::basic_scheduler::Inner<P>::block_on::{{closure}}::{{closure}}::h18aeb749727a9cca
[INFO] [stdout]                                at /opt/rustwide/cargo-home/registry/src/github.com-1ecc6299db9ec823/tokio-1.6.1/src/runtime/basic_scheduler.rs:213:62
[INFO] [stdout]   22:     0x5647ff5adbfc - tokio::coop::with_budget::{{closure}}::h15ffd824741c08bb
[INFO] [stdout]                                at /opt/rustwide/cargo-home/registry/src/github.com-1ecc6299db9ec823/tokio-1.6.1/src/coop.rs:106:9
[INFO] [stdout]   23:     0x5647ff5f6db1 - std::thread::local::LocalKey<T>::try_with::h0b0bb9f9fa4cdc86
[INFO] [stdout]                                at /rustc/a178d0322ce20e33eac124758e837cbd80a6f633/library/std/src/thread/local.rs:400:16
[INFO] [stdout]   24:     0x5647ff5f63cd - std::thread::local::LocalKey<T>::with::h33c3848f70c020e3
[INFO] [stdout]                                at /rustc/a178d0322ce20e33eac124758e837cbd80a6f633/library/std/src/thread/local.rs:376:9
[INFO] [stdout]   25:     0x5647ff5dfc3c - tokio::coop::with_budget::h5d0ec1bc6055dbfd
[INFO] [stdout]                                at /opt/rustwide/cargo-home/registry/src/github.com-1ecc6299db9ec823/tokio-1.6.1/src/coop.rs:99:5
[INFO] [stdout]   26:     0x5647ff5dfc3c - tokio::coop::budget::h6049f89086381b35
[INFO] [stdout]                                at /opt/rustwide/cargo-home/registry/src/github.com-1ecc6299db9ec823/tokio-1.6.1/src/coop.rs:76:5
[INFO] [stdout]   27:     0x5647ff5dfc3c - tokio::runtime::basic_scheduler::Inner<P>::block_on::{{closure}}::h782609d5b890d99d
[INFO] [stdout]                                at /opt/rustwide/cargo-home/registry/src/github.com-1ecc6299db9ec823/tokio-1.6.1/src/runtime/basic_scheduler.rs:213:39
[INFO] [stdout]   28:     0x5647ff5e43c1 - tokio::runtime::basic_scheduler::enter::{{closure}}::hbbae7b61d8abae2d
[INFO] [stdout]                                at /opt/rustwide/cargo-home/registry/src/github.com-1ecc6299db9ec823/tokio-1.6.1/src/runtime/basic_scheduler.rs:323:29
[INFO] [stdout]   29:     0x5647ff63e32d - tokio::macros::scoped_tls::ScopedKey<T>::set::hc5b3b2c96cc7535e
[INFO] [stdout]                                at /opt/rustwide/cargo-home/registry/src/github.com-1ecc6299db9ec823/tokio-1.6.1/src/macros/scoped_tls.rs:61:9
[INFO] [stdout]   30:     0x5647ff5e382c - tokio::runtime::basic_scheduler::enter::h3eb65173a1a152c2
[INFO] [stdout]                                at /opt/rustwide/cargo-home/registry/src/github.com-1ecc6299db9ec823/tokio-1.6.1/src/runtime/basic_scheduler.rs:323:5
[INFO] [stdout]   31:     0x5647ff5dd90b - tokio::runtime::basic_scheduler::Inner<P>::block_on::hdfe44c5c4ed060e6
[INFO] [stdout]                                at /opt/rustwide/cargo-home/registry/src/github.com-1ecc6299db9ec823/tokio-1.6.1/src/runtime/basic_scheduler.rs:202:9
[INFO] [stdout]   32:     0x5647ff5e1664 - tokio::runtime::basic_scheduler::InnerGuard<P>::block_on::h395a8e38fb16096f
[INFO] [stdout]                                at /opt/rustwide/cargo-home/registry/src/github.com-1ecc6299db9ec823/tokio-1.6.1/src/runtime/basic_scheduler.rs:481:9
[INFO] [stdout]   33:     0x5647ff5e2638 - tokio::runtime::basic_scheduler::BasicScheduler<P>::block_on::he09c5174b7f0986f
[INFO] [stdout]                                at /opt/rustwide/cargo-home/registry/src/github.com-1ecc6299db9ec823/tokio-1.6.1/src/runtime/basic_scheduler.rs:162:24
[INFO] [stdout]   34:     0x5647ff591f60 - tokio::runtime::Runtime::block_on::he801c5a504e3a3f7
[INFO] [stdout]                                at /opt/rustwide/cargo-home/registry/src/github.com-1ecc6299db9ec823/tokio-1.6.1/src/runtime/mod.rs:450:46
[INFO] [stdout]   35:     0x5647ff55f5ab - request::post_with_body::h75738a69a60dfc95
[INFO] [stdout]                                at /opt/rustwide/workdir/tests/request.rs:113:3
[INFO] [stdout]   36:     0x5647ff55f4da - request::post_with_body::{{closure}}::h363d4346b137452f
[INFO] [stdout]                                at /opt/rustwide/workdir/tests/request.rs:97:7
[INFO] [stdout]   37:     0x5647ff6106be - core::ops::function::FnOnce::call_once::h6b23dd7cf1d282a8
[INFO] [stdout]                                at /rustc/a178d0322ce20e33eac124758e837cbd80a6f633/library/core/src/ops/function.rs:227:5
[INFO] [stdout]   38:     0x5647ff6ad553 - core::ops::function::FnOnce::call_once::h152e7e439ff59e19
[INFO] [stdout]                                at /rustc/a178d0322ce20e33eac124758e837cbd80a6f633/library/core/src/ops/function.rs:227:5
[INFO] [stdout]   39:     0x5647ff6ad553 - test::__rust_begin_short_backtrace::h0908f3b1fdbb72ab
[INFO] [stdout]                                at /rustc/a178d0322ce20e33eac124758e837cbd80a6f633/library/test/src/lib.rs:577:5
[INFO] [stdout]   40:     0x5647ff6ac010 - <alloc::boxed::Box<F,A> as core::ops::function::FnOnce<Args>>::call_once::hf6d2a51e5587546c
[INFO] [stdout]                                at /rustc/a178d0322ce20e33eac124758e837cbd80a6f633/library/alloc/src/boxed.rs:1575:9
[INFO] [stdout]   41:     0x5647ff6ac010 - <std::panic::AssertUnwindSafe<F> as core::ops::function::FnOnce<()>>::call_once::h8af660f3a89ef593
[INFO] [stdout]                                at /rustc/a178d0322ce20e33eac124758e837cbd80a6f633/library/std/src/panic.rs:347:9
[INFO] [stdout]   42:     0x5647ff6ac010 - std::panicking::try::do_call::hd36aef60f84b6d36
[INFO] [stdout]                                at /rustc/a178d0322ce20e33eac124758e837cbd80a6f633/library/std/src/panicking.rs:401:40
[INFO] [stdout]   43:     0x5647ff6ac010 - std::panicking::try::h9932b4480e69817c
[INFO] [stdout]                                at /rustc/a178d0322ce20e33eac124758e837cbd80a6f633/library/std/src/panicking.rs:365:19
[INFO] [stdout]   44:     0x5647ff6ac010 - std::panic::catch_unwind::h6aa177099cfff5f8
[INFO] [stdout]                                at /rustc/a178d0322ce20e33eac124758e837cbd80a6f633/library/std/src/panic.rs:434:14
[INFO] [stdout]   45:     0x5647ff6ac010 - test::run_test_in_process::h5884d6f2d99e20c3
[INFO] [stdout]                                at /rustc/a178d0322ce20e33eac124758e837cbd80a6f633/library/test/src/lib.rs:600:18
[INFO] [stdout]   46:     0x5647ff6ac010 - test::run_test::run_test_inner::{{closure}}::h6fdc58c6d5f5b6e3
[INFO] [stdout]                                at /rustc/a178d0322ce20e33eac124758e837cbd80a6f633/library/test/src/lib.rs:492:39
[INFO] [stdout]   47:     0x5647ff6856c2 - test::run_test::run_test_inner::{{closure}}::h408365d67a78ade8
[INFO] [stdout]                                at /rustc/a178d0322ce20e33eac124758e837cbd80a6f633/library/test/src/lib.rs:519:37
[INFO] [stdout]   48:     0x5647ff6856c2 - std::sys_common::backtrace::__rust_begin_short_backtrace::hb560b77c4f701523
[INFO] [stdout]                                at /rustc/a178d0322ce20e33eac124758e837cbd80a6f633/library/std/src/sys_common/backtrace.rs:125:18
[INFO] [stdout]   49:     0x5647ff689278 - std::thread::Builder::spawn_unchecked::{{closure}}::{{closure}}::hf2e7831dad93c597
[INFO] [stdout]                                at /rustc/a178d0322ce20e33eac124758e837cbd80a6f633/library/std/src/thread/mod.rs:481:17
[INFO] [stdout]   50:     0x5647ff689278 - <std::panic::AssertUnwindSafe<F> as core::ops::function::FnOnce<()>>::call_once::hd2e08783d8be4d02
[INFO] [stdout]                                at /rustc/a178d0322ce20e33eac124758e837cbd80a6f633/library/std/src/panic.rs:347:9
[INFO] [stdout]   51:     0x5647ff689278 - std::panicking::try::do_call::h062597b7acfd6b82
[INFO] [stdout]                                at /rustc/a178d0322ce20e33eac124758e837cbd80a6f633/library/std/src/panicking.rs:401:40
[INFO] [stdout]   52:     0x5647ff689278 - std::panicking::try::h0d7b79db04c14552
[INFO] [stdout]                                at /rustc/a178d0322ce20e33eac124758e837cbd80a6f633/library/std/src/panicking.rs:365:19
[INFO] [stdout]   53:     0x5647ff689278 - std::panic::catch_unwind::hb01a0b5e7c8cd43b
[INFO] [stdout]                                at /rustc/a178d0322ce20e33eac124758e837cbd80a6f633/library/std/src/panic.rs:434:14
[INFO] [stdout]   54:     0x5647ff689278 - std::thread::Builder::spawn_unchecked::{{closure}}::h5bde48cc887e0d1e
[INFO] [stdout]                                at /rustc/a178d0322ce20e33eac124758e837cbd80a6f633/library/std/src/thread/mod.rs:480:30
[INFO] [stdout]   55:     0x5647ff689278 - core::ops::function::FnOnce::call_once{{vtable.shim}}::h745ea30807a29e55
[INFO] [stdout]                                at /rustc/a178d0322ce20e33eac124758e837cbd80a6f633/library/core/src/ops/function.rs:227:5
[INFO] [stdout]   56:     0x5647ff936137 - <alloc::boxed::Box<F,A> as core::ops::function::FnOnce<Args>>::call_once::h7ece6cfefaff1005
[INFO] [stdout]                                at /rustc/a178d0322ce20e33eac124758e837cbd80a6f633/library/alloc/src/boxed.rs:1575:9
[INFO] [stdout]   57:     0x5647ff936137 - <alloc::boxed::Box<F,A> as core::ops::function::FnOnce<Args>>::call_once::hb8b48e55c21f193e
[INFO] [stdout]                                at /rustc/a178d0322ce20e33eac124758e837cbd80a6f633/library/alloc/src/boxed.rs:1575:9
[INFO] [stdout]   58:     0x5647ff936137 - std::sys::unix::thread::Thread::new::thread_start::h8c7c4450dba62914
[INFO] [stdout]                                at /rustc/a178d0322ce20e33eac124758e837cbd80a6f633/library/std/src/sys/unix/thread.rs:71:17
[INFO] [stdout]   59:     0x7f6cfe07f609 - start_thread
[INFO] [stdout]   60:     0x7f6cfde51293 - clone
[INFO] [stdout]   61:                0x0 - <unknown>
[INFO] [stdout] 
[INFO] [stdout] ---- get_ok stdout ----
[INFO] [stdout] thread 'get_ok' panicked at 'HTTPC_TEST_SERVER environment variable not found', tests/test/mod.rs:32:36
[INFO] [stdout] stack backtrace:
[INFO] [stdout]    0:     0x5647ff92e650 - std::backtrace_rs::backtrace::libunwind::trace::h34055254b57d8e79
[INFO] [stdout]                                at /rustc/a178d0322ce20e33eac124758e837cbd80a6f633/library/std/src/../../backtrace/src/backtrace/libunwind.rs:90:5
[INFO] [stdout]    1:     0x5647ff92e650 - std::backtrace_rs::backtrace::trace_unsynchronized::h8f1e3fbd9afff6ec
[INFO] [stdout]                                at /rustc/a178d0322ce20e33eac124758e837cbd80a6f633/library/std/src/../../backtrace/src/backtrace/mod.rs:66:5
[INFO] [stdout]    2:     0x5647ff92e650 - std::sys_common::backtrace::_print_fmt::h3a99a796b770c360
[INFO] [stdout]                                at /rustc/a178d0322ce20e33eac124758e837cbd80a6f633/library/std/src/sys_common/backtrace.rs:67:5
[INFO] [stdout]    3:     0x5647ff92e650 - <std::sys_common::backtrace::_print::DisplayBacktrace as core::fmt::Display>::fmt::h32d1f94a80615d18
[INFO] [stdout]                                at /rustc/a178d0322ce20e33eac124758e837cbd80a6f633/library/std/src/sys_common/backtrace.rs:46:22
[INFO] [stdout]    4:     0x5647ff95168c - core::fmt::write::h306731c068f7162c
[INFO] [stdout]                                at /rustc/a178d0322ce20e33eac124758e837cbd80a6f633/library/core/src/fmt/mod.rs:1110:17
[INFO] [stdout]    5:     0x5647ff928145 - std::io::Write::write_fmt::h87f19b0a2cd190bc
[INFO] [stdout]                                at /rustc/a178d0322ce20e33eac124758e837cbd80a6f633/library/std/src/io/mod.rs:1588:15
[INFO] [stdout]    6:     0x5647ff93082b - std::sys_common::backtrace::_print::h5abaa2601a852287
[INFO] [stdout]                                at /rustc/a178d0322ce20e33eac124758e837cbd80a6f633/library/std/src/sys_common/backtrace.rs:49:5
[INFO] [stdout]    7:     0x5647ff93082b - std::sys_common::backtrace::print::h8d81445442bb638f
[INFO] [stdout]                                at /rustc/a178d0322ce20e33eac124758e837cbd80a6f633/library/std/src/sys_common/backtrace.rs:36:9
[INFO] [stdout]    8:     0x5647ff93082b - std::panicking::default_hook::{{closure}}::hcfe804496a9fa747
[INFO] [stdout]                                at /rustc/a178d0322ce20e33eac124758e837cbd80a6f633/library/std/src/panicking.rs:208:50
[INFO] [stdout]    9:     0x5647ff93033c - std::panicking::default_hook::hbea8e3ccf2ba8901
[INFO] [stdout]                                at /rustc/a178d0322ce20e33eac124758e837cbd80a6f633/library/std/src/panicking.rs:222:9
[INFO] [stdout]   10:     0x5647ff930ef4 - std::panicking::rust_panic_with_hook::h7ee9e1a2d0f8975a
[INFO] [stdout]                                at /rustc/a178d0322ce20e33eac124758e837cbd80a6f633/library/std/src/panicking.rs:622:17
[INFO] [stdout]   11:     0x5647ff9309d7 - std::panicking::begin_panic_handler::{{closure}}::h8ab3b4491718b2c7
[INFO] [stdout]                                at /rustc/a178d0322ce20e33eac124758e837cbd80a6f633/library/std/src/panicking.rs:519:13
[INFO] [stdout]   12:     0x5647ff92eb4c - std::sys_common::backtrace::__rust_end_short_backtrace::hd489062ffa586a9f
[INFO] [stdout]                                at /rustc/a178d0322ce20e33eac124758e837cbd80a6f633/library/std/src/sys_common/backtrace.rs:141:18
[INFO] [stdout]   13:     0x5647ff930939 - rust_begin_unwind
[INFO] [stdout]                                at /rustc/a178d0322ce20e33eac124758e837cbd80a6f633/library/std/src/panicking.rs:515:5
[INFO] [stdout]   14:     0x5647ff53bc01 - core::panicking::panic_fmt::hca6330e3e14086b4
[INFO] [stdout]                                at /rustc/a178d0322ce20e33eac124758e837cbd80a6f633/library/core/src/panicking.rs:92:14
[INFO] [stdout]   15:     0x5647ff53baf3 - core::option::expect_failed::hb6407502861d5eec
[INFO] [stdout]                                at /rustc/a178d0322ce20e33eac124758e837cbd80a6f633/library/core/src/option.rs:1243:5
[INFO] [stdout]   16:     0x5647ff84ffb3 - core::option::Option<T>::expect::h22e0185d60f744ba
[INFO] [stdout]                                at /rustc/a178d0322ce20e33eac124758e837cbd80a6f633/library/core/src/option.rs:351:21
[INFO] [stdout]   17:     0x5647ff572180 - request::test::server::h935e168385f00787
[INFO] [stdout]                                at /opt/rustwide/workdir/tests/test/mod.rs:32:3
[INFO] [stdout]   18:     0x5647ff55d42d - request::get_ok::{{closure}}::h0deabf11ae2ceedd
[INFO] [stdout]                                at /opt/rustwide/workdir/tests/request.rs:26:16
[INFO] [stdout]   19:     0x5647ff67164b - <core::future::from_generator::GenFuture<T> as core::future::future::Future>::poll::h6266ccb651afa573
[INFO] [stdout]                                at /rustc/a178d0322ce20e33eac124758e837cbd80a6f633/library/core/src/future/mod.rs:80:19
[INFO] [stdout]   20:     0x5647ff62ee7f - <core::pin::Pin<P> as core::future::future::Future>::poll::h19c3f13205aefb5c
[INFO] [stdout]                                at /rustc/a178d0322ce20e33eac124758e837cbd80a6f633/library/core/src/future/future.rs:119:9
[INFO] [stdout]   21:     0x5647ff5e1390 - tokio::runtime::basic_scheduler::Inner<P>::block_on::{{closure}}::{{closure}}::hc5b53de9ace2e7a5
[INFO] [stdout]                                at /opt/rustwide/cargo-home/registry/src/github.com-1ecc6299db9ec823/tokio-1.6.1/src/runtime/basic_scheduler.rs:213:62
[INFO] [stdout]   22:     0x5647ff5af02c - tokio::coop::with_budget::{{closure}}::hfb8b46248f9a834d
[INFO] [stdout]                                at /opt/rustwide/cargo-home/registry/src/github.com-1ecc6299db9ec823/tokio-1.6.1/src/coop.rs:106:9
[INFO] [stdout]   23:     0x5647ff5f7e41 - std::thread::local::LocalKey<T>::try_with::hb79c1921f3081e41
[INFO] [stdout]                                at /rustc/a178d0322ce20e33eac124758e837cbd80a6f633/library/std/src/thread/local.rs:400:16
[INFO] [stdout]   24:     0x5647ff5f62ad - std::thread::local::LocalKey<T>::with::h1b32c7ff5c11c5b9
[INFO] [stdout]                                at /rustc/a178d0322ce20e33eac124758e837cbd80a6f633/library/std/src/thread/local.rs:376:9
[INFO] [stdout]   25:     0x5647ff5e06ec - tokio::coop::with_budget::h9186214e8a8664f1
[INFO] [stdout]                                at /opt/rustwide/cargo-home/registry/src/github.com-1ecc6299db9ec823/tokio-1.6.1/src/coop.rs:99:5
[INFO] [stdout]   26:     0x5647ff5e06ec - tokio::coop::budget::h52749de89d657bbb
[INFO] [stdout]                                at /opt/rustwide/cargo-home/registry/src/github.com-1ecc6299db9ec823/tokio-1.6.1/src/coop.rs:76:5
[INFO] [stdout]   27:     0x5647ff5e06ec - tokio::runtime::basic_scheduler::Inner<P>::block_on::{{closure}}::hfda11dec9f222aa0
[INFO] [stdout]                                at /opt/rustwide/cargo-home/registry/src/github.com-1ecc6299db9ec823/tokio-1.6.1/src/runtime/basic_scheduler.rs:213:39
[INFO] [stdout]   28:     0x5647ff5e4301 - tokio::runtime::basic_scheduler::enter::{{closure}}::h57e70c7886314bfe
[INFO] [stdout]                                at /opt/rustwide/cargo-home/registry/src/github.com-1ecc6299db9ec823/tokio-1.6.1/src/runtime/basic_scheduler.rs:323:29
[INFO] [stdout]   29:     0x5647ff63e14d - tokio::macros::scoped_tls::ScopedKey<T>::set::h8b911ee8e6875b44
[INFO] [stdout]                                at /opt/rustwide/cargo-home/registry/src/github.com-1ecc6299db9ec823/tokio-1.6.1/src/macros/scoped_tls.rs:61:9
[INFO] [stdout]   30:     0x5647ff5e34bc - tokio::runtime::basic_scheduler::enter::h10f50eb2406c1012
[INFO] [stdout]                                at /opt/rustwide/cargo-home/registry/src/github.com-1ecc6299db9ec823/tokio-1.6.1/src/runtime/basic_scheduler.rs:323:5
[INFO] [stdout]   31:     0x5647ff5dd88b - tokio::runtime::basic_scheduler::Inner<P>::block_on::h085da6163cabafd4
[INFO] [stdout]                                at /opt/rustwide/cargo-home/registry/src/github.com-1ecc6299db9ec823/tokio-1.6.1/src/runtime/basic_scheduler.rs:202:9
[INFO] [stdout]   32:     0x5647ff5e1814 - tokio::runtime::basic_scheduler::InnerGuard<P>::block_on::hd722fc86365c4e84
[INFO] [stdout]                                at /opt/rustwide/cargo-home/registry/src/github.com-1ecc6299db9ec823/tokio-1.6.1/src/runtime/basic_scheduler.rs:481:9
[INFO] [stdout]   33:     0x5647ff5e1b28 - tokio::runtime::basic_scheduler::BasicScheduler<P>::block_on::h72a75e2f7360768a
[INFO] [stdout]                                at /opt/rustwide/cargo-home/registry/src/github.com-1ecc6299db9ec823/tokio-1.6.1/src/runtime/basic_scheduler.rs:162:24
[INFO] [stdout]   34:     0x5647ff591de0 - tokio::runtime::Runtime::block_on::hc63d5c2ff3204a00
[INFO] [stdout]                                at /opt/rustwide/cargo-home/registry/src/github.com-1ecc6299db9ec823/tokio-1.6.1/src/runtime/mod.rs:450:46
[INFO] [stdout]   35:     0x5647ff55d25b - request::get_ok::he43e68156d800c7a
[INFO] [stdout]                                at /opt/rustwide/workdir/tests/request.rs:35:3
[INFO] [stdout]   36:     0x5647ff55d18a - request::get_ok::{{closure}}::hd8c2c4888b2acdfb
[INFO] [stdout]                                at /opt/rustwide/workdir/tests/request.rs:23:7
[INFO] [stdout]   37:     0x5647ff610cbe - core::ops::function::FnOnce::call_once::hd0f4784cdac998a5
[INFO] [stdout]                                at /rustc/a178d0322ce20e33eac124758e837cbd80a6f633/library/core/src/ops/function.rs:227:5
[INFO] [stdout]   38:     0x5647ff6ad553 - core::ops::function::FnOnce::call_once::h152e7e439ff59e19
[INFO] [stdout]                                at /rustc/a178d0322ce20e33eac124758e837cbd80a6f633/library/core/src/ops/function.rs:227:5
[INFO] [stdout]   39:     0x5647ff6ad553 - test::__rust_begin_short_backtrace::h0908f3b1fdbb72ab
[INFO] [stdout]                                at /rustc/a178d0322ce20e33eac124758e837cbd80a6f633/library/test/src/lib.rs:577:5
[INFO] [stdout]   40:     0x5647ff6ac010 - <alloc::boxed::Box<F,A> as core::ops::function::FnOnce<Args>>::call_once::hf6d2a51e5587546c
[INFO] [stdout]                                at /rustc/a178d0322ce20e33eac124758e837cbd80a6f633/library/alloc/src/boxed.rs:1575:9
[INFO] [stdout]   41:     0x5647ff6ac010 - <std::panic::AssertUnwindSafe<F> as core::ops::function::FnOnce<()>>::call_once::h8af660f3a89ef593
[INFO] [stdout]                                at /rustc/a178d0322ce20e33eac124758e837cbd80a6f633/library/std/src/panic.rs:347:9
[INFO] [stdout]   42:     0x5647ff6ac010 - std::panicking::try::do_call::hd36aef60f84b6d36
[INFO] [stdout]                                at /rustc/a178d0322ce20e33eac124758e837cbd80a6f633/library/std/src/panicking.rs:401:40
[INFO] [stdout]   43:     0x5647ff6ac010 - std::panicking::try::h9932b4480e69817c
[INFO] [stdout]                                at /rustc/a178d0322ce20e33eac124758e837cbd80a6f633/library/std/src/panicking.rs:365:19
[INFO] [stdout]   44:     0x5647ff6ac010 - std::panic::catch_unwind::h6aa177099cfff5f8
[INFO] [stdout]                                at /rustc/a178d0322ce20e33eac124758e837cbd80a6f633/library/std/src/panic.rs:434:14
[INFO] [stdout]   45:     0x5647ff6ac010 - test::run_test_in_process::h5884d6f2d99e20c3
[INFO] [stdout]                                at /rustc/a178d0322ce20e33eac124758e837cbd80a6f633/library/test/src/lib.rs:600:18
[INFO] [stdout]   46:     0x5647ff6ac010 - test::run_test::run_test_inner::{{closure}}::h6fdc58c6d5f5b6e3
[INFO] [stdout]                                at /rustc/a178d0322ce20e33eac124758e837cbd80a6f633/library/test/src/lib.rs:492:39
[INFO] [stdout]   47:     0x5647ff6856c2 - test::run_test::run_test_inner::{{closure}}::h408365d67a78ade8
[INFO] [stdout]                                at /rustc/a178d0322ce20e33eac124758e837cbd80a6f633/library/test/src/lib.rs:519:37
[INFO] [stdout]   48:     0x5647ff6856c2 - std::sys_common::backtrace::__rust_begin_short_backtrace::hb560b77c4f701523
[INFO] [stdout]                                at /rustc/a178d0322ce20e33eac124758e837cbd80a6f633/library/std/src/sys_common/backtrace.rs:125:18
[INFO] [stdout]   49:     0x5647ff689278 - std::thread::Builder::spawn_unchecked::{{closure}}::{{closure}}::hf2e7831dad93c597
[INFO] [stdout]                                at /rustc/a178d0322ce20e33eac124758e837cbd80a6f633/library/std/src/thread/mod.rs:481:17
[INFO] [stdout]   50:     0x5647ff689278 - <std::panic::AssertUnwindSafe<F> as core::ops::function::FnOnce<()>>::call_once::hd2e08783d8be4d02
[INFO] [stdout]                                at /rustc/a178d0322ce20e33eac124758e837cbd80a6f633/library/std/src/panic.rs:347:9
[INFO] [stdout]   51:     0x5647ff689278 - std::panicking::try::do_call::h062597b7acfd6b82
[INFO] [stdout]                                at /rustc/a178d0322ce20e33eac124758e837cbd80a6f633/library/std/src/panicking.rs:401:40
[INFO] [stdout]   52:     0x5647ff689278 - std::panicking::try::h0d7b79db04c14552
[INFO] [stdout]                                at /rustc/a178d0322ce20e33eac124758e837cbd80a6f633/library/std/src/panicking.rs:365:19
[INFO] [stdout]   53:     0x5647ff689278 - std::panic::catch_unwind::hb01a0b5e7c8cd43b
[INFO] [stdout]                                at /rustc/a178d0322ce20e33eac124758e837cbd80a6f633/library/std/src/panic.rs:434:14
[INFO] [stdout]   54:     0x5647ff689278 - std::thread::Builder::spawn_unchecked::{{closure}}::h5bde48cc887e0d1e
[INFO] [stdout]                                at /rustc/a178d0322ce20e33eac124758e837cbd80a6f633/library/std/src/thread/mod.rs:480:30
[INFO] [stdout]   55:     0x5647ff689278 - core::ops::function::FnOnce::call_once{{vtable.shim}}::h745ea30807a29e55
[INFO] [stdout]                                at /rustc/a178d0322ce20e33eac124758e837cbd80a6f633/library/core/src/ops/function.rs:227:5
[INFO] [stdout]   56:     0x5647ff936137 - <alloc::boxed::Box<F,A> as core::ops::function::FnOnce<Args>>::call_once::h7ece6cfefaff1005
[INFO] [stdout]                                at /rustc/a178d0322ce20e33eac124758e837cbd80a6f633/library/alloc/src/boxed.rs:1575:9
[INFO] [stdout]   57:     0x5647ff936137 - <alloc::boxed::Box<F,A> as core::ops::function::FnOnce<Args>>::call_once::hb8b48e55c21f193e
[INFO] [stdout]                                at /rustc/a178d0322ce20e33eac124758e837cbd80a6f633/library/alloc/src/boxed.rs:1575:9
[INFO] [stdout]   58:     0x5647ff936137 - std::sys::unix::thread::Thread::new::thread_start::h8c7c4450dba62914
[INFO] [stdout]                                at /rustc/a178d0322ce20e33eac124758e837cbd80a6f633/library/std/src/sys/unix/thread.rs:71:17
[INFO] [stdout]   59:     0x7f6cfe07f609 - start_thread
[INFO] [stdout]   60:     0x7f6cfde51293 - clone
[INFO] [stdout]   61:                0x0 - <unknown>
[INFO] [stdout] 
[INFO] [stdout] ---- get_binary stdout ----
[INFO] [stdout] thread 'get_binary' panicked at 'HTTPC_TEST_SERVER environment variable not found', tests/test/mod.rs:32:36
[INFO] [stdout] stack backtrace:
[INFO] [stdout]    0:     0x5647ff92e650 - std::backtrace_rs::backtrace::libunwind::trace::h34055254b57d8e79
[INFO] [stdout]                                at /rustc/a178d0322ce20e33eac124758e837cbd80a6f633/library/std/src/../../backtrace/src/backtrace/libunwind.rs:90:5
[INFO] [stdout]    1:     0x5647ff92e650 - std::backtrace_rs::backtrace::trace_unsynchronized::h8f1e3fbd9afff6ec
[INFO] [stdout]                                at /rustc/a178d0322ce20e33eac124758e837cbd80a6f633/library/std/src/../../backtrace/src/backtrace/mod.rs:66:5
[INFO] [stdout]    2:     0x5647ff92e650 - std::sys_common::backtrace::_print_fmt::h3a99a796b770c360
[INFO] [stdout]                                at /rustc/a178d0322ce20e33eac124758e837cbd80a6f633/library/std/src/sys_common/backtrace.rs:67:5
[INFO] [stdout]    3:     0x5647ff92e650 - <std::sys_common::backtrace::_print::DisplayBacktrace as core::fmt::Display>::fmt::h32d1f94a80615d18
[INFO] [stdout]                                at /rustc/a178d0322ce20e33eac124758e837cbd80a6f633/library/std/src/sys_common/backtrace.rs:46:22
[INFO] [stdout]    4:     0x5647ff95168c - core::fmt::write::h306731c068f7162c
[INFO] [stdout]                                at /rustc/a178d0322ce20e33eac124758e837cbd80a6f633/library/core/src/fmt/mod.rs:1110:17
[INFO] [stdout]    5:     0x5647ff928145 - std::io::Write::write_fmt::h87f19b0a2cd190bc
[INFO] [stdout]                                at /rustc/a178d0322ce20e33eac124758e837cbd80a6f633/library/std/src/io/mod.rs:1588:15
[INFO] [stdout]    6:     0x5647ff93082b - std::sys_common::backtrace::_print::h5abaa2601a852287
[INFO] [stdout]                                at /rustc/a178d0322ce20e33eac124758e837cbd80a6f633/library/std/src/sys_common/backtrace.rs:49:5
[INFO] [stdout]    7:     0x5647ff93082b - std::sys_common::backtrace::print::h8d81445442bb638f
[INFO] [stdout]                                at /rustc/a178d0322ce20e33eac124758e837cbd80a6f633/library/std/src/sys_common/backtrace.rs:36:9
[INFO] [stdout]    8:     0x5647ff93082b - std::panicking::default_hook::{{closure}}::hcfe804496a9fa747
[INFO] [stdout]                                at /rustc/a178d0322ce20e33eac124758e837cbd80a6f633/library/std/src/panicking.rs:208:50
[INFO] [stdout]    9:     0x5647ff93033c - std::panicking::default_hook::hbea8e3ccf2ba8901
[INFO] [stdout]                                at /rustc/a178d0322ce20e33eac124758e837cbd80a6f633/library/std/src/panicking.rs:222:9
[INFO] [stdout]   10:     0x5647ff930ef4 - std::panicking::rust_panic_with_hook::h7ee9e1a2d0f8975a
[INFO] [stdout]                                at /rustc/a178d0322ce20e33eac124758e837cbd80a6f633/library/std/src/panicking.rs:622:17
[INFO] [stdout]   11:     0x5647ff9309d7 - std::panicking::begin_panic_handler::{{closure}}::h8ab3b4491718b2c7
[INFO] [stdout]                                at /rustc/a178d0322ce20e33eac124758e837cbd80a6f633/library/std/src/panicking.rs:519:13
[INFO] [stdout]   12:     0x5647ff92eb4c - std::sys_common::backtrace::__rust_end_short_backtrace::hd489062ffa586a9f
[INFO] [stdout]                                at /rustc/a178d0322ce20e33eac124758e837cbd80a6f633/library/std/src/sys_common/backtrace.rs:141:18
[INFO] [stdout]   13:     0x5647ff930939 - rust_begin_unwind
[INFO] [stdout]                                at /rustc/a178d0322ce20e33eac124758e837cbd80a6f633/library/std/src/panicking.rs:515:5
[INFO] [stdout]   14:     0x5647ff53bc01 - core::panicking::panic_fmt::hca6330e3e14086b4
[INFO] [stdout]                                at /rustc/a178d0322ce20e33eac124758e837cbd80a6f633/library/core/src/panicking.rs:92:14
[INFO] [stdout]   15:     0x5647ff53baf3 - core::option::expect_failed::hb6407502861d5eec
[INFO] [stdout]                                at /rustc/a178d0322ce20e33eac124758e837cbd80a6f633/library/core/src/option.rs:1243:5
[INFO] [stdout]   16:     0x5647ff84ffb3 - core::option::Option<T>::expect::h22e0185d60f744ba
[INFO] [stdout]                                at /rustc/a178d0322ce20e33eac124758e837cbd80a6f633/library/core/src/option.rs:351:21
[INFO] [stdout]   17:     0x5647ff572180 - request::test::server::h935e168385f00787
[INFO] [stdout]                                at /opt/rustwide/workdir/tests/test/mod.rs:32:3
[INFO] [stdout]   18:     0x5647ff55dcdd - request::get_binary::{{closure}}::he1d629ce6feb11a4
[INFO] [stdout]                                at /opt/rustwide/workdir/tests/request.rs:43:16
[INFO] [stdout]   19:     0x5647ff671f5b - <core::future::from_generator::GenFuture<T> as core::future::future::Future>::poll::hdc81a554e90ead87
[INFO] [stdout]                                at /rustc/a178d0322ce20e33eac124758e837cbd80a6f633/library/core/src/future/mod.rs:80:19
[INFO] [stdout]   20:     0x5647ff62f28f - <core::pin::Pin<P> as core::future::future::Future>::poll::hec5d648815674cd5
[INFO] [stdout]                                at /rustc/a178d0322ce20e33eac124758e837cbd80a6f633/library/core/src/future/future.rs:119:9
[INFO] [stdout]   21:     0x5647ff5e1020 - tokio::runtime::basic_scheduler::Inner<P>::block_on::{{closure}}::{{closure}}::h3972823cadaffe2c
[INFO] [stdout]                                at /opt/rustwide/cargo-home/registry/src/github.com-1ecc6299db9ec823/tokio-1.6.1/src/runtime/basic_scheduler.rs:213:62
[INFO] [stdout]   22:     0x5647ff5ae1ec - tokio::coop::with_budget::{{closure}}::h56999f7736fabd9c
[INFO] [stdout]                                at /opt/rustwide/cargo-home/registry/src/github.com-1ecc6299db9ec823/tokio-1.6.1/src/coop.rs:106:9
[INFO] [stdout]   23:     0x5647ff5f7701 - std::thread::local::LocalKey<T>::try_with::h773777c85fd785db
[INFO] [stdout]                                at /rustc/a178d0322ce20e33eac124758e837cbd80a6f633/library/std/src/thread/local.rs:400:16
[INFO] [stdout]   24:     0x5647ff5f65cd - std::thread::local::LocalKey<T>::with::h7dce367abd8d2204
[INFO] [stdout]                                at /rustc/a178d0322ce20e33eac124758e837cbd80a6f633/library/std/src/thread/local.rs:376:9
[INFO] [stdout]   25:     0x5647ff5de6dc - tokio::coop::with_budget::h617fb526b124f6cd
[INFO] [stdout]                                at /opt/rustwide/cargo-home/registry/src/github.com-1ecc6299db9ec823/tokio-1.6.1/src/coop.rs:99:5
[INFO] [stdout]   26:     0x5647ff5de6dc - tokio::coop::budget::h56336d7a9f78ae96
[INFO] [stdout]                                at /opt/rustwide/cargo-home/registry/src/github.com-1ecc6299db9ec823/tokio-1.6.1/src/coop.rs:76:5
[INFO] [stdout]   27:     0x5647ff5de6dc - tokio::runtime::basic_scheduler::Inner<P>::block_on::{{closure}}::h268612703f85d3b6
[INFO] [stdout]                                at /opt/rustwide/cargo-home/registry/src/github.com-1ecc6299db9ec823/tokio-1.6.1/src/runtime/basic_scheduler.rs:213:39
[INFO] [stdout]   28:     0x5647ff5e4381 - tokio::runtime::basic_scheduler::enter::{{closure}}::h7752385ee7eba407
[INFO] [stdout]                                at /opt/rustwide/cargo-home/registry/src/github.com-1ecc6299db9ec823/tokio-1.6.1/src/runtime/basic_scheduler.rs:323:29
[INFO] [stdout]   29:     0x5647ff63df6d - tokio::macros::scoped_tls::ScopedKey<T>::set::h4d129a7b9d22a439
[INFO] [stdout]                                at /opt/rustwide/cargo-home/registry/src/github.com-1ecc6299db9ec823/tokio-1.6.1/src/macros/scoped_tls.rs:61:9
[INFO] [stdout]   30:     0x5647ff5e3f0c - tokio::runtime::basic_scheduler::enter::h72233b652dd005d6
[INFO] [stdout]                                at /opt/rustwide/cargo-home/registry/src/github.com-1ecc6299db9ec823/tokio-1.6.1/src/runtime/basic_scheduler.rs:323:5
[INFO] [stdout]   31:     0x5647ff5dd8eb - tokio::runtime::basic_scheduler::Inner<P>::block_on::h79fdb1e876b7843f
[INFO] [stdout]                                at /opt/rustwide/cargo-home/registry/src/github.com-1ecc6299db9ec823/tokio-1.6.1/src/runtime/basic_scheduler.rs:202:9
[INFO] [stdout]   32:     0x5647ff5e15d4 - tokio::runtime::basic_scheduler::InnerGuard<P>::block_on::h2f38d1e231549356
[INFO] [stdout]                                at /opt/rustwide/cargo-home/registry/src/github.com-1ecc6299db9ec823/tokio-1.6.1/src/runtime/basic_scheduler.rs:481:9
[INFO] [stdout]   33:     0x5647ff5e1ed8 - tokio::runtime::basic_scheduler::BasicScheduler<P>::block_on::h8b77f77ad72b47b0
[INFO] [stdout]                                at /opt/rustwide/cargo-home/registry/src/github.com-1ecc6299db9ec823/tokio-1.6.1/src/runtime/basic_scheduler.rs:162:24
[INFO] [stdout]   34:     0x5647ff591960 - tokio::runtime::Runtime::block_on::h5a35653020491ad9
[INFO] [stdout]                                at /opt/rustwide/cargo-home/registry/src/github.com-1ecc6299db9ec823/tokio-1.6.1/src/runtime/mod.rs:450:46
[INFO] [stdout]   35:     0x5647ff55db0b - request::get_binary::h84df916a2e4c8842
[INFO] [stdout]                                at /opt/rustwide/workdir/tests/request.rs:52:3
[INFO] [stdout]   36:     0x5647ff55da3a - request::get_binary::{{closure}}::h406534165c16062b
[INFO] [stdout]                                at /opt/rustwide/workdir/tests/request.rs:40:7
[INFO] [stdout]   37:     0x5647ff6105be - core::ops::function::FnOnce::call_once::h3c2eb4cc0e21e7f2
[INFO] [stdout]                                at /rustc/a178d0322ce20e33eac124758e837cbd80a6f633/library/core/src/ops/function.rs:227:5
[INFO] [stdout]   38:     0x5647ff6ad553 - core::ops::function::FnOnce::call_once::h152e7e439ff59e19
[INFO] [stdout]                                at /rustc/a178d0322ce20e33eac124758e837cbd80a6f633/library/core/src/ops/function.rs:227:5
[INFO] [stdout]   39:     0x5647ff6ad553 - test::__rust_begin_short_backtrace::h0908f3b1fdbb72ab
[INFO] [stdout]                                at /rustc/a178d0322ce20e33eac124758e837cbd80a6f633/library/test/src/lib.rs:577:5
[INFO] [stdout]   40:     0x5647ff6ac010 - <alloc::boxed::Box<F,A> as core::ops::function::FnOnce<Args>>::call_once::hf6d2a51e5587546c
[INFO] [stdout]                                at /rustc/a178d0322ce20e33eac124758e837cbd80a6f633/library/alloc/src/boxed.rs:1575:9
[INFO] [stdout]   41:     0x5647ff6ac010 - <std::panic::AssertUnwindSafe<F> as core::ops::function::FnOnce<()>>::call_once::h8af660f3a89ef593
[INFO] [stdout]                                at /rustc/a178d0322ce20e33eac124758e837cbd80a6f633/library/std/src/panic.rs:347:9
[INFO] [stdout]   42:     0x5647ff6ac010 - std::panicking::try::do_call::hd36aef60f84b6d36
[INFO] [stdout]                                at /rustc/a178d0322ce20e33eac124758e837cbd80a6f633/library/std/src/panicking.rs:401:40
[INFO] [stdout]   43:     0x5647ff6ac010 - std::panicking::try::h9932b4480e69817c
[INFO] [stdout]                                at /rustc/a178d0322ce20e33eac124758e837cbd80a6f633/library/std/src/panicking.rs:365:19
[INFO] [stdout]   44:     0x5647ff6ac010 - std::panic::catch_unwind::h6aa177099cfff5f8
[INFO] [stdout]                                at /rustc/a178d0322ce20e33eac124758e837cbd80a6f633/library/std/src/panic.rs:434:14
[INFO] [stdout]   45:     0x5647ff6ac010 - test::run_test_in_process::h5884d6f2d99e20c3
[INFO] [stdout]                                at /rustc/a178d0322ce20e33eac124758e837cbd80a6f633/library/test/src/lib.rs:600:18
[INFO] [stdout]   46:     0x5647ff6ac010 - test::run_test::run_test_inner::{{closure}}::h6fdc58c6d5f5b6e3
[INFO] [stdout]                                at /rustc/a178d0322ce20e33eac124758e837cbd80a6f633/library/test/src/lib.rs:492:39
[INFO] [stdout]   47:     0x5647ff6856c2 - test::run_test::run_test_inner::{{closure}}::h408365d67a78ade8
[INFO] [stdout]                                at /rustc/a178d0322ce20e33eac124758e837cbd80a6f633/library/test/src/lib.rs:519:37
[INFO] [stdout]   48:     0x5647ff6856c2 - std::sys_common::backtrace::__rust_begin_short_backtrace::hb560b77c4f701523
[INFO] [stdout]                                at /rustc/a178d0322ce20e33eac124758e837cbd80a6f633/library/std/src/sys_common/backtrace.rs:125:18
[INFO] [stdout]   49:     0x5647ff689278 - std::thread::Builder::spawn_unchecked::{{closure}}::{{closure}}::hf2e7831dad93c597
[INFO] [stdout]                                at /rustc/a178d0322ce20e33eac124758e837cbd80a6f633/library/std/src/thread/mod.rs:481:17
[INFO] [stdout]   50:     0x5647ff689278 - <std::panic::AssertUnwindSafe<F> as core::ops::function::FnOnce<()>>::call_once::hd2e08783d8be4d02
[INFO] [stdout]                                at /rustc/a178d0322ce20e33eac124758e837cbd80a6f633/library/std/src/panic.rs:347:9
[INFO] [stdout]   51:     0x5647ff689278 - std::panicking::try::do_call::h062597b7acfd6b82
[INFO] [stdout]                                at /rustc/a178d0322ce20e33eac124758e837cbd80a6f633/library/std/src/panicking.rs:401:40
[INFO] [stdout]   52:     0x5647ff689278 - std::panicking::try::h0d7b79db04c14552
[INFO] [stdout]                                at /rustc/a178d0322ce20e33eac124758e837cbd80a6f633/library/std/src/panicking.rs:365:19
[INFO] [stdout]   53:     0x5647ff689278 - std::panic::catch_unwind::hb01a0b5e7c8cd43b
[INFO] [stdout]                                at /rustc/a178d0322ce20e33eac124758e837cbd80a6f633/library/std/src/panic.rs:434:14
[INFO] [stdout]   54:     0x5647ff689278 - std::thread::Builder::spawn_unchecked::{{closure}}::h5bde48cc887e0d1e
[INFO] [stdout]                                at /rustc/a178d0322ce20e33eac124758e837cbd80a6f633/library/std/src/thread/mod.rs:480:30
[INFO] [stdout]   55:     0x5647ff689278 - core::ops::function::FnOnce::call_once{{vtable.shim}}::h745ea30807a29e55
[INFO] [stdout]                                at /rustc/a178d0322ce20e33eac124758e837cbd80a6f633/library/core/src/ops/function.rs:227:5
[INFO] [stdout]   56:     0x5647ff936137 - <alloc::boxed::Box<F,A> as core::ops::function::FnOnce<Args>>::call_once::h7ece6cfefaff1005
[INFO] [stdout]                                at /rustc/a178d0322ce20e33eac124758e837cbd80a6f633/library/alloc/src/boxed.rs:1575:9
[INFO] [stdout]   57:     0x5647ff936137 - <alloc::boxed::Box<F,A> as core::ops::function::FnOnce<Args>>::call_once::hb8b48e55c21f193e
[INFO] [stdout]                                at /rustc/a178d0322ce20e33eac124758e837cbd80a6f633/library/alloc/src/boxed.rs:1575:9
[INFO] [stdout]   58:     0x5647ff936137 - std::sys::unix::thread::Thread::new::thread_start::h8c7c4450dba62914
[INFO] [stdout]                                at /rustc/a178d0322ce20e33eac124758e837cbd80a6f633/library/std/src/sys/unix/thread.rs:71:17
[INFO] [stdout]   59:     0x7f6cfe07f609 - start_thread
[INFO] [stdout]   60:     0x7f6cfde51293 - clone
[INFO] [stdout]   61:                0x0 - <unknown>
[INFO] [stdout] 
[INFO] [stdout] 
[INFO] [stdout] failures:
[INFO] [stdout]     get_binary
[INFO] [stdout]     get_not_found
[INFO] [stdout]     get_ok
[INFO] [stdout]     get_with_request_header
[INFO] [stdout]     post_with_body
[INFO] [stdout] 
[INFO] [stdout] test result: FAILED. 0 passed; 5 failed; 0 ignored; 0 measured; 0 filtered out; finished in 0.04s
[INFO] [stdout] 
[INFO] [stderr] error: test failed, to rerun pass '--test request'
[INFO] running `Command { std: "docker" "inspect" "58ffeb3dcaad50af87d37d59602561b4de6a93d86807e6218d2c11a8a991420b", kill_on_drop: false }`
[INFO] running `Command { std: "docker" "rm" "-f" "58ffeb3dcaad50af87d37d59602561b4de6a93d86807e6218d2c11a8a991420b", kill_on_drop: false }`
[INFO] [stdout] 58ffeb3dcaad50af87d37d59602561b4de6a93d86807e6218d2c11a8a991420b
