[INFO] fetching crate http_io 0.2.10...
[INFO] testing http_io-0.2.10 against 1.54.0 for beta-1.55-1
[INFO] extracting crate http_io 0.2.10 into /workspace/builds/worker-96/source
[INFO] validating manifest of crates.io crate http_io 0.2.10 on toolchain 1.54.0
[INFO] running `Command { std: "/workspace/cargo-home/bin/cargo" "+1.54.0" "metadata" "--manifest-path" "Cargo.toml" "--no-deps", kill_on_drop: false }`
[INFO] started tweaking crates.io crate http_io 0.2.10
[INFO] finished tweaking crates.io crate http_io 0.2.10
[INFO] tweaked toml for crates.io crate http_io 0.2.10 written to /workspace/builds/worker-96/source/Cargo.toml
[INFO] crate crates.io crate http_io 0.2.10 already has a lockfile, it will not be regenerated
[INFO] running `Command { std: "/workspace/cargo-home/bin/cargo" "+1.54.0" "fetch" "--manifest-path" "Cargo.toml", kill_on_drop: false }`
[INFO] [stderr]     Blocking waiting for file lock on package cache
[INFO] [stderr]  Downloading crates ...
[INFO] [stderr]   Downloaded structopt-derive v0.4.0
[INFO] [stderr]   Downloaded proc-macro2 v1.0.7
[INFO] [stderr]   Downloaded vcpkg v0.2.6
[INFO] [stderr]   Downloaded openssl-sys v0.9.47
[INFO] [stderr]   Downloaded proc-macro-error-attr v0.4.3
[INFO] [stderr]   Downloaded proc-macro-error v0.4.4
[INFO] [stderr]   Downloaded structopt v0.3.7
[INFO] [stderr]   Downloaded syn v1.0.13
[INFO] [stderr]   Downloaded openssl v0.10.23
[INFO] [stderr]   Downloaded hashbrown v0.3.0
[INFO] running `Command { std: "docker" "create" "-v" "/var/lib/crater-agent-workspace/builds/worker-96/target:/opt/rustwide/target:rw,Z" "-v" "/var/lib/crater-agent-workspace/builds/worker-96/source:/opt/rustwide/workdir:ro,Z" "-v" "/var/lib/crater-agent-workspace/cargo-home:/opt/rustwide/cargo-home:ro,Z" "-v" "/var/lib/crater-agent-workspace/rustup-home:/opt/rustwide/rustup-home:ro,Z" "-e" "SOURCE_DIR=/opt/rustwide/workdir" "-e" "CARGO_TARGET_DIR=/opt/rustwide/target" "-e" "CARGO_HOME=/opt/rustwide/cargo-home" "-e" "RUSTUP_HOME=/opt/rustwide/rustup-home" "-w" "/opt/rustwide/workdir" "-m" "1610612736" "--user" "0:0" "--network" "none" "ghcr.io/rust-lang/crates-build-env/linux@sha256:34b6a614d2c27851fe6cbf88fbd1137609cefab8b10d0615aaeb6fd47975d74e" "/opt/rustwide/cargo-home/bin/cargo" "+1.54.0" "metadata" "--no-deps" "--format-version=1", kill_on_drop: false }`
[INFO] [stdout] 09b478a80e1c9d215b8a79006498d95012b4d8f91671ace95e2a13ee39f36b32
[INFO] running `Command { std: "docker" "start" "-a" "09b478a80e1c9d215b8a79006498d95012b4d8f91671ace95e2a13ee39f36b32", kill_on_drop: false }`
[INFO] running `Command { std: "docker" "inspect" "09b478a80e1c9d215b8a79006498d95012b4d8f91671ace95e2a13ee39f36b32", kill_on_drop: false }`
[INFO] running `Command { std: "docker" "rm" "-f" "09b478a80e1c9d215b8a79006498d95012b4d8f91671ace95e2a13ee39f36b32", kill_on_drop: false }`
[INFO] [stdout] 09b478a80e1c9d215b8a79006498d95012b4d8f91671ace95e2a13ee39f36b32
[INFO] running `Command { std: "docker" "create" "-v" "/var/lib/crater-agent-workspace/builds/worker-96/target:/opt/rustwide/target:rw,Z" "-v" "/var/lib/crater-agent-workspace/builds/worker-96/source:/opt/rustwide/workdir:ro,Z" "-v" "/var/lib/crater-agent-workspace/cargo-home:/opt/rustwide/cargo-home:ro,Z" "-v" "/var/lib/crater-agent-workspace/rustup-home:/opt/rustwide/rustup-home:ro,Z" "-e" "SOURCE_DIR=/opt/rustwide/workdir" "-e" "CARGO_TARGET_DIR=/opt/rustwide/target" "-e" "CARGO_INCREMENTAL=0" "-e" "RUST_BACKTRACE=full" "-e" "RUSTFLAGS=--cap-lints=warn" "-e" "CARGO_HOME=/opt/rustwide/cargo-home" "-e" "RUSTUP_HOME=/opt/rustwide/rustup-home" "-w" "/opt/rustwide/workdir" "-m" "1610612736" "--user" "0:0" "--network" "none" "ghcr.io/rust-lang/crates-build-env/linux@sha256:34b6a614d2c27851fe6cbf88fbd1137609cefab8b10d0615aaeb6fd47975d74e" "/opt/rustwide/cargo-home/bin/cargo" "+1.54.0" "build" "--frozen" "--message-format=json", kill_on_drop: false }`
[INFO] [stdout] ee68b4820a6968e4033e7dc036c4eefcbcd01cd356e758cfb4caaaf70823d397
[INFO] running `Command { std: "docker" "start" "-a" "ee68b4820a6968e4033e7dc036c4eefcbcd01cd356e758cfb4caaaf70823d397", kill_on_drop: false }`
[INFO] [stderr]     Blocking waiting for file lock on package cache
[INFO] [stderr]    Compiling cc v1.0.37
[INFO] [stderr]    Compiling autocfg v0.1.4
[INFO] [stderr]    Compiling pkg-config v0.3.14
[INFO] [stderr]    Compiling libc v0.2.55
[INFO] [stderr]    Compiling foreign-types-shared v0.1.1
[INFO] [stderr]    Compiling openssl v0.10.23
[INFO] [stderr]    Compiling lazy_static v1.3.0
[INFO] [stderr]    Compiling bitflags v1.0.4
[INFO] [stderr]    Compiling cfg-if v0.1.9
[INFO] [stderr]    Compiling hashbrown v0.3.0
[INFO] [stderr]    Compiling foreign-types v0.3.2
[INFO] [stderr]    Compiling openssl-sys v0.9.47
[INFO] [stderr]    Compiling http_io v0.2.10 (/opt/rustwide/workdir)
[INFO] [stderr]     Finished dev [unoptimized + debuginfo] target(s) in 7.40s
[INFO] running `Command { std: "docker" "inspect" "ee68b4820a6968e4033e7dc036c4eefcbcd01cd356e758cfb4caaaf70823d397", kill_on_drop: false }`
[INFO] running `Command { std: "docker" "rm" "-f" "ee68b4820a6968e4033e7dc036c4eefcbcd01cd356e758cfb4caaaf70823d397", kill_on_drop: false }`
[INFO] [stdout] ee68b4820a6968e4033e7dc036c4eefcbcd01cd356e758cfb4caaaf70823d397
[INFO] running `Command { std: "docker" "create" "-v" "/var/lib/crater-agent-workspace/builds/worker-96/target:/opt/rustwide/target:rw,Z" "-v" "/var/lib/crater-agent-workspace/builds/worker-96/source:/opt/rustwide/workdir:ro,Z" "-v" "/var/lib/crater-agent-workspace/cargo-home:/opt/rustwide/cargo-home:ro,Z" "-v" "/var/lib/crater-agent-workspace/rustup-home:/opt/rustwide/rustup-home:ro,Z" "-e" "SOURCE_DIR=/opt/rustwide/workdir" "-e" "CARGO_TARGET_DIR=/opt/rustwide/target" "-e" "CARGO_INCREMENTAL=0" "-e" "RUST_BACKTRACE=full" "-e" "RUSTFLAGS=--cap-lints=warn" "-e" "CARGO_HOME=/opt/rustwide/cargo-home" "-e" "RUSTUP_HOME=/opt/rustwide/rustup-home" "-w" "/opt/rustwide/workdir" "-m" "1610612736" "--user" "0:0" "--network" "none" "ghcr.io/rust-lang/crates-build-env/linux@sha256:34b6a614d2c27851fe6cbf88fbd1137609cefab8b10d0615aaeb6fd47975d74e" "/opt/rustwide/cargo-home/bin/cargo" "+1.54.0" "test" "--frozen" "--no-run" "--message-format=json", kill_on_drop: false }`
[INFO] [stdout] d3073e788bbadcf290c76f1afec1d45e514cbae1c9de7da4743946f382d93a15
[INFO] running `Command { std: "docker" "start" "-a" "d3073e788bbadcf290c76f1afec1d45e514cbae1c9de7da4743946f382d93a15", kill_on_drop: false }`
[INFO] [stderr]    Compiling proc-macro2 v1.0.7
[INFO] [stderr]    Compiling unicode-xid v0.2.0
[INFO] [stderr]    Compiling syn v1.0.13
[INFO] [stderr]    Compiling unicode-segmentation v1.3.0
[INFO] [stderr]    Compiling unicode-width v0.1.6
[INFO] [stderr]    Compiling strsim v0.8.0
[INFO] [stderr]    Compiling vec_map v0.8.1
[INFO] [stderr]    Compiling ansi_term v0.11.0
[INFO] [stderr]    Compiling atty v0.2.13
[INFO] [stderr]    Compiling textwrap v0.11.0
[INFO] [stderr]    Compiling clap v2.33.0
[INFO] [stderr]    Compiling heck v0.3.1
[INFO] [stderr]    Compiling quote v1.0.2
[INFO] [stderr]    Compiling syn-mid v0.4.0
[INFO] [stderr]    Compiling rustversion v1.0.1
[INFO] [stderr]    Compiling proc-macro-error v0.4.4
[INFO] [stderr]    Compiling proc-macro-error-attr v0.4.3
[INFO] [stderr]    Compiling structopt-derive v0.4.0
[INFO] [stderr]    Compiling structopt v0.3.7
[INFO] [stderr]    Compiling http_io v0.2.10 (/opt/rustwide/workdir)
[INFO] [stderr]     Finished test [unoptimized + debuginfo] target(s) in 21.51s
[INFO] running `Command { std: "docker" "inspect" "d3073e788bbadcf290c76f1afec1d45e514cbae1c9de7da4743946f382d93a15", kill_on_drop: false }`
[INFO] running `Command { std: "docker" "rm" "-f" "d3073e788bbadcf290c76f1afec1d45e514cbae1c9de7da4743946f382d93a15", kill_on_drop: false }`
[INFO] [stdout] d3073e788bbadcf290c76f1afec1d45e514cbae1c9de7da4743946f382d93a15
[INFO] running `Command { std: "docker" "create" "-v" "/var/lib/crater-agent-workspace/builds/worker-96/target:/opt/rustwide/target:rw,Z" "-v" "/var/lib/crater-agent-workspace/builds/worker-96/source:/opt/rustwide/workdir:ro,Z" "-v" "/var/lib/crater-agent-workspace/cargo-home:/opt/rustwide/cargo-home:ro,Z" "-v" "/var/lib/crater-agent-workspace/rustup-home:/opt/rustwide/rustup-home:ro,Z" "-e" "SOURCE_DIR=/opt/rustwide/workdir" "-e" "CARGO_TARGET_DIR=/opt/rustwide/target" "-e" "CARGO_INCREMENTAL=0" "-e" "RUST_BACKTRACE=full" "-e" "RUSTFLAGS=--cap-lints=warn" "-e" "CARGO_HOME=/opt/rustwide/cargo-home" "-e" "RUSTUP_HOME=/opt/rustwide/rustup-home" "-w" "/opt/rustwide/workdir" "-m" "1610612736" "--user" "0:0" "--network" "none" "ghcr.io/rust-lang/crates-build-env/linux@sha256:34b6a614d2c27851fe6cbf88fbd1137609cefab8b10d0615aaeb6fd47975d74e" "/opt/rustwide/cargo-home/bin/cargo" "+1.54.0" "test" "--frozen", kill_on_drop: false }`
[INFO] [stdout] 7d47361dc174dad7835b3527a9f356970ee08ae47dddabcab3964f245966ac5b
[INFO] running `Command { std: "docker" "start" "-a" "7d47361dc174dad7835b3527a9f356970ee08ae47dddabcab3964f245966ac5b", kill_on_drop: false }`
[INFO] [stderr]     Finished test [unoptimized + debuginfo] target(s) in 0.45s
[INFO] [stderr]      Running unittests (/opt/rustwide/target/debug/deps/http_io-d42da59e8b235c98)
[INFO] [stdout] 
[INFO] [stdout] running 69 tests
[INFO] [stdout] test protocol::chunked_body_no_content_length ... ok
[INFO] [stdout] test protocol::http_headers_tests::deserialize_success_header_continuation ... ok
[INFO] [stdout] test protocol::http_headers_tests::serialize_empty ... ok
[INFO] [stdout] test protocol::http_headers_tests::to_string ... ok
[INFO] [stdout] test protocol::http_response_tests::parse_success ... ok
[INFO] [stdout] test protocol::http_status_tests::parse_error ... ok
[INFO] [stdout] test protocol::chunked_encoding_tests::chunk_short_read ... ok
[INFO] [stdout] test protocol::parser_tests::parse_empty ... ok
[INFO] [stdout] test protocol::parser_tests::parse_number ... ok
[INFO] [stdout] test protocol::parser_tests::parse_number_failure ... ok
[INFO] [stdout] test protocol::parser_tests::parse_remaining_empty ... ok
[INFO] [stdout] test protocol::parser_tests::parse_token ... ok
[INFO] [stdout] test protocol::parser_tests::parse_token_no_space ... ok
[INFO] [stdout] test protocol::chunked_encoding_tests::simple_chunk ... ok
[INFO] [stdout] test protocol::chunked_body_content_length ... ok
[INFO] [stdout] test protocol::http_method_tests::parse_error ... ok
[INFO] [stdout] test protocol::chunked_encoding_tests::chunk_missing_last_chunk ... ok
[INFO] [stdout] test protocol::cr_lf_tests::expect_next ... ok
[INFO] [stdout] test protocol::http_method_tests::parse_success ... ok
[INFO] [stdout] test protocol::cr_lf_tests::success ... ok
[INFO] [stdout] test protocol::http_status_tests::display ... ok
[INFO] [stdout] test protocol::http_status_tests::parse_display_round_trip ... ok
[INFO] [stdout] test protocol::parser_tests::expect_failure ... ok
[INFO] [stdout] test protocol::parser_tests::expect_failure_with_eof ... ok
[INFO] [stdout] test protocol::http_method_tests::parse_display_round_trip ... ok
[INFO] [stdout] test protocol::parser_tests::expect_success ... ok
[INFO] [stdout] test protocol::parser_tests::parse_remaining ... ok
[INFO] [stdout] test protocol::http_status_tests::parse_success ... ok
[INFO] [stdout] test protocol::http_version_tests::display ... ok
[INFO] [stdout] test protocol::http_version_tests::parse_display_round_trip ... ok
[INFO] [stdout] test protocol::cr_lf_tests::fails_with_missing_empty_line ... ok
[INFO] [stdout] test protocol::cr_lf_tests::fails_finding_separator ... ok
[INFO] [stdout] test protocol::http_header_tests::parse_failure_no_value ... ok
[INFO] [stdout] test protocol::http_header_tests::parse_success ... ok
[INFO] [stdout] test protocol::http_headers_tests::deserialize_success ... ok
[INFO] [stdout] test protocol::http_request_tests::parse_success ... ok
[INFO] [stdout] test protocol::http_version_tests::parse_error ... ok
[INFO] [stdout] test protocol::http_version_tests::parse_success ... ok
[INFO] [stdout] test protocol::limited_body_content_length ... ok
[INFO] [stdout] test url::percent_encode_unreserved_chars_not_encoded ... ok
[INFO] [stdout] test url::tests::parse_fragment ... ok
[INFO] [stdout] test url::tests::parse_path_encoding ... ok
[INFO] [stdout] test url::tests::parse_credentials ... ok
[INFO] [stdout] test url::tests::parse_fragment_and_query ... ok
[INFO] [stdout] test url::tests::parse_port ... ok
[INFO] [stdout] test protocol::http_method_tests::display ... ok
[INFO] [stdout] test url::percent_decode_error ... ok
[INFO] [stdout] test url::percent_decode_multi_byte ... ok
[INFO] [stdout] test url::percent_decode_single_byte ... ok
[INFO] [stdout] test url::percent_encode_multi_byte ... ok
[INFO] [stdout] test protocol::parser_tests::parse_until_empty ... ok
[INFO] [stdout] test url::path_push ... ok
[INFO] [stdout] test protocol::parser_tests::parse_until_any ... ok
[INFO] [stdout] test protocol::parser_tests::parse_until ... ok
[INFO] [stdout] test protocol::parser_tests::parse_token_with_lots_of_space ... ok
[INFO] [stdout] test protocol::parser_tests::parse_until_no_divider ... ok
[INFO] [stdout] test protocol::read_till_close_body_has_no_content_length ... ok
[INFO] [stdout] test client::get_request ... ok
[INFO] [stdout] test url::path_components ... ok
[INFO] [stdout] test url::percent_encode_round_trip ... ok
[INFO] [stdout] test url::tests::parse_query ... ok
[INFO] [stdout] test url::tests::parse_round_trip ... ok
[INFO] [stdout] test url::tests::parse_query_and_fragment ... ok
[INFO] [stdout] test url::tests::scheme_to_port ... ok
[INFO] [stdout] test url::percent_encode_reserved_chars_encoded ... ok
[INFO] [stdout] test url::tests::parse_simple ... ok
[INFO] [stdout] test client::put_request ... ok
[INFO] [stdout] test client::get_request_ssl ... ok
[INFO] [stdout] test client::put_request_ssl ... ok
[INFO] [stdout] 
[INFO] [stdout] test result: ok. 69 passed; 0 failed; 0 ignored; 0 measured; 0 filtered out; finished in 0.16s
[INFO] [stdout] 
[INFO] [stderr]    Doc-tests http_io
[INFO] [stdout] 
[INFO] [stdout] running 5 tests
[INFO] [stdout] test src/url.rs - url (line 4) ... ok
[INFO] [stdout] test src/client.rs - client (line 22) ... FAILED
[INFO] [stdout] test src/client.rs - client (line 40) ... FAILED
[INFO] [stdout] test src/server.rs - server (line 5) ... ok
[INFO] [stdout] test src/client.rs - client (line 7) ... FAILED
[INFO] [stdout] 
[INFO] [stdout] failures:
[INFO] [stdout] 
[INFO] [stdout] ---- src/client.rs - client (line 22) stdout ----
[INFO] [stdout] Test executable failed (exit code 1).
[INFO] [stdout] 
[INFO] [stdout] stderr:
[INFO] [stdout] Error: IoError(Custom { kind: Other, error: "failed to lookup address information: Temporary failure in name resolution" })
[INFO] [stdout] 
[INFO] [stdout] 
[INFO] [stdout] ---- src/client.rs - client (line 40) stdout ----
[INFO] [stdout] Test executable failed (exit code 1).
[INFO] [stdout] 
[INFO] [stdout] stderr:
[INFO] [stdout] Error: IoError(Custom { kind: AddrNotAvailable, error: "Failed to lookup www.google.com" })
[INFO] [stdout] 
[INFO] [stdout] 
[INFO] [stdout] ---- src/client.rs - client (line 7) stdout ----
[INFO] [stdout] Test executable failed (exit code 1).
[INFO] [stdout] 
[INFO] [stdout] stderr:
[INFO] [stdout] Error: IoError(Custom { kind: Other, error: "failed to lookup address information: Temporary failure in name resolution" })
[INFO] [stdout] 
[INFO] [stdout] 
[INFO] [stdout] 
[INFO] [stdout] failures:
[INFO] [stdout]     src/client.rs - client (line 22)
[INFO] [stdout]     src/client.rs - client (line 40)
[INFO] [stdout]     src/client.rs - client (line 7)
[INFO] [stdout] 
[INFO] [stdout] test result: FAILED. 2 passed; 3 failed; 0 ignored; 0 measured; 0 filtered out; finished in 1.99s
[INFO] [stdout] 
[INFO] [stderr] error: test failed, to rerun pass '--doc'
[INFO] running `Command { std: "docker" "inspect" "7d47361dc174dad7835b3527a9f356970ee08ae47dddabcab3964f245966ac5b", kill_on_drop: false }`
[INFO] running `Command { std: "docker" "rm" "-f" "7d47361dc174dad7835b3527a9f356970ee08ae47dddabcab3964f245966ac5b", kill_on_drop: false }`
[INFO] [stdout] 7d47361dc174dad7835b3527a9f356970ee08ae47dddabcab3964f245966ac5b
