[INFO] fetching crate http-types 2.11.1...
[INFO] testing http-types-2.11.1 against beta-2021-08-01 for beta-1.55-1
[INFO] extracting crate http-types 2.11.1 into /workspace/builds/worker-42/source
[INFO] validating manifest of crates.io crate http-types 2.11.1 on toolchain beta-2021-08-01
[INFO] running `Command { std: "/workspace/cargo-home/bin/cargo" "+beta-2021-08-01" "metadata" "--manifest-path" "Cargo.toml" "--no-deps", kill_on_drop: false }`
[INFO] started tweaking crates.io crate http-types 2.11.1
[INFO] finished tweaking crates.io crate http-types 2.11.1
[INFO] tweaked toml for crates.io crate http-types 2.11.1 written to /workspace/builds/worker-42/source/Cargo.toml
[INFO] running `Command { std: "/workspace/cargo-home/bin/cargo" "+beta-2021-08-01" "generate-lockfile" "--manifest-path" "Cargo.toml" "-Zno-index-update", kill_on_drop: false }`
[INFO] running `Command { std: "/workspace/cargo-home/bin/cargo" "+beta-2021-08-01" "fetch" "--manifest-path" "Cargo.toml", kill_on_drop: false }`
[INFO] [stderr]     Blocking waiting for file lock on package cache
[INFO] [stderr]     Blocking waiting for file lock on package cache
[INFO] [stderr]  Downloading crates ...
[INFO] [stderr]   Downloaded hmac v0.10.1
[INFO] [stderr]   Downloaded universal-hash v0.4.1
[INFO] [stderr]   Downloaded aesni v0.10.0
[INFO] [stderr]   Downloaded infer v0.2.3
[INFO] [stderr]   Downloaded aes v0.6.0
[INFO] [stderr]   Downloaded serde_qs v0.7.2
[INFO] [stderr]   Downloaded crypto-mac v0.10.1
[INFO] [stderr]   Downloaded hkdf v0.10.0
[INFO] [stderr]   Downloaded ctr v0.6.0
[INFO] [stderr]   Downloaded cipher v0.2.5
[INFO] [stderr]   Downloaded cookie v0.14.4
[INFO] [stderr]   Downloaded aes-gcm v0.8.0
[INFO] [stderr]   Downloaded aes-soft v0.6.4
[INFO] running `Command { std: "docker" "create" "-v" "/var/lib/crater-agent-workspace/builds/worker-42/target:/opt/rustwide/target:rw,Z" "-v" "/var/lib/crater-agent-workspace/builds/worker-42/source:/opt/rustwide/workdir:ro,Z" "-v" "/var/lib/crater-agent-workspace/cargo-home:/opt/rustwide/cargo-home:ro,Z" "-v" "/var/lib/crater-agent-workspace/rustup-home:/opt/rustwide/rustup-home:ro,Z" "-e" "SOURCE_DIR=/opt/rustwide/workdir" "-e" "CARGO_TARGET_DIR=/opt/rustwide/target" "-e" "CARGO_HOME=/opt/rustwide/cargo-home" "-e" "RUSTUP_HOME=/opt/rustwide/rustup-home" "-w" "/opt/rustwide/workdir" "-m" "1610612736" "--user" "0:0" "--network" "none" "ghcr.io/rust-lang/crates-build-env/linux@sha256:34b6a614d2c27851fe6cbf88fbd1137609cefab8b10d0615aaeb6fd47975d74e" "/opt/rustwide/cargo-home/bin/cargo" "+beta-2021-08-01" "metadata" "--no-deps" "--format-version=1", kill_on_drop: false }`
[INFO] [stdout] 0d480dd5b95414757e4c78b14aa442f3d2713da74d66f6c6ffdcf578393748af
[INFO] running `Command { std: "docker" "start" "-a" "0d480dd5b95414757e4c78b14aa442f3d2713da74d66f6c6ffdcf578393748af", kill_on_drop: false }`
[INFO] running `Command { std: "docker" "inspect" "0d480dd5b95414757e4c78b14aa442f3d2713da74d66f6c6ffdcf578393748af", kill_on_drop: false }`
[INFO] running `Command { std: "docker" "rm" "-f" "0d480dd5b95414757e4c78b14aa442f3d2713da74d66f6c6ffdcf578393748af", kill_on_drop: false }`
[INFO] [stdout] 0d480dd5b95414757e4c78b14aa442f3d2713da74d66f6c6ffdcf578393748af
[INFO] running `Command { std: "docker" "create" "-v" "/var/lib/crater-agent-workspace/builds/worker-42/target:/opt/rustwide/target:rw,Z" "-v" "/var/lib/crater-agent-workspace/builds/worker-42/source:/opt/rustwide/workdir:ro,Z" "-v" "/var/lib/crater-agent-workspace/cargo-home:/opt/rustwide/cargo-home:ro,Z" "-v" "/var/lib/crater-agent-workspace/rustup-home:/opt/rustwide/rustup-home:ro,Z" "-e" "SOURCE_DIR=/opt/rustwide/workdir" "-e" "CARGO_TARGET_DIR=/opt/rustwide/target" "-e" "CARGO_INCREMENTAL=0" "-e" "RUST_BACKTRACE=full" "-e" "RUSTFLAGS=--cap-lints=warn" "-e" "CARGO_HOME=/opt/rustwide/cargo-home" "-e" "RUSTUP_HOME=/opt/rustwide/rustup-home" "-w" "/opt/rustwide/workdir" "-m" "1610612736" "--user" "0:0" "--network" "none" "ghcr.io/rust-lang/crates-build-env/linux@sha256:34b6a614d2c27851fe6cbf88fbd1137609cefab8b10d0615aaeb6fd47975d74e" "/opt/rustwide/cargo-home/bin/cargo" "+beta-2021-08-01" "build" "--frozen" "--message-format=json", kill_on_drop: false }`
[INFO] [stdout] 43ae4ceaf3b508751a85143ff070bd296f907ca5a0bd3691eec1a6e5237b57b1
[INFO] running `Command { std: "docker" "start" "-a" "43ae4ceaf3b508751a85143ff070bd296f907ca5a0bd3691eec1a6e5237b57b1", kill_on_drop: false }`
[INFO] [stderr]    Compiling version_check v0.9.3
[INFO] [stderr]    Compiling proc-macro2 v1.0.28
[INFO] [stderr]    Compiling unicode-xid v0.2.2
[INFO] [stderr]    Compiling syn v1.0.74
[INFO] [stderr]    Compiling typenum v1.13.0
[INFO] [stderr]    Compiling futures-core v0.3.16
[INFO] [stderr]    Compiling memchr v2.4.0
[INFO] [stderr]    Compiling subtle v2.4.1
[INFO] [stderr]    Compiling cache-padded v1.1.1
[INFO] [stderr]    Compiling serde_derive v1.0.127
[INFO] [stderr]    Compiling opaque-debug v0.3.0
[INFO] [stderr]    Compiling log v0.4.14
[INFO] [stderr]    Compiling proc-macro-hack v0.5.19
[INFO] [stderr]    Compiling pin-project-lite v0.2.7
[INFO] [stderr]    Compiling parking v2.0.0
[INFO] [stderr]    Compiling futures-io v0.3.16
[INFO] [stderr]    Compiling serde v1.0.127
[INFO] [stderr]    Compiling event-listener v2.5.1
[INFO] [stderr]    Compiling fastrand v1.5.0
[INFO] [stderr]    Compiling waker-fn v1.1.0
[INFO] [stderr]    Compiling ppv-lite86 v0.2.10
[INFO] [stderr]    Compiling getrandom v0.1.16
[INFO] [stderr]    Compiling percent-encoding v2.1.0
[INFO] [stderr]    Compiling once_cell v1.8.0
[INFO] [stderr]    Compiling ryu v1.0.5
[INFO] [stderr]    Compiling cpuid-bool v0.2.0
[INFO] [stderr]    Compiling const_fn v0.4.8
[INFO] [stderr]    Compiling async-task v4.0.3
[INFO] [stderr]    Compiling slab v0.4.4
[INFO] [stderr]    Compiling crossbeam-utils v0.8.5
[INFO] [stderr]    Compiling atomic-waker v1.0.0
[INFO] [stderr]    Compiling serde_json v1.0.66
[INFO] [stderr]    Compiling lazy_static v1.4.0
[INFO] [stderr]    Compiling anyhow v1.0.42
[INFO] [stderr]    Compiling cpufeatures v0.1.5
[INFO] [stderr]    Compiling itoa v0.4.7
[INFO] [stderr]    Compiling data-encoding v2.3.2
[INFO] [stderr]    Compiling http-types v2.11.1 (/opt/rustwide/workdir)
[INFO] [stderr]    Compiling base64 v0.13.0
[INFO] [stderr]    Compiling pin-utils v0.1.0
[INFO] [stderr]    Compiling infer v0.2.3
[INFO] [stderr]    Compiling getrandom v0.2.3
[INFO] [stderr]    Compiling socket2 v0.4.1
[INFO] [stderr]    Compiling num_cpus v1.13.0
[INFO] [stderr]    Compiling idna v0.2.3
[INFO] [stderr]    Compiling concurrent-queue v1.2.2
[INFO] [stderr]    Compiling form_urlencoded v1.0.1
[INFO] [stderr]    Compiling async-mutex v1.4.0
[INFO] [stderr]    Compiling async-lock v2.4.0
[INFO] [stderr]    Compiling rand_core v0.6.3
[INFO] [stderr]    Compiling generic-array v0.14.4
[INFO] [stderr]    Compiling value-bag v1.0.0-alpha.7
[INFO] [stderr]    Compiling standback v0.2.17
[INFO] [stderr]    Compiling time v0.2.27
[INFO] [stderr]    Compiling cookie v0.14.4
[INFO] [stderr]    Compiling async-channel v1.6.1
[INFO] [stderr]    Compiling rand_chacha v0.3.1
[INFO] [stderr]    Compiling rand_core v0.5.1
[INFO] [stderr]    Compiling rand v0.8.4
[INFO] [stderr]    Compiling rand_chacha v0.2.2
[INFO] [stderr]    Compiling futures-lite v1.12.0
[INFO] [stderr]    Compiling quote v1.0.9
[INFO] [stderr]    Compiling rand v0.7.3
[INFO] [stderr]    Compiling blocking v1.0.2
[INFO] [stderr]    Compiling async-executor v1.4.1
[INFO] [stderr]    Compiling cipher v0.2.5
[INFO] [stderr]    Compiling digest v0.9.0
[INFO] [stderr]    Compiling universal-hash v0.4.1
[INFO] [stderr]    Compiling crypto-mac v0.10.1
[INFO] [stderr]    Compiling aead v0.3.2
[INFO] [stderr]    Compiling block-buffer v0.9.0
[INFO] [stderr]    Compiling polyval v0.4.5
[INFO] [stderr]    Compiling hmac v0.10.1
[INFO] [stderr]    Compiling sha2 v0.9.5
[INFO] [stderr]    Compiling aes-soft v0.6.4
[INFO] [stderr]    Compiling ctr v0.6.0
[INFO] [stderr]    Compiling ghash v0.3.1
[INFO] [stderr]    Compiling hkdf v0.10.0
[INFO] [stderr]    Compiling aes v0.6.0
[INFO] [stderr]    Compiling aes-gcm v0.8.0
[INFO] [stderr]    Compiling ctor v0.1.20
[INFO] [stderr]    Compiling time-macros-impl v0.1.2
[INFO] [stderr]    Compiling thiserror-impl v1.0.26
[INFO] [stderr]    Compiling async-attributes v1.1.2
[INFO] [stderr]    Compiling time-macros v0.1.1
[INFO] [stderr]    Compiling thiserror v1.0.26
[INFO] [stderr]    Compiling polling v2.1.0
[INFO] [stderr]    Compiling kv-log-macro v1.0.7
[INFO] [stderr]    Compiling async-io v1.6.0
[INFO] [stderr]    Compiling async-global-executor v2.0.2
[INFO] [stderr]    Compiling async-std v1.9.0
[INFO] [stderr]    Compiling url v2.2.2
[INFO] [stderr]    Compiling serde_qs v0.7.2
[INFO] [stderr]    Compiling serde_urlencoded v0.7.0
[INFO] [stderr]     Finished dev [unoptimized + debuginfo] target(s) in 29.08s
[INFO] running `Command { std: "docker" "inspect" "43ae4ceaf3b508751a85143ff070bd296f907ca5a0bd3691eec1a6e5237b57b1", kill_on_drop: false }`
[INFO] running `Command { std: "docker" "rm" "-f" "43ae4ceaf3b508751a85143ff070bd296f907ca5a0bd3691eec1a6e5237b57b1", kill_on_drop: false }`
[INFO] [stdout] 43ae4ceaf3b508751a85143ff070bd296f907ca5a0bd3691eec1a6e5237b57b1
[INFO] running `Command { std: "docker" "create" "-v" "/var/lib/crater-agent-workspace/builds/worker-42/target:/opt/rustwide/target:rw,Z" "-v" "/var/lib/crater-agent-workspace/builds/worker-42/source:/opt/rustwide/workdir:ro,Z" "-v" "/var/lib/crater-agent-workspace/cargo-home:/opt/rustwide/cargo-home:ro,Z" "-v" "/var/lib/crater-agent-workspace/rustup-home:/opt/rustwide/rustup-home:ro,Z" "-e" "SOURCE_DIR=/opt/rustwide/workdir" "-e" "CARGO_TARGET_DIR=/opt/rustwide/target" "-e" "CARGO_INCREMENTAL=0" "-e" "RUST_BACKTRACE=full" "-e" "RUSTFLAGS=--cap-lints=warn" "-e" "CARGO_HOME=/opt/rustwide/cargo-home" "-e" "RUSTUP_HOME=/opt/rustwide/rustup-home" "-w" "/opt/rustwide/workdir" "-m" "1610612736" "--user" "0:0" "--network" "none" "ghcr.io/rust-lang/crates-build-env/linux@sha256:34b6a614d2c27851fe6cbf88fbd1137609cefab8b10d0615aaeb6fd47975d74e" "/opt/rustwide/cargo-home/bin/cargo" "+beta-2021-08-01" "test" "--frozen" "--no-run" "--message-format=json", kill_on_drop: false }`
[INFO] [stdout] af13852dbc452a04e779886fcd4bedd2e4aa0d06822c7a8aaefe5c8eee52025a
[INFO] running `Command { std: "docker" "start" "-a" "af13852dbc452a04e779886fcd4bedd2e4aa0d06822c7a8aaefe5c8eee52025a", kill_on_drop: false }`
[INFO] [stderr]    Compiling bytes v1.0.1
[INFO] [stderr]    Compiling fnv v1.0.7
[INFO] [stderr]    Compiling http v0.2.4
[INFO] [stderr]    Compiling http-types v2.11.1 (/opt/rustwide/workdir)
[INFO] [stderr]     Finished test [unoptimized + debuginfo] target(s) in 14.59s
[INFO] running `Command { std: "docker" "inspect" "af13852dbc452a04e779886fcd4bedd2e4aa0d06822c7a8aaefe5c8eee52025a", kill_on_drop: false }`
[INFO] running `Command { std: "docker" "rm" "-f" "af13852dbc452a04e779886fcd4bedd2e4aa0d06822c7a8aaefe5c8eee52025a", kill_on_drop: false }`
[INFO] [stdout] af13852dbc452a04e779886fcd4bedd2e4aa0d06822c7a8aaefe5c8eee52025a
[INFO] running `Command { std: "docker" "create" "-v" "/var/lib/crater-agent-workspace/builds/worker-42/target:/opt/rustwide/target:rw,Z" "-v" "/var/lib/crater-agent-workspace/builds/worker-42/source:/opt/rustwide/workdir:ro,Z" "-v" "/var/lib/crater-agent-workspace/cargo-home:/opt/rustwide/cargo-home:ro,Z" "-v" "/var/lib/crater-agent-workspace/rustup-home:/opt/rustwide/rustup-home:ro,Z" "-e" "SOURCE_DIR=/opt/rustwide/workdir" "-e" "CARGO_TARGET_DIR=/opt/rustwide/target" "-e" "CARGO_INCREMENTAL=0" "-e" "RUST_BACKTRACE=full" "-e" "RUSTFLAGS=--cap-lints=warn" "-e" "CARGO_HOME=/opt/rustwide/cargo-home" "-e" "RUSTUP_HOME=/opt/rustwide/rustup-home" "-w" "/opt/rustwide/workdir" "-m" "1610612736" "--user" "0:0" "--network" "none" "ghcr.io/rust-lang/crates-build-env/linux@sha256:34b6a614d2c27851fe6cbf88fbd1137609cefab8b10d0615aaeb6fd47975d74e" "/opt/rustwide/cargo-home/bin/cargo" "+beta-2021-08-01" "test" "--frozen", kill_on_drop: false }`
[INFO] [stdout] 3f4dc75d00dbcd4d0b10d7a053d9355c36a35fda19d6f22908ce173e6a7d1f14
[INFO] running `Command { std: "docker" "start" "-a" "3f4dc75d00dbcd4d0b10d7a053d9355c36a35fda19d6f22908ce173e6a7d1f14", kill_on_drop: false }`
[INFO] [stderr]     Blocking waiting for file lock on package cache
[INFO] [stderr]     Finished test [unoptimized + debuginfo] target(s) in 0.51s
[INFO] [stderr]      Running unittests (/opt/rustwide/target/debug/deps/http_types-c512a8ec4dc0a7c7)
[INFO] [stdout] 
[INFO] [stdout] running 179 tests
[INFO] [stdout] test auth::authorization::test::smoke ... ok
[INFO] [stdout] test auth::authorization::test::bad_request_on_parse_error ... ok
[INFO] [stdout] test auth::www_authenticate::test::bad_request_on_parse_error ... ok
[INFO] [stdout] test auth::basic_auth::test::bad_request_on_parse_error ... ok
[INFO] [stdout] test auth::basic_auth::test::smoke ... ok
[INFO] [stdout] test auth::www_authenticate::test::smoke ... ok
[INFO] [stdout] test cache::age::test::bad_request_on_parse_error ... ok
[INFO] [stdout] test cache::age::test::smoke ... ok
[INFO] [stdout] test cache::cache_control::test::bad_request_on_parse_error ... ok
[INFO] [stdout] test cache::cache_control::test::ignore_unkonwn_directives ... ok
[INFO] [stdout] test cache::cache_control::test::smoke ... ok
[INFO] [stdout] test cache::clear_site_data::test::parse_quotes_correctly ... ok
[INFO] [stdout] test cache::clear_site_data::test::smoke ... ok
[INFO] [stdout] test cache::expires::test::bad_request_on_parse_error ... ok
[INFO] [stdout] test cache::clear_site_data::test::wildcard ... ok
[INFO] [stdout] test cache::expires::test::smoke ... ok
[INFO] [stdout] test conditional::etag::test::bad_request_on_parse_error ... ok
[INFO] [stdout] test conditional::etag::test::smoke ... ok
[INFO] [stdout] test conditional::etag::test::smoke_weak ... ok
[INFO] [stdout] test conditional::etag::test::validate_characters ... ok
[INFO] [stdout] test conditional::etag::test::validate_quotes ... ok
[INFO] [stdout] test conditional::if_match::test::smoke ... ok
[INFO] [stdout] test conditional::if_match::test::wildcard ... ok
[INFO] [stdout] test conditional::if_modified_since::test::bad_request_on_parse_error ... ok
[INFO] [stdout] test conditional::if_modified_since::test::smoke ... ok
[INFO] [stdout] test conditional::if_none_match::test::smoke ... ok
[INFO] [stdout] test conditional::if_unmodified_since::test::bad_request_on_parse_error ... ok
[INFO] [stdout] test conditional::if_unmodified_since::test::smoke ... ok
[INFO] [stdout] test conditional::last_modified::test::bad_request_on_parse_error ... ok
[INFO] [stdout] test conditional::if_none_match::test::wildcard ... ok
[INFO] [stdout] test conditional::last_modified::test::smoke ... ok
[INFO] [stdout] test conditional::vary::test::smoke ... ok
[INFO] [stdout] test conditional::vary::test::wildcard ... ok
[INFO] [stdout] test content::accept::test::iter ... ok
[INFO] [stdout] test content::accept::test::negotiate ... ok
[INFO] [stdout] test content::accept::test::negotiate_not_acceptable ... ok
[INFO] [stdout] test content::accept::test::negotiate_wildcard ... ok
[INFO] [stdout] test content::accept::test::reorder_based_on_weight ... ok
[INFO] [stdout] test content::accept::test::reorder_based_on_weight_and_location ... ok
[INFO] [stdout] test content::accept::test::smoke ... ok
[INFO] [stdout] test content::accept::test::wildcard ... ok
[INFO] [stdout] test content::accept::test::wildcard_and_header ... ok
[INFO] [stdout] test content::accept_encoding::test::negotiate ... ok
[INFO] [stdout] test content::accept_encoding::test::iter ... ok
[INFO] [stdout] test content::accept_encoding::test::negotiate_not_acceptable ... ok
[INFO] [stdout] test content::accept_encoding::test::negotiate_wildcard ... ok
[INFO] [stdout] test content::accept_encoding::test::reorder_based_on_weight ... ok
[INFO] [stdout] test content::accept_encoding::test::reorder_based_on_weight_and_location ... ok
[INFO] [stdout] test content::accept_encoding::test::smoke ... ok
[INFO] [stdout] test content::accept_encoding::test::wildcard ... ok
[INFO] [stdout] test content::accept_encoding::test::wildcard_and_header ... ok
[INFO] [stdout] test content::content_length::test::bad_request_on_parse_error ... ok
[INFO] [stdout] test content::content_length::test::smoke ... ok
[INFO] [stdout] test content::content_type::test::bad_request_on_parse_error ... ok
[INFO] [stdout] test content::content_location::test::bad_request_on_parse_error ... ok
[INFO] [stdout] test content::encoding_proposal::test::error_code_500 ... ok
[INFO] [stdout] test content::encoding_proposal::test::smoke ... ok
[INFO] [stdout] test content::content_type::test::smoke ... ok
[INFO] [stdout] test content::media_type_proposal::test::smoke ... ok
[INFO] [stdout] test content::media_type_proposal::test::error_code_500 ... ok
[INFO] [stdout] test extensions::tests::test_extensions ... ok
[INFO] [stdout] test headers::header_name::tests::equality ... ok
[INFO] [stdout] test headers::header_name::tests::pass_name_by_ref ... ok
[INFO] [stdout] test content::content_location::test::smoke ... ok
[INFO] [stdout] test headers::header_name::tests::test_debug ... ok
[INFO] [stdout] test headers::header_value::tests::test_debug ... ok
[INFO] [stdout] test headers::header_name::tests::test_header_name_static_non_static ... ok
[INFO] [stdout] test headers::header_values::tests::test_debug_multiple ... ok
[INFO] [stdout] test headers::header_values::tests::test_debug_single ... ok
[INFO] [stdout] test headers::headers::tests::index_into_headers ... ok
[INFO] [stdout] test headers::headers::tests::test_debug_single ... ok
[INFO] [stdout] test headers::headers::tests::test_debug_multiple ... ok
[INFO] [stdout] test method::test::serde ... ok
[INFO] [stdout] test method::test::names ... ok
[INFO] [stdout] test headers::headers::tests::test_header_name_static_non_static ... ok
[INFO] [stdout] test other::date::test::bad_request_on_parse_error ... ok
[INFO] [stdout] test mime::parse::test ... ok
[INFO] [stdout] test method::test::serde_fail ... ok
[INFO] [stdout] test mime::parse::whatwag_tests ... ok
[INFO] [stdout] test other::date::test::smoke ... ok
[INFO] [stdout] test other::expect::test::smoke ... ok
[INFO] [stdout] test other::expect::test::bad_request_on_parse_error ... ok
[INFO] [stdout] test other::referer::test::bad_request_on_parse_error ... ok
[INFO] [stdout] test other::retry_after::test::smoke ... ok
[INFO] [stdout] test other::retry_after::test::new_at ... ok
[INFO] [stdout] test other::source_map::test::bad_request_on_parse_error ... ok
[INFO] [stdout] test other::referer::test::fallback_works ... ok
[INFO] [stdout] test other::referer::test::smoke ... ok
[INFO] [stdout] test other::source_map::test::smoke ... ok
[INFO] [stdout] test parse_utils::test::qstring_successful_parses ... ok
[INFO] [stdout] test other::source_map::test::fallback_works ... ok
[INFO] [stdout] test parse_utils::test::qstring_unsuccessful_parses ... ok
[INFO] [stdout] test parse_utils::test::token_successful_parses ... ok
[INFO] [stdout] test parse_utils::test::token_unsuccessful_parses ... ok
[INFO] [stdout] test proxies::forwarded::tests::bad_parse ... ok
[INFO] [stdout] test proxies::forwarded::tests::bad_parse_from_headers ... ok
[INFO] [stdout] test proxies::forwarded::tests::basic_parse ... ok
[INFO] [stdout] test proxies::forwarded::tests::formatting_edge_cases ... ok
[INFO] [stdout] test proxies::forwarded::tests::from_request ... ok
[INFO] [stdout] test proxies::forwarded::tests::owned_can_outlive_request ... ok
[INFO] [stdout] test proxies::forwarded::tests::from_x_headers ... ok
[INFO] [stdout] test proxies::forwarded::tests::owned_parse ... ok
[INFO] [stdout] test proxies::forwarded::tests::parse_edge_cases ... ok
[INFO] [stdout] test request::tests::host::when_forwarded_header_is_set ... ok
[INFO] [stdout] test request::tests::host::when_host_header_is_set ... ok
[INFO] [stdout] test proxies::forwarded::tests::parsing_for ... ok
[INFO] [stdout] test request::tests::host::when_only_one_x_forwarded_hosts_exist ... ok
[INFO] [stdout] test request::tests::host::when_several_x_forwarded_hosts_exist ... ok
[INFO] [stdout] test request::tests::host::when_there_are_no_headers ... ok
[INFO] [stdout] test request::tests::host::when_using_shorthand_with_valid_url_to_create_request_delete ... ok
[INFO] [stdout] test request::tests::host::when_using_shorthand_with_valid_url_to_create_request_get ... ok
[INFO] [stdout] test request::tests::host::when_using_shorthand_with_valid_url_to_create_request_options ... ok
[INFO] [stdout] test request::tests::remote::falling_back_to_peer_addr ... ok
[INFO] [stdout] test request::tests::remote::when_both_forwarding_headers_are_set ... ok
[INFO] [stdout] test request::tests::host::when_using_shorthand_with_valid_url_to_create_request_put ... ok
[INFO] [stdout] test request::tests::host::when_using_shorthand_with_valid_url_to_create_request_post ... ok
[INFO] [stdout] test request::tests::host::when_url_has_no_domain ... ok
[INFO] [stdout] test request::tests::remote::when_forwarded_is_properly_formatted ... ok
[INFO] [stdout] test request::tests::remote::when_forwarded_is_improperly_formatted ... ok
[INFO] [stdout] test request::tests::host::when_using_shorthand_with_valid_url_to_create_request_trace ... ok
[INFO] [stdout] test request::tests::remote::when_no_remote_available ... ok
[INFO] [stdout] test request::tests::host::when_using_shorthand_with_valid_url_to_create_request_patch ... ok
[INFO] [stdout] test request::tests::host::when_using_shorthand_with_valid_url_to_create_request_head ... ok
[INFO] [stdout] test request::tests::host::when_using_shorthand_with_valid_url_to_create_request_connect ... ok
[INFO] [stdout] test response::test::construct_shorthand_with_valid_status_code ... ok
[INFO] [stdout] test security::timing_allow_origin::test::multi ... ok
[INFO] [stdout] test status_code::test::serde_as_u16 ... ok
[INFO] [stdout] test trace::server_timing::metric::test::encode ... ok
[INFO] [stdout] test trace::server_timing::parse::test::decode_headers ... ok
[INFO] [stdout] test trace::server_timing::parse::test::decode_header ... ok
[INFO] [stdout] test trace::server_timing::test::bad_request_on_parse_error ... ok
[INFO] [stdout] test request::tests::remote::when_x_forwarded_for_is_set ... ok
[INFO] [stdout] test trace::server_timing::test::smoke ... ok
[INFO] [stdout] test security::timing_allow_origin::test::bad_request_on_parse_error ... ok
[INFO] [stdout] test status::test::construct_shorthand_with_valid_status_code ... ok
[INFO] [stdout] test security::timing_allow_origin::test::smoke ... ok
[INFO] [stdout] test trace::trace_context::test::no_header ... ok
[INFO] [stdout] test trace::server_timing::test::to_header_values ... ok
[INFO] [stdout] test body::test::json_status ... ok
[INFO] [stdout] test security::timing_allow_origin::test::wildcard ... ok
[INFO] [stdout] test transfer::te::test::negotiate ... ok
[INFO] [stdout] test transfer::te::test::negotiate_wildcard ... ok
[INFO] [stdout] test server::allow::test::smoke ... ok
[INFO] [stdout] test trace::trace_context::test::sampled ... ok
[INFO] [stdout] test body::test::attempting_to_read_when_length_is_exactly_right ... ok
[INFO] [stdout] test body::test::reading_in_various_buffer_lengths_when_there_is_no_length ... ok
[INFO] [stdout] test transfer::te::test::wildcard_and_header ... ok
[INFO] [stdout] test transfer::encoding_proposal::test::smoke ... ok
[INFO] [stdout] test utils::date::tests::size_of ... ok
[INFO] [stdout] test transfer::te::test::iter ... ok
[INFO] [stdout] test utils::date::tests::test2 ... ok
[INFO] [stdout] test transfer::te::test::negotiate_not_acceptable ... ok
[INFO] [stdout] test utils::date::tests::test_rfc_example ... ok
[INFO] [stdout] test version::test::to_string ... ok
[INFO] [stdout] test transfer::te::test::reorder_based_on_weight_and_location ... ok
[INFO] [stdout] test transfer::te::test::wildcard ... ok
[INFO] [stdout] test transfer::encoding_proposal::test::error_code_500 ... ok
[INFO] [stdout] test utils::date::tests::test3 ... ok
[INFO] [stdout] test version::test::as_ref ... ok
[INFO] [stdout] test version::test::ord ... ok
[INFO] [stdout] test transfer::te::test::reorder_based_on_weight ... ok
[INFO] [stdout] test utils::date::tests::test_fmt ... ok
[INFO] [stdout] test version::test::serde ... ok
[INFO] [stdout] test transfer::te::test::smoke ... ok
[INFO] [stdout] test trace::trace_context::test::default ... ok
[INFO] [stdout] test body::test::attempting_to_read_past_length ... ok
[INFO] [stdout] test body::test::attempting_to_read_when_length_is_greater_than_content ... ok
[INFO] [stdout] test body::test::chain_many ... ok
[INFO] [stdout] test body::test::form_status ... ok
[INFO] [stdout] test body::test::chain_strings ... ok
[INFO] [stdout] test body::test::chain_mixed_nolen_len ... ok
[INFO] [stdout] test body::test::chain_mixed_bytes_string ... ok
[INFO] [stdout] test body::test::chain_mixed_reader_string ... ok
[INFO] [stdout] test body::test::chain_mixed_len_nolen ... ok
[INFO] [stdout] test body::test::chain_short ... ok
[INFO] [stdout] test body::test::chain_skip_start ... ok
[INFO] [stdout] test trace::trace_context::test::not_sampled ... ok
[INFO] [stdout] test response::test::construct_shorthand_with_invalid_status_code - should panic ... ok
[INFO] [stdout] test status::test::construct_shorthand_with_invalid_status_code - should panic ... ok
[INFO] [stdout] 
[INFO] [stdout] test result: ok. 179 passed; 0 failed; 0 ignored; 0 measured; 0 filtered out; finished in 0.10s
[INFO] [stdout] 
[INFO] [stderr]      Running tests/error.rs (/opt/rustwide/target/debug/deps/error-8e263d1609634bb6)
[INFO] [stdout] 
[INFO] [stdout] running 11 tests
[INFO] [stdout] test anyhow_error_into_http_types_error ... ok
[INFO] [stdout] test can_be_boxed ... ok
[INFO] [stdout] test ensure ... ok
[INFO] [stdout] test ensure_eq ... ok
[INFO] [stdout] test internal_server_error_by_default ... ok
[INFO] [stdout] test normal_error_into_http_types_error ... ok
[INFO] [stdout] test result_ext ... ok
[INFO] [stdout] test u16_into_status_code_in_http_types_error ... ok
[INFO] [stdout] test option_ext ... ok
[INFO] [stdout] test fail_test_u16_into_status_code_in_http_types_error_new - should panic ... ok
[INFO] [stdout] test fail_test_u16_into_status_code_in_http_types_error_from_str - should panic ... ok
[INFO] [stdout] 
[INFO] [stdout] test result: ok. 11 passed; 0 failed; 0 ignored; 0 measured; 0 filtered out; finished in 0.03s
[INFO] [stdout] 
[INFO] [stderr]      Running tests/headers.rs (/opt/rustwide/target/debug/deps/headers-25cb90307fc15675)
[INFO] [stdout] 
[INFO] [stdout] running 0 tests
[INFO] [stdout] 
[INFO] [stdout] test result: ok. 0 passed; 0 failed; 0 ignored; 0 measured; 0 filtered out; finished in 0.00s
[INFO] [stdout] 
[INFO] [stderr]      Running tests/mime.rs (/opt/rustwide/target/debug/deps/mime-3332dd52964c8e8e)
[INFO] [stdout] 
[INFO] [stderr]      Running tests/querystring.rs (/opt/rustwide/target/debug/deps/querystring-776563807b557ab4)
[INFO] [stdout] running 0 tests
[INFO] [stdout] 
[INFO] [stdout] test result: ok. 0 passed; 0 failed; 0 ignored; 0 measured; 0 filtered out; finished in 0.00s
[INFO] [stdout] 
[INFO] [stdout] 
[INFO] [stdout] running 4 tests
[INFO] [stderr]      Running tests/req_res_body.rs (/opt/rustwide/target/debug/deps/req_res_body-7c9f0edad6b6b1cc)
[INFO] [stdout] test successfully_deserialize_query ... ok
[INFO] [stdout] test malformatted_query ... ok
[INFO] [stdout] test unsuccessfully_deserialize_query ... ok
[INFO] [stdout] test empty_query_string_for_struct_with_no_required_fields ... ok
[INFO] [stdout] 
[INFO] [stdout] test result: ok. 4 passed; 0 failed; 0 ignored; 0 measured; 0 filtered out; finished in 0.00s
[INFO] [stdout] 
[INFO] [stdout] 
[INFO] [stdout] running 2 tests
[INFO] [stdout] test test_req_res_take_replace_body ... ok
[INFO] [stdout] test test_req_res_set_body ... ok
[INFO] [stdout] 
[INFO] [stdout] test result: ok. 2 passed; 0 failed; 0 ignored; 0 measured; 0 filtered out; finished in 0.00s
[INFO] [stdout] 
[INFO] [stderr]      Running tests/security.rs (/opt/rustwide/target/debug/deps/security-c93f1e655dd4033b)
[INFO] [stdout] 
[INFO] [stdout] running 1 test
[INFO] [stdout] test security_test ... ok
[INFO] [stdout] 
[INFO] [stdout] test result: ok. 1 passed; 0 failed; 0 ignored; 0 measured; 0 filtered out; finished in 0.00s
[INFO] [stdout] 
[INFO] [stderr]    Doc-tests http-types
[INFO] [stderr] warning: lint `missing_doc_code_examples` has been renamed to `rustdoc::missing_doc_code_examples`
[INFO] [stderr]    --> /opt/rustwide/workdir/src/body.rs:504:13
[INFO] [stderr]     |
[INFO] [stderr] 504 |     #[allow(missing_doc_code_examples)]
[INFO] [stderr]     |             ^^^^^^^^^^^^^^^^^^^^^^^^^ help: use the new name: `rustdoc::missing_doc_code_examples`
[INFO] [stderr]     |
[INFO] [stderr]     = note: `#[warn(renamed_and_removed_lints)]` on by default
[INFO] [stderr] 
[INFO] [stderr] warning: lint `missing_doc_code_examples` has been renamed to `rustdoc::missing_doc_code_examples`
[INFO] [stderr]    --> /opt/rustwide/workdir/src/body.rs:526:13
[INFO] [stderr]     |
[INFO] [stderr] 526 |     #[allow(missing_doc_code_examples)]
[INFO] [stderr]     |             ^^^^^^^^^^^^^^^^^^^^^^^^^ help: use the new name: `rustdoc::missing_doc_code_examples`
[INFO] [stderr] 
[INFO] [stderr] warning: lint `missing_doc_code_examples` has been renamed to `rustdoc::missing_doc_code_examples`
[INFO] [stderr]    --> /opt/rustwide/workdir/src/request.rs:892:13
[INFO] [stderr]     |
[INFO] [stderr] 892 |     #[allow(missing_doc_code_examples)]
[INFO] [stderr]     |             ^^^^^^^^^^^^^^^^^^^^^^^^^ help: use the new name: `rustdoc::missing_doc_code_examples`
[INFO] [stderr] 
[INFO] [stderr] warning: lint `missing_doc_code_examples` has been renamed to `rustdoc::missing_doc_code_examples`
[INFO] [stderr]    --> /opt/rustwide/workdir/src/request.rs:903:13
[INFO] [stderr]     |
[INFO] [stderr] 903 |     #[allow(missing_doc_code_examples)]
[INFO] [stderr]     |             ^^^^^^^^^^^^^^^^^^^^^^^^^ help: use the new name: `rustdoc::missing_doc_code_examples`
[INFO] [stderr] 
[INFO] [stderr] warning: lint `missing_doc_code_examples` has been renamed to `rustdoc::missing_doc_code_examples`
[INFO] [stderr]    --> /opt/rustwide/workdir/src/response.rs:596:13
[INFO] [stderr]     |
[INFO] [stderr] 596 |     #[allow(missing_doc_code_examples)]
[INFO] [stderr]     |             ^^^^^^^^^^^^^^^^^^^^^^^^^ help: use the new name: `rustdoc::missing_doc_code_examples`
[INFO] [stderr] 
[INFO] [stderr] warning: lint `missing_doc_code_examples` has been renamed to `rustdoc::missing_doc_code_examples`
[INFO] [stderr]    --> /opt/rustwide/workdir/src/response.rs:607:13
[INFO] [stderr]     |
[INFO] [stderr] 607 |     #[allow(missing_doc_code_examples)]
[INFO] [stderr]     |             ^^^^^^^^^^^^^^^^^^^^^^^^^ help: use the new name: `rustdoc::missing_doc_code_examples`
[INFO] [stderr] 
[INFO] [stderr] warning: 6 warnings emitted
[INFO] [stderr] 
[INFO] [stdout] 
[INFO] [stdout] running 113 tests
[INFO] [stdout] test src/body.rs - body::Body::from_file (line 359) - compile ... ok
[INFO] [stdout] test src/other/retry_after.rs - other::retry_after::RetryAfter (line 16) - compile ... ok
[INFO] [stdout] test src/body.rs - body::Body::from_form (line 295) ... FAILED
[INFO] [stdout] test src/body.rs - body::Body::chain (line 434) ... FAILED
[INFO] [stdout] test src/body.rs - body::Body::into_form (line 332) ... FAILED
[INFO] [stdout] test src/body.rs - body::Body::into_string (line 215) ... FAILED
[INFO] [stdout] test src/body.rs - body::Body::into_bytes (line 165) ... FAILED
[INFO] [stdout] test src/content/accept_encoding.rs - content::accept_encoding::AcceptEncoding (line 20) ... FAILED
[INFO] [stdout] test src/body.rs - body::Body::into_json (line 262) ... FAILED
[INFO] [stdout] test src/content/content_encoding.rs - content::content_encoding::ContentEncoding (line 18) ... FAILED
[INFO] [stdout] test src/conditional/if_none_match.rs - conditional::if_none_match::IfNoneMatch (line 25) ... FAILED
[INFO] [stdout] test src/conditional/if_modified_since.rs - conditional::if_modified_since::IfModifiedSince (line 17) ... FAILED
[INFO] [stdout] test src/cache/cache_control/cache_control.rs - cache::cache_control::cache_control::CacheControl (line 13) ... FAILED
[INFO] [stdout] test src/cache/expires.rs - cache::expires::Expires (line 16) ... FAILED
[INFO] [stdout] test src/body.rs - body::Body::from_json (line 241) ... FAILED
[INFO] [stdout] test src/conditional/if_match.rs - conditional::if_match::IfMatch (line 19) ... FAILED
[INFO] [stdout] test src/cache/clear_site_data/mod.rs - cache::clear_site_data::ClearSiteData (line 27) ... FAILED
[INFO] [stdout] test src/conditional/etag.rs - conditional::etag::ETag (line 18) ... FAILED
[INFO] [stdout] test src/conditional/vary.rs - conditional::vary::Vary (line 19) ... FAILED
[INFO] [stdout] test src/request.rs - request::Request::set_query (line 659) ... FAILED
[INFO] [stdout] test src/conditional/last_modified.rs - conditional::last_modified::LastModified (line 16) ... FAILED
[INFO] [stdout] test src/mime/mod.rs - mime::Mime (line 21) ... FAILED
[INFO] [stdout] test src/proxies/forwarded.rs - proxies::forwarded::Forwarded::from_x_headers (line 130) ... FAILED
[INFO] [stdout] test src/request.rs - request::Request::options (line 815) ... FAILED
[INFO] [stdout] test src/content/content_type.rs - content::content_type::ContentType (line 17) ... FAILED
[INFO] [stdout] test src/conditional/if_unmodified_since.rs - conditional::if_unmodified_since::IfUnmodifiedSince (line 17) ... FAILED
[INFO] [stdout] test src/proxies/forwarded.rs - proxies::forwarded::Forwarded::parse (line 183) ... FAILED
[INFO] [stdout] test src/lib.rs - (line 8) ... FAILED
[INFO] [stdout] test src/proxies/forwarded.rs - proxies::forwarded::Forwarded::from_forwarded_header (line 98) ... FAILED
[INFO] [stdout] test src/content/accept.rs - content::accept::Accept (line 28) ... FAILED
[INFO] [stdout] test src/content/content_location.rs - content::content_location::ContentLocation (line 16) ... FAILED
[INFO] [stdout] test src/content/content_length.rs - content::content_length::ContentLength (line 12) ... FAILED
[INFO] [stdout] test src/request.rs - request::Request (line 22) ... FAILED
[INFO] [stdout] test src/trace/trace_context.rs - trace::trace_context::TraceContext::sampled (line 214) ... FAILED
[INFO] [stdout] test src/body.rs - body::Body::len (line 395) ... FAILED
[INFO] [stdout] test src/response.rs - response::Response::append_header (line 133) ... FAILED
[INFO] [stdout] test src/proxies/forwarded.rs - proxies::forwarded::Forwarded::from_x_headers (line 121) ... FAILED
[INFO] [stdout] test src/response.rs - response::Response::body_form (line 344) ... FAILED
[INFO] [stdout] test src/request.rs - request::Request::version (line 505) ... FAILED
[INFO] [stdout] test src/request.rs - request::Request::body_bytes (line 320) ... FAILED
[INFO] [stdout] test src/request.rs - request::Request::set_body (line 192) ... FAILED
[INFO] [stdout] test src/response.rs - response::Response::swap_body (line 197) ... FAILED
[INFO] [stdout] test src/other/source_map.rs - other::source_map::SourceMap (line 16) ... FAILED
[INFO] [stdout] test src/other/expect.rs - other::expect::Expect (line 17) ... FAILED
[INFO] [stdout] test src/proxies/forwarded.rs - proxies::forwarded::Forwarded::from_forwarded_header (line 85) ... FAILED
[INFO] [stdout] test src/response.rs - response::Response::replace_body (line 169) ... FAILED
[INFO] [stdout] test src/response.rs - response::Response::version (line 409) ... FAILED
[INFO] [stdout] test src/content/mod.rs - content (line 14) ... FAILED
[INFO] [stdout] test src/headers/headers.rs - headers::headers::Headers (line 23) ... FAILED
[INFO] [stdout] test src/trace/server_timing/mod.rs - trace::server_timing::ServerTiming (line 46) ... FAILED
[INFO] [stdout] test src/request.rs - request::Request::append_header (line 450) ... FAILED
[INFO] [stdout] test src/request.rs - request::Request::body_json (line 346) ... FAILED
[INFO] [stdout] test src/cache/age.rs - cache::age::Age (line 16) ... FAILED
[INFO] [stdout] test src/request.rs - request::Request::body_form (line 380) ... FAILED
[INFO] [stdout] test src/proxies/forwarded.rs - proxies::forwarded::Forwarded::from_headers (line 58) ... FAILED
[INFO] [stdout] test src/security/csp.rs - security::csp::ContentSecurityPolicy (line 105) ... FAILED
[INFO] [stdout] test src/response.rs - response::Response::body_json (line 310) ... FAILED
[INFO] [stdout] test src/request.rs - request::Request::delete (line 773) ... FAILED
[INFO] [stdout] test src/request.rs - request::Request::put (line 753) ... FAILED
[INFO] [stdout] test src/trailers.rs - trailers::Trailers::insert (line 79) ... FAILED
[INFO] [stdout] test src/request.rs - request::Request::get (line 689) ... FAILED
[INFO] [stdout] test src/server/allow.rs - server::allow::Allow (line 20) ... FAILED
[INFO] [stdout] test src/proxies/forwarded.rs - proxies::forwarded::Forwarded::value (line 325) ... FAILED
[INFO] [stdout] test src/request.rs - request::Request::set_version (line 526) ... FAILED
[INFO] [stdout] test src/security/timing_allow_origin.rs - security::timing_allow_origin (line 10) ... FAILED
[INFO] [stdout] test src/security/timing_allow_origin.rs - security::timing_allow_origin::TimingAllowOrigin (line 42) ... FAILED
[INFO] [stdout] test src/request.rs - request::Request::connect (line 794) ... FAILED
[INFO] [stdout] test src/trace/trace_context.rs - trace::trace_context::TraceContext::apply (line 128) ... FAILED
[INFO] [stdout] test src/other/date.rs - other::date::Date (line 14) ... FAILED
[INFO] [stdout] test src/request.rs - request::Request::swap_body (line 233) ... FAILED
[INFO] [stdout] test src/trace/trace_context.rs - trace::trace_context::TraceContext::new (line 54) ... FAILED
[INFO] [stdout] test src/response.rs - response::Response::set_version (line 455) ... FAILED
[INFO] [stdout] test src/trace/trace_context.rs - trace::trace_context::TraceContext::from_headers (line 83) ... FAILED
[INFO] [stdout] test src/response.rs - response::Response::body_bytes (line 284) ... FAILED
[INFO] [stdout] test src/request.rs - request::Request::body_string (line 292) ... FAILED
[INFO] [stdout] test src/trace/trace_context.rs - trace::trace_context::TraceContext (line 15) ... FAILED
[INFO] [stdout] test src/request.rs - request::Request::head (line 711) ... FAILED
[INFO] [stdout] test src/proxies/forwarded.rs - proxies::forwarded::Forwarded::from_headers (line 44) ... FAILED
[INFO] [stdout] test src/request.rs - request::Request::ext_mut (line 594) ... FAILED
[INFO] [stdout] test src/response.rs - response::Response::take_body (line 224) ... FAILED
[INFO] [stdout] test src/request.rs - request::Request::query (line 613) ... FAILED
[INFO] [stdout] test src/request.rs - request::Request::take_body (line 259) ... FAILED
[INFO] [stdout] test src/request.rs - request::Request::url_mut (line 174) ... FAILED
[INFO] [stdout] test src/response.rs - response::Response::body_string (line 257) ... FAILED
[INFO] [stdout] test src/request.rs - request::Request::replace_body (line 207) ... FAILED
[INFO] [stdout] test src/trailers.rs - trailers (line 21) ... FAILED
[INFO] [stdout] test src/response.rs - response::Response::ext_mut (line 557) ... FAILED
[INFO] [stderr] error: test failed, to rerun pass '--doc'
[INFO] [stderr] 
[INFO] [stderr] Caused by:
[INFO] [stderr]   process didn't exit successfully: `rustdoc --edition=2018 --crate-type lib --crate-name http_types --test /opt/rustwide/workdir/src/lib.rs -L dependency=/opt/rustwide/target/debug/deps -L dependency=/opt/rustwide/target/debug/deps --extern anyhow=/opt/rustwide/target/debug/deps/libanyhow-b5a17cdd882001a9.rlib --extern async_channel=/opt/rustwide/target/debug/deps/libasync_channel-b56a774888423c99.rlib --extern async_std=/opt/rustwide/target/debug/deps/libasync_std-41260f87328c48bd.rlib --extern base64=/opt/rustwide/target/debug/deps/libbase64-161b2497349df519.rlib --extern cookie=/opt/rustwide/target/debug/deps/libcookie-d1c1bb06b3087c6d.rlib --extern futures_lite=/opt/rustwide/target/debug/deps/libfutures_lite-faf672a4accfd154.rlib --extern http=/opt/rustwide/target/debug/deps/libhttp-68fb719c5f77f353.rlib --extern http_types=/opt/rustwide/target/debug/deps/libhttp_types-cd14eb27dee25fc1.rlib --extern infer=/opt/rustwide/target/debug/deps/libinfer-564caee1c8e6e4c5.rlib --extern pin_project_lite=/opt/rustwide/target/debug/deps/libpin_project_lite-b8424bd0fc23518f.rlib --extern rand=/opt/rustwide/target/debug/deps/librand-e085ba6f6ef0faff.rlib --extern serde=/opt/rustwide/target/debug/deps/libserde-fdeab19fc15e7f4d.rlib --extern serde_json=/opt/rustwide/target/debug/deps/libserde_json-520cba233e400f11.rlib --extern serde_qs=/opt/rustwide/target/debug/deps/libserde_qs-78765decac9ba82e.rlib --extern serde_urlencoded=/opt/rustwide/target/debug/deps/libserde_urlencoded-f23ceb815cb5a182.rlib --extern url=/opt/rustwide/target/debug/deps/liburl-e8543bdc42ea8e5e.rlib -C embed-bitcode=no --cfg 'feature="async-std"' --cfg 'feature="cookie"' --cfg 'feature="cookie-secure"' --cfg 'feature="cookies"' --cfg 'feature="default"' --cfg 'feature="fs"' --error-format human` (signal: 9, SIGKILL: kill)
[INFO] running `Command { std: "docker" "inspect" "3f4dc75d00dbcd4d0b10d7a053d9355c36a35fda19d6f22908ce173e6a7d1f14", kill_on_drop: false }`
[INFO] running `Command { std: "docker" "rm" "-f" "3f4dc75d00dbcd4d0b10d7a053d9355c36a35fda19d6f22908ce173e6a7d1f14", kill_on_drop: false }`
[INFO] [stdout] 3f4dc75d00dbcd4d0b10d7a053d9355c36a35fda19d6f22908ce173e6a7d1f14
