[INFO] fetching crate http-service-hyper 0.4.1...
[INFO] testing http-service-hyper-0.4.1 against 1.54.0 for beta-1.55-1
[INFO] extracting crate http-service-hyper 0.4.1 into /workspace/builds/worker-44/source
[INFO] validating manifest of crates.io crate http-service-hyper 0.4.1 on toolchain 1.54.0
[INFO] running `Command { std: "/workspace/cargo-home/bin/cargo" "+1.54.0" "metadata" "--manifest-path" "Cargo.toml" "--no-deps", kill_on_drop: false }`
[INFO] started tweaking crates.io crate http-service-hyper 0.4.1
[INFO] finished tweaking crates.io crate http-service-hyper 0.4.1
[INFO] tweaked toml for crates.io crate http-service-hyper 0.4.1 written to /workspace/builds/worker-44/source/Cargo.toml
[INFO] running `Command { std: "/workspace/cargo-home/bin/cargo" "+1.54.0" "generate-lockfile" "--manifest-path" "Cargo.toml" "-Zno-index-update", kill_on_drop: false }`
[INFO] [stderr]     Blocking waiting for file lock on package cache
[INFO] running `Command { std: "/workspace/cargo-home/bin/cargo" "+1.54.0" "fetch" "--manifest-path" "Cargo.toml", kill_on_drop: false }`
[INFO] [stderr]     Blocking waiting for file lock on package cache
[INFO] [stderr]     Blocking waiting for file lock on package cache
[INFO] running `Command { std: "docker" "create" "-v" "/var/lib/crater-agent-workspace/builds/worker-44/target:/opt/rustwide/target:rw,Z" "-v" "/var/lib/crater-agent-workspace/builds/worker-44/source:/opt/rustwide/workdir:ro,Z" "-v" "/var/lib/crater-agent-workspace/cargo-home:/opt/rustwide/cargo-home:ro,Z" "-v" "/var/lib/crater-agent-workspace/rustup-home:/opt/rustwide/rustup-home:ro,Z" "-e" "SOURCE_DIR=/opt/rustwide/workdir" "-e" "CARGO_TARGET_DIR=/opt/rustwide/target" "-e" "CARGO_HOME=/opt/rustwide/cargo-home" "-e" "RUSTUP_HOME=/opt/rustwide/rustup-home" "-w" "/opt/rustwide/workdir" "-m" "1610612736" "--user" "0:0" "--network" "none" "ghcr.io/rust-lang/crates-build-env/linux@sha256:34b6a614d2c27851fe6cbf88fbd1137609cefab8b10d0615aaeb6fd47975d74e" "/opt/rustwide/cargo-home/bin/cargo" "+1.54.0" "metadata" "--no-deps" "--format-version=1", kill_on_drop: false }`
[INFO] [stdout] e8d603fb56f4d19422c5d577a3459dc25c08e4cb9df5d76e9a6d93b314feadec
[INFO] running `Command { std: "docker" "start" "-a" "e8d603fb56f4d19422c5d577a3459dc25c08e4cb9df5d76e9a6d93b314feadec", kill_on_drop: false }`
[INFO] running `Command { std: "docker" "inspect" "e8d603fb56f4d19422c5d577a3459dc25c08e4cb9df5d76e9a6d93b314feadec", kill_on_drop: false }`
[INFO] running `Command { std: "docker" "rm" "-f" "e8d603fb56f4d19422c5d577a3459dc25c08e4cb9df5d76e9a6d93b314feadec", kill_on_drop: false }`
[INFO] [stdout] e8d603fb56f4d19422c5d577a3459dc25c08e4cb9df5d76e9a6d93b314feadec
[INFO] running `Command { std: "docker" "create" "-v" "/var/lib/crater-agent-workspace/builds/worker-44/target:/opt/rustwide/target:rw,Z" "-v" "/var/lib/crater-agent-workspace/builds/worker-44/source:/opt/rustwide/workdir:ro,Z" "-v" "/var/lib/crater-agent-workspace/cargo-home:/opt/rustwide/cargo-home:ro,Z" "-v" "/var/lib/crater-agent-workspace/rustup-home:/opt/rustwide/rustup-home:ro,Z" "-e" "SOURCE_DIR=/opt/rustwide/workdir" "-e" "CARGO_TARGET_DIR=/opt/rustwide/target" "-e" "CARGO_INCREMENTAL=0" "-e" "RUST_BACKTRACE=full" "-e" "RUSTFLAGS=--cap-lints=warn" "-e" "CARGO_HOME=/opt/rustwide/cargo-home" "-e" "RUSTUP_HOME=/opt/rustwide/rustup-home" "-w" "/opt/rustwide/workdir" "-m" "1610612736" "--user" "0:0" "--network" "none" "ghcr.io/rust-lang/crates-build-env/linux@sha256:34b6a614d2c27851fe6cbf88fbd1137609cefab8b10d0615aaeb6fd47975d74e" "/opt/rustwide/cargo-home/bin/cargo" "+1.54.0" "build" "--frozen" "--message-format=json", kill_on_drop: false }`
[INFO] [stdout] 265f1cea94090a1a6db55bf7c12cd3bf9179408c217da7d5cb290305b6404968
[INFO] running `Command { std: "docker" "start" "-a" "265f1cea94090a1a6db55bf7c12cd3bf9179408c217da7d5cb290305b6404968", kill_on_drop: false }`
[INFO] [stderr]     Blocking waiting for file lock on package cache
[INFO] [stderr]    Compiling either v1.6.1
[INFO] [stderr]    Compiling futures-core v0.3.16
[INFO] [stderr]    Compiling syn v1.0.74
[INFO] [stderr]    Compiling proc-macro-hack v0.5.19
[INFO] [stderr]    Compiling futures-task v0.3.16
[INFO] [stderr]    Compiling proc-macro-nested v0.1.7
[INFO] [stderr]    Compiling futures-channel v0.3.16
[INFO] [stderr]    Compiling pin-utils v0.1.0
[INFO] [stderr]    Compiling itoa v0.4.7
[INFO] [stderr]    Compiling futures-sink v0.3.16
[INFO] [stderr]    Compiling pin-project-lite v0.2.7
[INFO] [stderr]    Compiling futures-io v0.3.16
[INFO] [stderr]    Compiling event-listener v2.5.1
[INFO] [stderr]    Compiling crossbeam-utils v0.8.5
[INFO] [stderr]    Compiling cache-padded v1.1.1
[INFO] [stderr]    Compiling hashbrown v0.11.2
[INFO] [stderr]    Compiling try-lock v0.2.3
[INFO] [stderr]    Compiling pin-project-lite v0.1.12
[INFO] [stderr]    Compiling futures-macro v0.3.16
[INFO] [stderr]    Compiling futures-util v0.3.16
[INFO] [stderr]    Compiling indexmap v1.7.0
[INFO] [stderr]    Compiling hyper v0.12.36
[INFO] [stderr]    Compiling mio v0.6.23
[INFO] [stderr]    Compiling tokio-threadpool v0.1.18
[INFO] [stderr]    Compiling bytes v0.4.12
[INFO] [stderr]    Compiling concurrent-queue v1.2.2
[INFO] [stderr]    Compiling want v0.2.0
[INFO] [stderr]    Compiling async-lock v2.4.0
[INFO] [stderr]    Compiling tokio-io v0.1.13
[INFO] [stderr]    Compiling http v0.1.21
[INFO] [stderr]    Compiling tokio-buf v0.1.1
[INFO] [stderr]    Compiling string v0.2.1
[INFO] [stderr]    Compiling async-channel v1.6.1
[INFO] [stderr]    Compiling async-std v1.9.0
[INFO] [stderr]    Compiling tokio-reactor v0.1.12
[INFO] [stderr]    Compiling tokio v0.1.22
[INFO] [stderr]    Compiling tokio-tcp v0.1.4
[INFO] [stderr]    Compiling http-body v0.1.0
[INFO] [stderr]    Compiling h2 v0.1.26
[INFO] [stderr]    Compiling futures-executor v0.3.16
[INFO] [stderr]    Compiling futures v0.3.16
[INFO] [stderr]    Compiling http-service v0.4.0
[INFO] [stderr]    Compiling http-service-hyper v0.4.1 (/opt/rustwide/workdir)
[INFO] [stderr]     Finished dev [unoptimized + debuginfo] target(s) in 21.21s
[INFO] running `Command { std: "docker" "inspect" "265f1cea94090a1a6db55bf7c12cd3bf9179408c217da7d5cb290305b6404968", kill_on_drop: false }`
[INFO] running `Command { std: "docker" "rm" "-f" "265f1cea94090a1a6db55bf7c12cd3bf9179408c217da7d5cb290305b6404968", kill_on_drop: false }`
[INFO] [stdout] 265f1cea94090a1a6db55bf7c12cd3bf9179408c217da7d5cb290305b6404968
[INFO] running `Command { std: "docker" "create" "-v" "/var/lib/crater-agent-workspace/builds/worker-44/target:/opt/rustwide/target:rw,Z" "-v" "/var/lib/crater-agent-workspace/builds/worker-44/source:/opt/rustwide/workdir:ro,Z" "-v" "/var/lib/crater-agent-workspace/cargo-home:/opt/rustwide/cargo-home:ro,Z" "-v" "/var/lib/crater-agent-workspace/rustup-home:/opt/rustwide/rustup-home:ro,Z" "-e" "SOURCE_DIR=/opt/rustwide/workdir" "-e" "CARGO_TARGET_DIR=/opt/rustwide/target" "-e" "CARGO_INCREMENTAL=0" "-e" "RUST_BACKTRACE=full" "-e" "RUSTFLAGS=--cap-lints=warn" "-e" "CARGO_HOME=/opt/rustwide/cargo-home" "-e" "RUSTUP_HOME=/opt/rustwide/rustup-home" "-w" "/opt/rustwide/workdir" "-m" "1610612736" "--user" "0:0" "--network" "none" "ghcr.io/rust-lang/crates-build-env/linux@sha256:34b6a614d2c27851fe6cbf88fbd1137609cefab8b10d0615aaeb6fd47975d74e" "/opt/rustwide/cargo-home/bin/cargo" "+1.54.0" "test" "--frozen" "--no-run" "--message-format=json", kill_on_drop: false }`
[INFO] [stdout] 6edd31f2c6329aec9baf3483cf140e022837f58d9ffa49555a1cb2b102e5ebc4
[INFO] running `Command { std: "docker" "start" "-a" "6edd31f2c6329aec9baf3483cf140e022837f58d9ffa49555a1cb2b102e5ebc4", kill_on_drop: false }`
[INFO] [stderr]     Blocking waiting for file lock on package cache
[INFO] [stderr]    Compiling futures-sink-preview v0.3.0-alpha.19
[INFO] [stderr]    Compiling futures-core-preview v0.3.0-alpha.19
[INFO] [stderr]    Compiling futures-io-preview v0.3.0-alpha.19
[INFO] [stderr]    Compiling async-ready v3.0.0
[INFO] [stderr]    Compiling async-datagram v3.0.0
[INFO] [stderr]    Compiling crossbeam-utils v0.6.6
[INFO] [stderr]    Compiling mio-uds v0.6.8
[INFO] [stderr]    Compiling futures-channel-preview v0.3.0-alpha.19
[INFO] [stderr]    Compiling futures-util-preview v0.3.0-alpha.19
[INFO] [stderr]    Compiling futures-executor-preview v0.3.0-alpha.19
[INFO] [stderr]    Compiling futures-preview v0.3.0-alpha.19
[INFO] [stderr]    Compiling romio v0.3.0-alpha.10
[INFO] [stderr]    Compiling http-service-hyper v0.4.1 (/opt/rustwide/workdir)
[INFO] [stderr]     Finished test [unoptimized + debuginfo] target(s) in 7.47s
[INFO] running `Command { std: "docker" "inspect" "6edd31f2c6329aec9baf3483cf140e022837f58d9ffa49555a1cb2b102e5ebc4", kill_on_drop: false }`
[INFO] running `Command { std: "docker" "rm" "-f" "6edd31f2c6329aec9baf3483cf140e022837f58d9ffa49555a1cb2b102e5ebc4", kill_on_drop: false }`
[INFO] [stdout] 6edd31f2c6329aec9baf3483cf140e022837f58d9ffa49555a1cb2b102e5ebc4
[INFO] running `Command { std: "docker" "create" "-v" "/var/lib/crater-agent-workspace/builds/worker-44/target:/opt/rustwide/target:rw,Z" "-v" "/var/lib/crater-agent-workspace/builds/worker-44/source:/opt/rustwide/workdir:ro,Z" "-v" "/var/lib/crater-agent-workspace/cargo-home:/opt/rustwide/cargo-home:ro,Z" "-v" "/var/lib/crater-agent-workspace/rustup-home:/opt/rustwide/rustup-home:ro,Z" "-e" "SOURCE_DIR=/opt/rustwide/workdir" "-e" "CARGO_TARGET_DIR=/opt/rustwide/target" "-e" "CARGO_INCREMENTAL=0" "-e" "RUST_BACKTRACE=full" "-e" "RUSTFLAGS=--cap-lints=warn" "-e" "CARGO_HOME=/opt/rustwide/cargo-home" "-e" "RUSTUP_HOME=/opt/rustwide/rustup-home" "-w" "/opt/rustwide/workdir" "-m" "1610612736" "--user" "0:0" "--network" "none" "ghcr.io/rust-lang/crates-build-env/linux@sha256:34b6a614d2c27851fe6cbf88fbd1137609cefab8b10d0615aaeb6fd47975d74e" "/opt/rustwide/cargo-home/bin/cargo" "+1.54.0" "test" "--frozen", kill_on_drop: false }`
[INFO] [stdout] 44a2ef244ab8293540964482c03801723d52d1ef0d250caf599d96aca16f4707
[INFO] running `Command { std: "docker" "start" "-a" "44a2ef244ab8293540964482c03801723d52d1ef0d250caf599d96aca16f4707", kill_on_drop: false }`
[INFO] [stderr]     Finished test [unoptimized + debuginfo] target(s) in 0.14s
[INFO] [stderr]      Running unittests (/opt/rustwide/target/debug/deps/http_service_hyper-a1d51fc32ca3d852)
[INFO] [stdout] 
[INFO] [stderr]    Doc-tests http-service-hyper
[INFO] [stdout] running 0 tests
[INFO] [stdout] 
[INFO] [stdout] test result: ok. 0 passed; 0 failed; 0 ignored; 0 measured; 0 filtered out; finished in 0.00s
[INFO] [stdout] 
[INFO] [stdout] 
[INFO] [stdout] running 1 test
[INFO] [stdout] test src/lib.rs - Builder<I, Sp>::serve (line 156) - compile ... FAILED
[INFO] [stdout] 
[INFO] [stdout] failures:
[INFO] [stdout] 
[INFO] [stdout] ---- src/lib.rs - Builder<I, Sp>::serve (line 156) stdout ----
[INFO] [stdout] error[E0433]: failed to resolve: could not find `ThreadPool` in `executor`
[INFO] [stdout]  --> src/lib.rs:162:35
[INFO] [stdout]   |
[INFO] [stdout] 9 | let mut pool = futures::executor::ThreadPool::new()?;
[INFO] [stdout]   |                                   ^^^^^^^^^^ could not find `ThreadPool` in `executor`
[INFO] [stdout] 
[INFO] [stdout] error[E0277]: the trait bound `Body: From<&str>` is not satisfied
[INFO] [stdout]   --> src/lib.rs:166:48
[INFO] [stdout]    |
[INFO] [stdout] 13 |     futures::future::ok::<_, ()>(Response::new(Body::from("Hello World")))
[INFO] [stdout]    |                                                ^^^^^^^^^^ the trait `From<&str>` is not implemented for `Body`
[INFO] [stdout]    |
[INFO] [stdout]    = help: the following implementations were found:
[INFO] [stdout]              <Body as From<Pin<Box<R>>>>
[INFO] [stdout]              <Body as From<Vec<u8>>>
[INFO] [stdout]    = note: required by `from`
[INFO] [stdout] 
[INFO] [stdout] error[E0277]: the trait bound `romio::tcp::Incoming<'_>: futures::Stream` is not satisfied
[INFO] [stdout]   --> src/lib.rs:172:30
[INFO] [stdout]    |
[INFO] [stdout] 19 | let server = Server::builder(listener.incoming())
[INFO] [stdout]    |                              ^^^^^^^^^^^^^^^^^^^ the trait `futures::Stream` is not implemented for `romio::tcp::Incoming<'_>`
[INFO] [stdout]    |
[INFO] [stdout]    = note: required because of the requirements on the impl of `TryStream` for `romio::tcp::Incoming<'_>`
[INFO] [stdout]    = note: required by `Server::<I, (), ()>::builder`
[INFO] [stdout] 
[INFO] [stdout] error[E0599]: the method `with_spawner` exists for struct `http_service_hyper::Builder<romio::tcp::Incoming<'_>, ()>`, but its trait bounds were not satisfied
[INFO] [stdout]    --> src/lib.rs:173:6
[INFO] [stdout]     |
[INFO] [stdout] 20  |     .with_spawner(pool.clone())
[INFO] [stdout]     |      ^^^^^^^^^^^^ method cannot be called on `http_service_hyper::Builder<romio::tcp::Incoming<'_>, ()>` due to unsatisfied trait bounds
[INFO] [stdout]     | 
[INFO] [stdout]    ::: /opt/rustwide/cargo-home/registry/src/github.com-1ecc6299db9ec823/romio-0.3.0-alpha.10/src/tcp/listener.rs:246:1
[INFO] [stdout]     |
[INFO] [stdout] 246 | pub struct Incoming<'a> {
[INFO] [stdout]     | ----------------------- doesn't satisfy `romio::tcp::Incoming<'_>: TryStream`
[INFO] [stdout]     |
[INFO] [stdout]     = note: the following trait bounds were not satisfied:
[INFO] [stdout]             `romio::tcp::Incoming<'_>: TryStream`
[INFO] [stdout] 
[INFO] [stdout] error[E0277]: the trait bound `romio::tcp::Incoming<'_>: futures::Stream` is not satisfied
[INFO] [stdout]    --> src/lib.rs:172:14
[INFO] [stdout]     |
[INFO] [stdout] 19  | let server = Server::builder(listener.incoming())
[INFO] [stdout]     |              ^^^^^^^^^^^^^^^^^^^^^^^^^^^^^^^^^^^^ the trait `futures::Stream` is not implemented for `romio::tcp::Incoming<'_>`
[INFO] [stdout]     | 
[INFO] [stdout]    ::: /opt/rustwide/workdir/src/lib.rs:121:23
[INFO] [stdout]     |
[INFO] [stdout] 121 | pub struct Builder<I: TryStream, Sp> {
[INFO] [stdout]     |                       --------- required by this bound in `http_service_hyper::Builder`
[INFO] [stdout]     |
[INFO] [stdout]     = note: required because of the requirements on the impl of `TryStream` for `romio::tcp::Incoming<'_>`
[INFO] [stdout] 
[INFO] [stdout] error: aborting due to 5 previous errors
[INFO] [stdout] 
[INFO] [stdout] Some errors have detailed explanations: E0277, E0433, E0599.
[INFO] [stdout] For more information about an error, try `rustc --explain E0277`.
[INFO] [stdout] Couldn't compile the test.
[INFO] [stdout] 
[INFO] [stdout] failures:
[INFO] [stdout]     src/lib.rs - Builder<I, Sp>::serve (line 156)
[INFO] [stdout] 
[INFO] [stdout] test result: FAILED. 0 passed; 1 failed; 0 ignored; 0 measured; 0 filtered out; finished in 0.40s
[INFO] [stdout] 
[INFO] [stderr] error: test failed, to rerun pass '--doc'
[INFO] running `Command { std: "docker" "inspect" "44a2ef244ab8293540964482c03801723d52d1ef0d250caf599d96aca16f4707", kill_on_drop: false }`
[INFO] running `Command { std: "docker" "rm" "-f" "44a2ef244ab8293540964482c03801723d52d1ef0d250caf599d96aca16f4707", kill_on_drop: false }`
[INFO] [stdout] 44a2ef244ab8293540964482c03801723d52d1ef0d250caf599d96aca16f4707
