[INFO] fetching crate http-server 0.5.1...
[INFO] testing http-server-0.5.1 against 1.54.0 for beta-1.55-1
[INFO] extracting crate http-server 0.5.1 into /workspace/builds/worker-108/source
[INFO] validating manifest of crates.io crate http-server 0.5.1 on toolchain 1.54.0
[INFO] running `Command { std: "/workspace/cargo-home/bin/cargo" "+1.54.0" "metadata" "--manifest-path" "Cargo.toml" "--no-deps", kill_on_drop: false }`
[INFO] started tweaking crates.io crate http-server 0.5.1
[INFO] finished tweaking crates.io crate http-server 0.5.1
[INFO] tweaked toml for crates.io crate http-server 0.5.1 written to /workspace/builds/worker-108/source/Cargo.toml
[INFO] crate crates.io crate http-server 0.5.1 already has a lockfile, it will not be regenerated
[INFO] running `Command { std: "/workspace/cargo-home/bin/cargo" "+1.54.0" "fetch" "--manifest-path" "Cargo.toml", kill_on_drop: false }`
[INFO] [stderr]     Blocking waiting for file lock on package cache
[INFO] [stderr]  Downloading crates ...
[INFO] [stderr]   Downloaded addr2line v0.15.2
[INFO] [stderr]   Downloaded object v0.25.3
[INFO] [stderr]   Downloaded gimli v0.24.0
[INFO] [stderr]   Downloaded windows_macros v0.11.0
[INFO] [stderr]   Downloaded backtrace v0.3.60
[INFO] [stderr]   Downloaded local-ip-address v0.4.2
[INFO] [stderr]   Downloaded windows v0.11.0
[INFO] [stderr]   Downloaded neli v0.5.3
[INFO] [stderr]   Downloaded dhat v0.2.2
[INFO] [stderr]   Downloaded thousands v0.2.0
[INFO] [stderr]   Downloaded windows_gen v0.11.0
[INFO] [stderr]   Downloaded http-auth-basic v0.2.1
[INFO] [stderr]   Downloaded memalloc v0.1.0
[INFO] running `Command { std: "docker" "create" "-v" "/var/lib/crater-agent-workspace/builds/worker-108/target:/opt/rustwide/target:rw,Z" "-v" "/var/lib/crater-agent-workspace/builds/worker-108/source:/opt/rustwide/workdir:ro,Z" "-v" "/var/lib/crater-agent-workspace/cargo-home:/opt/rustwide/cargo-home:ro,Z" "-v" "/var/lib/crater-agent-workspace/rustup-home:/opt/rustwide/rustup-home:ro,Z" "-e" "SOURCE_DIR=/opt/rustwide/workdir" "-e" "CARGO_TARGET_DIR=/opt/rustwide/target" "-e" "CARGO_HOME=/opt/rustwide/cargo-home" "-e" "RUSTUP_HOME=/opt/rustwide/rustup-home" "-w" "/opt/rustwide/workdir" "-m" "1610612736" "--user" "0:0" "--network" "none" "ghcr.io/rust-lang/crates-build-env/linux@sha256:34b6a614d2c27851fe6cbf88fbd1137609cefab8b10d0615aaeb6fd47975d74e" "/opt/rustwide/cargo-home/bin/cargo" "+1.54.0" "metadata" "--no-deps" "--format-version=1", kill_on_drop: false }`
[INFO] [stdout] b31c5dc07d82dc729c738cef81ffdb04d3c3a63c38eb3d2bf41729b69e6c1ac4
[INFO] running `Command { std: "docker" "start" "-a" "b31c5dc07d82dc729c738cef81ffdb04d3c3a63c38eb3d2bf41729b69e6c1ac4", kill_on_drop: false }`
[INFO] running `Command { std: "docker" "inspect" "b31c5dc07d82dc729c738cef81ffdb04d3c3a63c38eb3d2bf41729b69e6c1ac4", kill_on_drop: false }`
[INFO] running `Command { std: "docker" "rm" "-f" "b31c5dc07d82dc729c738cef81ffdb04d3c3a63c38eb3d2bf41729b69e6c1ac4", kill_on_drop: false }`
[INFO] [stdout] b31c5dc07d82dc729c738cef81ffdb04d3c3a63c38eb3d2bf41729b69e6c1ac4
[INFO] running `Command { std: "docker" "create" "-v" "/var/lib/crater-agent-workspace/builds/worker-108/target:/opt/rustwide/target:rw,Z" "-v" "/var/lib/crater-agent-workspace/builds/worker-108/source:/opt/rustwide/workdir:ro,Z" "-v" "/var/lib/crater-agent-workspace/cargo-home:/opt/rustwide/cargo-home:ro,Z" "-v" "/var/lib/crater-agent-workspace/rustup-home:/opt/rustwide/rustup-home:ro,Z" "-e" "SOURCE_DIR=/opt/rustwide/workdir" "-e" "CARGO_TARGET_DIR=/opt/rustwide/target" "-e" "CARGO_INCREMENTAL=0" "-e" "RUST_BACKTRACE=full" "-e" "RUSTFLAGS=--cap-lints=warn" "-e" "CARGO_HOME=/opt/rustwide/cargo-home" "-e" "RUSTUP_HOME=/opt/rustwide/rustup-home" "-w" "/opt/rustwide/workdir" "-m" "1610612736" "--user" "0:0" "--network" "none" "ghcr.io/rust-lang/crates-build-env/linux@sha256:34b6a614d2c27851fe6cbf88fbd1137609cefab8b10d0615aaeb6fd47975d74e" "/opt/rustwide/cargo-home/bin/cargo" "+1.54.0" "build" "--frozen" "--message-format=json", kill_on_drop: false }`
[INFO] [stdout] f3491caab989d3870cd6c7527e5fb727d64b1a6a83a4bf14aebef804ac95f18e
[INFO] running `Command { std: "docker" "start" "-a" "f3491caab989d3870cd6c7527e5fb727d64b1a6a83a4bf14aebef804ac95f18e", kill_on_drop: false }`
[INFO] [stderr]    Compiling proc-macro2 v1.0.27
[INFO] [stderr]    Compiling unicode-xid v0.2.2
[INFO] [stderr]    Compiling syn v1.0.73
[INFO] [stderr]    Compiling autocfg v1.0.1
[INFO] [stderr]    Compiling libc v0.2.97
[INFO] [stderr]    Compiling cfg-if v1.0.0
[INFO] [stderr]    Compiling version_check v0.9.3
[INFO] [stderr]    Compiling log v0.4.14
[INFO] [stderr]    Compiling pin-project-lite v0.2.6
[INFO] [stderr]    Compiling memchr v2.4.0
[INFO] [stderr]    Compiling futures-core v0.3.15
[INFO] [stderr]    Compiling once_cell v1.8.0
[INFO] [stderr]    Compiling proc-macro-hack v0.5.19
[INFO] [stderr]    Compiling cc v1.0.68
[INFO] [stderr]    Compiling proc-macro-nested v0.1.7
[INFO] [stderr]    Compiling futures-task v0.3.15
[INFO] [stderr]    Compiling serde_derive v1.0.126
[INFO] [stderr]    Compiling futures-channel v0.3.15
[INFO] [stderr]    Compiling bytes v1.0.1
[INFO] [stderr]    Compiling smallvec v1.6.1
[INFO] [stderr]    Compiling scopeguard v1.1.0
[INFO] [stderr]    Compiling serde v1.0.126
[INFO] [stderr]    Compiling ucd-trie v0.1.3
[INFO] [stderr]    Compiling untrusted v0.7.1
[INFO] [stderr]    Compiling spin v0.5.2
[INFO] [stderr]    Compiling itoa v0.4.7
[INFO] [stderr]    Compiling futures-sink v0.3.15
[INFO] [stderr]    Compiling bitflags v1.2.1
[INFO] [stderr]    Compiling futures-io v0.3.15
[INFO] [stderr]    Compiling ryu v1.0.5
[INFO] [stderr]    Compiling slab v0.4.3
[INFO] [stderr]    Compiling maplit v1.0.2
[INFO] [stderr]    Compiling httparse v1.4.1
[INFO] [stderr]    Compiling unicode-segmentation v1.7.1
[INFO] [stderr]    Compiling crc32fast v1.2.1
[INFO] [stderr]    Compiling serde_json v1.0.64
[INFO] [stderr]    Compiling unicode-width v0.1.8
[INFO] [stderr]    Compiling fnv v1.0.7
[INFO] [stderr]    Compiling base64 v0.13.0
[INFO] [stderr]    Compiling byteorder v1.4.3
[INFO] [stderr]    Compiling anyhow v1.0.41
[INFO] [stderr]    Compiling adler v1.0.2
[INFO] [stderr]    Compiling try-lock v0.2.3
[INFO] [stderr]    Compiling local-ip-address v0.4.2
[INFO] [stderr]    Compiling httpdate v1.0.1
[INFO] [stderr]    Compiling base64 v0.12.3
[INFO] [stderr]    Compiling quick-error v2.0.1
[INFO] [stderr]    Compiling mime v0.3.16
[INFO] [stderr]    Compiling tower-service v0.3.1
[INFO] [stderr]    Compiling tracing-core v0.1.18
[INFO] [stderr]    Compiling instant v0.1.9
[INFO] [stderr]    Compiling textwrap v0.11.0
[INFO] [stderr]    Compiling pest v2.1.3
[INFO] [stderr]    Compiling tracing v0.1.26
[INFO] [stderr]    Compiling lock_api v0.4.4
[INFO] [stderr]    Compiling want v0.3.0
[INFO] [stderr]    Compiling proc-macro-error-attr v1.0.4
[INFO] [stderr]    Compiling unicase v2.6.0
[INFO] [stderr]    Compiling proc-macro-error v1.0.4
[INFO] [stderr]    Compiling heck v0.3.3
[INFO] [stderr]    Compiling http v0.2.4
[INFO] [stderr]    Compiling futures-macro v0.3.15
[INFO] [stderr]    Compiling futures-util v0.3.15
[INFO] [stderr]    Compiling num-traits v0.2.14
[INFO] [stderr]    Compiling tokio v1.7.1
[INFO] [stderr]    Compiling num-integer v0.1.44
[INFO] [stderr]    Compiling miniz_oxide v0.4.4
[INFO] [stderr]    Compiling http-auth-basic v0.2.1
[INFO] [stderr]    Compiling clap v2.33.3
[INFO] [stderr]    Compiling quote v1.0.9
[INFO] [stderr]    Compiling pest_meta v2.1.3
[INFO] [stderr]    Compiling ring v0.16.20
[INFO] [stderr]    Compiling parking_lot_core v0.8.3
[INFO] [stderr]    Compiling num_cpus v1.13.0
[INFO] [stderr]    Compiling signal-hook-registry v1.4.0
[INFO] [stderr]    Compiling mio v0.7.13
[INFO] [stderr]    Compiling socket2 v0.4.0
[INFO] [stderr]    Compiling neli v0.5.3
[INFO] [stderr]    Compiling time v0.1.44
[INFO] [stderr]    Compiling mime_guess v2.0.3
[INFO] [stderr]    Compiling parking_lot v0.11.1
[INFO] [stderr]    Compiling flate2 v1.0.20
[INFO] [stderr]    Compiling chrono v0.4.19
[INFO] [stderr]    Compiling http-body v0.4.2
[INFO] [stderr]    Compiling sct v0.6.1
[INFO] [stderr]    Compiling webpki v0.21.4
[INFO] [stderr]    Compiling pest_generator v2.1.3
[INFO] [stderr]    Compiling rustls v0.19.1
[INFO] [stderr]    Compiling tokio-macros v1.2.0
[INFO] [stderr]    Compiling thiserror-impl v1.0.25
[INFO] [stderr]    Compiling structopt-derive v0.4.14
[INFO] [stderr]    Compiling pest_derive v2.1.0
[INFO] [stderr]    Compiling async-stream-impl v0.3.2
[INFO] [stderr]    Compiling async-stream v0.3.2
[INFO] [stderr]    Compiling thiserror v1.0.25
[INFO] [stderr]    Compiling structopt v0.3.21
[INFO] [stderr]    Compiling futures-executor v0.3.15
[INFO] [stderr]    Compiling futures v0.3.15
[INFO] [stderr]    Compiling tokio-rustls v0.22.0
[INFO] [stderr]    Compiling hyper v0.14.9
[INFO] [stderr]    Compiling toml v0.5.8
[INFO] [stderr]    Compiling handlebars v3.5.5
[INFO] [stderr]    Compiling http-server v0.5.1 (/opt/rustwide/workdir)
[INFO] [stderr]     Finished dev [unoptimized + debuginfo] target(s) in 47.67s
[INFO] running `Command { std: "docker" "inspect" "f3491caab989d3870cd6c7527e5fb727d64b1a6a83a4bf14aebef804ac95f18e", kill_on_drop: false }`
[INFO] running `Command { std: "docker" "rm" "-f" "f3491caab989d3870cd6c7527e5fb727d64b1a6a83a4bf14aebef804ac95f18e", kill_on_drop: false }`
[INFO] [stdout] f3491caab989d3870cd6c7527e5fb727d64b1a6a83a4bf14aebef804ac95f18e
[INFO] running `Command { std: "docker" "create" "-v" "/var/lib/crater-agent-workspace/builds/worker-108/target:/opt/rustwide/target:rw,Z" "-v" "/var/lib/crater-agent-workspace/builds/worker-108/source:/opt/rustwide/workdir:ro,Z" "-v" "/var/lib/crater-agent-workspace/cargo-home:/opt/rustwide/cargo-home:ro,Z" "-v" "/var/lib/crater-agent-workspace/rustup-home:/opt/rustwide/rustup-home:ro,Z" "-e" "SOURCE_DIR=/opt/rustwide/workdir" "-e" "CARGO_TARGET_DIR=/opt/rustwide/target" "-e" "CARGO_INCREMENTAL=0" "-e" "RUST_BACKTRACE=full" "-e" "RUSTFLAGS=--cap-lints=warn" "-e" "CARGO_HOME=/opt/rustwide/cargo-home" "-e" "RUSTUP_HOME=/opt/rustwide/rustup-home" "-w" "/opt/rustwide/workdir" "-m" "1610612736" "--user" "0:0" "--network" "none" "ghcr.io/rust-lang/crates-build-env/linux@sha256:34b6a614d2c27851fe6cbf88fbd1137609cefab8b10d0615aaeb6fd47975d74e" "/opt/rustwide/cargo-home/bin/cargo" "+1.54.0" "test" "--frozen" "--no-run" "--message-format=json", kill_on_drop: false }`
[INFO] [stdout] 16e6a6e425e6029cd34fb7211a90cc74732649b0a410a06abada73a9bc125405
[INFO] running `Command { std: "docker" "start" "-a" "16e6a6e425e6029cd34fb7211a90cc74732649b0a410a06abada73a9bc125405", kill_on_drop: false }`
[INFO] [stderr]    Compiling crossbeam-utils v0.8.5
[INFO] [stderr]    Compiling crossbeam-epoch v0.9.5
[INFO] [stderr]    Compiling rayon-core v1.9.1
[INFO] [stderr]    Compiling either v1.6.1
[INFO] [stderr]    Compiling plotters-backend v0.3.0
[INFO] [stderr]    Compiling regex-automata v0.1.10
[INFO] [stderr]    Compiling half v1.7.1
[INFO] [stderr]    Compiling regex-syntax v0.6.25
[INFO] [stderr]    Compiling same-file v1.0.6
[INFO] [stderr]    Compiling oorandom v11.1.3
[INFO] [stderr]    Compiling memoffset v0.6.4
[INFO] [stderr]    Compiling rayon v1.5.1
[INFO] [stderr]    Compiling semver-parser v0.10.2
[INFO] [stderr]    Compiling csv-core v0.1.10
[INFO] [stderr]    Compiling atty v0.2.14
[INFO] [stderr]    Compiling tinytemplate v1.2.1
[INFO] [stderr]    Compiling walkdir v2.3.2
[INFO] [stderr]    Compiling itertools v0.9.0
[INFO] [stderr]    Compiling itertools v0.10.1
[INFO] [stderr]    Compiling serde_cbor v0.11.1
[INFO] [stderr]    Compiling plotters-svg v0.3.0
[INFO] [stderr]    Compiling bstr v0.2.16
[INFO] [stderr]    Compiling plotters v0.3.1
[INFO] [stderr]    Compiling semver v0.11.0
[INFO] [stderr]    Compiling crossbeam-channel v0.5.1
[INFO] [stderr]    Compiling rustc_version v0.3.3
[INFO] [stderr]    Compiling csv v1.1.6
[INFO] [stderr]    Compiling crossbeam-deque v0.8.0
[INFO] [stderr]    Compiling cast v0.2.6
[INFO] [stderr]    Compiling regex v1.5.4
[INFO] [stderr]    Compiling criterion-plot v0.4.3
[INFO] [stderr]    Compiling criterion v0.3.4
[INFO] [stderr]    Compiling http-server v0.5.1 (/opt/rustwide/workdir)
[INFO] [stderr]     Finished test [unoptimized + debuginfo] target(s) in 22.21s
[INFO] running `Command { std: "docker" "inspect" "16e6a6e425e6029cd34fb7211a90cc74732649b0a410a06abada73a9bc125405", kill_on_drop: false }`
[INFO] running `Command { std: "docker" "rm" "-f" "16e6a6e425e6029cd34fb7211a90cc74732649b0a410a06abada73a9bc125405", kill_on_drop: false }`
[INFO] [stdout] 16e6a6e425e6029cd34fb7211a90cc74732649b0a410a06abada73a9bc125405
[INFO] running `Command { std: "docker" "create" "-v" "/var/lib/crater-agent-workspace/builds/worker-108/target:/opt/rustwide/target:rw,Z" "-v" "/var/lib/crater-agent-workspace/builds/worker-108/source:/opt/rustwide/workdir:ro,Z" "-v" "/var/lib/crater-agent-workspace/cargo-home:/opt/rustwide/cargo-home:ro,Z" "-v" "/var/lib/crater-agent-workspace/rustup-home:/opt/rustwide/rustup-home:ro,Z" "-e" "SOURCE_DIR=/opt/rustwide/workdir" "-e" "CARGO_TARGET_DIR=/opt/rustwide/target" "-e" "CARGO_INCREMENTAL=0" "-e" "RUST_BACKTRACE=full" "-e" "RUSTFLAGS=--cap-lints=warn" "-e" "CARGO_HOME=/opt/rustwide/cargo-home" "-e" "RUSTUP_HOME=/opt/rustwide/rustup-home" "-w" "/opt/rustwide/workdir" "-m" "1610612736" "--user" "0:0" "--network" "none" "ghcr.io/rust-lang/crates-build-env/linux@sha256:34b6a614d2c27851fe6cbf88fbd1137609cefab8b10d0615aaeb6fd47975d74e" "/opt/rustwide/cargo-home/bin/cargo" "+1.54.0" "test" "--frozen", kill_on_drop: false }`
[INFO] [stdout] dd33b76207565ee2bc87a9089f5b5441d7a65f86ac981cc5dc69138c95a237b1
[INFO] running `Command { std: "docker" "start" "-a" "dd33b76207565ee2bc87a9089f5b5441d7a65f86ac981cc5dc69138c95a237b1", kill_on_drop: false }`
[INFO] [stderr]     Blocking waiting for file lock on package cache
[INFO] [stderr]     Finished test [unoptimized + debuginfo] target(s) in 1.50s
[INFO] [stdout] 
[INFO] [stderr]      Running unittests (/opt/rustwide/target/debug/deps/http_server_lib-171d9ae27716803d)
[INFO] [stdout] running 39 tests
[INFO] [stdout] test addon::file_server::handler::tests::formats_bytes ... ok
[INFO] [stdout] test addon::cors::tests::creates_cors_config_which_allows_all_connections ... ok
[INFO] [stdout] test addon::cors::tests::creates_cors_config_with_builder ... ok
[INFO] [stdout] test addon::file_server::handler::tests::makes_dir_entry_link ... ok
[INFO] [stdout] test addon::cors::tests::creates_cors_config_from_file ... ok
[INFO] [stdout] test addon::file_server::handler::tests::sanitize_req_uri_path ... ok
[INFO] [stdout] test addon::file_server::scoped_file_system::tests::builds_an_invalid_path_if_an_arbitrary_path_is_provided ... ok
[INFO] [stdout] test addon::file_server::scoped_file_system::tests::normalizes_an_arbitrary_path ... ok
[INFO] [stdout] test addon::file_server::scoped_file_system::tests::builds_a_relative_path_to_root_from_backwards ... ok
[INFO] [stdout] test cli::tests::with_cors ... ok
[INFO] [stdout] test addon::file_server::scoped_file_system::tests::detect_directory_paths_without_postfixed_slash ... ok
[INFO] [stdout] test addon::file_server::scoped_file_system::tests::builds_a_relative_path_to_root_from_forward_slash ... ok
[INFO] [stdout] test cli::tests::with_tls_no_config ... ok
[INFO] [stdout] test cli::tests::with_verbose ... ok
[INFO] [stdout] test cli::tests::with_password_but_not_username ... ok
[INFO] [stdout] test config::file::tests::parses_complex_cors_config_from_file ... ok
[INFO] [stdout] test config::file::tests::parses_basic_cors_config_from_file ... ok
[INFO] [stdout] test config::tests::creates_default_config ... ok
[INFO] [stdout] test cli::tests::with_host_and_port ... ok
[INFO] [stdout] test cli::tests::with_root_dir ... ok
[INFO] [stdout] test config::file::tests::parses_config_with_basic_auth ... ok
[INFO] [stdout] test cli::tests::with_host ... ok
[INFO] [stdout] test config::file::tests::parses_config_from_file ... ok
[INFO] [stdout] test config::file::tests::parses_config_with_tls_using_pkcs8 ... ok
[INFO] [stdout] test config::file::tests::parses_config_with_gzip_compression ... ok
[INFO] [stdout] test addon::file_server::scoped_file_system::tests::builds_a_relative_path_to_root_from_provided_path ... ok
[INFO] [stdout] test cli::tests::with_gzip ... ok
[INFO] [stdout] test cli::tests::no_arguments ... ok
[INFO] [stdout] test cli::tests::with_username_but_not_password ... ok
[INFO] [stdout] test addon::compression::gzip::tests::gzip_compression_header ... ok
[INFO] [stdout] test cli::tests::with_tls_and_config ... ok
[INFO] [stdout] test config::file::tests::parses_config_with_tls_using_rsa ... ok
[INFO] [stdout] test cli::tests::with_basic_auth ... ok
[INFO] [stdout] test addon::compression::gzip::tests::compresses_body ... ok
[INFO] [stdout] test addon::file_server::scoped_file_system::tests::resolves_a_file ... ok
[INFO] [stdout] test addon::file_server::scoped_file_system::tests::detect_directory_paths ... ok
[INFO] [stdout] test addon::compression::gzip::tests::content_encoding_gzip ... ok
[INFO] [stdout] test addon::file_server::scoped_file_system::tests::returns_error_if_file_doesnt_exists ... ok
[INFO] [stdout] test config::file::tests::checks_invalid_config_from_file - should panic ... ok
[INFO] [stdout] 
[INFO] [stdout] test result: ok. 39 passed; 0 failed; 0 ignored; 0 measured; 0 filtered out; finished in 0.20s
[INFO] [stdout] 
[INFO] [stderr]      Running unittests (/opt/rustwide/target/debug/deps/http_server-548f3ae04248d4de)
[INFO] [stdout] 
[INFO] [stdout] running 0 tests
[INFO] [stdout] 
[INFO] [stdout] test result: ok. 0 passed; 0 failed; 0 ignored; 0 measured; 0 filtered out; finished in 0.00s
[INFO] [stdout] 
[INFO] [stderr]      Running tests/basic_auth.rs (/opt/rustwide/target/debug/deps/basic_auth-f7189f8d8f8d9dc1)
[INFO] [stdout] 
[INFO] [stdout] running 3 tests
[INFO] [stdout] test tests::basic_auth_resolves_request_unauthorized_when_header_is_missing ... FAILED
[INFO] [stdout] test tests::basic_auth_validates_wrong_credentials ... FAILED
[INFO] [stdout] test tests::basic_auth_resolves_request_successfuly ... FAILED
[INFO] [stdout] 
[INFO] [stdout] failures:
[INFO] [stdout] 
[INFO] [stdout] ---- tests::basic_auth_resolves_request_unauthorized_when_header_is_missing stdout ----
[INFO] [stdout] thread 'tests::basic_auth_resolves_request_unauthorized_when_header_is_missing' panicked at 'called `Result::unwrap()` on an `Err` value: hyper::Error(Connect, ConnectError("tcp connect error", Os { code: 111, kind: ConnectionRefused, message: "Connection refused" }))', tests/basic_auth.rs:10:48
[INFO] [stdout] stack backtrace:
[INFO] [stdout]    0:     0x562c75b616d0 - std::backtrace_rs::backtrace::libunwind::trace::h34055254b57d8e79
[INFO] [stdout]                                at /rustc/a178d0322ce20e33eac124758e837cbd80a6f633/library/std/src/../../backtrace/src/backtrace/libunwind.rs:90:5
[INFO] [stdout]    1:     0x562c75b616d0 - std::backtrace_rs::backtrace::trace_unsynchronized::h8f1e3fbd9afff6ec
[INFO] [stdout]                                at /rustc/a178d0322ce20e33eac124758e837cbd80a6f633/library/std/src/../../backtrace/src/backtrace/mod.rs:66:5
[INFO] [stdout]    2:     0x562c75b616d0 - std::sys_common::backtrace::_print_fmt::h3a99a796b770c360
[INFO] [stdout]                                at /rustc/a178d0322ce20e33eac124758e837cbd80a6f633/library/std/src/sys_common/backtrace.rs:67:5
[INFO] [stdout]    3:     0x562c75b616d0 - <std::sys_common::backtrace::_print::DisplayBacktrace as core::fmt::Display>::fmt::h32d1f94a80615d18
[INFO] [stdout]                                at /rustc/a178d0322ce20e33eac124758e837cbd80a6f633/library/std/src/sys_common/backtrace.rs:46:22
[INFO] [stdout]    4:     0x562c75b8477c - core::fmt::write::h306731c068f7162c
[INFO] [stdout]                                at /rustc/a178d0322ce20e33eac124758e837cbd80a6f633/library/core/src/fmt/mod.rs:1110:17
[INFO] [stdout]    5:     0x562c75b5b2a5 - std::io::Write::write_fmt::h87f19b0a2cd190bc
[INFO] [stdout]                                at /rustc/a178d0322ce20e33eac124758e837cbd80a6f633/library/std/src/io/mod.rs:1588:15
[INFO] [stdout]    6:     0x562c75b6385b - std::sys_common::backtrace::_print::h5abaa2601a852287
[INFO] [stdout]                                at /rustc/a178d0322ce20e33eac124758e837cbd80a6f633/library/std/src/sys_common/backtrace.rs:49:5
[INFO] [stdout]    7:     0x562c75b6385b - std::sys_common::backtrace::print::h8d81445442bb638f
[INFO] [stdout]                                at /rustc/a178d0322ce20e33eac124758e837cbd80a6f633/library/std/src/sys_common/backtrace.rs:36:9
[INFO] [stdout]    8:     0x562c75b6385b - std::panicking::default_hook::{{closure}}::hcfe804496a9fa747
[INFO] [stdout]                                at /rustc/a178d0322ce20e33eac124758e837cbd80a6f633/library/std/src/panicking.rs:208:50
[INFO] [stdout]    9:     0x562c75b6336c - std::panicking::default_hook::hbea8e3ccf2ba8901
[INFO] [stdout]                                at /rustc/a178d0322ce20e33eac124758e837cbd80a6f633/library/std/src/panicking.rs:222:9
[INFO] [stdout]   10:     0x562c75b63f24 - std::panicking::rust_panic_with_hook::h7ee9e1a2d0f8975a
[INFO] [stdout]                                at /rustc/a178d0322ce20e33eac124758e837cbd80a6f633/library/std/src/panicking.rs:622:17
[INFO] [stdout]   11:     0x562c75b63a07 - std::panicking::begin_panic_handler::{{closure}}::h8ab3b4491718b2c7
[INFO] [stdout]                                at /rustc/a178d0322ce20e33eac124758e837cbd80a6f633/library/std/src/panicking.rs:519:13
[INFO] [stdout]   12:     0x562c75b61bcc - std::sys_common::backtrace::__rust_end_short_backtrace::hd489062ffa586a9f
[INFO] [stdout]                                at /rustc/a178d0322ce20e33eac124758e837cbd80a6f633/library/std/src/sys_common/backtrace.rs:141:18
[INFO] [stdout]   13:     0x562c75b63969 - rust_begin_unwind
[INFO] [stdout]                                at /rustc/a178d0322ce20e33eac124758e837cbd80a6f633/library/std/src/panicking.rs:515:5
[INFO] [stdout]   14:     0x562c758bcc01 - core::panicking::panic_fmt::hca6330e3e14086b4
[INFO] [stdout]                                at /rustc/a178d0322ce20e33eac124758e837cbd80a6f633/library/core/src/panicking.rs:92:14
[INFO] [stdout]   15:     0x562c758bccf3 - core::result::unwrap_failed::h6160d2b4bfbb0e87
[INFO] [stdout]                                at /rustc/a178d0322ce20e33eac124758e837cbd80a6f633/library/core/src/result.rs:1355:5
[INFO] [stdout]   16:     0x562c7594da2b - core::result::Result<T,E>::unwrap::h72e1ad09f6e2746a
[INFO] [stdout]                                at /rustc/a178d0322ce20e33eac124758e837cbd80a6f633/library/core/src/result.rs:1037:23
[INFO] [stdout]   17:     0x562c759024dd - basic_auth::tests::http_get::{{closure}}::h0643509b1b3b795c
[INFO] [stdout]                                at /opt/rustwide/workdir/tests/basic_auth.rs:10:9
[INFO] [stdout]   18:     0x562c758c33c7 - <core::future::from_generator::GenFuture<T> as core::future::future::Future>::poll::h5355016f9ece51ef
[INFO] [stdout]                                at /rustc/a178d0322ce20e33eac124758e837cbd80a6f633/library/core/src/future/mod.rs:80:19
[INFO] [stdout]   19:     0x562c75903943 - basic_auth::tests::basic_auth_resolves_request_unauthorized_when_header_is_missing::{{closure}}::h4b3137d93fb3a307
[INFO] [stdout]                                at /opt/rustwide/workdir/tests/basic_auth.rs:48:24
[INFO] [stdout]   20:     0x562c758c418b - <core::future::from_generator::GenFuture<T> as core::future::future::Future>::poll::hc4ade170242f9b47
[INFO] [stdout]                                at /rustc/a178d0322ce20e33eac124758e837cbd80a6f633/library/core/src/future/mod.rs:80:19
[INFO] [stdout]   21:     0x562c758fa9af - <core::pin::Pin<P> as core::future::future::Future>::poll::h0386e6611a6cacdd
[INFO] [stdout]                                at /rustc/a178d0322ce20e33eac124758e837cbd80a6f633/library/core/src/future/future.rs:119:9
[INFO] [stdout]   22:     0x562c759580b0 - tokio::runtime::basic_scheduler::Inner<P>::block_on::{{closure}}::{{closure}}::hab3c1d362ebbd649
[INFO] [stdout]                                at /opt/rustwide/cargo-home/registry/src/github.com-1ecc6299db9ec823/tokio-1.7.1/src/runtime/basic_scheduler.rs:213:62
[INFO] [stdout]   23:     0x562c7595551c - tokio::coop::with_budget::{{closure}}::h8307ca614f0cc839
[INFO] [stdout]                                at /opt/rustwide/cargo-home/registry/src/github.com-1ecc6299db9ec823/tokio-1.7.1/src/coop.rs:106:9
[INFO] [stdout]   24:     0x562c758fbfb1 - std::thread::local::LocalKey<T>::try_with::h48af6d1fa6a86bd4
[INFO] [stdout]                                at /rustc/a178d0322ce20e33eac124758e837cbd80a6f633/library/std/src/thread/local.rs:400:16
[INFO] [stdout]   25:     0x562c758fb3bd - std::thread::local::LocalKey<T>::with::h6b6ed6d829e3688d
[INFO] [stdout]                                at /rustc/a178d0322ce20e33eac124758e837cbd80a6f633/library/std/src/thread/local.rs:376:9
[INFO] [stdout]   26:     0x562c759575dc - tokio::coop::with_budget::h4be1abb52dedc33c
[INFO] [stdout]                                at /opt/rustwide/cargo-home/registry/src/github.com-1ecc6299db9ec823/tokio-1.7.1/src/coop.rs:99:5
[INFO] [stdout]   27:     0x562c759575dc - tokio::coop::budget::hbae321131e8b1327
[INFO] [stdout]                                at /opt/rustwide/cargo-home/registry/src/github.com-1ecc6299db9ec823/tokio-1.7.1/src/coop.rs:76:5
[INFO] [stdout]   28:     0x562c759575dc - tokio::runtime::basic_scheduler::Inner<P>::block_on::{{closure}}::h96174aa81b7bf2fc
[INFO] [stdout]                                at /opt/rustwide/cargo-home/registry/src/github.com-1ecc6299db9ec823/tokio-1.7.1/src/runtime/basic_scheduler.rs:213:39
[INFO] [stdout]   29:     0x562c75959e61 - tokio::runtime::basic_scheduler::enter::{{closure}}::he3358e765fcb6ac6
[INFO] [stdout]                                at /opt/rustwide/cargo-home/registry/src/github.com-1ecc6299db9ec823/tokio-1.7.1/src/runtime/basic_scheduler.rs:323:29
[INFO] [stdout]   30:     0x562c758cb55d - tokio::macros::scoped_tls::ScopedKey<T>::set::h4fa5ff6837f98b28
[INFO] [stdout]                                at /opt/rustwide/cargo-home/registry/src/github.com-1ecc6299db9ec823/tokio-1.7.1/src/macros/scoped_tls.rs:61:9
[INFO] [stdout]   31:     0x562c759599ec - tokio::runtime::basic_scheduler::enter::h6256470a2327fe81
[INFO] [stdout]                                at /opt/rustwide/cargo-home/registry/src/github.com-1ecc6299db9ec823/tokio-1.7.1/src/runtime/basic_scheduler.rs:323:5
[INFO] [stdout]   32:     0x562c75955d3b - tokio::runtime::basic_scheduler::Inner<P>::block_on::hc3fea427d5519791
[INFO] [stdout]                                at /opt/rustwide/cargo-home/registry/src/github.com-1ecc6299db9ec823/tokio-1.7.1/src/runtime/basic_scheduler.rs:202:9
[INFO] [stdout]   33:     0x562c75958204 - tokio::runtime::basic_scheduler::InnerGuard<P>::block_on::h19af2166ede4fa02
[INFO] [stdout]                                at /opt/rustwide/cargo-home/registry/src/github.com-1ecc6299db9ec823/tokio-1.7.1/src/runtime/basic_scheduler.rs:516:9
[INFO] [stdout]   34:     0x562c759589d8 - tokio::runtime::basic_scheduler::BasicScheduler<P>::block_on::h568e9e9ab0262185
[INFO] [stdout]                                at /opt/rustwide/cargo-home/registry/src/github.com-1ecc6299db9ec823/tokio-1.7.1/src/runtime/basic_scheduler.rs:162:24
[INFO] [stdout]   35:     0x562c7594a04a - tokio::runtime::Runtime::block_on::hcd4afa8efea5390b
[INFO] [stdout]                                at /opt/rustwide/cargo-home/registry/src/github.com-1ecc6299db9ec823/tokio-1.7.1/src/runtime/mod.rs:450:46
[INFO] [stdout]   36:     0x562c7590375b - basic_auth::tests::basic_auth_resolves_request_unauthorized_when_header_is_missing::hdac8611809df16f2
[INFO] [stdout]                                at /opt/rustwide/workdir/tests/basic_auth.rs:50:9
[INFO] [stdout]   37:     0x562c7590368a - basic_auth::tests::basic_auth_resolves_request_unauthorized_when_header_is_missing::{{closure}}::hd363e747e70860e4
[INFO] [stdout]                                at /opt/rustwide/workdir/tests/basic_auth.rs:47:11
[INFO] [stdout]   38:     0x562c758f383e - core::ops::function::FnOnce::call_once::h05eae98d734e38c4
[INFO] [stdout]                                at /rustc/a178d0322ce20e33eac124758e837cbd80a6f633/library/core/src/ops/function.rs:227:5
[INFO] [stdout]   39:     0x562c75982823 - core::ops::function::FnOnce::call_once::h152e7e439ff59e19
[INFO] [stdout]                                at /rustc/a178d0322ce20e33eac124758e837cbd80a6f633/library/core/src/ops/function.rs:227:5
[INFO] [stdout]   40:     0x562c75982823 - test::__rust_begin_short_backtrace::h0908f3b1fdbb72ab
[INFO] [stdout]                                at /rustc/a178d0322ce20e33eac124758e837cbd80a6f633/library/test/src/lib.rs:577:5
[INFO] [stdout]   41:     0x562c759812e0 - <alloc::boxed::Box<F,A> as core::ops::function::FnOnce<Args>>::call_once::hf6d2a51e5587546c
[INFO] [stdout]                                at /rustc/a178d0322ce20e33eac124758e837cbd80a6f633/library/alloc/src/boxed.rs:1575:9
[INFO] [stdout]   42:     0x562c759812e0 - <std::panic::AssertUnwindSafe<F> as core::ops::function::FnOnce<()>>::call_once::h8af660f3a89ef593
[INFO] [stdout]                                at /rustc/a178d0322ce20e33eac124758e837cbd80a6f633/library/std/src/panic.rs:347:9
[INFO] [stdout]   43:     0x562c759812e0 - std::panicking::try::do_call::hd36aef60f84b6d36
[INFO] [stdout]                                at /rustc/a178d0322ce20e33eac124758e837cbd80a6f633/library/std/src/panicking.rs:401:40
[INFO] [stdout]   44:     0x562c759812e0 - std::panicking::try::h9932b4480e69817c
[INFO] [stdout]                                at /rustc/a178d0322ce20e33eac124758e837cbd80a6f633/library/std/src/panicking.rs:365:19
[INFO] [stdout]   45:     0x562c759812e0 - std::panic::catch_unwind::h6aa177099cfff5f8
[INFO] [stdout]                                at /rustc/a178d0322ce20e33eac124758e837cbd80a6f633/library/std/src/panic.rs:434:14
[INFO] [stdout]   46:     0x562c759812e0 - test::run_test_in_process::h5884d6f2d99e20c3
[INFO] [stdout]                                at /rustc/a178d0322ce20e33eac124758e837cbd80a6f633/library/test/src/lib.rs:600:18
[INFO] [stdout]   47:     0x562c759812e0 - test::run_test::run_test_inner::{{closure}}::h6fdc58c6d5f5b6e3
[INFO] [stdout]                                at /rustc/a178d0322ce20e33eac124758e837cbd80a6f633/library/test/src/lib.rs:492:39
[INFO] [stdout]   48:     0x562c7595a992 - test::run_test::run_test_inner::{{closure}}::h408365d67a78ade8
[INFO] [stdout]                                at /rustc/a178d0322ce20e33eac124758e837cbd80a6f633/library/test/src/lib.rs:519:37
[INFO] [stdout]   49:     0x562c7595a992 - std::sys_common::backtrace::__rust_begin_short_backtrace::hb560b77c4f701523
[INFO] [stdout]                                at /rustc/a178d0322ce20e33eac124758e837cbd80a6f633/library/std/src/sys_common/backtrace.rs:125:18
[INFO] [stdout]   50:     0x562c7595e548 - std::thread::Builder::spawn_unchecked::{{closure}}::{{closure}}::hf2e7831dad93c597
[INFO] [stdout]                                at /rustc/a178d0322ce20e33eac124758e837cbd80a6f633/library/std/src/thread/mod.rs:481:17
[INFO] [stdout]   51:     0x562c7595e548 - <std::panic::AssertUnwindSafe<F> as core::ops::function::FnOnce<()>>::call_once::hd2e08783d8be4d02
[INFO] [stdout]                                at /rustc/a178d0322ce20e33eac124758e837cbd80a6f633/library/std/src/panic.rs:347:9
[INFO] [stdout]   52:     0x562c7595e548 - std::panicking::try::do_call::h062597b7acfd6b82
[INFO] [stdout]                                at /rustc/a178d0322ce20e33eac124758e837cbd80a6f633/library/std/src/panicking.rs:401:40
[INFO] [stdout]   53:     0x562c7595e548 - std::panicking::try::h0d7b79db04c14552
[INFO] [stdout]                                at /rustc/a178d0322ce20e33eac124758e837cbd80a6f633/library/std/src/panicking.rs:365:19
[INFO] [stdout]   54:     0x562c7595e548 - std::panic::catch_unwind::hb01a0b5e7c8cd43b
[INFO] [stdout]                                at /rustc/a178d0322ce20e33eac124758e837cbd80a6f633/library/std/src/panic.rs:434:14
[INFO] [stdout]   55:     0x562c7595e548 - std::thread::Builder::spawn_unchecked::{{closure}}::h5bde48cc887e0d1e
[INFO] [stdout]                                at /rustc/a178d0322ce20e33eac124758e837cbd80a6f633/library/std/src/thread/mod.rs:480:30
[INFO] [stdout]   56:     0x562c7595e548 - core::ops::function::FnOnce::call_once{{vtable.shim}}::h745ea30807a29e55
[INFO] [stdout]                                at /rustc/a178d0322ce20e33eac124758e837cbd80a6f633/library/core/src/ops/function.rs:227:5
[INFO] [stdout]   57:     0x562c75b69077 - <alloc::boxed::Box<F,A> as core::ops::function::FnOnce<Args>>::call_once::h7ece6cfefaff1005
[INFO] [stdout]                                at /rustc/a178d0322ce20e33eac124758e837cbd80a6f633/library/alloc/src/boxed.rs:1575:9
[INFO] [stdout]   58:     0x562c75b69077 - <alloc::boxed::Box<F,A> as core::ops::function::FnOnce<Args>>::call_once::hb8b48e55c21f193e
[INFO] [stdout]                                at /rustc/a178d0322ce20e33eac124758e837cbd80a6f633/library/alloc/src/boxed.rs:1575:9
[INFO] [stdout]   59:     0x562c75b69077 - std::sys::unix::thread::Thread::new::thread_start::h8c7c4450dba62914
[INFO] [stdout]                                at /rustc/a178d0322ce20e33eac124758e837cbd80a6f633/library/std/src/sys/unix/thread.rs:71:17
[INFO] [stdout]   60:     0x7f0acbe8d609 - start_thread
[INFO] [stdout]   61:     0x7f0acbc5f293 - clone
[INFO] [stdout]   62:                0x0 - <unknown>
[INFO] [stdout] 
[INFO] [stdout] ---- tests::basic_auth_validates_wrong_credentials stdout ----
[INFO] [stdout] thread 'tests::basic_auth_validates_wrong_credentials' panicked at 'called `Result::unwrap()` on an `Err` value: hyper::Error(Connect, ConnectError("tcp connect error", Os { code: 111, kind: ConnectionRefused, message: "Connection refused" }))', tests/basic_auth.rs:29:14
[INFO] [stdout] stack backtrace:
[INFO] [stdout]    0:     0x562c75b616d0 - std::backtrace_rs::backtrace::libunwind::trace::h34055254b57d8e79
[INFO] [stdout]                                at /rustc/a178d0322ce20e33eac124758e837cbd80a6f633/library/std/src/../../backtrace/src/backtrace/libunwind.rs:90:5
[INFO] [stdout]    1:     0x562c75b616d0 - std::backtrace_rs::backtrace::trace_unsynchronized::h8f1e3fbd9afff6ec
[INFO] [stdout]                                at /rustc/a178d0322ce20e33eac124758e837cbd80a6f633/library/std/src/../../backtrace/src/backtrace/mod.rs:66:5
[INFO] [stdout]    2:     0x562c75b616d0 - std::sys_common::backtrace::_print_fmt::h3a99a796b770c360
[INFO] [stdout]                                at /rustc/a178d0322ce20e33eac124758e837cbd80a6f633/library/std/src/sys_common/backtrace.rs:67:5
[INFO] [stdout]    3:     0x562c75b616d0 - <std::sys_common::backtrace::_print::DisplayBacktrace as core::fmt::Display>::fmt::h32d1f94a80615d18
[INFO] [stdout]                                at /rustc/a178d0322ce20e33eac124758e837cbd80a6f633/library/std/src/sys_common/backtrace.rs:46:22
[INFO] [stdout]    4:     0x562c75b8477c - core::fmt::write::h306731c068f7162c
[INFO] [stdout]                                at /rustc/a178d0322ce20e33eac124758e837cbd80a6f633/library/core/src/fmt/mod.rs:1110:17
[INFO] [stdout]    5:     0x562c75b5b2a5 - std::io::Write::write_fmt::h87f19b0a2cd190bc
[INFO] [stdout]                                at /rustc/a178d0322ce20e33eac124758e837cbd80a6f633/library/std/src/io/mod.rs:1588:15
[INFO] [stdout]    6:     0x562c75b6385b - std::sys_common::backtrace::_print::h5abaa2601a852287
[INFO] [stdout]                                at /rustc/a178d0322ce20e33eac124758e837cbd80a6f633/library/std/src/sys_common/backtrace.rs:49:5
[INFO] [stdout]    7:     0x562c75b6385b - std::sys_common::backtrace::print::h8d81445442bb638f
[INFO] [stdout]                                at /rustc/a178d0322ce20e33eac124758e837cbd80a6f633/library/std/src/sys_common/backtrace.rs:36:9
[INFO] [stdout]    8:     0x562c75b6385b - std::panicking::default_hook::{{closure}}::hcfe804496a9fa747
[INFO] [stdout]                                at /rustc/a178d0322ce20e33eac124758e837cbd80a6f633/library/std/src/panicking.rs:208:50
[INFO] [stdout]    9:     0x562c75b6336c - std::panicking::default_hook::hbea8e3ccf2ba8901
[INFO] [stdout]                                at /rustc/a178d0322ce20e33eac124758e837cbd80a6f633/library/std/src/panicking.rs:222:9
[INFO] [stdout]   10:     0x562c75b63f24 - std::panicking::rust_panic_with_hook::h7ee9e1a2d0f8975a
[INFO] [stdout]                                at /rustc/a178d0322ce20e33eac124758e837cbd80a6f633/library/std/src/panicking.rs:622:17
[INFO] [stdout]   11:     0x562c75b63a07 - std::panicking::begin_panic_handler::{{closure}}::h8ab3b4491718b2c7
[INFO] [stdout]                                at /rustc/a178d0322ce20e33eac124758e837cbd80a6f633/library/std/src/panicking.rs:519:13
[INFO] [stdout]   12:     0x562c75b61bcc - std::sys_common::backtrace::__rust_end_short_backtrace::hd489062ffa586a9f
[INFO] [stdout]                                at /rustc/a178d0322ce20e33eac124758e837cbd80a6f633/library/std/src/sys_common/backtrace.rs:141:18
[INFO] [stdout]   13:     0x562c75b63969 - rust_begin_unwind
[INFO] [stdout]                                at /rustc/a178d0322ce20e33eac124758e837cbd80a6f633/library/std/src/panicking.rs:515:5
[INFO] [stdout]   14:     0x562c758bcc01 - core::panicking::panic_fmt::hca6330e3e14086b4
[INFO] [stdout]                                at /rustc/a178d0322ce20e33eac124758e837cbd80a6f633/library/core/src/panicking.rs:92:14
[INFO] [stdout]   15:     0x562c758bccf3 - core::result::unwrap_failed::h6160d2b4bfbb0e87
[INFO] [stdout]                                at /rustc/a178d0322ce20e33eac124758e837cbd80a6f633/library/core/src/result.rs:1355:5
[INFO] [stdout]   16:     0x562c7594da2b - core::result::Result<T,E>::unwrap::h72e1ad09f6e2746a
[INFO] [stdout]                                at /rustc/a178d0322ce20e33eac124758e837cbd80a6f633/library/core/src/result.rs:1037:23
[INFO] [stdout]   17:     0x562c75902c9f - basic_auth::tests::http_get_with_basic_auth::{{closure}}::hae1ff7606e98fa55
[INFO] [stdout]                                at /opt/rustwide/workdir/tests/basic_auth.rs:26:9
[INFO] [stdout]   18:     0x562c758c3227 - <core::future::from_generator::GenFuture<T> as core::future::future::Future>::poll::h0314dfe1756fad53
[INFO] [stdout]                                at /rustc/a178d0322ce20e33eac124758e837cbd80a6f633/library/core/src/future/mod.rs:80:19
[INFO] [stdout]   19:     0x562c759034d7 - basic_auth::tests::basic_auth_validates_wrong_credentials::{{closure}}::h259e70f50c99f110
[INFO] [stdout]                                at /opt/rustwide/workdir/tests/basic_auth.rs:41:24
[INFO] [stdout]   20:     0x562c758c330b - <core::future::from_generator::GenFuture<T> as core::future::future::Future>::poll::h4d725292ad7ac1bb
[INFO] [stdout]                                at /rustc/a178d0322ce20e33eac124758e837cbd80a6f633/library/core/src/future/mod.rs:80:19
[INFO] [stdout]   21:     0x562c758faaff - <core::pin::Pin<P> as core::future::future::Future>::poll::h601ea853f867b08b
[INFO] [stdout]                                at /rustc/a178d0322ce20e33eac124758e837cbd80a6f633/library/core/src/future/future.rs:119:9
[INFO] [stdout]   22:     0x562c75958030 - tokio::runtime::basic_scheduler::Inner<P>::block_on::{{closure}}::{{closure}}::h57659136b6e50e01
[INFO] [stdout]                                at /opt/rustwide/cargo-home/registry/src/github.com-1ecc6299db9ec823/tokio-1.7.1/src/runtime/basic_scheduler.rs:213:62
[INFO] [stdout]   23:     0x562c7595564c - tokio::coop::with_budget::{{closure}}::h8dacb9451fcba854
[INFO] [stdout]                                at /opt/rustwide/cargo-home/registry/src/github.com-1ecc6299db9ec823/tokio-1.7.1/src/coop.rs:106:9
[INFO] [stdout]   24:     0x562c758fbaa1 - std::thread::local::LocalKey<T>::try_with::h26a5080a7f86bee6
[INFO] [stdout]                                at /rustc/a178d0322ce20e33eac124758e837cbd80a6f633/library/std/src/thread/local.rs:400:16
[INFO] [stdout]   25:     0x562c758fb55d - std::thread::local::LocalKey<T>::with::h9d1698c681c7d17c
[INFO] [stdout]                                at /rustc/a178d0322ce20e33eac124758e837cbd80a6f633/library/std/src/thread/local.rs:376:9
[INFO] [stdout]   26:     0x562c75956b2c - tokio::coop::with_budget::hb329c60539c69f7e
[INFO] [stdout]                                at /opt/rustwide/cargo-home/registry/src/github.com-1ecc6299db9ec823/tokio-1.7.1/src/coop.rs:99:5
[INFO] [stdout]   27:     0x562c75956b2c - tokio::coop::budget::h01e41f744c1c37af
[INFO] [stdout]                                at /opt/rustwide/cargo-home/registry/src/github.com-1ecc6299db9ec823/tokio-1.7.1/src/coop.rs:76:5
[INFO] [stdout]   28:     0x562c75956b2c - tokio::runtime::basic_scheduler::Inner<P>::block_on::{{closure}}::h6e3f5bc384f80c32
[INFO] [stdout]                                at /opt/rustwide/cargo-home/registry/src/github.com-1ecc6299db9ec823/tokio-1.7.1/src/runtime/basic_scheduler.rs:213:39
[INFO] [stdout]   29:     0x562c75959de1 - tokio::runtime::basic_scheduler::enter::{{closure}}::h94c008d8e0e17351
[INFO] [stdout]                                at /opt/rustwide/cargo-home/registry/src/github.com-1ecc6299db9ec823/tokio-1.7.1/src/runtime/basic_scheduler.rs:323:29
[INFO] [stdout]   30:     0x562c758cb73d - tokio::macros::scoped_tls::ScopedKey<T>::set::h94545bdc3b7cbf51
[INFO] [stdout]                                at /opt/rustwide/cargo-home/registry/src/github.com-1ecc6299db9ec823/tokio-1.7.1/src/macros/scoped_tls.rs:61:9
[INFO] [stdout]   31:     0x562c75959d5c - tokio::runtime::basic_scheduler::enter::h93490b7f1c033ff8
[INFO] [stdout]                                at /opt/rustwide/cargo-home/registry/src/github.com-1ecc6299db9ec823/tokio-1.7.1/src/runtime/basic_scheduler.rs:323:5
[INFO] [stdout]   32:     0x562c75955d1b - tokio::runtime::basic_scheduler::Inner<P>::block_on::h2794831b97cd4752
[INFO] [stdout]                                at /opt/rustwide/cargo-home/registry/src/github.com-1ecc6299db9ec823/tokio-1.7.1/src/runtime/basic_scheduler.rs:202:9
[INFO] [stdout]   33:     0x562c75958324 - tokio::runtime::basic_scheduler::InnerGuard<P>::block_on::hb19e1923c5a8522c
[INFO] [stdout]                                at /opt/rustwide/cargo-home/registry/src/github.com-1ecc6299db9ec823/tokio-1.7.1/src/runtime/basic_scheduler.rs:516:9
[INFO] [stdout]   34:     0x562c75958d88 - tokio::runtime::basic_scheduler::BasicScheduler<P>::block_on::haca1c2a39f909f52
[INFO] [stdout]                                at /opt/rustwide/cargo-home/registry/src/github.com-1ecc6299db9ec823/tokio-1.7.1/src/runtime/basic_scheduler.rs:162:24
[INFO] [stdout]   35:     0x562c7594a210 - tokio::runtime::Runtime::block_on::hffb6f6bc0e2f9cb6
[INFO] [stdout]                                at /opt/rustwide/cargo-home/registry/src/github.com-1ecc6299db9ec823/tokio-1.7.1/src/runtime/mod.rs:450:46
[INFO] [stdout]   36:     0x562c759032cb - basic_auth::tests::basic_auth_validates_wrong_credentials::h74e89468388f6974
[INFO] [stdout]                                at /opt/rustwide/workdir/tests/basic_auth.rs:43:9
[INFO] [stdout]   37:     0x562c759031fa - basic_auth::tests::basic_auth_validates_wrong_credentials::{{closure}}::h5134ddadae27ee07
[INFO] [stdout]                                at /opt/rustwide/workdir/tests/basic_auth.rs:40:11
[INFO] [stdout]   38:     0x562c758f3d5e - core::ops::function::FnOnce::call_once::he017204d79947de2
[INFO] [stdout]                                at /rustc/a178d0322ce20e33eac124758e837cbd80a6f633/library/core/src/ops/function.rs:227:5
[INFO] [stdout]   39:     0x562c75982823 - core::ops::function::FnOnce::call_once::h152e7e439ff59e19
[INFO] [stdout]                                at /rustc/a178d0322ce20e33eac124758e837cbd80a6f633/library/core/src/ops/function.rs:227:5
[INFO] [stdout]   40:     0x562c75982823 - test::__rust_begin_short_backtrace::h0908f3b1fdbb72ab
[INFO] [stdout]                                at /rustc/a178d0322ce20e33eac124758e837cbd80a6f633/library/test/src/lib.rs:577:5
[INFO] [stdout]   41:     0x562c759812e0 - <alloc::boxed::Box<F,A> as core::ops::function::FnOnce<Args>>::call_once::hf6d2a51e5587546c
[INFO] [stdout]                                at /rustc/a178d0322ce20e33eac124758e837cbd80a6f633/library/alloc/src/boxed.rs:1575:9
[INFO] [stdout]   42:     0x562c759812e0 - <std::panic::AssertUnwindSafe<F> as core::ops::function::FnOnce<()>>::call_once::h8af660f3a89ef593
[INFO] [stdout]                                at /rustc/a178d0322ce20e33eac124758e837cbd80a6f633/library/std/src/panic.rs:347:9
[INFO] [stdout]   43:     0x562c759812e0 - std::panicking::try::do_call::hd36aef60f84b6d36
[INFO] [stdout]                                at /rustc/a178d0322ce20e33eac124758e837cbd80a6f633/library/std/src/panicking.rs:401:40
[INFO] [stdout]   44:     0x562c759812e0 - std::panicking::try::h9932b4480e69817c
[INFO] [stdout]                                at /rustc/a178d0322ce20e33eac124758e837cbd80a6f633/library/std/src/panicking.rs:365:19
[INFO] [stdout]   45:     0x562c759812e0 - std::panic::catch_unwind::h6aa177099cfff5f8
[INFO] [stdout]                                at /rustc/a178d0322ce20e33eac124758e837cbd80a6f633/library/std/src/panic.rs:434:14
[INFO] [stdout]   46:     0x562c759812e0 - test::run_test_in_process::h5884d6f2d99e20c3
[INFO] [stdout]                                at /rustc/a178d0322ce20e33eac124758e837cbd80a6f633/library/test/src/lib.rs:600:18
[INFO] [stdout]   47:     0x562c759812e0 - test::run_test::run_test_inner::{{closure}}::h6fdc58c6d5f5b6e3
[INFO] [stdout]                                at /rustc/a178d0322ce20e33eac124758e837cbd80a6f633/library/test/src/lib.rs:492:39
[INFO] [stdout]   48:     0x562c7595a992 - test::run_test::run_test_inner::{{closure}}::h408365d67a78ade8
[INFO] [stdout]                                at /rustc/a178d0322ce20e33eac124758e837cbd80a6f633/library/test/src/lib.rs:519:37
[INFO] [stdout]   49:     0x562c7595a992 - std::sys_common::backtrace::__rust_begin_short_backtrace::hb560b77c4f701523
[INFO] [stdout]                                at /rustc/a178d0322ce20e33eac124758e837cbd80a6f633/library/std/src/sys_common/backtrace.rs:125:18
[INFO] [stdout]   50:     0x562c7595e548 - std::thread::Builder::spawn_unchecked::{{closure}}::{{closure}}::hf2e7831dad93c597
[INFO] [stdout]                                at /rustc/a178d0322ce20e33eac124758e837cbd80a6f633/library/std/src/thread/mod.rs:481:17
[INFO] [stdout]   51:     0x562c7595e548 - <std::panic::AssertUnwindSafe<F> as core::ops::function::FnOnce<()>>::call_once::hd2e08783d8be4d02
[INFO] [stdout]                                at /rustc/a178d0322ce20e33eac124758e837cbd80a6f633/library/std/src/panic.rs:347:9
[INFO] [stdout]   52:     0x562c7595e548 - std::panicking::try::do_call::h062597b7acfd6b82
[INFO] [stdout]                                at /rustc/a178d0322ce20e33eac124758e837cbd80a6f633/library/std/src/panicking.rs:401:40
[INFO] [stdout]   53:     0x562c7595e548 - std::panicking::try::h0d7b79db04c14552
[INFO] [stdout]                                at /rustc/a178d0322ce20e33eac124758e837cbd80a6f633/library/std/src/panicking.rs:365:19
[INFO] [stdout]   54:     0x562c7595e548 - std::panic::catch_unwind::hb01a0b5e7c8cd43b
[INFO] [stdout]                                at /rustc/a178d0322ce20e33eac124758e837cbd80a6f633/library/std/src/panic.rs:434:14
[INFO] [stdout]   55:     0x562c7595e548 - std::thread::Builder::spawn_unchecked::{{closure}}::h5bde48cc887e0d1e
[INFO] [stdout]                                at /rustc/a178d0322ce20e33eac124758e837cbd80a6f633/library/std/src/thread/mod.rs:480:30
[INFO] [stdout]   56:     0x562c7595e548 - core::ops::function::FnOnce::call_once{{vtable.shim}}::h745ea30807a29e55
[INFO] [stdout]                                at /rustc/a178d0322ce20e33eac124758e837cbd80a6f633/library/core/src/ops/function.rs:227:5
[INFO] [stdout]   57:     0x562c75b69077 - <alloc::boxed::Box<F,A> as core::ops::function::FnOnce<Args>>::call_once::h7ece6cfefaff1005
[INFO] [stdout]                                at /rustc/a178d0322ce20e33eac124758e837cbd80a6f633/library/alloc/src/boxed.rs:1575:9
[INFO] [stdout]   58:     0x562c75b69077 - <alloc::boxed::Box<F,A> as core::ops::function::FnOnce<Args>>::call_once::hb8b48e55c21f193e
[INFO] [stdout]                                at /rustc/a178d0322ce20e33eac124758e837cbd80a6f633/library/alloc/src/boxed.rs:1575:9
[INFO] [stdout]   59:     0x562c75b69077 - std::sys::unix::thread::Thread::new::thread_start::h8c7c4450dba62914
[INFO] [stdout]                                at /rustc/a178d0322ce20e33eac124758e837cbd80a6f633/library/std/src/sys/unix/thread.rs:71:17
[INFO] [stdout]   60:     0x7f0acbe8d609 - start_thread
[INFO] [stdout]   61:     0x7f0acbc5f293 - clone
[INFO] [stdout]   62:                0x0 - <unknown>
[INFO] [stdout] 
[INFO] [stdout] ---- tests::basic_auth_resolves_request_successfuly stdout ----
[INFO] [stdout] thread 'tests::basic_auth_resolves_request_successfuly' panicked at 'called `Result::unwrap()` on an `Err` value: hyper::Error(Connect, ConnectError("tcp connect error", Os { code: 111, kind: ConnectionRefused, message: "Connection refused" }))', tests/basic_auth.rs:29:14
[INFO] [stdout] stack backtrace:
[INFO] [stdout]    0:     0x562c75b616d0 - std::backtrace_rs::backtrace::libunwind::trace::h34055254b57d8e79
[INFO] [stdout]                                at /rustc/a178d0322ce20e33eac124758e837cbd80a6f633/library/std/src/../../backtrace/src/backtrace/libunwind.rs:90:5
[INFO] [stdout]    1:     0x562c75b616d0 - std::backtrace_rs::backtrace::trace_unsynchronized::h8f1e3fbd9afff6ec
[INFO] [stdout]                                at /rustc/a178d0322ce20e33eac124758e837cbd80a6f633/library/std/src/../../backtrace/src/backtrace/mod.rs:66:5
[INFO] [stdout]    2:     0x562c75b616d0 - std::sys_common::backtrace::_print_fmt::h3a99a796b770c360
[INFO] [stdout]                                at /rustc/a178d0322ce20e33eac124758e837cbd80a6f633/library/std/src/sys_common/backtrace.rs:67:5
[INFO] [stdout]    3:     0x562c75b616d0 - <std::sys_common::backtrace::_print::DisplayBacktrace as core::fmt::Display>::fmt::h32d1f94a80615d18
[INFO] [stdout]                                at /rustc/a178d0322ce20e33eac124758e837cbd80a6f633/library/std/src/sys_common/backtrace.rs:46:22
[INFO] [stdout]    4:     0x562c75b8477c - core::fmt::write::h306731c068f7162c
[INFO] [stdout]                                at /rustc/a178d0322ce20e33eac124758e837cbd80a6f633/library/core/src/fmt/mod.rs:1110:17
[INFO] [stdout]    5:     0x562c75b5b2a5 - std::io::Write::write_fmt::h87f19b0a2cd190bc
[INFO] [stdout]                                at /rustc/a178d0322ce20e33eac124758e837cbd80a6f633/library/std/src/io/mod.rs:1588:15
[INFO] [stdout]    6:     0x562c75b6385b - std::sys_common::backtrace::_print::h5abaa2601a852287
[INFO] [stdout]                                at /rustc/a178d0322ce20e33eac124758e837cbd80a6f633/library/std/src/sys_common/backtrace.rs:49:5
[INFO] [stdout]    7:     0x562c75b6385b - std::sys_common::backtrace::print::h8d81445442bb638f
[INFO] [stdout]                                at /rustc/a178d0322ce20e33eac124758e837cbd80a6f633/library/std/src/sys_common/backtrace.rs:36:9
[INFO] [stdout]    8:     0x562c75b6385b - std::panicking::default_hook::{{closure}}::hcfe804496a9fa747
[INFO] [stdout]                                at /rustc/a178d0322ce20e33eac124758e837cbd80a6f633/library/std/src/panicking.rs:208:50
[INFO] [stdout]    9:     0x562c75b6336c - std::panicking::default_hook::hbea8e3ccf2ba8901
[INFO] [stdout]                                at /rustc/a178d0322ce20e33eac124758e837cbd80a6f633/library/std/src/panicking.rs:222:9
[INFO] [stdout]   10:     0x562c75b63f24 - std::panicking::rust_panic_with_hook::h7ee9e1a2d0f8975a
[INFO] [stdout]                                at /rustc/a178d0322ce20e33eac124758e837cbd80a6f633/library/std/src/panicking.rs:622:17
[INFO] [stdout]   11:     0x562c75b63a07 - std::panicking::begin_panic_handler::{{closure}}::h8ab3b4491718b2c7
[INFO] [stdout]                                at /rustc/a178d0322ce20e33eac124758e837cbd80a6f633/library/std/src/panicking.rs:519:13
[INFO] [stdout]   12:     0x562c75b61bcc - std::sys_common::backtrace::__rust_end_short_backtrace::hd489062ffa586a9f
[INFO] [stdout]                                at /rustc/a178d0322ce20e33eac124758e837cbd80a6f633/library/std/src/sys_common/backtrace.rs:141:18
[INFO] [stdout]   13:     0x562c75b63969 - rust_begin_unwind
[INFO] [stdout]                                at /rustc/a178d0322ce20e33eac124758e837cbd80a6f633/library/std/src/panicking.rs:515:5
[INFO] [stdout]   14:     0x562c758bcc01 - core::panicking::panic_fmt::hca6330e3e14086b4
[INFO] [stdout]                                at /rustc/a178d0322ce20e33eac124758e837cbd80a6f633/library/core/src/panicking.rs:92:14
[INFO] [stdout]   15:     0x562c758bccf3 - core::result::unwrap_failed::h6160d2b4bfbb0e87
[INFO] [stdout]                                at /rustc/a178d0322ce20e33eac124758e837cbd80a6f633/library/core/src/result.rs:1355:5
[INFO] [stdout]   16:     0x562c7594da2b - core::result::Result<T,E>::unwrap::h72e1ad09f6e2746a
[INFO] [stdout]                                at /rustc/a178d0322ce20e33eac124758e837cbd80a6f633/library/core/src/result.rs:1037:23
[INFO] [stdout]   17:     0x562c75902c9f - basic_auth::tests::http_get_with_basic_auth::{{closure}}::hae1ff7606e98fa55
[INFO] [stdout]                                at /opt/rustwide/workdir/tests/basic_auth.rs:26:9
[INFO] [stdout]   18:     0x562c758c3227 - <core::future::from_generator::GenFuture<T> as core::future::future::Future>::poll::h0314dfe1756fad53
[INFO] [stdout]                                at /rustc/a178d0322ce20e33eac124758e837cbd80a6f633/library/core/src/future/mod.rs:80:19
[INFO] [stdout]   19:     0x562c75903047 - basic_auth::tests::basic_auth_resolves_request_successfuly::{{closure}}::h7d1242642a044eba
[INFO] [stdout]                                at /opt/rustwide/workdir/tests/basic_auth.rs:34:24
[INFO] [stdout]   20:     0x562c758c3aeb - <core::future::from_generator::GenFuture<T> as core::future::future::Future>::poll::h8f6532fd12b5ebe3
[INFO] [stdout]                                at /rustc/a178d0322ce20e33eac124758e837cbd80a6f633/library/core/src/future/mod.rs:80:19
[INFO] [stdout]   21:     0x562c758faa1f - <core::pin::Pin<P> as core::future::future::Future>::poll::h530602d962677f63
[INFO] [stdout]                                at /rustc/a178d0322ce20e33eac124758e837cbd80a6f633/library/core/src/future/future.rs:119:9
[INFO] [stdout]   22:     0x562c75958170 - tokio::runtime::basic_scheduler::Inner<P>::block_on::{{closure}}::{{closure}}::hef94ed1c0a735582
[INFO] [stdout]                                at /opt/rustwide/cargo-home/registry/src/github.com-1ecc6299db9ec823/tokio-1.7.1/src/runtime/basic_scheduler.rs:213:62
[INFO] [stdout]   23:     0x562c759553ec - tokio::coop::with_budget::{{closure}}::h51e8100d71bb8143
[INFO] [stdout]                                at /opt/rustwide/cargo-home/registry/src/github.com-1ecc6299db9ec823/tokio-1.7.1/src/coop.rs:106:9
[INFO] [stdout]   24:     0x562c758fc751 - std::thread::local::LocalKey<T>::try_with::hdb78bc4f1adf6894
[INFO] [stdout]                                at /rustc/a178d0322ce20e33eac124758e837cbd80a6f633/library/std/src/thread/local.rs:400:16
[INFO] [stdout]   25:     0x562c758fb42d - std::thread::local::LocalKey<T>::with::h7d66388ad2379e6a
[INFO] [stdout]                                at /rustc/a178d0322ce20e33eac124758e837cbd80a6f633/library/std/src/thread/local.rs:376:9
[INFO] [stdout]   26:     0x562c7595607c - tokio::coop::with_budget::hed5aef893e919285
[INFO] [stdout]                                at /opt/rustwide/cargo-home/registry/src/github.com-1ecc6299db9ec823/tokio-1.7.1/src/coop.rs:99:5
[INFO] [stdout]   27:     0x562c7595607c - tokio::coop::budget::ha68601802388ee1e
[INFO] [stdout]                                at /opt/rustwide/cargo-home/registry/src/github.com-1ecc6299db9ec823/tokio-1.7.1/src/coop.rs:76:5
[INFO] [stdout]   28:     0x562c7595607c - tokio::runtime::basic_scheduler::Inner<P>::block_on::{{closure}}::h564352d34a085d46
[INFO] [stdout]                                at /opt/rustwide/cargo-home/registry/src/github.com-1ecc6299db9ec823/tokio-1.7.1/src/runtime/basic_scheduler.rs:213:39
[INFO] [stdout]   29:     0x562c75959e21 - tokio::runtime::basic_scheduler::enter::{{closure}}::h9c8680f427c4bb6e
[INFO] [stdout]                                at /opt/rustwide/cargo-home/registry/src/github.com-1ecc6299db9ec823/tokio-1.7.1/src/runtime/basic_scheduler.rs:323:29
[INFO] [stdout]   30:     0x562c758cb64d - tokio::macros::scoped_tls::ScopedKey<T>::set::h68dc87a14b08364b
[INFO] [stdout]                                at /opt/rustwide/cargo-home/registry/src/github.com-1ecc6299db9ec823/tokio-1.7.1/src/macros/scoped_tls.rs:61:9
[INFO] [stdout]   31:     0x562c7595967c - tokio::runtime::basic_scheduler::enter::h2940bf16e753ef99
[INFO] [stdout]                                at /opt/rustwide/cargo-home/registry/src/github.com-1ecc6299db9ec823/tokio-1.7.1/src/runtime/basic_scheduler.rs:323:5
[INFO] [stdout]   32:     0x562c75955d5b - tokio::runtime::basic_scheduler::Inner<P>::block_on::hd08fe27d284629e5
[INFO] [stdout]                                at /opt/rustwide/cargo-home/registry/src/github.com-1ecc6299db9ec823/tokio-1.7.1/src/runtime/basic_scheduler.rs:202:9
[INFO] [stdout]   33:     0x562c75958294 - tokio::runtime::basic_scheduler::InnerGuard<P>::block_on::h5bf4e2fbee5580ee
[INFO] [stdout]                                at /opt/rustwide/cargo-home/registry/src/github.com-1ecc6299db9ec823/tokio-1.7.1/src/runtime/basic_scheduler.rs:516:9
[INFO] [stdout]   34:     0x562c75958628 - tokio::runtime::basic_scheduler::BasicScheduler<P>::block_on::h5406128e1fc00e11
[INFO] [stdout]                                at /opt/rustwide/cargo-home/registry/src/github.com-1ecc6299db9ec823/tokio-1.7.1/src/runtime/basic_scheduler.rs:162:24
[INFO] [stdout]   35:     0x562c75949e90 - tokio::runtime::Runtime::block_on::ha0f3069bece33710
[INFO] [stdout]                                at /opt/rustwide/cargo-home/registry/src/github.com-1ecc6299db9ec823/tokio-1.7.1/src/runtime/mod.rs:450:46
[INFO] [stdout]   36:     0x562c75902e3b - basic_auth::tests::basic_auth_resolves_request_successfuly::h4b6f945197ddf249
[INFO] [stdout]                                at /opt/rustwide/workdir/tests/basic_auth.rs:36:9
[INFO] [stdout]   37:     0x562c75902d6a - basic_auth::tests::basic_auth_resolves_request_successfuly::{{closure}}::hd5880b627cf64f03
[INFO] [stdout]                                at /opt/rustwide/workdir/tests/basic_auth.rs:33:11
[INFO] [stdout]   38:     0x562c758f3c2e - core::ops::function::FnOnce::call_once::had3362111f8a9226
[INFO] [stdout]                                at /rustc/a178d0322ce20e33eac124758e837cbd80a6f633/library/core/src/ops/function.rs:227:5
[INFO] [stdout]   39:     0x562c75982823 - core::ops::function::FnOnce::call_once::h152e7e439ff59e19
[INFO] [stdout]                                at /rustc/a178d0322ce20e33eac124758e837cbd80a6f633/library/core/src/ops/function.rs:227:5
[INFO] [stdout]   40:     0x562c75982823 - test::__rust_begin_short_backtrace::h0908f3b1fdbb72ab
[INFO] [stdout]                                at /rustc/a178d0322ce20e33eac124758e837cbd80a6f633/library/test/src/lib.rs:577:5
[INFO] [stdout]   41:     0x562c759812e0 - <alloc::boxed::Box<F,A> as core::ops::function::FnOnce<Args>>::call_once::hf6d2a51e5587546c
[INFO] [stdout]                                at /rustc/a178d0322ce20e33eac124758e837cbd80a6f633/library/alloc/src/boxed.rs:1575:9
[INFO] [stdout]   42:     0x562c759812e0 - <std::panic::AssertUnwindSafe<F> as core::ops::function::FnOnce<()>>::call_once::h8af660f3a89ef593
[INFO] [stdout]                                at /rustc/a178d0322ce20e33eac124758e837cbd80a6f633/library/std/src/panic.rs:347:9
[INFO] [stdout]   43:     0x562c759812e0 - std::panicking::try::do_call::hd36aef60f84b6d36
[INFO] [stdout]                                at /rustc/a178d0322ce20e33eac124758e837cbd80a6f633/library/std/src/panicking.rs:401:40
[INFO] [stdout]   44:     0x562c759812e0 - std::panicking::try::h9932b4480e69817c
[INFO] [stdout]                                at /rustc/a178d0322ce20e33eac124758e837cbd80a6f633/library/std/src/panicking.rs:365:19
[INFO] [stdout]   45:     0x562c759812e0 - std::panic::catch_unwind::h6aa177099cfff5f8
[INFO] [stdout]                                at /rustc/a178d0322ce20e33eac124758e837cbd80a6f633/library/std/src/panic.rs:434:14
[INFO] [stdout]   46:     0x562c759812e0 - test::run_test_in_process::h5884d6f2d99e20c3
[INFO] [stdout]                                at /rustc/a178d0322ce20e33eac124758e837cbd80a6f633/library/test/src/lib.rs:600:18
[INFO] [stdout]   47:     0x562c759812e0 - test::run_test::run_test_inner::{{closure}}::h6fdc58c6d5f5b6e3
[INFO] [stdout]                                at /rustc/a178d0322ce20e33eac124758e837cbd80a6f633/library/test/src/lib.rs:492:39
[INFO] [stdout]   48:     0x562c7595a992 - test::run_test::run_test_inner::{{closure}}::h408365d67a78ade8
[INFO] [stdout]                                at /rustc/a178d0322ce20e33eac124758e837cbd80a6f633/library/test/src/lib.rs:519:37
[INFO] [stdout]   49:     0x562c7595a992 - std::sys_common::backtrace::__rust_begin_short_backtrace::hb560b77c4f701523
[INFO] [stdout]                                at /rustc/a178d0322ce20e33eac124758e837cbd80a6f633/library/std/src/sys_common/backtrace.rs:125:18
[INFO] [stdout]   50:     0x562c7595e548 - std::thread::Builder::spawn_unchecked::{{closure}}::{{closure}}::hf2e7831dad93c597
[INFO] [stdout]                                at /rustc/a178d0322ce20e33eac124758e837cbd80a6f633/library/std/src/thread/mod.rs:481:17
[INFO] [stdout]   51:     0x562c7595e548 - <std::panic::AssertUnwindSafe<F> as core::ops::function::FnOnce<()>>::call_once::hd2e08783d8be4d02
[INFO] [stdout]                                at /rustc/a178d0322ce20e33eac124758e837cbd80a6f633/library/std/src/panic.rs:347:9
[INFO] [stdout]   52:     0x562c7595e548 - std::panicking::try::do_call::h062597b7acfd6b82
[INFO] [stdout]                                at /rustc/a178d0322ce20e33eac124758e837cbd80a6f633/library/std/src/panicking.rs:401:40
[INFO] [stdout]   53:     0x562c7595e548 - std::panicking::try::h0d7b79db04c14552
[INFO] [stdout]                                at /rustc/a178d0322ce20e33eac124758e837cbd80a6f633/library/std/src/panicking.rs:365:19
[INFO] [stdout]   54:     0x562c7595e548 - std::panic::catch_unwind::hb01a0b5e7c8cd43b
[INFO] [stdout]                                at /rustc/a178d0322ce20e33eac124758e837cbd80a6f633/library/std/src/panic.rs:434:14
[INFO] [stdout]   55:     0x562c7595e548 - std::thread::Builder::spawn_unchecked::{{closure}}::h5bde48cc887e0d1e
[INFO] [stdout]                                at /rustc/a178d0322ce20e33eac124758e837cbd80a6f633/library/std/src/thread/mod.rs:480:30
[INFO] [stdout]   56:     0x562c7595e548 - core::ops::function::FnOnce::call_once{{vtable.shim}}::h745ea30807a29e55
[INFO] [stdout]                                at /rustc/a178d0322ce20e33eac124758e837cbd80a6f633/library/core/src/ops/function.rs:227:5
[INFO] [stdout]   57:     0x562c75b69077 - <alloc::boxed::Box<F,A> as core::ops::function::FnOnce<Args>>::call_once::h7ece6cfefaff1005
[INFO] [stdout]                                at /rustc/a178d0322ce20e33eac124758e837cbd80a6f633/library/alloc/src/boxed.rs:1575:9
[INFO] [stdout]   58:     0x562c75b69077 - <alloc::boxed::Box<F,A> as core::ops::function::FnOnce<Args>>::call_once::hb8b48e55c21f193e
[INFO] [stdout]                                at /rustc/a178d0322ce20e33eac124758e837cbd80a6f633/library/alloc/src/boxed.rs:1575:9
[INFO] [stdout]   59:     0x562c75b69077 - std::sys::unix::thread::Thread::new::thread_start::h8c7c4450dba62914
[INFO] [stdout]                                at /rustc/a178d0322ce20e33eac124758e837cbd80a6f633/library/std/src/sys/unix/thread.rs:71:17
[INFO] [stdout]   60:     0x7f0acbe8d609 - start_thread
[INFO] [stdout]   61:     0x7f0acbc5f293 - clone
[INFO] [stdout]   62:                0x0 - <unknown>
[INFO] [stdout] 
[INFO] [stdout] 
[INFO] [stdout] failures:
[INFO] [stdout]     tests::basic_auth_resolves_request_successfuly
[INFO] [stdout]     tests::basic_auth_resolves_request_unauthorized_when_header_is_missing
[INFO] [stdout]     tests::basic_auth_validates_wrong_credentials
[INFO] [stdout] 
[INFO] [stdout] test result: FAILED. 0 passed; 3 failed; 0 ignored; 0 measured; 0 filtered out; finished in 0.06s
[INFO] [stdout] 
[INFO] [stderr] error: test failed, to rerun pass '--test basic_auth'
[INFO] running `Command { std: "docker" "inspect" "dd33b76207565ee2bc87a9089f5b5441d7a65f86ac981cc5dc69138c95a237b1", kill_on_drop: false }`
[INFO] running `Command { std: "docker" "rm" "-f" "dd33b76207565ee2bc87a9089f5b5441d7a65f86ac981cc5dc69138c95a237b1", kill_on_drop: false }`
[INFO] [stdout] dd33b76207565ee2bc87a9089f5b5441d7a65f86ac981cc5dc69138c95a237b1
