[INFO] fetching crate hrtf 0.7.0...
[INFO] testing hrtf-0.7.0 against beta-2021-08-01 for beta-1.55-1
[INFO] extracting crate hrtf 0.7.0 into /workspace/builds/worker-10/source
[INFO] validating manifest of crates.io crate hrtf 0.7.0 on toolchain beta-2021-08-01
[INFO] running `Command { std: "/workspace/cargo-home/bin/cargo" "+beta-2021-08-01" "metadata" "--manifest-path" "Cargo.toml" "--no-deps", kill_on_drop: false }`
[INFO] started tweaking crates.io crate hrtf 0.7.0
[INFO] finished tweaking crates.io crate hrtf 0.7.0
[INFO] tweaked toml for crates.io crate hrtf 0.7.0 written to /workspace/builds/worker-10/source/Cargo.toml
[INFO] running `Command { std: "/workspace/cargo-home/bin/cargo" "+beta-2021-08-01" "generate-lockfile" "--manifest-path" "Cargo.toml" "-Zno-index-update", kill_on_drop: false }`
[INFO] [stderr]     Blocking waiting for file lock on package cache
[INFO] running `Command { std: "/workspace/cargo-home/bin/cargo" "+beta-2021-08-01" "fetch" "--manifest-path" "Cargo.toml", kill_on_drop: false }`
[INFO] [stderr]     Blocking waiting for file lock on package cache
[INFO] [stderr]  Downloading crates ...
[INFO] [stderr]   Downloaded transpose v0.2.1
[INFO] [stderr]   Downloaded strength_reduce v0.2.3
[INFO] [stderr]   Downloaded realfft v2.0.1
[INFO] [stderr]   Downloaded rubato v0.8.1
[INFO] [stderr]   Downloaded primal-check v0.3.1
[INFO] [stderr]   Downloaded rustfft v6.0.1
[INFO] running `Command { std: "docker" "create" "-v" "/var/lib/crater-agent-workspace/builds/worker-10/target:/opt/rustwide/target:rw,Z" "-v" "/var/lib/crater-agent-workspace/builds/worker-10/source:/opt/rustwide/workdir:ro,Z" "-v" "/var/lib/crater-agent-workspace/cargo-home:/opt/rustwide/cargo-home:ro,Z" "-v" "/var/lib/crater-agent-workspace/rustup-home:/opt/rustwide/rustup-home:ro,Z" "-e" "SOURCE_DIR=/opt/rustwide/workdir" "-e" "CARGO_TARGET_DIR=/opt/rustwide/target" "-e" "CARGO_HOME=/opt/rustwide/cargo-home" "-e" "RUSTUP_HOME=/opt/rustwide/rustup-home" "-w" "/opt/rustwide/workdir" "-m" "1610612736" "--user" "0:0" "--network" "none" "ghcr.io/rust-lang/crates-build-env/linux@sha256:34b6a614d2c27851fe6cbf88fbd1137609cefab8b10d0615aaeb6fd47975d74e" "/opt/rustwide/cargo-home/bin/cargo" "+beta-2021-08-01" "metadata" "--no-deps" "--format-version=1", kill_on_drop: false }`
[INFO] [stdout] 94234540138e6eaef945115762daddc90f799cbf2958396cc127365223a294bd
[INFO] running `Command { std: "docker" "start" "-a" "94234540138e6eaef945115762daddc90f799cbf2958396cc127365223a294bd", kill_on_drop: false }`
[INFO] running `Command { std: "docker" "inspect" "94234540138e6eaef945115762daddc90f799cbf2958396cc127365223a294bd", kill_on_drop: false }`
[INFO] running `Command { std: "docker" "rm" "-f" "94234540138e6eaef945115762daddc90f799cbf2958396cc127365223a294bd", kill_on_drop: false }`
[INFO] [stdout] 94234540138e6eaef945115762daddc90f799cbf2958396cc127365223a294bd
[INFO] running `Command { std: "docker" "create" "-v" "/var/lib/crater-agent-workspace/builds/worker-10/target:/opt/rustwide/target:rw,Z" "-v" "/var/lib/crater-agent-workspace/builds/worker-10/source:/opt/rustwide/workdir:ro,Z" "-v" "/var/lib/crater-agent-workspace/cargo-home:/opt/rustwide/cargo-home:ro,Z" "-v" "/var/lib/crater-agent-workspace/rustup-home:/opt/rustwide/rustup-home:ro,Z" "-e" "SOURCE_DIR=/opt/rustwide/workdir" "-e" "CARGO_TARGET_DIR=/opt/rustwide/target" "-e" "CARGO_INCREMENTAL=0" "-e" "RUST_BACKTRACE=full" "-e" "RUSTFLAGS=--cap-lints=warn" "-e" "CARGO_HOME=/opt/rustwide/cargo-home" "-e" "RUSTUP_HOME=/opt/rustwide/rustup-home" "-w" "/opt/rustwide/workdir" "-m" "1610612736" "--user" "0:0" "--network" "none" "ghcr.io/rust-lang/crates-build-env/linux@sha256:34b6a614d2c27851fe6cbf88fbd1137609cefab8b10d0615aaeb6fd47975d74e" "/opt/rustwide/cargo-home/bin/cargo" "+beta-2021-08-01" "build" "--frozen" "--message-format=json", kill_on_drop: false }`
[INFO] [stdout] 3c1358d21b48c1b8a07c796904290dc4b0810481c46c6bd1d366ea22a96974d2
[INFO] running `Command { std: "docker" "start" "-a" "3c1358d21b48c1b8a07c796904290dc4b0810481c46c6bd1d366ea22a96974d2", kill_on_drop: false }`
[INFO] [stderr]    Compiling strength_reduce v0.2.3
[INFO] [stderr]    Compiling log v0.4.14
[INFO] [stderr]    Compiling cfg-if v1.0.0
[INFO] [stderr]    Compiling num-traits v0.2.14
[INFO] [stderr]    Compiling num-integer v0.1.44
[INFO] [stderr]    Compiling num-complex v0.4.0
[INFO] [stderr]    Compiling transpose v0.2.1
[INFO] [stderr]    Compiling primal-check v0.3.1
[INFO] [stderr]    Compiling rustfft v6.0.1
[INFO] [stderr]    Compiling realfft v2.0.1
[INFO] [stderr]    Compiling rubato v0.8.1
[INFO] [stderr]    Compiling hrtf v0.7.0 (/opt/rustwide/workdir)
[INFO] [stderr]     Finished dev [unoptimized + debuginfo] target(s) in 25.19s
[INFO] running `Command { std: "docker" "inspect" "3c1358d21b48c1b8a07c796904290dc4b0810481c46c6bd1d366ea22a96974d2", kill_on_drop: false }`
[INFO] running `Command { std: "docker" "rm" "-f" "3c1358d21b48c1b8a07c796904290dc4b0810481c46c6bd1d366ea22a96974d2", kill_on_drop: false }`
[INFO] [stdout] 3c1358d21b48c1b8a07c796904290dc4b0810481c46c6bd1d366ea22a96974d2
[INFO] running `Command { std: "docker" "create" "-v" "/var/lib/crater-agent-workspace/builds/worker-10/target:/opt/rustwide/target:rw,Z" "-v" "/var/lib/crater-agent-workspace/builds/worker-10/source:/opt/rustwide/workdir:ro,Z" "-v" "/var/lib/crater-agent-workspace/cargo-home:/opt/rustwide/cargo-home:ro,Z" "-v" "/var/lib/crater-agent-workspace/rustup-home:/opt/rustwide/rustup-home:ro,Z" "-e" "SOURCE_DIR=/opt/rustwide/workdir" "-e" "CARGO_TARGET_DIR=/opt/rustwide/target" "-e" "CARGO_INCREMENTAL=0" "-e" "RUST_BACKTRACE=full" "-e" "RUSTFLAGS=--cap-lints=warn" "-e" "CARGO_HOME=/opt/rustwide/cargo-home" "-e" "RUSTUP_HOME=/opt/rustwide/rustup-home" "-w" "/opt/rustwide/workdir" "-m" "1610612736" "--user" "0:0" "--network" "none" "ghcr.io/rust-lang/crates-build-env/linux@sha256:34b6a614d2c27851fe6cbf88fbd1137609cefab8b10d0615aaeb6fd47975d74e" "/opt/rustwide/cargo-home/bin/cargo" "+beta-2021-08-01" "test" "--frozen" "--no-run" "--message-format=json", kill_on_drop: false }`
[INFO] [stdout] 2ef59b8b1f40ea348ff9de4f7cde6363564aa77ef5f1f765cdf9dd042a1ad120
[INFO] running `Command { std: "docker" "start" "-a" "2ef59b8b1f40ea348ff9de4f7cde6363564aa77ef5f1f765cdf9dd042a1ad120", kill_on_drop: false }`
[INFO] [stderr]     Blocking waiting for file lock on package cache
[INFO] [stderr]    Compiling hrtf v0.7.0 (/opt/rustwide/workdir)
[INFO] [stderr]     Finished test [unoptimized + debuginfo] target(s) in 0.83s
[INFO] running `Command { std: "docker" "inspect" "2ef59b8b1f40ea348ff9de4f7cde6363564aa77ef5f1f765cdf9dd042a1ad120", kill_on_drop: false }`
[INFO] running `Command { std: "docker" "rm" "-f" "2ef59b8b1f40ea348ff9de4f7cde6363564aa77ef5f1f765cdf9dd042a1ad120", kill_on_drop: false }`
[INFO] [stdout] 2ef59b8b1f40ea348ff9de4f7cde6363564aa77ef5f1f765cdf9dd042a1ad120
[INFO] running `Command { std: "docker" "create" "-v" "/var/lib/crater-agent-workspace/builds/worker-10/target:/opt/rustwide/target:rw,Z" "-v" "/var/lib/crater-agent-workspace/builds/worker-10/source:/opt/rustwide/workdir:ro,Z" "-v" "/var/lib/crater-agent-workspace/cargo-home:/opt/rustwide/cargo-home:ro,Z" "-v" "/var/lib/crater-agent-workspace/rustup-home:/opt/rustwide/rustup-home:ro,Z" "-e" "SOURCE_DIR=/opt/rustwide/workdir" "-e" "CARGO_TARGET_DIR=/opt/rustwide/target" "-e" "CARGO_INCREMENTAL=0" "-e" "RUST_BACKTRACE=full" "-e" "RUSTFLAGS=--cap-lints=warn" "-e" "CARGO_HOME=/opt/rustwide/cargo-home" "-e" "RUSTUP_HOME=/opt/rustwide/rustup-home" "-w" "/opt/rustwide/workdir" "-m" "1610612736" "--user" "0:0" "--network" "none" "ghcr.io/rust-lang/crates-build-env/linux@sha256:34b6a614d2c27851fe6cbf88fbd1137609cefab8b10d0615aaeb6fd47975d74e" "/opt/rustwide/cargo-home/bin/cargo" "+beta-2021-08-01" "test" "--frozen", kill_on_drop: false }`
[INFO] [stdout] d038ec84ff174f837c1e07d2879dbe738e1be8336e5f935f16746f00da9ea9c6
[INFO] running `Command { std: "docker" "start" "-a" "d038ec84ff174f837c1e07d2879dbe738e1be8336e5f935f16746f00da9ea9c6", kill_on_drop: false }`
[INFO] [stderr]     Finished test [unoptimized + debuginfo] target(s) in 0.17s
[INFO] [stderr]      Running unittests (/opt/rustwide/target/debug/deps/hrtf-f081340138bc2721)
[INFO] [stdout] 
[INFO] [stdout] running 0 tests
[INFO] [stdout] 
[INFO] [stdout] test result: ok. 0 passed; 0 failed; 0 ignored; 0 measured; 0 filtered out; finished in 0.00s
[INFO] [stdout] 
[INFO] [stderr]    Doc-tests hrtf
[INFO] [stdout] 
[INFO] [stdout] running 1 test
[INFO] [stdout] test src/lib.rs - HrtfProcessor::process_samples (line 712) - compile ... FAILED
[INFO] [stdout] 
[INFO] [stdout] failures:
[INFO] [stdout] 
[INFO] [stdout] ---- src/lib.rs - HrtfProcessor::process_samples (line 712) stdout ----
[INFO] [stdout] error[E0277]: the trait bound `{integer}: InterleavedSamples` is not satisfied
[INFO] [stdout]    --> src/lib.rs:723:15
[INFO] [stdout]     |
[INFO] [stdout] 14  | let context = HrtfContext {
[INFO] [stdout]     |               ^^^^^^^^^^^ the trait `InterleavedSamples` is not implemented for `{integer}`
[INFO] [stdout]     |
[INFO] [stdout]     = help: the following implementations were found:
[INFO] [stdout]               <(f32, f32) as InterleavedSamples>
[INFO] [stdout]               <f32 as InterleavedSamples>
[INFO] [stdout] note: required by `HrtfContext`
[INFO] [stdout]    --> /opt/rustwide/workdir/src/lib.rs:644:1
[INFO] [stdout]     |
[INFO] [stdout] 644 | pub struct HrtfContext<'a, 'b, 'c, T: InterleavedSamples> {
[INFO] [stdout]     | ^^^^^^^^^^^^^^^^^^^^^^^^^^^^^^^^^^^^^^^^^^^^^^^^^^^^^^^^^
[INFO] [stdout] 
[INFO] [stdout] error[E0277]: the trait bound `{integer}: InterleavedSamples` is not satisfied
[INFO] [stdout]   --> src/lib.rs:735:27
[INFO] [stdout]    |
[INFO] [stdout] 26 | processor.process_samples(context);
[INFO] [stdout]    |                           ^^^^^^^ the trait `InterleavedSamples` is not implemented for `{integer}`
[INFO] [stdout]    |
[INFO] [stdout]    = help: the following implementations were found:
[INFO] [stdout]              <(f32, f32) as InterleavedSamples>
[INFO] [stdout]              <f32 as InterleavedSamples>
[INFO] [stdout] 
[INFO] [stdout] error: aborting due to 2 previous errors
[INFO] [stdout] 
[INFO] [stdout] For more information about this error, try `rustc --explain E0277`.
[INFO] [stdout] Couldn't compile the test.
[INFO] [stdout] 
[INFO] [stdout] failures:
[INFO] [stdout]     src/lib.rs - HrtfProcessor::process_samples (line 712)
[INFO] [stdout] 
[INFO] [stdout] test result: FAILED. 0 passed; 1 failed; 0 ignored; 0 measured; 0 filtered out; finished in 0.28s
[INFO] [stdout] 
[INFO] [stderr] error: test failed, to rerun pass '--doc'
[INFO] running `Command { std: "docker" "inspect" "d038ec84ff174f837c1e07d2879dbe738e1be8336e5f935f16746f00da9ea9c6", kill_on_drop: false }`
[INFO] running `Command { std: "docker" "rm" "-f" "d038ec84ff174f837c1e07d2879dbe738e1be8336e5f935f16746f00da9ea9c6", kill_on_drop: false }`
[INFO] [stdout] d038ec84ff174f837c1e07d2879dbe738e1be8336e5f935f16746f00da9ea9c6
