[INFO] fetching crate hopscotch 0.1.1...
[INFO] testing hopscotch-0.1.1 against 1.54.0 for beta-1.55-1
[INFO] extracting crate hopscotch 0.1.1 into /workspace/builds/worker-15/source
[INFO] validating manifest of crates.io crate hopscotch 0.1.1 on toolchain 1.54.0
[INFO] running `Command { std: "/workspace/cargo-home/bin/cargo" "+1.54.0" "metadata" "--manifest-path" "Cargo.toml" "--no-deps", kill_on_drop: false }`
[INFO] started tweaking crates.io crate hopscotch 0.1.1
[INFO] finished tweaking crates.io crate hopscotch 0.1.1
[INFO] tweaked toml for crates.io crate hopscotch 0.1.1 written to /workspace/builds/worker-15/source/Cargo.toml
[INFO] crate crates.io crate hopscotch 0.1.1 already has a lockfile, it will not be regenerated
[INFO] running `Command { std: "/workspace/cargo-home/bin/cargo" "+1.54.0" "fetch" "--manifest-path" "Cargo.toml", kill_on_drop: false }`
[INFO] [stderr]     Blocking waiting for file lock on package cache
[INFO] [stderr]     Blocking waiting for file lock on package cache
[INFO] running `Command { std: "docker" "create" "-v" "/var/lib/crater-agent-workspace/builds/worker-15/target:/opt/rustwide/target:rw,Z" "-v" "/var/lib/crater-agent-workspace/builds/worker-15/source:/opt/rustwide/workdir:ro,Z" "-v" "/var/lib/crater-agent-workspace/cargo-home:/opt/rustwide/cargo-home:ro,Z" "-v" "/var/lib/crater-agent-workspace/rustup-home:/opt/rustwide/rustup-home:ro,Z" "-e" "SOURCE_DIR=/opt/rustwide/workdir" "-e" "CARGO_TARGET_DIR=/opt/rustwide/target" "-e" "CARGO_HOME=/opt/rustwide/cargo-home" "-e" "RUSTUP_HOME=/opt/rustwide/rustup-home" "-w" "/opt/rustwide/workdir" "-m" "1610612736" "--user" "0:0" "--network" "none" "ghcr.io/rust-lang/crates-build-env/linux@sha256:34b6a614d2c27851fe6cbf88fbd1137609cefab8b10d0615aaeb6fd47975d74e" "/opt/rustwide/cargo-home/bin/cargo" "+1.54.0" "metadata" "--no-deps" "--format-version=1", kill_on_drop: false }`
[INFO] [stdout] 98f2c2dfbc2d14f649aa843b8c15223ac5d9044e710daa13db9c2c9c0af32e14
[INFO] running `Command { std: "docker" "start" "-a" "98f2c2dfbc2d14f649aa843b8c15223ac5d9044e710daa13db9c2c9c0af32e14", kill_on_drop: false }`
[INFO] running `Command { std: "docker" "inspect" "98f2c2dfbc2d14f649aa843b8c15223ac5d9044e710daa13db9c2c9c0af32e14", kill_on_drop: false }`
[INFO] running `Command { std: "docker" "rm" "-f" "98f2c2dfbc2d14f649aa843b8c15223ac5d9044e710daa13db9c2c9c0af32e14", kill_on_drop: false }`
[INFO] [stdout] 98f2c2dfbc2d14f649aa843b8c15223ac5d9044e710daa13db9c2c9c0af32e14
[INFO] running `Command { std: "docker" "create" "-v" "/var/lib/crater-agent-workspace/builds/worker-15/target:/opt/rustwide/target:rw,Z" "-v" "/var/lib/crater-agent-workspace/builds/worker-15/source:/opt/rustwide/workdir:ro,Z" "-v" "/var/lib/crater-agent-workspace/cargo-home:/opt/rustwide/cargo-home:ro,Z" "-v" "/var/lib/crater-agent-workspace/rustup-home:/opt/rustwide/rustup-home:ro,Z" "-e" "SOURCE_DIR=/opt/rustwide/workdir" "-e" "CARGO_TARGET_DIR=/opt/rustwide/target" "-e" "CARGO_INCREMENTAL=0" "-e" "RUST_BACKTRACE=full" "-e" "RUSTFLAGS=--cap-lints=warn" "-e" "CARGO_HOME=/opt/rustwide/cargo-home" "-e" "RUSTUP_HOME=/opt/rustwide/rustup-home" "-w" "/opt/rustwide/workdir" "-m" "1610612736" "--user" "0:0" "--network" "none" "ghcr.io/rust-lang/crates-build-env/linux@sha256:34b6a614d2c27851fe6cbf88fbd1137609cefab8b10d0615aaeb6fd47975d74e" "/opt/rustwide/cargo-home/bin/cargo" "+1.54.0" "build" "--frozen" "--message-format=json", kill_on_drop: false }`
[INFO] [stdout] 738acda94bb23480585a918ad9694a48eed01c523d97ff78e5ff8be6b6666a16
[INFO] running `Command { std: "docker" "start" "-a" "738acda94bb23480585a918ad9694a48eed01c523d97ff78e5ff8be6b6666a16", kill_on_drop: false }`
[INFO] [stderr]     Blocking waiting for file lock on package cache
[INFO] [stderr]     Blocking waiting for file lock on package cache
[INFO] [stderr]    Compiling static_assertions v0.3.4
[INFO] [stderr]    Compiling archery v0.3.0
[INFO] [stderr]    Compiling rpds v0.7.0
[INFO] [stderr]    Compiling hopscotch v0.1.1 (/opt/rustwide/workdir)
[INFO] [stderr]     Finished dev [unoptimized + debuginfo] target(s) in 2.74s
[INFO] running `Command { std: "docker" "inspect" "738acda94bb23480585a918ad9694a48eed01c523d97ff78e5ff8be6b6666a16", kill_on_drop: false }`
[INFO] running `Command { std: "docker" "rm" "-f" "738acda94bb23480585a918ad9694a48eed01c523d97ff78e5ff8be6b6666a16", kill_on_drop: false }`
[INFO] [stdout] 738acda94bb23480585a918ad9694a48eed01c523d97ff78e5ff8be6b6666a16
[INFO] running `Command { std: "docker" "create" "-v" "/var/lib/crater-agent-workspace/builds/worker-15/target:/opt/rustwide/target:rw,Z" "-v" "/var/lib/crater-agent-workspace/builds/worker-15/source:/opt/rustwide/workdir:ro,Z" "-v" "/var/lib/crater-agent-workspace/cargo-home:/opt/rustwide/cargo-home:ro,Z" "-v" "/var/lib/crater-agent-workspace/rustup-home:/opt/rustwide/rustup-home:ro,Z" "-e" "SOURCE_DIR=/opt/rustwide/workdir" "-e" "CARGO_TARGET_DIR=/opt/rustwide/target" "-e" "CARGO_INCREMENTAL=0" "-e" "RUST_BACKTRACE=full" "-e" "RUSTFLAGS=--cap-lints=warn" "-e" "CARGO_HOME=/opt/rustwide/cargo-home" "-e" "RUSTUP_HOME=/opt/rustwide/rustup-home" "-w" "/opt/rustwide/workdir" "-m" "1610612736" "--user" "0:0" "--network" "none" "ghcr.io/rust-lang/crates-build-env/linux@sha256:34b6a614d2c27851fe6cbf88fbd1137609cefab8b10d0615aaeb6fd47975d74e" "/opt/rustwide/cargo-home/bin/cargo" "+1.54.0" "test" "--frozen" "--no-run" "--message-format=json", kill_on_drop: false }`
[INFO] [stdout] 6a8d2ec03cfef2b1e2403a525d58c145052e2c9c9b9d50c8bddaf609fa665dee
[INFO] running `Command { std: "docker" "start" "-a" "6a8d2ec03cfef2b1e2403a525d58c145052e2c9c9b9d50c8bddaf609fa665dee", kill_on_drop: false }`
[INFO] [stderr]     Blocking waiting for file lock on package cache
[INFO] [stderr]     Blocking waiting for file lock on package cache
[INFO] [stderr]     Blocking waiting for file lock on package cache
[INFO] [stderr]     Blocking waiting for file lock on package cache
[INFO] [stderr]    Compiling libc v0.2.68
[INFO] [stderr]    Compiling proc-macro2 v1.0.10
[INFO] [stderr]    Compiling syn v1.0.17
[INFO] [stderr]    Compiling memchr v2.3.3
[INFO] [stderr]    Compiling getrandom v0.1.14
[INFO] [stderr]    Compiling log v0.4.8
[INFO] [stderr]    Compiling serde v1.0.106
[INFO] [stderr]    Compiling byteorder v1.3.4
[INFO] [stderr]    Compiling ryu v1.0.3
[INFO] [stderr]    Compiling scopeguard v1.1.0
[INFO] [stderr]    Compiling ppv-lite86 v0.2.6
[INFO] [stderr]    Compiling regex-syntax v0.6.17
[INFO] [stderr]    Compiling itoa v0.4.5
[INFO] [stderr]    Compiling vec_map v0.8.2
[INFO] [stderr]    Compiling arc-swap v0.4.5
[INFO] [stderr]    Compiling pin-project-lite v0.1.4
[INFO] [stderr]    Compiling oorandom v11.1.0
[INFO] [stderr]    Compiling futures-core v0.3.4
[INFO] [stderr]    Compiling bytes v0.5.4
[INFO] [stderr]    Compiling crossbeam-utils v0.7.2
[INFO] [stderr]    Compiling memoffset v0.5.4
[INFO] [stderr]    Compiling maybe-uninit v2.0.0
[INFO] [stderr]    Compiling crossbeam-epoch v0.8.2
[INFO] [stderr]    Compiling proc-macro-error-attr v1.0.2
[INFO] [stderr]    Compiling proc-macro-error v1.0.2
[INFO] [stderr]    Compiling num-traits v0.2.11
[INFO] [stderr]    Compiling rayon-core v1.7.0
[INFO] [stderr]    Compiling textwrap v0.11.0
[INFO] [stderr]    Compiling heck v0.3.1
[INFO] [stderr]    Compiling rust-embed-utils v5.0.0
[INFO] [stderr]    Compiling cast v0.2.3
[INFO] [stderr]    Compiling aho-corasick v0.7.10
[INFO] [stderr]    Compiling csv-core v0.1.10
[INFO] [stderr]    Compiling regex-automata v0.1.9
[INFO] [stderr]    Compiling criterion-plot v0.4.1
[INFO] [stderr]    Compiling quote v1.0.3
[INFO] [stderr]    Compiling num_cpus v1.12.0
[INFO] [stderr]    Compiling iovec v0.1.4
[INFO] [stderr]    Compiling atty v0.2.14
[INFO] [stderr]    Compiling net2 v0.2.33
[INFO] [stderr]    Compiling signal-hook-registry v1.2.0
[INFO] [stderr]    Compiling clap v2.33.0
[INFO] [stderr]    Compiling rand_core v0.5.1
[INFO] [stderr]    Compiling mio v0.6.21
[INFO] [stderr]    Compiling rand_chacha v0.2.2
[INFO] [stderr]    Compiling crossbeam-queue v0.2.1
[INFO] [stderr]    Compiling plotters v0.2.12
[INFO] [stderr]    Compiling rand v0.7.3
[INFO] [stderr]    Compiling crossbeam-deque v0.7.3
[INFO] [stderr]    Compiling mio-uds v0.6.7
[INFO] [stderr]    Compiling regex v1.3.6
[INFO] [stderr]    Compiling rayon v1.3.0
[INFO] [stderr]    Compiling env_logger v0.7.1
[INFO] [stderr]    Compiling uuid v0.8.1
[INFO] [stderr]    Compiling quickcheck v0.9.2
[INFO] [stderr]    Compiling bstr v0.2.12
[INFO] [stderr]    Compiling serde_json v1.0.51
[INFO] [stderr]    Compiling syn-mid v0.5.0
[INFO] [stderr]    Compiling csv v1.1.3
[INFO] [stderr]    Compiling tinytemplate v1.0.3
[INFO] [stderr]    Compiling rust-embed-impl v5.5.1
[INFO] [stderr]    Compiling serde_derive v1.0.106
[INFO] [stderr]    Compiling tokio-macros v0.2.5
[INFO] [stderr]    Compiling rust-embed v5.5.1
[INFO] [stderr]    Compiling tokio v0.2.18
[INFO] [stderr]    Compiling structopt-derive v0.4.7
[INFO] [stderr]    Compiling structopt v0.3.14
[INFO] [stderr]    Compiling criterion v0.3.1
[INFO] [stderr]    Compiling hopscotch v0.1.1 (/opt/rustwide/workdir)
[INFO] [stdout] warning: derive helper attribute is used before it is introduced
[INFO] [stdout]   --> examples/pubsub.rs:38:3
[INFO] [stdout]    |
[INFO] [stdout] 38 | #[structopt(name = "pubsub")]
[INFO] [stdout]    |   ^^^^^^^^^
[INFO] [stdout] 39 | #[derive(StructOpt, Copy, Clone, Debug)]
[INFO] [stdout]    |          --------- the attribute is introduced here
[INFO] [stdout]    |
[INFO] [stdout]    = note: `#[warn(legacy_derive_helpers)]` on by default
[INFO] [stdout]    = warning: this was previously accepted by the compiler but is being phased out; it will become a hard error in a future release!
[INFO] [stdout]    = note: for more information, see issue #79202 <https://github.com/rust-lang/rust/issues/79202>
[INFO] [stdout] 
[INFO] [stdout] 
[INFO] [stdout] warning: 1 warning emitted
[INFO] [stdout] 
[INFO] [stdout] 
[INFO] [stderr]     Finished test [unoptimized + debuginfo] target(s) in 32.27s
[INFO] running `Command { std: "docker" "inspect" "6a8d2ec03cfef2b1e2403a525d58c145052e2c9c9b9d50c8bddaf609fa665dee", kill_on_drop: false }`
[INFO] running `Command { std: "docker" "rm" "-f" "6a8d2ec03cfef2b1e2403a525d58c145052e2c9c9b9d50c8bddaf609fa665dee", kill_on_drop: false }`
[INFO] [stdout] 6a8d2ec03cfef2b1e2403a525d58c145052e2c9c9b9d50c8bddaf609fa665dee
[INFO] running `Command { std: "docker" "create" "-v" "/var/lib/crater-agent-workspace/builds/worker-15/target:/opt/rustwide/target:rw,Z" "-v" "/var/lib/crater-agent-workspace/builds/worker-15/source:/opt/rustwide/workdir:ro,Z" "-v" "/var/lib/crater-agent-workspace/cargo-home:/opt/rustwide/cargo-home:ro,Z" "-v" "/var/lib/crater-agent-workspace/rustup-home:/opt/rustwide/rustup-home:ro,Z" "-e" "SOURCE_DIR=/opt/rustwide/workdir" "-e" "CARGO_TARGET_DIR=/opt/rustwide/target" "-e" "CARGO_INCREMENTAL=0" "-e" "RUST_BACKTRACE=full" "-e" "RUSTFLAGS=--cap-lints=warn" "-e" "CARGO_HOME=/opt/rustwide/cargo-home" "-e" "RUSTUP_HOME=/opt/rustwide/rustup-home" "-w" "/opt/rustwide/workdir" "-m" "1610612736" "--user" "0:0" "--network" "none" "ghcr.io/rust-lang/crates-build-env/linux@sha256:34b6a614d2c27851fe6cbf88fbd1137609cefab8b10d0615aaeb6fd47975d74e" "/opt/rustwide/cargo-home/bin/cargo" "+1.54.0" "test" "--frozen", kill_on_drop: false }`
[INFO] [stdout] 47bfa6d5abb11a4107c498bfa37fd12781d6bf6bb43609547eeea017ff2f0708
[INFO] running `Command { std: "docker" "start" "-a" "47bfa6d5abb11a4107c498bfa37fd12781d6bf6bb43609547eeea017ff2f0708", kill_on_drop: false }`
[INFO] [stderr] warning: derive helper attribute is used before it is introduced
[INFO] [stderr]   --> examples/pubsub.rs:38:3
[INFO] [stderr]    |
[INFO] [stderr] 38 | #[structopt(name = "pubsub")]
[INFO] [stderr]    |   ^^^^^^^^^
[INFO] [stderr] 39 | #[derive(StructOpt, Copy, Clone, Debug)]
[INFO] [stderr]    |          --------- the attribute is introduced here
[INFO] [stderr]    |
[INFO] [stderr]    = note: `#[warn(legacy_derive_helpers)]` on by default
[INFO] [stderr]    = warning: this was previously accepted by the compiler but is being phased out; it will become a hard error in a future release!
[INFO] [stderr]    = note: for more information, see issue #79202 <https://github.com/rust-lang/rust/issues/79202>
[INFO] [stderr] 
[INFO] [stderr] warning: 1 warning emitted
[INFO] [stderr] 
[INFO] [stderr]     Finished test [unoptimized + debuginfo] target(s) in 0.21s
[INFO] [stderr]      Running unittests (/opt/rustwide/target/debug/deps/hopscotch-69f1c8eaf78ff467)
[INFO] [stdout] 
[INFO] [stderr]      Running tests/hopscotch.rs (/opt/rustwide/target/debug/deps/hopscotch-30c1159d8d9c20cd)
[INFO] [stdout] running 0 tests
[INFO] [stdout] 
[INFO] [stdout] test result: ok. 0 passed; 0 failed; 0 ignored; 0 measured; 0 filtered out; finished in 0.00s
[INFO] [stdout] 
[INFO] [stdout] 
[INFO] [stdout] running 7 tests
[INFO] [stdout] test default_is_new ... ok
[INFO] [stdout] test iter_correct ... ok
[INFO] [stdout] test iter_mut_correct ... ok
[INFO] [stdout] test ord_correct ... ok
[INFO] [stdout] test partial_ord_correct ... ok
[INFO] [stdout] test partial_eq_correct ... ok
[INFO] [stdout] test prop_simulates_simple_queue ... ok
[INFO] [stdout] 
[INFO] [stdout] test result: ok. 7 passed; 0 failed; 0 ignored; 0 measured; 0 filtered out; finished in 14.71s
[INFO] [stdout] 
[INFO] [stderr]    Doc-tests hopscotch
[INFO] [stdout] 
[INFO] [stdout] running 44 tests
[INFO] [stdout] test src/lib.rs - (line 19) ... ok
[INFO] [stdout] test src/lib.rs - (line 33) ... ok
[INFO] [stdout] test src/lib.rs - Queue<K, V, P>::after_mut (line 821) ... FAILED
[INFO] [stdout] test src/lib.rs - IterMut::until (line 1335) ... FAILED
[INFO] [stdout] test src/lib.rs - Queue<K, V, P>::new (line 308) ... ok
[INFO] [stdout] test src/lib.rs - IterMut::after (line 1312) ... FAILED
[INFO] [stdout] test src/lib.rs - Queue<K, V, P>::new (line 299) ... ok
[INFO] [stdout] test src/lib.rs - Queue<K, V, P>::with_capacity (line 322) ... ok
[INFO] [stdout] test src/lib.rs - Queue<K, V, P>::iter_mut (line 1090) ... FAILED
[INFO] [stdout] test src/lib.rs - Queue<K, V, P>::iter (line 1044) ... FAILED
[INFO] [stdout] test src/lib.rs - Queue<K, V, P>::after (line 767) ... FAILED
[INFO] [stdout] test src/lib.rs - IterMut::matching_only (line 1365) ... FAILED
[INFO] [stdout] test src/lib.rs - Queue<K, V, P>::after (line 735) ... FAILED
[INFO] [stdout] test src/lib.rs - Queue<K, V, P>::clear (line 482) ... ok
[INFO] [stdout] test src/lib.rs - Iter::matching_only (line 1217) ... FAILED
[INFO] [stdout] test src/lib.rs - Queue<K, V, P>::before (line 942) ... FAILED
[INFO] [stdout] test src/lib.rs - Queue<K, V, P>::get (line 638) ... ok
[INFO] [stdout] test src/lib.rs - Queue<K, V, P>::next_index (line 500) ... ok
[INFO] [stdout] test src/lib.rs - Queue<K, V, P>::contains_tag (line 623) ... ok
[INFO] [stdout] test src/lib.rs - Queue<K, V, P>::before (line 863) ... ok
[INFO] [stdout] test src/lib.rs - Queue<K, V, P>::is_empty (line 371) ... ok
[INFO] [stdout] test src/lib.rs - Queue<K, V, P>::push (line 387) ... ok
[INFO] [stdout] test src/lib.rs - Queue<K, V, P>::len (line 357) ... ok
[INFO] [stdout] test src/lib.rs - Iter::after (line 1170) ... ok
[INFO] [stdout] test src/lib.rs - Queue<K, V, P>::get (line 651) ... ok
[INFO] [stdout] test src/lib.rs - Queue<K, V, P>::contains (line 600) ... ok
[INFO] [stdout] test src/lib.rs - Queue<K, V, P>::latest_mut (line 582) ... ok
[INFO] [stdout] test src/lib.rs - Queue<K, V, P>::before (line 877) ... ok
[INFO] [stdout] test src/lib.rs - Queue<K, V, P>::before (line 910) ... ok
[INFO] [stdout] test src/lib.rs - Queue<K, V, P>::get_mut (line 666) ... ok
[INFO] [stdout] test src/lib.rs - Iter::until (line 1190) ... ok
[INFO] [stdout] test src/lib.rs - Queue<K, V, P>::get_mut (line 680) ... ok
[INFO] [stdout] test src/lib.rs - Queue<K, V, P>::latest (line 565) ... ok
[INFO] [stdout] test src/lib.rs - Queue<K, V, P>::after (line 783) ... ok
[INFO] [stdout] test src/lib.rs - Queue<K, V, P>::after (line 706) ... ok
[INFO] [stdout] test src/lib.rs - Queue<K, V, P>::before (line 926) ... ok
[INFO] [stdout] test src/lib.rs - Queue<K, V, P>::shrink_to_fit (line 1013) ... ok
[INFO] [stdout] test src/lib.rs - Queue<K, V, P>::before_mut (line 982) ... ok
[INFO] [stdout] test src/lib.rs - Queue<K, V, P>::earliest (line 526) ... ok
[INFO] [stdout] test src/lib.rs - Queue<K, V, P>::after (line 751) ... ok
[INFO] [stdout] test src/lib.rs - Queue<K, V, P>::pop (line 430) ... ok
[INFO] [stdout] test src/lib.rs - Queue<K, V, P>::earliest_mut (line 545) ... ok
[INFO] [stdout] test src/lib.rs - Queue<K, V, P>::after (line 719) ... ok
[INFO] [stdout] test src/lib.rs - Queue<K, V, P>::before (line 894) ... ok
[INFO] [stdout] 
[INFO] [stdout] failures:
[INFO] [stdout] 
[INFO] [stdout] ---- src/lib.rs - Queue<K, V, P>::after_mut (line 821) stdout ----
[INFO] [stdout] Couldn't compile the test.
[INFO] [stdout] ---- src/lib.rs - IterMut::until (line 1335) stdout ----
[INFO] [stdout] Couldn't compile the test.
[INFO] [stdout] ---- src/lib.rs - IterMut::after (line 1312) stdout ----
[INFO] [stdout] Couldn't compile the test.
[INFO] [stdout] ---- src/lib.rs - Queue<K, V, P>::iter_mut (line 1090) stdout ----
[INFO] [stdout] Couldn't compile the test.
[INFO] [stdout] ---- src/lib.rs - Queue<K, V, P>::iter (line 1044) stdout ----
[INFO] [stdout] Couldn't compile the test.
[INFO] [stdout] ---- src/lib.rs - Queue<K, V, P>::after (line 767) stdout ----
[INFO] [stdout] Couldn't compile the test.
[INFO] [stdout] ---- src/lib.rs - IterMut::matching_only (line 1365) stdout ----
[INFO] [stdout] Couldn't compile the test.
[INFO] [stdout] ---- src/lib.rs - Queue<K, V, P>::after (line 735) stdout ----
[INFO] [stdout] Couldn't compile the test.
[INFO] [stdout] ---- src/lib.rs - Iter::matching_only (line 1217) stdout ----
[INFO] [stdout] Couldn't compile the test.
[INFO] [stdout] ---- src/lib.rs - Queue<K, V, P>::before (line 942) stdout ----
[INFO] [stdout] Couldn't compile the test.
[INFO] [stdout] 
[INFO] [stdout] failures:
[INFO] [stdout]     src/lib.rs - Iter::matching_only (line 1217)
[INFO] [stdout]     src/lib.rs - IterMut::after (line 1312)
[INFO] [stdout]     src/lib.rs - IterMut::matching_only (line 1365)
[INFO] [stdout]     src/lib.rs - IterMut::until (line 1335)
[INFO] [stdout]     src/lib.rs - Queue<K, V, P>::after (line 735)
[INFO] [stdout]     src/lib.rs - Queue<K, V, P>::after (line 767)
[INFO] [stdout]     src/lib.rs - Queue<K, V, P>::after_mut (line 821)
[INFO] [stdout]     src/lib.rs - Queue<K, V, P>::before (line 942)
[INFO] [stdout]     src/lib.rs - Queue<K, V, P>::iter (line 1044)
[INFO] [stdout]     src/lib.rs - Queue<K, V, P>::iter_mut (line 1090)
[INFO] [stdout] 
[INFO] [stdout] test result: FAILED. 34 passed; 10 failed; 0 ignored; 0 measured; 0 filtered out; finished in 1.61s
[INFO] [stdout] 
[INFO] [stderr] error: test failed, to rerun pass '--doc'
[INFO] running `Command { std: "docker" "inspect" "47bfa6d5abb11a4107c498bfa37fd12781d6bf6bb43609547eeea017ff2f0708", kill_on_drop: false }`
[INFO] running `Command { std: "docker" "rm" "-f" "47bfa6d5abb11a4107c498bfa37fd12781d6bf6bb43609547eeea017ff2f0708", kill_on_drop: false }`
[INFO] [stdout] 47bfa6d5abb11a4107c498bfa37fd12781d6bf6bb43609547eeea017ff2f0708
